[INFO] fetching crate catalyzer-core 0.1.3...
[INFO] testing catalyzer-core-0.1.3 against 1.83.0 for beta-1.84.0-4-retry
[INFO] extracting crate catalyzer-core 0.1.3 into /workspace/builds/worker-1-tc1/source
[INFO] validating manifest of crates.io crate catalyzer-core 0.1.3 on toolchain 1.83.0
[INFO] running `Command { std: CARGO_HOME="/workspace/cargo-home" RUSTUP_HOME="/workspace/rustup-home" "/workspace/cargo-home/bin/cargo" "+1.83.0" "metadata" "--manifest-path" "Cargo.toml" "--no-deps", kill_on_drop: false }`
[INFO] started tweaking crates.io crate catalyzer-core 0.1.3
[INFO] finished tweaking crates.io crate catalyzer-core 0.1.3
[INFO] tweaked toml for crates.io crate catalyzer-core 0.1.3 written to /workspace/builds/worker-1-tc1/source/Cargo.toml
[INFO] running `Command { std: CARGO_HOME="/workspace/cargo-home" RUSTUP_HOME="/workspace/rustup-home" "/workspace/cargo-home/bin/cargo" "+1.83.0" "generate-lockfile" "--manifest-path" "Cargo.toml", kill_on_drop: false }`
[INFO] [stderr]     Updating crates.io index
[INFO] [stderr]     Blocking waiting for file lock on package cache
[INFO] [stderr]      Locking 103 packages to latest compatible versions
[INFO] [stderr]       Adding simple_logger v4.3.3 (available: v5.0.0)
[INFO] [stderr]       Adding tower v0.4.13 (available: v0.5.2)
[INFO] running `Command { std: CARGO_HOME="/workspace/cargo-home" RUSTUP_HOME="/workspace/rustup-home" "/workspace/cargo-home/bin/cargo" "+1.83.0" "fetch" "--manifest-path" "Cargo.toml", kill_on_drop: false }`
[INFO] [stderr]  Downloading crates ...
[INFO] [stderr]   Downloaded catalyzer-utils v0.1.3
[INFO] running `Command { std: "docker" "create" "-v" "/var/lib/crater-agent-workspace/builds/worker-1-tc1/target:/opt/rustwide/target:rw,Z" "-v" "/var/lib/crater-agent-workspace/builds/worker-1-tc1/source:/opt/rustwide/workdir:ro,Z" "-v" "/var/lib/crater-agent-workspace/cargo-home:/opt/rustwide/cargo-home:ro,Z" "-v" "/var/lib/crater-agent-workspace/rustup-home:/opt/rustwide/rustup-home:ro,Z" "-e" "SOURCE_DIR=/opt/rustwide/workdir" "-e" "CARGO_TARGET_DIR=/opt/rustwide/target" "-e" "CARGO_HOME=/opt/rustwide/cargo-home" "-e" "RUSTUP_HOME=/opt/rustwide/rustup-home" "-w" "/opt/rustwide/workdir" "-m" "1610612736" "--user" "0:0" "--network" "none" "ghcr.io/rust-lang/crates-build-env/linux@sha256:f3a9d4ad9d972b27faf3965f35b62e55ba32bbce8f20bc8fe909558a86702fde" "/opt/rustwide/cargo-home/bin/cargo" "+1.83.0" "metadata" "--no-deps" "--format-version=1", kill_on_drop: false }`
[INFO] [stdout] 15fcc40ecac7fafc20fc6fce2a0c776a56fbd0dd178a4b5449b4dc5dda54a767
[INFO] running `Command { std: "docker" "start" "-a" "15fcc40ecac7fafc20fc6fce2a0c776a56fbd0dd178a4b5449b4dc5dda54a767", kill_on_drop: false }`
[INFO] running `Command { std: "docker" "inspect" "15fcc40ecac7fafc20fc6fce2a0c776a56fbd0dd178a4b5449b4dc5dda54a767", kill_on_drop: false }`
[INFO] running `Command { std: "docker" "rm" "-f" "15fcc40ecac7fafc20fc6fce2a0c776a56fbd0dd178a4b5449b4dc5dda54a767", kill_on_drop: false }`
[INFO] [stdout] 15fcc40ecac7fafc20fc6fce2a0c776a56fbd0dd178a4b5449b4dc5dda54a767
[INFO] running `Command { std: "docker" "create" "-v" "/var/lib/crater-agent-workspace/builds/worker-1-tc1/target:/opt/rustwide/target:rw,Z" "-v" "/var/lib/crater-agent-workspace/builds/worker-1-tc1/source:/opt/rustwide/workdir:ro,Z" "-v" "/var/lib/crater-agent-workspace/cargo-home:/opt/rustwide/cargo-home:ro,Z" "-v" "/var/lib/crater-agent-workspace/rustup-home:/opt/rustwide/rustup-home:ro,Z" "-e" "SOURCE_DIR=/opt/rustwide/workdir" "-e" "CARGO_TARGET_DIR=/opt/rustwide/target" "-e" "CARGO_INCREMENTAL=0" "-e" "RUST_BACKTRACE=full" "-e" "RUSTFLAGS=--cap-lints=warn" "-e" "RUSTDOCFLAGS=--cap-lints=warn" "-e" "CARGO_HOME=/opt/rustwide/cargo-home" "-e" "RUSTUP_HOME=/opt/rustwide/rustup-home" "-w" "/opt/rustwide/workdir" "-m" "1610612736" "--user" "0:0" "--network" "none" "ghcr.io/rust-lang/crates-build-env/linux@sha256:f3a9d4ad9d972b27faf3965f35b62e55ba32bbce8f20bc8fe909558a86702fde" "/opt/rustwide/cargo-home/bin/cargo" "+1.83.0" "build" "--frozen" "--message-format=json", kill_on_drop: false }`
[INFO] [stdout] 15ee54052a17c4039b244ff27cd85c2690a0aadb7838b8aeca9ade6a93201824
[INFO] running `Command { std: "docker" "start" "-a" "15ee54052a17c4039b244ff27cd85c2690a0aadb7838b8aeca9ade6a93201824", kill_on_drop: false }`
[INFO] [stderr]    Compiling libc v0.2.168
[INFO] [stderr]    Compiling proc-macro2 v1.0.92
[INFO] [stderr]    Compiling itoa v1.0.14
[INFO] [stderr]    Compiling unicode-ident v1.0.14
[INFO] [stderr]    Compiling pin-project-lite v0.2.15
[INFO] [stderr]    Compiling autocfg v1.4.0
[INFO] [stderr]    Compiling bytes v1.9.0
[INFO] [stderr]    Compiling futures-core v0.3.31
[INFO] [stderr]    Compiling parking_lot_core v0.9.10
[INFO] [stderr]    Compiling scopeguard v1.2.0
[INFO] [stderr]    Compiling cfg-if v1.0.0
[INFO] [stderr]    Compiling futures-task v0.3.31
[INFO] [stderr]    Compiling smallvec v1.13.2
[INFO] [stderr]    Compiling fnv v1.0.7
[INFO] [stderr]    Compiling pin-utils v0.1.0
[INFO] [stderr]    Compiling once_cell v1.20.2
[INFO] [stderr]    Compiling futures-util v0.3.31
[INFO] [stderr]    Compiling serde v1.0.216
[INFO] [stderr]    Compiling log v0.4.22
[INFO] [stderr]    Compiling http v1.2.0
[INFO] [stderr]    Compiling lock_api v0.4.12
[INFO] [stderr]    Compiling tracing-core v0.1.33
[INFO] [stderr]    Compiling tower-service v0.3.3
[INFO] [stderr]    Compiling httparse v1.9.5
[INFO] [stderr]    Compiling tracing v0.1.41
[INFO] [stderr]    Compiling quote v1.0.37
[INFO] [stderr]    Compiling tower-layer v0.3.3
[INFO] [stderr]    Compiling rustversion v1.0.18
[INFO] [stderr]    Compiling syn v2.0.90
[INFO] [stderr]    Compiling socket2 v0.5.8
[INFO] [stderr]    Compiling parking_lot v0.12.3
[INFO] [stderr]    Compiling http-body v1.0.1
[INFO] [stderr]    Compiling signal-hook-registry v1.4.2
[INFO] [stderr]    Compiling mio v1.0.3
[INFO] [stderr]    Compiling futures-channel v0.3.31
[INFO] [stderr]    Compiling powerfmt v0.2.0
[INFO] [stderr]    Compiling percent-encoding v2.3.1
[INFO] [stderr]    Compiling ryu v1.0.18
[INFO] [stderr]    Compiling sync_wrapper v1.0.2
[INFO] [stderr]    Compiling httpdate v1.0.3
[INFO] [stderr]    Compiling num-conv v0.1.0
[INFO] [stderr]    Compiling serde_json v1.0.133
[INFO] [stderr]    Compiling time-core v0.1.2
[INFO] [stderr]    Compiling form_urlencoded v1.2.1
[INFO] [stderr]    Compiling deranged v0.3.11
[INFO] [stderr]    Compiling time-macros v0.2.19
[INFO] [stderr]    Compiling http-body-util v0.1.2
[INFO] [stderr]    Compiling lazy_static v1.5.0
[INFO] [stderr]    Compiling num_threads v0.1.7
[INFO] [stderr]    Compiling mime v0.3.17
[INFO] [stderr]    Compiling memchr v2.7.4
[INFO] [stderr]    Compiling colored v2.1.0
[INFO] [stderr]    Compiling matchit v0.7.3
[INFO] [stderr]    Compiling tower v0.4.13
[INFO] [stderr]    Compiling catalyzer-utils v0.1.3
[INFO] [stderr]    Compiling time v0.3.37
[INFO] [stderr]    Compiling serde_path_to_error v0.1.16
[INFO] [stderr]    Compiling serde_urlencoded v0.7.1
[INFO] [stderr]    Compiling simple_logger v4.3.3
[INFO] [stderr]    Compiling tokio-macros v2.4.0
[INFO] [stderr]    Compiling async-trait v0.1.83
[INFO] [stderr]    Compiling tokio v1.42.0
[INFO] [stderr]    Compiling axum-core v0.4.5
[INFO] [stderr]    Compiling hyper v1.5.1
[INFO] [stderr]    Compiling tower v0.5.2
[INFO] [stderr]    Compiling hyper-util v0.1.10
[INFO] [stderr]    Compiling axum v0.7.9
[INFO] [stderr]    Compiling catalyzer-core v0.1.3 (/opt/rustwide/workdir)
[INFO] [stderr]     Finished `dev` profile [unoptimized + debuginfo] target(s) in 52.51s
[INFO] running `Command { std: "docker" "inspect" "15ee54052a17c4039b244ff27cd85c2690a0aadb7838b8aeca9ade6a93201824", kill_on_drop: false }`
[INFO] running `Command { std: "docker" "rm" "-f" "15ee54052a17c4039b244ff27cd85c2690a0aadb7838b8aeca9ade6a93201824", kill_on_drop: false }`
[INFO] [stdout] 15ee54052a17c4039b244ff27cd85c2690a0aadb7838b8aeca9ade6a93201824
[INFO] running `Command { std: "docker" "create" "-v" "/var/lib/crater-agent-workspace/builds/worker-1-tc1/target:/opt/rustwide/target:rw,Z" "-v" "/var/lib/crater-agent-workspace/builds/worker-1-tc1/source:/opt/rustwide/workdir:ro,Z" "-v" "/var/lib/crater-agent-workspace/cargo-home:/opt/rustwide/cargo-home:ro,Z" "-v" "/var/lib/crater-agent-workspace/rustup-home:/opt/rustwide/rustup-home:ro,Z" "-e" "SOURCE_DIR=/opt/rustwide/workdir" "-e" "CARGO_TARGET_DIR=/opt/rustwide/target" "-e" "CARGO_INCREMENTAL=0" "-e" "RUST_BACKTRACE=full" "-e" "RUSTFLAGS=--cap-lints=warn" "-e" "RUSTDOCFLAGS=--cap-lints=warn" "-e" "CARGO_HOME=/opt/rustwide/cargo-home" "-e" "RUSTUP_HOME=/opt/rustwide/rustup-home" "-w" "/opt/rustwide/workdir" "-m" "1610612736" "--user" "0:0" "--network" "none" "ghcr.io/rust-lang/crates-build-env/linux@sha256:f3a9d4ad9d972b27faf3965f35b62e55ba32bbce8f20bc8fe909558a86702fde" "/opt/rustwide/cargo-home/bin/cargo" "+1.83.0" "test" "--frozen" "--no-run" "--message-format=json", kill_on_drop: false }`
[INFO] [stdout] ecd03a03011fb90194772752549122af6632bc6bf8728e2bc9059516b80c3d0c
[INFO] running `Command { std: "docker" "start" "-a" "ecd03a03011fb90194772752549122af6632bc6bf8728e2bc9059516b80c3d0c", kill_on_drop: false }`
[INFO] [stderr]    Compiling catalyzer-core v0.1.3 (/opt/rustwide/workdir)
[INFO] [stderr]     Finished `test` profile [unoptimized + debuginfo] target(s) in 0.94s
[INFO] running `Command { std: "docker" "inspect" "ecd03a03011fb90194772752549122af6632bc6bf8728e2bc9059516b80c3d0c", kill_on_drop: false }`
[INFO] running `Command { std: "docker" "rm" "-f" "ecd03a03011fb90194772752549122af6632bc6bf8728e2bc9059516b80c3d0c", kill_on_drop: false }`
[INFO] [stdout] ecd03a03011fb90194772752549122af6632bc6bf8728e2bc9059516b80c3d0c
[INFO] running `Command { std: "docker" "create" "-v" "/var/lib/crater-agent-workspace/builds/worker-1-tc1/target:/opt/rustwide/target:rw,Z" "-v" "/var/lib/crater-agent-workspace/builds/worker-1-tc1/source:/opt/rustwide/workdir:ro,Z" "-v" "/var/lib/crater-agent-workspace/cargo-home:/opt/rustwide/cargo-home:ro,Z" "-v" "/var/lib/crater-agent-workspace/rustup-home:/opt/rustwide/rustup-home:ro,Z" "-e" "SOURCE_DIR=/opt/rustwide/workdir" "-e" "CARGO_TARGET_DIR=/opt/rustwide/target" "-e" "CARGO_INCREMENTAL=0" "-e" "RUST_BACKTRACE=full" "-e" "RUSTFLAGS=--cap-lints=warn" "-e" "RUSTDOCFLAGS=--cap-lints=warn" "-e" "CARGO_HOME=/opt/rustwide/cargo-home" "-e" "RUSTUP_HOME=/opt/rustwide/rustup-home" "-w" "/opt/rustwide/workdir" "-m" "1610612736" "--user" "0:0" "--network" "none" "ghcr.io/rust-lang/crates-build-env/linux@sha256:f3a9d4ad9d972b27faf3965f35b62e55ba32bbce8f20bc8fe909558a86702fde" "/opt/rustwide/cargo-home/bin/cargo" "+1.83.0" "test" "--frozen", kill_on_drop: false }`
[INFO] [stdout] 13a0d6d194be5118ace466c650ca7273dbe754ff7f5f88b3c5f19a15928ed992
[INFO] running `Command { std: "docker" "start" "-a" "13a0d6d194be5118ace466c650ca7273dbe754ff7f5f88b3c5f19a15928ed992", kill_on_drop: false }`
[INFO] [stderr]     Finished `test` profile [unoptimized + debuginfo] target(s) in 0.12s
[INFO] [stderr]      Running unittests lib.rs (/opt/rustwide/target/debug/deps/catalyzer-d4715d44c3e47ff2)
[INFO] [stdout] 
[INFO] [stdout] running 0 tests
[INFO] [stdout] 
[INFO] [stdout] test result: ok. 0 passed; 0 failed; 0 ignored; 0 measured; 0 filtered out; finished in 0.00s
[INFO] [stdout] 
[INFO] [stderr]    Doc-tests catalyzer
[INFO] [stdout] 
[INFO] [stdout] running 7 tests
[INFO] [stdout] test internals/runtime.rs - runtime::CatalyzerRuntimeBuilder::setup_tokio (line 132) ... FAILED
[INFO] [stdout] test app/mod.rs - app::App<State>::bind (line 89) ... FAILED
[INFO] [stdout] test app/mod.rs - app::App<State>::set_state (line 114) ... FAILED
[INFO] [stdout] test internals/handlers.rs - internals::handlers::HandlerMetadata (line 17) ... FAILED
[INFO] [stdout] test app/mod.rs - app::App<State>::route (line 47) ... FAILED
[INFO] [stdout] test internals/handlers.rs - internals::handlers::HandlerMetadata (line 27) ... ok
[INFO] [stdout] test internals/runtime.rs - runtime::CatalyzerRuntime::run (line 71) ... ok
[INFO] [stdout] 
[INFO] [stdout] failures:
[INFO] [stdout] 
[INFO] [stdout] ---- internals/runtime.rs - runtime::CatalyzerRuntimeBuilder::setup_tokio (line 132) stdout ----
[INFO] [stdout] error[E0433]: failed to resolve: use of undeclared type `CatalyzerRuntime`
[INFO] [stdout]  --> internals/runtime.rs:137:1
[INFO] [stdout]   |
[INFO] [stdout] 7 | CatalyzerRuntime::builder()
[INFO] [stdout]   | ^^^^^^^^^^^^^^^^ use of undeclared type `CatalyzerRuntime`
[INFO] [stdout]   |
[INFO] [stdout] help: consider importing this struct
[INFO] [stdout]   |
[INFO] [stdout] 4 + use catalyzer::internals::CatalyzerRuntime;
[INFO] [stdout]   |
[INFO] [stdout] 
[INFO] [stdout] error[E0308]: mismatched types
[INFO] [stdout]  --> internals/runtime.rs:136:14
[INFO] [stdout]   |
[INFO] [stdout] 6 | fn main() -> Result {
[INFO] [stdout]   |    ----      ^^^^^^ expected `Result<(), CatalyzerError>`, found `()`
[INFO] [stdout]   |    |
[INFO] [stdout]   |    implicitly returns `()` as its body has no tail or `return` expression
[INFO] [stdout]   |
[INFO] [stdout]   = note:   expected enum `Result<(), CatalyzerError>`
[INFO] [stdout]           found unit type `()`
[INFO] [stdout] 
[INFO] [stdout] error: aborting due to 2 previous errors
[INFO] [stdout] 
[INFO] [stdout] Some errors have detailed explanations: E0308, E0433.
[INFO] [stdout] For more information about an error, try `rustc --explain E0308`.
[INFO] [stdout] Couldn't compile the test.
[INFO] [stdout] ---- app/mod.rs - app::App<State>::bind (line 89) stdout ----
[INFO] [stdout] error: cannot find attribute `main` in this scope
[INFO] [stdout]  --> app/mod.rs:92:3
[INFO] [stdout]   |
[INFO] [stdout] 5 | #[main]
[INFO] [stdout]   |   ^^^^
[INFO] [stdout]   |
[INFO] [stdout]   = note: `main` is in scope, but it is a function, not an attribute
[INFO] [stdout] help: consider importing this attribute macro
[INFO] [stdout]   |
[INFO] [stdout] 4 + use tokio::main;
[INFO] [stdout]   |
[INFO] [stdout] 
[INFO] [stdout] error[E0308]: mismatched types
[INFO] [stdout]  --> app/mod.rs:93:14
[INFO] [stdout]   |
[INFO] [stdout] 6 | fn main() -> Result {
[INFO] [stdout]   |    ----      ^^^^^^ expected `Result<(), CatalyzerError>`, found `()`
[INFO] [stdout]   |    |
[INFO] [stdout]   |    implicitly returns `()` as its body has no tail or `return` expression
[INFO] [stdout]   |
[INFO] [stdout]   = note:   expected enum `std::result::Result<(), CatalyzerError>`
[INFO] [stdout]           found unit type `()`
[INFO] [stdout] 
[INFO] [stdout] error: aborting due to 2 previous errors
[INFO] [stdout] 
[INFO] [stdout] For more information about this error, try `rustc --explain E0308`.
[INFO] [stdout] Couldn't compile the test.
[INFO] [stdout] ---- app/mod.rs - app::App<State>::set_state (line 114) stdout ----
[INFO] [stdout] error: cannot find attribute `main` in this scope
[INFO] [stdout]  --> app/mod.rs:121:3
[INFO] [stdout]   |
[INFO] [stdout] 9 | #[main]
[INFO] [stdout]   |   ^^^^
[INFO] [stdout]   |
[INFO] [stdout]   = note: `main` is in scope, but it is a function, not an attribute
[INFO] [stdout] help: consider importing this attribute macro
[INFO] [stdout]   |
[INFO] [stdout] 4 + use tokio::main;
[INFO] [stdout]   |
[INFO] [stdout] 
[INFO] [stdout] error[E0277]: the trait bound `AppState: Clone` is not satisfied
[INFO] [stdout]   --> app/mod.rs:123:11
[INFO] [stdout]    |
[INFO] [stdout] 11 | let app = App::new()
[INFO] [stdout]    |           ^^^^^^^^^^ the trait `Clone` is not implemented for `AppState`
[INFO] [stdout]    |
[INFO] [stdout] note: required by a bound in `catalyzer::App::<State>::new`
[INFO] [stdout]   --> /opt/rustwide/workdir/app/mod.rs:22:12
[INFO] [stdout]    |
[INFO] [stdout] 22 |     State: Clone + Send + Sync + 'static
[INFO] [stdout]    |            ^^^^^ required by this bound in `App::<State>::new`
[INFO] [stdout] ...
[INFO] [stdout] 32 |     pub fn new() -> Self {
[INFO] [stdout]    |            --- required by a bound in this associated function
[INFO] [stdout] help: consider annotating `AppState` with `#[derive(Clone)]`
[INFO] [stdout]    |
[INFO] [stdout] 5  + #[derive(Clone)]
[INFO] [stdout] 6  | struct AppState {
[INFO] [stdout]    |
[INFO] [stdout] 
[INFO] [stdout] error[E0277]: the trait bound `AppState: Clone` is not satisfied
[INFO] [stdout]    --> app/mod.rs:124:6
[INFO] [stdout]     |
[INFO] [stdout] 12  |     .set_state(AppState { counter: 0 });
[INFO] [stdout]     |      ^^^^^^^^^ the trait `Clone` is not implemented for `AppState`
[INFO] [stdout]     |
[INFO] [stdout] note: required by a bound in `catalyzer::App::<State>::set_state`
[INFO] [stdout]    --> /opt/rustwide/workdir/app/mod.rs:22:12
[INFO] [stdout]     |
[INFO] [stdout] 22  |     State: Clone + Send + Sync + 'static
[INFO] [stdout]     |            ^^^^^ required by this bound in `App::<State>::set_state`
[INFO] [stdout] ...
[INFO] [stdout] 125 |     pub fn set_state<S2>(self, state: State) -> App<S2> {
[INFO] [stdout]     |            --------- required by a bound in this associated function
[INFO] [stdout] help: consider annotating `AppState` with `#[derive(Clone)]`
[INFO] [stdout]     |
[INFO] [stdout] 5   + #[derive(Clone)]
[INFO] [stdout] 6   | struct AppState {
[INFO] [stdout]     |
[INFO] [stdout] 
[INFO] [stdout] error[E0308]: mismatched types
[INFO] [stdout]   --> app/mod.rs:122:14
[INFO] [stdout]    |
[INFO] [stdout] 10 | fn main() -> Result {
[INFO] [stdout]    |    ----      ^^^^^^ expected `Result<(), CatalyzerError>`, found `()`
[INFO] [stdout]    |    |
[INFO] [stdout]    |    implicitly returns `()` as its body has no tail or `return` expression
[INFO] [stdout]    |
[INFO] [stdout]    = note:   expected enum `std::result::Result<(), CatalyzerError>`
[INFO] [stdout]            found unit type `()`
[INFO] [stdout] 
[INFO] [stdout] error: aborting due to 4 previous errors
[INFO] [stdout] 
[INFO] [stdout] Some errors have detailed explanations: E0277, E0308.
[INFO] [stdout] For more information about an error, try `rustc --explain E0277`.
[INFO] [stdout] Couldn't compile the test.
[INFO] [stdout] ---- internals/handlers.rs - internals::handlers::HandlerMetadata (line 17) stdout ----
[INFO] [stdout] error: cannot find attribute `get` in this scope
[INFO] [stdout]  --> internals/handlers.rs:20:3
[INFO] [stdout]   |
[INFO] [stdout] 6 | #[get("/")]
[INFO] [stdout]   |   ^^^
[INFO] [stdout] 
[INFO] [stdout] error[E0308]: mismatched types
[INFO] [stdout]  --> internals/handlers.rs:22:5
[INFO] [stdout]   |
[INFO] [stdout] 7 | fn index() {
[INFO] [stdout]   |           - help: try adding a return type: `-> &'static str`
[INFO] [stdout] 8 |     "Hello, world!"
[INFO] [stdout]   |     ^^^^^^^^^^^^^^^ expected `()`, found `&str`
[INFO] [stdout] 
[INFO] [stdout] error: aborting due to 2 previous errors
[INFO] [stdout] 
[INFO] [stdout] For more information about this error, try `rustc --explain E0308`.
[INFO] [stdout] Couldn't compile the test.
[INFO] [stdout] ---- app/mod.rs - app::App<State>::route (line 47) stdout ----
[INFO] [stdout] error: cannot find attribute `main` in this scope
[INFO] [stdout]  --> app/mod.rs:50:3
[INFO] [stdout]   |
[INFO] [stdout] 5 | #[main]
[INFO] [stdout]   |   ^^^^
[INFO] [stdout]   |
[INFO] [stdout]   = note: `main` is in scope, but it is a function, not an attribute
[INFO] [stdout] help: consider importing this attribute macro
[INFO] [stdout]   |
[INFO] [stdout] 4 + use tokio::main;
[INFO] [stdout]   |
[INFO] [stdout] 
[INFO] [stdout] error: cannot find attribute `get` in this scope
[INFO] [stdout]  --> app/mod.rs:52:3
[INFO] [stdout]   |
[INFO] [stdout] 7 | #[get("/")]
[INFO] [stdout]   |   ^^^
[INFO] [stdout] 
[INFO] [stdout] error[E0412]: cannot find type `index_metadata` in this scope
[INFO] [stdout]   --> app/mod.rs:58:17
[INFO] [stdout]    |
[INFO] [stdout] 13 |     .route::<_, index_metadata, _>(index)?;
[INFO] [stdout]    |                 ^^^^^^^^^^^^^^ not found in this scope
[INFO] [stdout] 
[INFO] [stdout] error[E0308]: mismatched types
[INFO] [stdout]  --> app/mod.rs:51:14
[INFO] [stdout]   |
[INFO] [stdout] 6 | fn main() -> Result {
[INFO] [stdout]   |    ----      ^^^^^^ expected `Result<(), CatalyzerError>`, found `()`
[INFO] [stdout]   |    |
[INFO] [stdout]   |    implicitly returns `()` as its body has no tail or `return` expression
[INFO] [stdout]   |
[INFO] [stdout]   = note:   expected enum `std::result::Result<(), CatalyzerError>`
[INFO] [stdout]           found unit type `()`
[INFO] [stdout] 
[INFO] [stdout] error[E0308]: mismatched types
[INFO] [stdout]  --> app/mod.rs:54:5
[INFO] [stdout]   |
[INFO] [stdout] 8 | fn index() {
[INFO] [stdout]   |           - help: try adding a return type: `-> &'static str`
[INFO] [stdout] 9 |     "Hello, world!"
[INFO] [stdout]   |     ^^^^^^^^^^^^^^^ expected `()`, found `&str`
[INFO] [stdout] 
[INFO] [stdout] error: aborting due to 5 previous errors
[INFO] [stdout] 
[INFO] [stdout] Some errors have detailed explanations: E0308, E0412.
[INFO] [stdout] For more information about an error, try `rustc --explain E0308`.
[INFO] [stdout] Couldn't compile the test.
[INFO] [stdout] 
[INFO] [stdout] failures:
[INFO] [stdout]     app/mod.rs - app::App<State>::bind (line 89)
[INFO] [stdout]     app/mod.rs - app::App<State>::route (line 47)
[INFO] [stdout]     app/mod.rs - app::App<State>::set_state (line 114)
[INFO] [stdout]     internals/handlers.rs - internals::handlers::HandlerMetadata (line 17)
[INFO] [stdout]     internals/runtime.rs - runtime::CatalyzerRuntimeBuilder::setup_tokio (line 132)
[INFO] [stdout] 
[INFO] [stdout] test result: FAILED. 2 passed; 5 failed; 0 ignored; 0 measured; 0 filtered out; finished in 2.17s
[INFO] [stdout] 
[INFO] [stderr] error: doctest failed, to rerun pass `--doc`
[INFO] running `Command { std: "docker" "inspect" "13a0d6d194be5118ace466c650ca7273dbe754ff7f5f88b3c5f19a15928ed992", kill_on_drop: false }`
[INFO] running `Command { std: "docker" "rm" "-f" "13a0d6d194be5118ace466c650ca7273dbe754ff7f5f88b3c5f19a15928ed992", kill_on_drop: false }`
[INFO] [stdout] 13a0d6d194be5118ace466c650ca7273dbe754ff7f5f88b3c5f19a15928ed992
