[INFO] fetching crate cata-derive 0.1.1...
[INFO] testing cata-derive-0.1.1 against beta-2024-12-08 for beta-1.84.0-4-retry
[INFO] extracting crate cata-derive 0.1.1 into /workspace/builds/worker-1-tc2/source
[INFO] validating manifest of crates.io crate cata-derive 0.1.1 on toolchain beta-2024-12-08
[INFO] running `Command { std: CARGO_HOME="/workspace/cargo-home" RUSTUP_HOME="/workspace/rustup-home" "/workspace/cargo-home/bin/cargo" "+beta-2024-12-08" "metadata" "--manifest-path" "Cargo.toml" "--no-deps", kill_on_drop: false }`
[INFO] started tweaking crates.io crate cata-derive 0.1.1
[INFO] finished tweaking crates.io crate cata-derive 0.1.1
[INFO] tweaked toml for crates.io crate cata-derive 0.1.1 written to /workspace/builds/worker-1-tc2/source/Cargo.toml
[INFO] running `Command { std: CARGO_HOME="/workspace/cargo-home" RUSTUP_HOME="/workspace/rustup-home" "/workspace/cargo-home/bin/cargo" "+beta-2024-12-08" "generate-lockfile" "--manifest-path" "Cargo.toml", kill_on_drop: false }`
[INFO] [stderr]     Updating crates.io index
[INFO] [stderr]      Locking 7 packages to latest compatible versions
[INFO] running `Command { std: CARGO_HOME="/workspace/cargo-home" RUSTUP_HOME="/workspace/rustup-home" "/workspace/cargo-home/bin/cargo" "+beta-2024-12-08" "fetch" "--manifest-path" "Cargo.toml", kill_on_drop: false }`
[INFO] running `Command { std: "docker" "create" "-v" "/var/lib/crater-agent-workspace/builds/worker-1-tc2/target:/opt/rustwide/target:rw,Z" "-v" "/var/lib/crater-agent-workspace/builds/worker-1-tc2/source:/opt/rustwide/workdir:ro,Z" "-v" "/var/lib/crater-agent-workspace/cargo-home:/opt/rustwide/cargo-home:ro,Z" "-v" "/var/lib/crater-agent-workspace/rustup-home:/opt/rustwide/rustup-home:ro,Z" "-e" "SOURCE_DIR=/opt/rustwide/workdir" "-e" "CARGO_TARGET_DIR=/opt/rustwide/target" "-e" "CARGO_HOME=/opt/rustwide/cargo-home" "-e" "RUSTUP_HOME=/opt/rustwide/rustup-home" "-w" "/opt/rustwide/workdir" "-m" "1610612736" "--user" "0:0" "--network" "none" "ghcr.io/rust-lang/crates-build-env/linux@sha256:f3a9d4ad9d972b27faf3965f35b62e55ba32bbce8f20bc8fe909558a86702fde" "/opt/rustwide/cargo-home/bin/cargo" "+beta-2024-12-08" "metadata" "--no-deps" "--format-version=1", kill_on_drop: false }`
[INFO] [stdout] c0e36d6bcdda0b5ecf9197e04e64f66c9658b28ce535a2a9d1cc0bc8a8116b89
[INFO] running `Command { std: "docker" "start" "-a" "c0e36d6bcdda0b5ecf9197e04e64f66c9658b28ce535a2a9d1cc0bc8a8116b89", kill_on_drop: false }`
[INFO] running `Command { std: "docker" "inspect" "c0e36d6bcdda0b5ecf9197e04e64f66c9658b28ce535a2a9d1cc0bc8a8116b89", kill_on_drop: false }`
[INFO] running `Command { std: "docker" "rm" "-f" "c0e36d6bcdda0b5ecf9197e04e64f66c9658b28ce535a2a9d1cc0bc8a8116b89", kill_on_drop: false }`
[INFO] [stdout] c0e36d6bcdda0b5ecf9197e04e64f66c9658b28ce535a2a9d1cc0bc8a8116b89
[INFO] running `Command { std: "docker" "create" "-v" "/var/lib/crater-agent-workspace/builds/worker-1-tc2/target:/opt/rustwide/target:rw,Z" "-v" "/var/lib/crater-agent-workspace/builds/worker-1-tc2/source:/opt/rustwide/workdir:ro,Z" "-v" "/var/lib/crater-agent-workspace/cargo-home:/opt/rustwide/cargo-home:ro,Z" "-v" "/var/lib/crater-agent-workspace/rustup-home:/opt/rustwide/rustup-home:ro,Z" "-e" "SOURCE_DIR=/opt/rustwide/workdir" "-e" "CARGO_TARGET_DIR=/opt/rustwide/target" "-e" "CARGO_INCREMENTAL=0" "-e" "RUST_BACKTRACE=full" "-e" "RUSTFLAGS=--cap-lints=warn" "-e" "RUSTDOCFLAGS=--cap-lints=warn" "-e" "CARGO_HOME=/opt/rustwide/cargo-home" "-e" "RUSTUP_HOME=/opt/rustwide/rustup-home" "-w" "/opt/rustwide/workdir" "-m" "1610612736" "--user" "0:0" "--network" "none" "ghcr.io/rust-lang/crates-build-env/linux@sha256:f3a9d4ad9d972b27faf3965f35b62e55ba32bbce8f20bc8fe909558a86702fde" "/opt/rustwide/cargo-home/bin/cargo" "+beta-2024-12-08" "build" "--frozen" "--message-format=json", kill_on_drop: false }`
[INFO] [stdout] 3135c33abf81250e67a5f038e49bff9654d377fdd2de17f7367f5cfd093ac9c4
[INFO] running `Command { std: "docker" "start" "-a" "3135c33abf81250e67a5f038e49bff9654d377fdd2de17f7367f5cfd093ac9c4", kill_on_drop: false }`
[INFO] [stderr]    Compiling eyre v0.6.12
[INFO] [stderr]    Compiling indenter v0.3.3
[INFO] [stderr]    Compiling once_cell v1.20.2
[INFO] [stderr]    Compiling syn v2.0.90
[INFO] [stderr]    Compiling cata-derive v0.1.1 (/opt/rustwide/workdir)
[INFO] [stderr]     Finished `dev` profile [unoptimized + debuginfo] target(s) in 4.06s
[INFO] running `Command { std: "docker" "inspect" "3135c33abf81250e67a5f038e49bff9654d377fdd2de17f7367f5cfd093ac9c4", kill_on_drop: false }`
[INFO] running `Command { std: "docker" "rm" "-f" "3135c33abf81250e67a5f038e49bff9654d377fdd2de17f7367f5cfd093ac9c4", kill_on_drop: false }`
[INFO] [stdout] 3135c33abf81250e67a5f038e49bff9654d377fdd2de17f7367f5cfd093ac9c4
[INFO] running `Command { std: "docker" "create" "-v" "/var/lib/crater-agent-workspace/builds/worker-1-tc2/target:/opt/rustwide/target:rw,Z" "-v" "/var/lib/crater-agent-workspace/builds/worker-1-tc2/source:/opt/rustwide/workdir:ro,Z" "-v" "/var/lib/crater-agent-workspace/cargo-home:/opt/rustwide/cargo-home:ro,Z" "-v" "/var/lib/crater-agent-workspace/rustup-home:/opt/rustwide/rustup-home:ro,Z" "-e" "SOURCE_DIR=/opt/rustwide/workdir" "-e" "CARGO_TARGET_DIR=/opt/rustwide/target" "-e" "CARGO_INCREMENTAL=0" "-e" "RUST_BACKTRACE=full" "-e" "RUSTFLAGS=--cap-lints=warn" "-e" "RUSTDOCFLAGS=--cap-lints=warn" "-e" "CARGO_HOME=/opt/rustwide/cargo-home" "-e" "RUSTUP_HOME=/opt/rustwide/rustup-home" "-w" "/opt/rustwide/workdir" "-m" "1610612736" "--user" "0:0" "--network" "none" "ghcr.io/rust-lang/crates-build-env/linux@sha256:f3a9d4ad9d972b27faf3965f35b62e55ba32bbce8f20bc8fe909558a86702fde" "/opt/rustwide/cargo-home/bin/cargo" "+beta-2024-12-08" "test" "--frozen" "--no-run" "--message-format=json", kill_on_drop: false }`
[INFO] [stdout] f0582291afdd3dadd3e9a6d25d0c88cbbd82db5b56fd3bda18eeb76458e25970
[INFO] running `Command { std: "docker" "start" "-a" "f0582291afdd3dadd3e9a6d25d0c88cbbd82db5b56fd3bda18eeb76458e25970", kill_on_drop: false }`
[INFO] [stderr]    Compiling cata-derive v0.1.1 (/opt/rustwide/workdir)
[INFO] [stderr]     Finished `test` profile [unoptimized + debuginfo] target(s) in 0.77s
[INFO] running `Command { std: "docker" "inspect" "f0582291afdd3dadd3e9a6d25d0c88cbbd82db5b56fd3bda18eeb76458e25970", kill_on_drop: false }`
[INFO] running `Command { std: "docker" "rm" "-f" "f0582291afdd3dadd3e9a6d25d0c88cbbd82db5b56fd3bda18eeb76458e25970", kill_on_drop: false }`
[INFO] [stdout] f0582291afdd3dadd3e9a6d25d0c88cbbd82db5b56fd3bda18eeb76458e25970
[INFO] running `Command { std: "docker" "create" "-v" "/var/lib/crater-agent-workspace/builds/worker-1-tc2/target:/opt/rustwide/target:rw,Z" "-v" "/var/lib/crater-agent-workspace/builds/worker-1-tc2/source:/opt/rustwide/workdir:ro,Z" "-v" "/var/lib/crater-agent-workspace/cargo-home:/opt/rustwide/cargo-home:ro,Z" "-v" "/var/lib/crater-agent-workspace/rustup-home:/opt/rustwide/rustup-home:ro,Z" "-e" "SOURCE_DIR=/opt/rustwide/workdir" "-e" "CARGO_TARGET_DIR=/opt/rustwide/target" "-e" "CARGO_INCREMENTAL=0" "-e" "RUST_BACKTRACE=full" "-e" "RUSTFLAGS=--cap-lints=warn" "-e" "RUSTDOCFLAGS=--cap-lints=warn" "-e" "CARGO_HOME=/opt/rustwide/cargo-home" "-e" "RUSTUP_HOME=/opt/rustwide/rustup-home" "-w" "/opt/rustwide/workdir" "-m" "1610612736" "--user" "0:0" "--network" "none" "ghcr.io/rust-lang/crates-build-env/linux@sha256:f3a9d4ad9d972b27faf3965f35b62e55ba32bbce8f20bc8fe909558a86702fde" "/opt/rustwide/cargo-home/bin/cargo" "+beta-2024-12-08" "test" "--frozen", kill_on_drop: false }`
[INFO] [stdout] 29d42973b71f04e44536d887f91601d318e6bff3a65c30afb164ba9caea4c19a
[INFO] running `Command { std: "docker" "start" "-a" "29d42973b71f04e44536d887f91601d318e6bff3a65c30afb164ba9caea4c19a", kill_on_drop: false }`
[INFO] [stderr]     Finished `test` profile [unoptimized + debuginfo] target(s) in 0.02s
[INFO] [stderr]      Running unittests src/lib.rs (/opt/rustwide/target/debug/deps/cata_derive-699b0552142e5245)
[INFO] [stdout] 
[INFO] [stdout] running 0 tests
[INFO] [stdout] 
[INFO] [stdout] test result: ok. 0 passed; 0 failed; 0 ignored; 0 measured; 0 filtered out; finished in 0.00s
[INFO] [stdout] 
[INFO] [stderr]    Doc-tests cata_derive
[INFO] [stdout] 
[INFO] [stdout] running 2 tests
[INFO] [stdout] test src/lib.rs - derive_container (line 23) ... FAILED
[INFO] [stdout] test src/lib.rs - derive_file (line 58) ... FAILED
[INFO] [stdout] 
[INFO] [stdout] failures:
[INFO] [stdout] 
[INFO] [stdout] ---- src/lib.rs - derive_container (line 23) stdout ----
[INFO] [stdout] error[E0432]: unresolved import `cata`
[INFO] [stdout]  --> src/lib.rs:24:5
[INFO] [stdout]   |
[INFO] [stdout] 3 | use cata::Container;
[INFO] [stdout]   |     ^^^^ use of undeclared crate or module `cata`
[INFO] [stdout] 
[INFO] [stdout] error[E0432]: unresolved import `clap`
[INFO] [stdout]  --> src/lib.rs:25:5
[INFO] [stdout]   |
[INFO] [stdout] 4 | use clap::{Parser, Subcommand};
[INFO] [stdout]   |     ^^^^ use of undeclared crate or module `clap`
[INFO] [stdout] 
[INFO] [stdout] error: cannot find attribute `command` in this scope
[INFO] [stdout]  --> src/lib.rs:29:5
[INFO] [stdout]   |
[INFO] [stdout] 8 |   #[command(subcommand)]
[INFO] [stdout]   |     ^^^^^^^
[INFO] [stdout] 
[INFO] [stdout] error: aborting due to 3 previous errors
[INFO] [stdout] 
[INFO] [stdout] For more information about this error, try `rustc --explain E0432`.
[INFO] [stdout] Couldn't compile the test.
[INFO] [stdout] ---- src/lib.rs - derive_file (line 58) stdout ----
[INFO] [stdout] error[E0432]: unresolved import `cata`
[INFO] [stdout]  --> src/lib.rs:59:5
[INFO] [stdout]   |
[INFO] [stdout] 3 | use cata::File;
[INFO] [stdout]   |     ^^^^ use of undeclared crate or module `cata`
[INFO] [stdout] 
[INFO] [stdout] error[E0433]: failed to resolve: use of undeclared crate or module `clap`
[INFO] [stdout]   --> src/lib.rs:66:10
[INFO] [stdout]    |
[INFO] [stdout] 10 | #[derive(clap::Parser)]
[INFO] [stdout]    |          ^^^^ use of undeclared crate or module `clap`
[INFO] [stdout] 
[INFO] [stdout] error: cannot find derive macro `Deserialize` in this scope
[INFO] [stdout]  --> src/lib.rs:61:24
[INFO] [stdout]   |
[INFO] [stdout] 5 | #[derive(Clone, Debug, Deserialize)]
[INFO] [stdout]   |                        ^^^^^^^^^^^
[INFO] [stdout] 
[INFO] [stdout] error: aborting due to 3 previous errors
[INFO] [stdout] 
[INFO] [stdout] Some errors have detailed explanations: E0432, E0433.
[INFO] [stdout] For more information about an error, try `rustc --explain E0432`.
[INFO] [stdout] Couldn't compile the test.
[INFO] [stdout] 
[INFO] [stdout] failures:
[INFO] [stdout]     src/lib.rs - derive_container (line 23)
[INFO] [stdout]     src/lib.rs - derive_file (line 58)
[INFO] [stdout] 
[INFO] [stdout] test result: FAILED. 0 passed; 2 failed; 0 ignored; 0 measured; 0 filtered out; finished in 0.10s
[INFO] [stdout] 
[INFO] [stderr] error: doctest failed, to rerun pass `--doc`
[INFO] running `Command { std: "docker" "inspect" "29d42973b71f04e44536d887f91601d318e6bff3a65c30afb164ba9caea4c19a", kill_on_drop: false }`
[INFO] running `Command { std: "docker" "rm" "-f" "29d42973b71f04e44536d887f91601d318e6bff3a65c30afb164ba9caea4c19a", kill_on_drop: false }`
[INFO] [stdout] 29d42973b71f04e44536d887f91601d318e6bff3a65c30afb164ba9caea4c19a
