[INFO] fetching crate casus 0.1.0...
[INFO] testing casus-0.1.0 against beta-2024-12-08 for beta-1.84.0-4-retry
[INFO] extracting crate casus 0.1.0 into /workspace/builds/worker-3-tc2/source
[INFO] validating manifest of crates.io crate casus 0.1.0 on toolchain beta-2024-12-08
[INFO] running `Command { std: CARGO_HOME="/workspace/cargo-home" RUSTUP_HOME="/workspace/rustup-home" "/workspace/cargo-home/bin/cargo" "+beta-2024-12-08" "metadata" "--manifest-path" "Cargo.toml" "--no-deps", kill_on_drop: false }`
[INFO] started tweaking crates.io crate casus 0.1.0
[INFO] finished tweaking crates.io crate casus 0.1.0
[INFO] tweaked toml for crates.io crate casus 0.1.0 written to /workspace/builds/worker-3-tc2/source/Cargo.toml
[INFO] running `Command { std: CARGO_HOME="/workspace/cargo-home" RUSTUP_HOME="/workspace/rustup-home" "/workspace/cargo-home/bin/cargo" "+beta-2024-12-08" "generate-lockfile" "--manifest-path" "Cargo.toml", kill_on_drop: false }`
[INFO] running `Command { std: CARGO_HOME="/workspace/cargo-home" RUSTUP_HOME="/workspace/rustup-home" "/workspace/cargo-home/bin/cargo" "+beta-2024-12-08" "fetch" "--manifest-path" "Cargo.toml", kill_on_drop: false }`
[INFO] running `Command { std: "docker" "create" "-v" "/var/lib/crater-agent-workspace/builds/worker-3-tc2/target:/opt/rustwide/target:rw,Z" "-v" "/var/lib/crater-agent-workspace/builds/worker-3-tc2/source:/opt/rustwide/workdir:ro,Z" "-v" "/var/lib/crater-agent-workspace/cargo-home:/opt/rustwide/cargo-home:ro,Z" "-v" "/var/lib/crater-agent-workspace/rustup-home:/opt/rustwide/rustup-home:ro,Z" "-e" "SOURCE_DIR=/opt/rustwide/workdir" "-e" "CARGO_TARGET_DIR=/opt/rustwide/target" "-e" "CARGO_HOME=/opt/rustwide/cargo-home" "-e" "RUSTUP_HOME=/opt/rustwide/rustup-home" "-w" "/opt/rustwide/workdir" "-m" "1610612736" "--user" "0:0" "--network" "none" "ghcr.io/rust-lang/crates-build-env/linux@sha256:f3a9d4ad9d972b27faf3965f35b62e55ba32bbce8f20bc8fe909558a86702fde" "/opt/rustwide/cargo-home/bin/cargo" "+beta-2024-12-08" "metadata" "--no-deps" "--format-version=1", kill_on_drop: false }`
[INFO] [stdout] fe2bb58c2c781d6c5c112d334639657e1aa31174b3ebc3be58fbbc34a71ef0b0
[INFO] running `Command { std: "docker" "start" "-a" "fe2bb58c2c781d6c5c112d334639657e1aa31174b3ebc3be58fbbc34a71ef0b0", kill_on_drop: false }`
[INFO] running `Command { std: "docker" "inspect" "fe2bb58c2c781d6c5c112d334639657e1aa31174b3ebc3be58fbbc34a71ef0b0", kill_on_drop: false }`
[INFO] running `Command { std: "docker" "rm" "-f" "fe2bb58c2c781d6c5c112d334639657e1aa31174b3ebc3be58fbbc34a71ef0b0", kill_on_drop: false }`
[INFO] [stdout] fe2bb58c2c781d6c5c112d334639657e1aa31174b3ebc3be58fbbc34a71ef0b0
[INFO] running `Command { std: "docker" "create" "-v" "/var/lib/crater-agent-workspace/builds/worker-3-tc2/target:/opt/rustwide/target:rw,Z" "-v" "/var/lib/crater-agent-workspace/builds/worker-3-tc2/source:/opt/rustwide/workdir:ro,Z" "-v" "/var/lib/crater-agent-workspace/cargo-home:/opt/rustwide/cargo-home:ro,Z" "-v" "/var/lib/crater-agent-workspace/rustup-home:/opt/rustwide/rustup-home:ro,Z" "-e" "SOURCE_DIR=/opt/rustwide/workdir" "-e" "CARGO_TARGET_DIR=/opt/rustwide/target" "-e" "CARGO_INCREMENTAL=0" "-e" "RUST_BACKTRACE=full" "-e" "RUSTFLAGS=--cap-lints=warn" "-e" "RUSTDOCFLAGS=--cap-lints=warn" "-e" "CARGO_HOME=/opt/rustwide/cargo-home" "-e" "RUSTUP_HOME=/opt/rustwide/rustup-home" "-w" "/opt/rustwide/workdir" "-m" "1610612736" "--user" "0:0" "--network" "none" "ghcr.io/rust-lang/crates-build-env/linux@sha256:f3a9d4ad9d972b27faf3965f35b62e55ba32bbce8f20bc8fe909558a86702fde" "/opt/rustwide/cargo-home/bin/cargo" "+beta-2024-12-08" "build" "--frozen" "--message-format=json", kill_on_drop: false }`
[INFO] [stdout] 473b86f3d7ca2a37767d2caf675ef7a7c83dc37017666d5da38fbfe5a100fc36
[INFO] running `Command { std: "docker" "start" "-a" "473b86f3d7ca2a37767d2caf675ef7a7c83dc37017666d5da38fbfe5a100fc36", kill_on_drop: false }`
[INFO] [stderr]    Compiling casus v0.1.0 (/opt/rustwide/workdir)
[INFO] [stderr]     Finished `dev` profile [unoptimized + debuginfo] target(s) in 0.24s
[INFO] running `Command { std: "docker" "inspect" "473b86f3d7ca2a37767d2caf675ef7a7c83dc37017666d5da38fbfe5a100fc36", kill_on_drop: false }`
[INFO] running `Command { std: "docker" "rm" "-f" "473b86f3d7ca2a37767d2caf675ef7a7c83dc37017666d5da38fbfe5a100fc36", kill_on_drop: false }`
[INFO] [stdout] 473b86f3d7ca2a37767d2caf675ef7a7c83dc37017666d5da38fbfe5a100fc36
[INFO] running `Command { std: "docker" "create" "-v" "/var/lib/crater-agent-workspace/builds/worker-3-tc2/target:/opt/rustwide/target:rw,Z" "-v" "/var/lib/crater-agent-workspace/builds/worker-3-tc2/source:/opt/rustwide/workdir:ro,Z" "-v" "/var/lib/crater-agent-workspace/cargo-home:/opt/rustwide/cargo-home:ro,Z" "-v" "/var/lib/crater-agent-workspace/rustup-home:/opt/rustwide/rustup-home:ro,Z" "-e" "SOURCE_DIR=/opt/rustwide/workdir" "-e" "CARGO_TARGET_DIR=/opt/rustwide/target" "-e" "CARGO_INCREMENTAL=0" "-e" "RUST_BACKTRACE=full" "-e" "RUSTFLAGS=--cap-lints=warn" "-e" "RUSTDOCFLAGS=--cap-lints=warn" "-e" "CARGO_HOME=/opt/rustwide/cargo-home" "-e" "RUSTUP_HOME=/opt/rustwide/rustup-home" "-w" "/opt/rustwide/workdir" "-m" "1610612736" "--user" "0:0" "--network" "none" "ghcr.io/rust-lang/crates-build-env/linux@sha256:f3a9d4ad9d972b27faf3965f35b62e55ba32bbce8f20bc8fe909558a86702fde" "/opt/rustwide/cargo-home/bin/cargo" "+beta-2024-12-08" "test" "--frozen" "--no-run" "--message-format=json", kill_on_drop: false }`
[INFO] [stdout] 67384ad2817408a11efa900a349b967101f5b9f1abd50054c40dbf19b758cf8c
[INFO] running `Command { std: "docker" "start" "-a" "67384ad2817408a11efa900a349b967101f5b9f1abd50054c40dbf19b758cf8c", kill_on_drop: false }`
[INFO] [stderr]    Compiling casus v0.1.0 (/opt/rustwide/workdir)
[INFO] [stderr]     Finished `test` profile [unoptimized + debuginfo] target(s) in 0.40s
[INFO] running `Command { std: "docker" "inspect" "67384ad2817408a11efa900a349b967101f5b9f1abd50054c40dbf19b758cf8c", kill_on_drop: false }`
[INFO] running `Command { std: "docker" "rm" "-f" "67384ad2817408a11efa900a349b967101f5b9f1abd50054c40dbf19b758cf8c", kill_on_drop: false }`
[INFO] [stdout] 67384ad2817408a11efa900a349b967101f5b9f1abd50054c40dbf19b758cf8c
[INFO] running `Command { std: "docker" "create" "-v" "/var/lib/crater-agent-workspace/builds/worker-3-tc2/target:/opt/rustwide/target:rw,Z" "-v" "/var/lib/crater-agent-workspace/builds/worker-3-tc2/source:/opt/rustwide/workdir:ro,Z" "-v" "/var/lib/crater-agent-workspace/cargo-home:/opt/rustwide/cargo-home:ro,Z" "-v" "/var/lib/crater-agent-workspace/rustup-home:/opt/rustwide/rustup-home:ro,Z" "-e" "SOURCE_DIR=/opt/rustwide/workdir" "-e" "CARGO_TARGET_DIR=/opt/rustwide/target" "-e" "CARGO_INCREMENTAL=0" "-e" "RUST_BACKTRACE=full" "-e" "RUSTFLAGS=--cap-lints=warn" "-e" "RUSTDOCFLAGS=--cap-lints=warn" "-e" "CARGO_HOME=/opt/rustwide/cargo-home" "-e" "RUSTUP_HOME=/opt/rustwide/rustup-home" "-w" "/opt/rustwide/workdir" "-m" "1610612736" "--user" "0:0" "--network" "none" "ghcr.io/rust-lang/crates-build-env/linux@sha256:f3a9d4ad9d972b27faf3965f35b62e55ba32bbce8f20bc8fe909558a86702fde" "/opt/rustwide/cargo-home/bin/cargo" "+beta-2024-12-08" "test" "--frozen", kill_on_drop: false }`
[INFO] [stdout] 3e7ddef3db7231f17377d692aa00e8ef40c2953edc711601667eee10efd44f66
[INFO] running `Command { std: "docker" "start" "-a" "3e7ddef3db7231f17377d692aa00e8ef40c2953edc711601667eee10efd44f66", kill_on_drop: false }`
[INFO] [stderr]     Finished `test` profile [unoptimized + debuginfo] target(s) in 0.02s
[INFO] [stderr]      Running unittests src/lib.rs (/opt/rustwide/target/debug/deps/casus-779a03b97739b31a)
[INFO] [stdout] 
[INFO] [stdout] running 0 tests
[INFO] [stderr]    Doc-tests casus
[INFO] [stdout] 
[INFO] [stdout] test result: ok. 0 passed; 0 failed; 0 ignored; 0 measured; 0 filtered out; finished in 0.00s
[INFO] [stdout] 
[INFO] [stdout] 
[INFO] [stdout] running 1 test
[INFO] [stdout] test src/lib.rs - Waiter<T>::wake (line 166) ... FAILED
[INFO] [stdout] 
[INFO] [stdout] failures:
[INFO] [stdout] 
[INFO] [stdout] ---- src/lib.rs - Waiter<T>::wake (line 166) stdout ----
[INFO] [stdout] error[E0425]: cannot find value `waiter` in this scope
[INFO] [stdout]  --> src/lib.rs:167:1
[INFO] [stdout]   |
[INFO] [stdout] 3 | waiter.wake(T)
[INFO] [stdout]   | ^^^^^^ not found in this scope
[INFO] [stdout] 
[INFO] [stdout] error[E0425]: cannot find value `T` in this scope
[INFO] [stdout]  --> src/lib.rs:167:13
[INFO] [stdout]   |
[INFO] [stdout] 3 | waiter.wake(T)
[INFO] [stdout]   |             ^ not found in this scope
[INFO] [stdout]   |
[INFO] [stdout] help: you might be missing a const parameter
[INFO] [stdout]   |
[INFO] [stdout] 2 | fn main() { #[allow(non_snake_case)] fn _doctest_main_src_lib_rs_166_0<const T: /* Type */>() {
[INFO] [stdout]   |                                                                       +++++++++++++++++++++
[INFO] [stdout] 
[INFO] [stdout] error: aborting due to 2 previous errors
[INFO] [stdout] 
[INFO] [stdout] For more information about this error, try `rustc --explain E0425`.
[INFO] [stdout] Couldn't compile the test.
[INFO] [stdout] 
[INFO] [stdout] failures:
[INFO] [stdout]     src/lib.rs - Waiter<T>::wake (line 166)
[INFO] [stdout] 
[INFO] [stdout] test result: FAILED. 0 passed; 1 failed; 0 ignored; 0 measured; 0 filtered out; finished in 0.08s
[INFO] [stdout] 
[INFO] [stderr] error: doctest failed, to rerun pass `--doc`
[INFO] running `Command { std: "docker" "inspect" "3e7ddef3db7231f17377d692aa00e8ef40c2953edc711601667eee10efd44f66", kill_on_drop: false }`
[INFO] running `Command { std: "docker" "rm" "-f" "3e7ddef3db7231f17377d692aa00e8ef40c2953edc711601667eee10efd44f66", kill_on_drop: false }`
[INFO] [stdout] 3e7ddef3db7231f17377d692aa00e8ef40c2953edc711601667eee10efd44f66
