[INFO] fetching crate castep-cell-io 0.2.9...
[INFO] testing castep-cell-io-0.2.9 against beta-2024-12-08 for beta-1.84.0-4-retry
[INFO] extracting crate castep-cell-io 0.2.9 into /workspace/builds/worker-1-tc2/source
[INFO] validating manifest of crates.io crate castep-cell-io 0.2.9 on toolchain beta-2024-12-08
[INFO] running `Command { std: CARGO_HOME="/workspace/cargo-home" RUSTUP_HOME="/workspace/rustup-home" "/workspace/cargo-home/bin/cargo" "+beta-2024-12-08" "metadata" "--manifest-path" "Cargo.toml" "--no-deps", kill_on_drop: false }`
[INFO] started tweaking crates.io crate castep-cell-io 0.2.9
[INFO] finished tweaking crates.io crate castep-cell-io 0.2.9
[INFO] tweaked toml for crates.io crate castep-cell-io 0.2.9 written to /workspace/builds/worker-1-tc2/source/Cargo.toml
[INFO] running `Command { std: CARGO_HOME="/workspace/cargo-home" RUSTUP_HOME="/workspace/rustup-home" "/workspace/cargo-home/bin/cargo" "+beta-2024-12-08" "generate-lockfile" "--manifest-path" "Cargo.toml", kill_on_drop: false }`
[INFO] [stderr]     Updating crates.io index
[INFO] [stderr]      Locking 53 packages to latest compatible versions
[INFO] running `Command { std: CARGO_HOME="/workspace/cargo-home" RUSTUP_HOME="/workspace/rustup-home" "/workspace/cargo-home/bin/cargo" "+beta-2024-12-08" "fetch" "--manifest-path" "Cargo.toml", kill_on_drop: false }`
[INFO] running `Command { std: "docker" "create" "-v" "/var/lib/crater-agent-workspace/builds/worker-1-tc2/target:/opt/rustwide/target:rw,Z" "-v" "/var/lib/crater-agent-workspace/builds/worker-1-tc2/source:/opt/rustwide/workdir:ro,Z" "-v" "/var/lib/crater-agent-workspace/cargo-home:/opt/rustwide/cargo-home:ro,Z" "-v" "/var/lib/crater-agent-workspace/rustup-home:/opt/rustwide/rustup-home:ro,Z" "-e" "SOURCE_DIR=/opt/rustwide/workdir" "-e" "CARGO_TARGET_DIR=/opt/rustwide/target" "-e" "CARGO_HOME=/opt/rustwide/cargo-home" "-e" "RUSTUP_HOME=/opt/rustwide/rustup-home" "-w" "/opt/rustwide/workdir" "-m" "1610612736" "--user" "0:0" "--network" "none" "ghcr.io/rust-lang/crates-build-env/linux@sha256:f3a9d4ad9d972b27faf3965f35b62e55ba32bbce8f20bc8fe909558a86702fde" "/opt/rustwide/cargo-home/bin/cargo" "+beta-2024-12-08" "metadata" "--no-deps" "--format-version=1", kill_on_drop: false }`
[INFO] [stdout] 16d3386d885735827b436bc3d437dce59b23bf6ed461ef6de61be3e54a50d9cd
[INFO] running `Command { std: "docker" "start" "-a" "16d3386d885735827b436bc3d437dce59b23bf6ed461ef6de61be3e54a50d9cd", kill_on_drop: false }`
[INFO] running `Command { std: "docker" "inspect" "16d3386d885735827b436bc3d437dce59b23bf6ed461ef6de61be3e54a50d9cd", kill_on_drop: false }`
[INFO] running `Command { std: "docker" "rm" "-f" "16d3386d885735827b436bc3d437dce59b23bf6ed461ef6de61be3e54a50d9cd", kill_on_drop: false }`
[INFO] [stdout] 16d3386d885735827b436bc3d437dce59b23bf6ed461ef6de61be3e54a50d9cd
[INFO] running `Command { std: "docker" "create" "-v" "/var/lib/crater-agent-workspace/builds/worker-1-tc2/target:/opt/rustwide/target:rw,Z" "-v" "/var/lib/crater-agent-workspace/builds/worker-1-tc2/source:/opt/rustwide/workdir:ro,Z" "-v" "/var/lib/crater-agent-workspace/cargo-home:/opt/rustwide/cargo-home:ro,Z" "-v" "/var/lib/crater-agent-workspace/rustup-home:/opt/rustwide/rustup-home:ro,Z" "-e" "SOURCE_DIR=/opt/rustwide/workdir" "-e" "CARGO_TARGET_DIR=/opt/rustwide/target" "-e" "CARGO_INCREMENTAL=0" "-e" "RUST_BACKTRACE=full" "-e" "RUSTFLAGS=--cap-lints=warn" "-e" "RUSTDOCFLAGS=--cap-lints=warn" "-e" "CARGO_HOME=/opt/rustwide/cargo-home" "-e" "RUSTUP_HOME=/opt/rustwide/rustup-home" "-w" "/opt/rustwide/workdir" "-m" "1610612736" "--user" "0:0" "--network" "none" "ghcr.io/rust-lang/crates-build-env/linux@sha256:f3a9d4ad9d972b27faf3965f35b62e55ba32bbce8f20bc8fe909558a86702fde" "/opt/rustwide/cargo-home/bin/cargo" "+beta-2024-12-08" "build" "--frozen" "--message-format=json", kill_on_drop: false }`
[INFO] [stdout] 5a3058ac2ad2664e567b838e56df4a44a395843f58598a65597110a257c14f7e
[INFO] running `Command { std: "docker" "start" "-a" "5a3058ac2ad2664e567b838e56df4a44a395843f58598a65597110a257c14f7e", kill_on_drop: false }`
[INFO] [stderr]    Compiling autocfg v1.4.0
[INFO] [stderr]    Compiling unicode-ident v1.0.14
[INFO] [stderr]    Compiling libm v0.2.11
[INFO] [stderr]    Compiling libc v0.2.168
[INFO] [stderr]    Compiling byteorder v1.5.0
[INFO] [stderr]    Compiling paste v1.0.15
[INFO] [stderr]    Compiling bytemuck v1.20.0
[INFO] [stderr]    Compiling serde v1.0.216
[INFO] [stderr]    Compiling hashbrown v0.15.2
[INFO] [stderr]    Compiling equivalent v1.0.1
[INFO] [stderr]    Compiling rawpointer v0.2.1
[INFO] [stderr]    Compiling matrixcompare-core v0.1.0
[INFO] [stderr]    Compiling ryu v1.0.18
[INFO] [stderr]    Compiling proc-macro2 v1.0.92
[INFO] [stderr]    Compiling unsafe-libyaml v0.2.11
[INFO] [stderr]    Compiling itoa v1.0.14
[INFO] [stderr]    Compiling lazy_static v1.5.0
[INFO] [stderr]    Compiling winnow v0.6.20
[INFO] [stderr]    Compiling quote v1.0.37
[INFO] [stderr]    Compiling num-traits v0.2.19
[INFO] [stderr]    Compiling matrixmultiply v0.3.9
[INFO] [stderr]    Compiling safe_arch v0.7.2
[INFO] [stderr]    Compiling syn v2.0.90
[INFO] [stderr]    Compiling indexmap v2.7.0
[INFO] [stderr]    Compiling wide v0.7.30
[INFO] [stderr]    Compiling num-integer v0.1.46
[INFO] [stderr]    Compiling num-complex v0.4.6
[INFO] [stderr]    Compiling getrandom v0.2.15
[INFO] [stderr]    Compiling rand_core v0.6.4
[INFO] [stderr]    Compiling num-bigint v0.4.6
[INFO] [stderr]    Compiling num-iter v0.1.45
[INFO] [stderr]    Compiling approx v0.5.1
[INFO] [stderr]    Compiling simba v0.9.0
[INFO] [stderr]    Compiling zerocopy-derive v0.7.35
[INFO] [stderr]    Compiling serde_derive v1.0.216
[INFO] [stderr]    Compiling nalgebra-macros v0.2.2
[INFO] [stderr]    Compiling num-rational v0.4.2
[INFO] [stderr]    Compiling num v0.4.3
[INFO] [stderr]    Compiling fraction v0.15.3
[INFO] [stderr]    Compiling zerocopy v0.7.35
[INFO] [stderr]    Compiling ppv-lite86 v0.2.20
[INFO] [stderr]    Compiling rand_chacha v0.3.1
[INFO] [stderr]    Compiling rand v0.8.5
[INFO] [stderr]    Compiling rand_distr v0.4.3
[INFO] [stderr]    Compiling nalgebra v0.33.2
[INFO] [stderr]    Compiling serde_yaml v0.9.34+deprecated
[INFO] [stderr]    Compiling castep-periodic-table v0.5.2
[INFO] [stderr]    Compiling crystallographic-group v0.2.0
[INFO] [stderr]    Compiling chemrust-core v0.3.5
[INFO] [stderr]    Compiling castep-cell-io v0.2.9 (/opt/rustwide/workdir)
[INFO] [stdout] warning: unexpected `cfg` condition value: `TS`
[INFO] [stdout]  --> src/keywords/positions/mod.rs:6:11
[INFO] [stdout]   |
[INFO] [stdout] 6 |     #[cfg(feature = "TS")]
[INFO] [stdout]   |           ^^^^^^^^^^^^^^ help: remove the condition
[INFO] [stdout]   |
[INFO] [stdout]   = note: no expected values for `feature`
[INFO] [stdout]   = help: consider adding `TS` as a feature in `Cargo.toml`
[INFO] [stdout]   = note: see <https://doc.rust-lang.org/nightly/rustc/check-cfg/cargo-specifics.html> for more information about checking conditional configuration
[INFO] [stdout]   = note: `#[warn(unexpected_cfgs)]` on by default
[INFO] [stdout] 
[INFO] [stdout] 
[INFO] [stdout] warning: unexpected `cfg` condition value: `TS`
[INFO] [stdout]  --> src/keywords/positions/mod.rs:8:11
[INFO] [stdout]   |
[INFO] [stdout] 8 |     #[cfg(feature = "TS")]
[INFO] [stdout]   |           ^^^^^^^^^^^^^^ help: remove the condition
[INFO] [stdout]   |
[INFO] [stdout]   = note: no expected values for `feature`
[INFO] [stdout]   = help: consider adding `TS` as a feature in `Cargo.toml`
[INFO] [stdout]   = note: see <https://doc.rust-lang.org/nightly/rustc/check-cfg/cargo-specifics.html> for more information about checking conditional configuration
[INFO] [stdout] 
[INFO] [stdout] 
[INFO] [stdout] warning: unexpected `cfg` condition value: `TS`
[INFO] [stdout]   --> src/keywords/positions/mod.rs:10:11
[INFO] [stdout]    |
[INFO] [stdout] 10 |     #[cfg(feature = "TS")]
[INFO] [stdout]    |           ^^^^^^^^^^^^^^ help: remove the condition
[INFO] [stdout]    |
[INFO] [stdout]    = note: no expected values for `feature`
[INFO] [stdout]    = help: consider adding `TS` as a feature in `Cargo.toml`
[INFO] [stdout]    = note: see <https://doc.rust-lang.org/nightly/rustc/check-cfg/cargo-specifics.html> for more information about checking conditional configuration
[INFO] [stdout] 
[INFO] [stdout] 
[INFO] [stdout] warning: unexpected `cfg` condition value: `TS`
[INFO] [stdout]   --> src/keywords/positions/mod.rs:12:11
[INFO] [stdout]    |
[INFO] [stdout] 12 |     #[cfg(feature = "TS")]
[INFO] [stdout]    |           ^^^^^^^^^^^^^^ help: remove the condition
[INFO] [stdout]    |
[INFO] [stdout]    = note: no expected values for `feature`
[INFO] [stdout]    = help: consider adding `TS` as a feature in `Cargo.toml`
[INFO] [stdout]    = note: see <https://doc.rust-lang.org/nightly/rustc/check-cfg/cargo-specifics.html> for more information about checking conditional configuration
[INFO] [stdout] 
[INFO] [stdout] 
[INFO] [stdout] warning: this function depends on never type fallback being `()`
[INFO] [stdout]   --> src/parsing/helpers/mod.rs:66:1
[INFO] [stdout]    |
[INFO] [stdout] 66 | pub fn current_sections<'s>(input: &mut &'s str) -> PResult<DocumentSections<'s>> {
[INFO] [stdout]    | ^^^^^^^^^^^^^^^^^^^^^^^^^^^^^^^^^^^^^^^^^^^^^^^^^^^^^^^^^^^^^^^^^^^^^^^^^^^^^^^^^
[INFO] [stdout]    |
[INFO] [stdout]    = warning: this was previously accepted by the compiler but is being phased out; it will become a hard error in Rust 2024 and in a future release in all editions!
[INFO] [stdout]    = note: for more information, see issue #123748 <https://github.com/rust-lang/rust/issues/123748>
[INFO] [stdout]    = help: specify the types explicitly
[INFO] [stdout] note: in edition 2024, the requirement `!: Accumulate<Option<&str>>` will fail
[INFO] [stdout]   --> src/parsing/helpers/mod.rs:68:5
[INFO] [stdout]    |
[INFO] [stdout] 68 |     repeat(0.., skip_comments_blank_lines).parse_next(input)?;
[INFO] [stdout]    |     ^^^^^^^^^^^^^^^^^^^^^^^^^^^^^^^^^^^^^^
[INFO] [stdout]    = note: `#[warn(dependency_on_unit_never_type_fallback)]` on by default
[INFO] [stdout] help: use `()` annotations to avoid fallback changes
[INFO] [stdout]    |
[INFO] [stdout] 68 |     repeat::<_, _, (), _, _, _>(0.., skip_comments_blank_lines).parse_next(input)?;
[INFO] [stdout]    |           +++++++++++++++++++++
[INFO] [stdout] 
[INFO] [stdout] 
[INFO] [stderr]     Finished `dev` profile [unoptimized + debuginfo] target(s) in 39.71s
[INFO] running `Command { std: "docker" "inspect" "5a3058ac2ad2664e567b838e56df4a44a395843f58598a65597110a257c14f7e", kill_on_drop: false }`
[INFO] running `Command { std: "docker" "rm" "-f" "5a3058ac2ad2664e567b838e56df4a44a395843f58598a65597110a257c14f7e", kill_on_drop: false }`
[INFO] [stdout] 5a3058ac2ad2664e567b838e56df4a44a395843f58598a65597110a257c14f7e
[INFO] running `Command { std: "docker" "create" "-v" "/var/lib/crater-agent-workspace/builds/worker-1-tc2/target:/opt/rustwide/target:rw,Z" "-v" "/var/lib/crater-agent-workspace/builds/worker-1-tc2/source:/opt/rustwide/workdir:ro,Z" "-v" "/var/lib/crater-agent-workspace/cargo-home:/opt/rustwide/cargo-home:ro,Z" "-v" "/var/lib/crater-agent-workspace/rustup-home:/opt/rustwide/rustup-home:ro,Z" "-e" "SOURCE_DIR=/opt/rustwide/workdir" "-e" "CARGO_TARGET_DIR=/opt/rustwide/target" "-e" "CARGO_INCREMENTAL=0" "-e" "RUST_BACKTRACE=full" "-e" "RUSTFLAGS=--cap-lints=warn" "-e" "RUSTDOCFLAGS=--cap-lints=warn" "-e" "CARGO_HOME=/opt/rustwide/cargo-home" "-e" "RUSTUP_HOME=/opt/rustwide/rustup-home" "-w" "/opt/rustwide/workdir" "-m" "1610612736" "--user" "0:0" "--network" "none" "ghcr.io/rust-lang/crates-build-env/linux@sha256:f3a9d4ad9d972b27faf3965f35b62e55ba32bbce8f20bc8fe909558a86702fde" "/opt/rustwide/cargo-home/bin/cargo" "+beta-2024-12-08" "test" "--frozen" "--no-run" "--message-format=json", kill_on_drop: false }`
[INFO] [stdout] 904bd634790fbfa4f75e14c3e3e2140d75b8fdee85c7c54a06997b5122c157d0
[INFO] running `Command { std: "docker" "start" "-a" "904bd634790fbfa4f75e14c3e3e2140d75b8fdee85c7c54a06997b5122c157d0", kill_on_drop: false }`
[INFO] [stdout] warning: unexpected `cfg` condition value: `TS`
[INFO] [stdout]  --> src/keywords/positions/mod.rs:6:11
[INFO] [stdout]   |
[INFO] [stdout] 6 |     #[cfg(feature = "TS")]
[INFO] [stdout]   |           ^^^^^^^^^^^^^^ help: remove the condition
[INFO] [stdout]   |
[INFO] [stdout]   = note: no expected values for `feature`
[INFO] [stdout]   = help: consider adding `TS` as a feature in `Cargo.toml`
[INFO] [stdout]   = note: see <https://doc.rust-lang.org/nightly/rustc/check-cfg/cargo-specifics.html> for more information about checking conditional configuration
[INFO] [stdout]   = note: `#[warn(unexpected_cfgs)]` on by default
[INFO] [stdout] 
[INFO] [stdout] 
[INFO] [stdout] warning: unexpected `cfg` condition value: `TS`
[INFO] [stdout]  --> src/keywords/positions/mod.rs:8:11
[INFO] [stdout]   |
[INFO] [stdout] 8 |     #[cfg(feature = "TS")]
[INFO] [stdout]   |           ^^^^^^^^^^^^^^ help: remove the condition
[INFO] [stdout]   |
[INFO] [stdout]   = note: no expected values for `feature`
[INFO] [stdout]   = help: consider adding `TS` as a feature in `Cargo.toml`
[INFO] [stdout]   = note: see <https://doc.rust-lang.org/nightly/rustc/check-cfg/cargo-specifics.html> for more information about checking conditional configuration
[INFO] [stdout] 
[INFO] [stdout] 
[INFO] [stdout] warning: unexpected `cfg` condition value: `TS`
[INFO] [stdout]   --> src/keywords/positions/mod.rs:10:11
[INFO] [stdout]    |
[INFO] [stdout] 10 |     #[cfg(feature = "TS")]
[INFO] [stdout]    |           ^^^^^^^^^^^^^^ help: remove the condition
[INFO] [stdout]    |
[INFO] [stdout]    = note: no expected values for `feature`
[INFO] [stdout]    = help: consider adding `TS` as a feature in `Cargo.toml`
[INFO] [stdout]    = note: see <https://doc.rust-lang.org/nightly/rustc/check-cfg/cargo-specifics.html> for more information about checking conditional configuration
[INFO] [stdout] 
[INFO] [stdout] 
[INFO] [stdout] warning: unexpected `cfg` condition value: `TS`
[INFO] [stdout]   --> src/keywords/positions/mod.rs:12:11
[INFO] [stdout]    |
[INFO] [stdout] 12 |     #[cfg(feature = "TS")]
[INFO] [stdout]    |           ^^^^^^^^^^^^^^ help: remove the condition
[INFO] [stdout]    |
[INFO] [stdout]    = note: no expected values for `feature`
[INFO] [stdout]    = help: consider adding `TS` as a feature in `Cargo.toml`
[INFO] [stdout]    = note: see <https://doc.rust-lang.org/nightly/rustc/check-cfg/cargo-specifics.html> for more information about checking conditional configuration
[INFO] [stdout] 
[INFO] [stdout] 
[INFO] [stdout] warning: this function depends on never type fallback being `()`
[INFO] [stdout]   --> src/parsing/helpers/mod.rs:66:1
[INFO] [stdout]    |
[INFO] [stdout] 66 | pub fn current_sections<'s>(input: &mut &'s str) -> PResult<DocumentSections<'s>> {
[INFO] [stdout]    | ^^^^^^^^^^^^^^^^^^^^^^^^^^^^^^^^^^^^^^^^^^^^^^^^^^^^^^^^^^^^^^^^^^^^^^^^^^^^^^^^^
[INFO] [stdout]    |
[INFO] [stdout]    = warning: this was previously accepted by the compiler but is being phased out; it will become a hard error in Rust 2024 and in a future release in all editions!
[INFO] [stdout]    = note: for more information, see issue #123748 <https://github.com/rust-lang/rust/issues/123748>
[INFO] [stdout]    = help: specify the types explicitly
[INFO] [stdout] note: in edition 2024, the requirement `!: Accumulate<Option<&str>>` will fail
[INFO] [stdout]   --> src/parsing/helpers/mod.rs:68:5
[INFO] [stdout]    |
[INFO] [stdout] 68 |     repeat(0.., skip_comments_blank_lines).parse_next(input)?;
[INFO] [stdout]    |     ^^^^^^^^^^^^^^^^^^^^^^^^^^^^^^^^^^^^^^
[INFO] [stdout]    = note: `#[warn(dependency_on_unit_never_type_fallback)]` on by default
[INFO] [stdout] help: use `()` annotations to avoid fallback changes
[INFO] [stdout]    |
[INFO] [stdout] 68 |     repeat::<_, _, (), _, _, _>(0.., skip_comments_blank_lines).parse_next(input)?;
[INFO] [stdout]    |           +++++++++++++++++++++
[INFO] [stdout] 
[INFO] [stdout] 
[INFO] [stderr]    Compiling castep-cell-io v0.2.9 (/opt/rustwide/workdir)
[INFO] [stdout] warning: unexpected `cfg` condition value: `TS`
[INFO] [stdout]  --> src/keywords/positions/mod.rs:6:11
[INFO] [stdout]   |
[INFO] [stdout] 6 |     #[cfg(feature = "TS")]
[INFO] [stdout]   |           ^^^^^^^^^^^^^^ help: remove the condition
[INFO] [stdout]   |
[INFO] [stdout]   = note: no expected values for `feature`
[INFO] [stdout]   = help: consider adding `TS` as a feature in `Cargo.toml`
[INFO] [stdout]   = note: see <https://doc.rust-lang.org/nightly/rustc/check-cfg/cargo-specifics.html> for more information about checking conditional configuration
[INFO] [stdout]   = note: `#[warn(unexpected_cfgs)]` on by default
[INFO] [stdout] 
[INFO] [stdout] 
[INFO] [stdout] warning: unexpected `cfg` condition value: `TS`
[INFO] [stdout]  --> src/keywords/positions/mod.rs:8:11
[INFO] [stdout]   |
[INFO] [stdout] 8 |     #[cfg(feature = "TS")]
[INFO] [stdout]   |           ^^^^^^^^^^^^^^ help: remove the condition
[INFO] [stdout]   |
[INFO] [stdout]   = note: no expected values for `feature`
[INFO] [stdout]   = help: consider adding `TS` as a feature in `Cargo.toml`
[INFO] [stdout]   = note: see <https://doc.rust-lang.org/nightly/rustc/check-cfg/cargo-specifics.html> for more information about checking conditional configuration
[INFO] [stdout] 
[INFO] [stdout] 
[INFO] [stdout] warning: unexpected `cfg` condition value: `TS`
[INFO] [stdout]   --> src/keywords/positions/mod.rs:10:11
[INFO] [stdout]    |
[INFO] [stdout] 10 |     #[cfg(feature = "TS")]
[INFO] [stdout]    |           ^^^^^^^^^^^^^^ help: remove the condition
[INFO] [stdout]    |
[INFO] [stdout]    = note: no expected values for `feature`
[INFO] [stdout]    = help: consider adding `TS` as a feature in `Cargo.toml`
[INFO] [stdout]    = note: see <https://doc.rust-lang.org/nightly/rustc/check-cfg/cargo-specifics.html> for more information about checking conditional configuration
[INFO] [stdout] 
[INFO] [stdout] 
[INFO] [stdout] warning: unexpected `cfg` condition value: `TS`
[INFO] [stdout]   --> src/keywords/positions/mod.rs:12:11
[INFO] [stdout]    |
[INFO] [stdout] 12 |     #[cfg(feature = "TS")]
[INFO] [stdout]    |           ^^^^^^^^^^^^^^ help: remove the condition
[INFO] [stdout]    |
[INFO] [stdout]    = note: no expected values for `feature`
[INFO] [stdout]    = help: consider adding `TS` as a feature in `Cargo.toml`
[INFO] [stdout]    = note: see <https://doc.rust-lang.org/nightly/rustc/check-cfg/cargo-specifics.html> for more information about checking conditional configuration
[INFO] [stdout] 
[INFO] [stdout] 
[INFO] [stdout] warning: this function depends on never type fallback being `()`
[INFO] [stdout]   --> src/parsing/helpers/mod.rs:66:1
[INFO] [stdout]    |
[INFO] [stdout] 66 | pub fn current_sections<'s>(input: &mut &'s str) -> PResult<DocumentSections<'s>> {
[INFO] [stdout]    | ^^^^^^^^^^^^^^^^^^^^^^^^^^^^^^^^^^^^^^^^^^^^^^^^^^^^^^^^^^^^^^^^^^^^^^^^^^^^^^^^^
[INFO] [stdout]    |
[INFO] [stdout]    = warning: this was previously accepted by the compiler but is being phased out; it will become a hard error in Rust 2024 and in a future release in all editions!
[INFO] [stdout]    = note: for more information, see issue #123748 <https://github.com/rust-lang/rust/issues/123748>
[INFO] [stdout]    = help: specify the types explicitly
[INFO] [stdout] note: in edition 2024, the requirement `!: Accumulate<Option<&str>>` will fail
[INFO] [stdout]   --> src/parsing/helpers/mod.rs:68:5
[INFO] [stdout]    |
[INFO] [stdout] 68 |     repeat(0.., skip_comments_blank_lines).parse_next(input)?;
[INFO] [stdout]    |     ^^^^^^^^^^^^^^^^^^^^^^^^^^^^^^^^^^^^^^
[INFO] [stdout]    = note: `#[warn(dependency_on_unit_never_type_fallback)]` on by default
[INFO] [stdout] help: use `()` annotations to avoid fallback changes
[INFO] [stdout]    |
[INFO] [stdout] 68 |     repeat::<_, _, (), _, _, _>(0.., skip_comments_blank_lines).parse_next(input)?;
[INFO] [stdout]    |           +++++++++++++++++++++
[INFO] [stdout] 
[INFO] [stdout] 
[INFO] [stderr]     Finished `test` profile [unoptimized + debuginfo] target(s) in 3.40s
[INFO] running `Command { std: "docker" "inspect" "904bd634790fbfa4f75e14c3e3e2140d75b8fdee85c7c54a06997b5122c157d0", kill_on_drop: false }`
[INFO] running `Command { std: "docker" "rm" "-f" "904bd634790fbfa4f75e14c3e3e2140d75b8fdee85c7c54a06997b5122c157d0", kill_on_drop: false }`
[INFO] [stdout] 904bd634790fbfa4f75e14c3e3e2140d75b8fdee85c7c54a06997b5122c157d0
[INFO] running `Command { std: "docker" "create" "-v" "/var/lib/crater-agent-workspace/builds/worker-1-tc2/target:/opt/rustwide/target:rw,Z" "-v" "/var/lib/crater-agent-workspace/builds/worker-1-tc2/source:/opt/rustwide/workdir:ro,Z" "-v" "/var/lib/crater-agent-workspace/cargo-home:/opt/rustwide/cargo-home:ro,Z" "-v" "/var/lib/crater-agent-workspace/rustup-home:/opt/rustwide/rustup-home:ro,Z" "-e" "SOURCE_DIR=/opt/rustwide/workdir" "-e" "CARGO_TARGET_DIR=/opt/rustwide/target" "-e" "CARGO_INCREMENTAL=0" "-e" "RUST_BACKTRACE=full" "-e" "RUSTFLAGS=--cap-lints=warn" "-e" "RUSTDOCFLAGS=--cap-lints=warn" "-e" "CARGO_HOME=/opt/rustwide/cargo-home" "-e" "RUSTUP_HOME=/opt/rustwide/rustup-home" "-w" "/opt/rustwide/workdir" "-m" "1610612736" "--user" "0:0" "--network" "none" "ghcr.io/rust-lang/crates-build-env/linux@sha256:f3a9d4ad9d972b27faf3965f35b62e55ba32bbce8f20bc8fe909558a86702fde" "/opt/rustwide/cargo-home/bin/cargo" "+beta-2024-12-08" "test" "--frozen", kill_on_drop: false }`
[INFO] [stdout] 2766dcaf5973e196f33123f98dd91af6670848c53217a3a35a5c3c6619a0e8e9
[INFO] running `Command { std: "docker" "start" "-a" "2766dcaf5973e196f33123f98dd91af6670848c53217a3a35a5c3c6619a0e8e9", kill_on_drop: false }`
[INFO] [stderr] warning: unexpected `cfg` condition value: `TS`
[INFO] [stderr]  --> src/keywords/positions/mod.rs:6:11
[INFO] [stderr]   |
[INFO] [stderr] 6 |     #[cfg(feature = "TS")]
[INFO] [stderr]   |           ^^^^^^^^^^^^^^ help: remove the condition
[INFO] [stderr]   |
[INFO] [stderr]   = note: no expected values for `feature`
[INFO] [stderr]   = help: consider adding `TS` as a feature in `Cargo.toml`
[INFO] [stderr]   = note: see <https://doc.rust-lang.org/nightly/rustc/check-cfg/cargo-specifics.html> for more information about checking conditional configuration
[INFO] [stderr]   = note: `#[warn(unexpected_cfgs)]` on by default
[INFO] [stderr] 
[INFO] [stderr] warning: unexpected `cfg` condition value: `TS`
[INFO] [stderr]  --> src/keywords/positions/mod.rs:8:11
[INFO] [stderr]   |
[INFO] [stderr] 8 |     #[cfg(feature = "TS")]
[INFO] [stderr]   |           ^^^^^^^^^^^^^^ help: remove the condition
[INFO] [stderr]   |
[INFO] [stderr]   = note: no expected values for `feature`
[INFO] [stderr]   = help: consider adding `TS` as a feature in `Cargo.toml`
[INFO] [stderr]   = note: see <https://doc.rust-lang.org/nightly/rustc/check-cfg/cargo-specifics.html> for more information about checking conditional configuration
[INFO] [stderr] 
[INFO] [stderr] warning: unexpected `cfg` condition value: `TS`
[INFO] [stderr]   --> src/keywords/positions/mod.rs:10:11
[INFO] [stderr]    |
[INFO] [stderr] 10 |     #[cfg(feature = "TS")]
[INFO] [stderr]    |           ^^^^^^^^^^^^^^ help: remove the condition
[INFO] [stderr]    |
[INFO] [stderr]    = note: no expected values for `feature`
[INFO] [stderr]    = help: consider adding `TS` as a feature in `Cargo.toml`
[INFO] [stderr]    = note: see <https://doc.rust-lang.org/nightly/rustc/check-cfg/cargo-specifics.html> for more information about checking conditional configuration
[INFO] [stderr] 
[INFO] [stderr] warning: unexpected `cfg` condition value: `TS`
[INFO] [stderr]   --> src/keywords/positions/mod.rs:12:11
[INFO] [stderr]    |
[INFO] [stderr] 12 |     #[cfg(feature = "TS")]
[INFO] [stderr]    |           ^^^^^^^^^^^^^^ help: remove the condition
[INFO] [stderr]    |
[INFO] [stderr]    = note: no expected values for `feature`
[INFO] [stderr]    = help: consider adding `TS` as a feature in `Cargo.toml`
[INFO] [stderr]    = note: see <https://doc.rust-lang.org/nightly/rustc/check-cfg/cargo-specifics.html> for more information about checking conditional configuration
[INFO] [stderr] 
[INFO] [stderr] warning: this function depends on never type fallback being `()`
[INFO] [stderr]   --> src/parsing/helpers/mod.rs:66:1
[INFO] [stderr]    |
[INFO] [stderr] 66 | pub fn current_sections<'s>(input: &mut &'s str) -> PResult<DocumentSections<'s>> {
[INFO] [stderr]    | ^^^^^^^^^^^^^^^^^^^^^^^^^^^^^^^^^^^^^^^^^^^^^^^^^^^^^^^^^^^^^^^^^^^^^^^^^^^^^^^^^
[INFO] [stderr]    |
[INFO] [stderr]    = warning: this was previously accepted by the compiler but is being phased out; it will become a hard error in Rust 2024 and in a future release in all editions!
[INFO] [stderr]    = note: for more information, see issue #123748 <https://github.com/rust-lang/rust/issues/123748>
[INFO] [stderr]    = help: specify the types explicitly
[INFO] [stderr] note: in edition 2024, the requirement `!: Accumulate<Option<&str>>` will fail
[INFO] [stderr]   --> src/parsing/helpers/mod.rs:68:5
[INFO] [stderr]    |
[INFO] [stderr] 68 |     repeat(0.., skip_comments_blank_lines).parse_next(input)?;
[INFO] [stderr]    |     ^^^^^^^^^^^^^^^^^^^^^^^^^^^^^^^^^^^^^^
[INFO] [stderr]    = note: `#[warn(dependency_on_unit_never_type_fallback)]` on by default
[INFO] [stderr] help: use `()` annotations to avoid fallback changes
[INFO] [stderr]    |
[INFO] [stderr] 68 |     repeat::<_, _, (), _, _, _>(0.., skip_comments_blank_lines).parse_next(input)?;
[INFO] [stderr]    |           +++++++++++++++++++++
[INFO] [stderr] 
[INFO] [stderr] warning: `castep-cell-io` (lib) generated 5 warnings (run `cargo fix --lib -p castep-cell-io` to apply 1 suggestion)
[INFO] [stderr] warning: `castep-cell-io` (lib test) generated 5 warnings (5 duplicates)
[INFO] [stderr]     Finished `test` profile [unoptimized + debuginfo] target(s) in 0.07s
[INFO] [stderr]      Running unittests src/lib.rs (/opt/rustwide/target/debug/deps/castep_cell_io-567ad0626336bcb6)
[INFO] [stdout] 
[INFO] [stdout] running 18 tests
[INFO] [stdout] test cell_document::params::options::basis_set::test::test_basis_set_pm ... ok
[INFO] [stdout] test cell_document::params::options::band_structure_params::test::test_bs_pm ... ok
[INFO] [stdout] test cell_document::params::options::electronic_minimization::test::test_em_param ... ok
[INFO] [stdout] test cell_document::params::options::electronic_params::test::test_elec_pm ... ok
[INFO] [stdout] test cell_document::params::options::general::test::test_general_pm ... ok
[INFO] [stdout] test cell_document::params::options::geom_params::test::test_geom_pm ... ok
[INFO] [stdout] test cell_document::params::test::bs_param ... ok
[INFO] [stdout] test cell_document::params::test::geom_opt_param ... ok
[INFO] [stdout] test cell_document::sections::constraints::test::constraints ... ok
[INFO] [stdout] test cell_document::sections::external_fields::test::ext_efield ... ok
[INFO] [stdout] test parsing::helpers::block::test::test_effective_line ... ok
[INFO] [stdout] test parsing::helpers::fields::test::test_field ... ok
[INFO] [stdout] test cell_document::params::options::xc_params::test::test_xc_param ... ok
[INFO] [stdout] test parsing::helpers::keywords::ionic_positions::test::keywords_position ... ok
[INFO] [stdout] test parsing::helpers::keywords::lattice::test::keywords_lattice ... ok
[INFO] [stdout] test parsing::helpers::test::test_helpers ... ok
[INFO] [stdout] test parsing::helpers::test::test_search ... ok
[INFO] [stdout] test parsing::test::test_cell_parser ... FAILED
[INFO] [stdout] 
[INFO] [stdout] failures:
[INFO] [stdout] 
[INFO] [stdout] ---- parsing::test::test_cell_parser stdout ----
[INFO] [stdout] thread 'parsing::test::test_cell_parser' panicked at src/parsing/mod.rs:27:46:
[INFO] [stdout] called `Result::unwrap()` on an `Err` value: Os { code: 2, kind: NotFound, message: "No such file or directory" }
[INFO] [stdout] stack backtrace:
[INFO] [stdout]    0:     0x5af89420c00a - std::backtrace_rs::backtrace::libunwind::trace::h8810477743020387
[INFO] [stdout]                                at /rustc/202008a1b8de96d2e5b6bc02d379db03a877d34d/library/std/src/../../backtrace/src/backtrace/libunwind.rs:116:5
[INFO] [stdout]    1:     0x5af89420c00a - std::backtrace_rs::backtrace::trace_unsynchronized::h3aa55355dd6c54a6
[INFO] [stdout]                                at /rustc/202008a1b8de96d2e5b6bc02d379db03a877d34d/library/std/src/../../backtrace/src/backtrace/mod.rs:66:5
[INFO] [stdout]    2:     0x5af89420c00a - std::sys::backtrace::_print_fmt::h8588b0f62410823f
[INFO] [stdout]                                at /rustc/202008a1b8de96d2e5b6bc02d379db03a877d34d/library/std/src/sys/backtrace.rs:66:9
[INFO] [stdout]    3:     0x5af89420c00a - <std::sys::backtrace::BacktraceLock::print::DisplayBacktrace as core::fmt::Display>::fmt::h98c26ac25ffe89bb
[INFO] [stdout]                                at /rustc/202008a1b8de96d2e5b6bc02d379db03a877d34d/library/std/src/sys/backtrace.rs:39:26
[INFO] [stdout]    4:     0x5af894233f93 - core::fmt::rt::Argument::fmt::hf95377f4aebd453b
[INFO] [stdout]                                at /rustc/202008a1b8de96d2e5b6bc02d379db03a877d34d/library/core/src/fmt/rt.rs:177:76
[INFO] [stdout]    5:     0x5af894233f93 - core::fmt::write::h0dd5f6e2238c7982
[INFO] [stdout]                                at /rustc/202008a1b8de96d2e5b6bc02d379db03a877d34d/library/core/src/fmt/mod.rs:1189:21
[INFO] [stdout]    6:     0x5af894209003 - std::io::Write::write_fmt::h03bb0ca26e6faf8c
[INFO] [stdout]                                at /rustc/202008a1b8de96d2e5b6bc02d379db03a877d34d/library/std/src/io/mod.rs:1884:15
[INFO] [stdout]    7:     0x5af89420be52 - std::sys::backtrace::BacktraceLock::print::h5c19c1c038ee186d
[INFO] [stdout]                                at /rustc/202008a1b8de96d2e5b6bc02d379db03a877d34d/library/std/src/sys/backtrace.rs:42:9
[INFO] [stdout]    8:     0x5af89420d48d - std::panicking::default_hook::{{closure}}::h77172f079a1fcb13
[INFO] [stdout]                                at /rustc/202008a1b8de96d2e5b6bc02d379db03a877d34d/library/std/src/panicking.rs:268:22
[INFO] [stdout]    9:     0x5af89420d297 - std::panicking::default_hook::he5f8e3b203ccddba
[INFO] [stdout]                                at /rustc/202008a1b8de96d2e5b6bc02d379db03a877d34d/library/std/src/panicking.rs:292:9
[INFO] [stdout]   10:     0x5af8941b18e7 - <alloc::boxed::Box<F,A> as core::ops::function::Fn<Args>>::call::h7a3c7b4a1ae77f2f
[INFO] [stdout]                                at /rustc/202008a1b8de96d2e5b6bc02d379db03a877d34d/library/alloc/src/boxed.rs:1986:9
[INFO] [stdout]   11:     0x5af8941b18e7 - test::test_main::{{closure}}::hf0d3b69ae9b353d1
[INFO] [stdout]                                at /rustc/202008a1b8de96d2e5b6bc02d379db03a877d34d/library/test/src/lib.rs:134:21
[INFO] [stdout]   12:     0x5af89420db38 - <alloc::boxed::Box<F,A> as core::ops::function::Fn<Args>>::call::h6332e82e7b189abd
[INFO] [stdout]                                at /rustc/202008a1b8de96d2e5b6bc02d379db03a877d34d/library/alloc/src/boxed.rs:1986:9
[INFO] [stdout]   13:     0x5af89420db38 - std::panicking::rust_panic_with_hook::h53863d4e9018df39
[INFO] [stdout]                                at /rustc/202008a1b8de96d2e5b6bc02d379db03a877d34d/library/std/src/panicking.rs:809:13
[INFO] [stdout]   14:     0x5af89420d8fa - std::panicking::begin_panic_handler::{{closure}}::h67280e6fa0757873
[INFO] [stdout]                                at /rustc/202008a1b8de96d2e5b6bc02d379db03a877d34d/library/std/src/panicking.rs:674:13
[INFO] [stdout]   15:     0x5af89420c4e9 - std::sys::backtrace::__rust_end_short_backtrace::h1dac3f54d6fbbeb2
[INFO] [stdout]                                at /rustc/202008a1b8de96d2e5b6bc02d379db03a877d34d/library/std/src/sys/backtrace.rs:170:18
[INFO] [stdout]   16:     0x5af89420d58c - rust_begin_unwind
[INFO] [stdout]                                at /rustc/202008a1b8de96d2e5b6bc02d379db03a877d34d/library/std/src/panicking.rs:665:5
[INFO] [stdout]   17:     0x5af8940dbab0 - core::panicking::panic_fmt::h6792bd1b2bf01041
[INFO] [stdout]                                at /rustc/202008a1b8de96d2e5b6bc02d379db03a877d34d/library/core/src/panicking.rs:76:14
[INFO] [stdout]   18:     0x5af8940dbf36 - core::result::unwrap_failed::h05e0602ed34287c5
[INFO] [stdout]                                at /rustc/202008a1b8de96d2e5b6bc02d379db03a877d34d/library/core/src/result.rs:1699:5
[INFO] [stdout]   19:     0x5af89417798c - core::result::Result<T,E>::unwrap::h07067772e19c42f8
[INFO] [stdout]                                at /rustc/202008a1b8de96d2e5b6bc02d379db03a877d34d/library/core/src/result.rs:1104:23
[INFO] [stdout]   20:     0x5af89417798c - castep_cell_io::parsing::test::test_cell_parser::heb876f61ad964c14
[INFO] [stdout]                                at /opt/rustwide/workdir/src/parsing/mod.rs:27:21
[INFO] [stdout]   21:     0x5af8941778b7 - castep_cell_io::parsing::test::test_cell_parser::{{closure}}::hc0412c029a9b1066
[INFO] [stdout]                                at /opt/rustwide/workdir/src/parsing/mod.rs:24:26
[INFO] [stdout]   22:     0x5af89414ea66 - core::ops::function::FnOnce::call_once::h11bea499d3de438d
[INFO] [stdout]                                at /rustc/202008a1b8de96d2e5b6bc02d379db03a877d34d/library/core/src/ops/function.rs:250:5
[INFO] [stdout]   23:     0x5af8941b640b - core::ops::function::FnOnce::call_once::h871bf86719ec9aa4
[INFO] [stdout]                                at /rustc/202008a1b8de96d2e5b6bc02d379db03a877d34d/library/core/src/ops/function.rs:250:5
[INFO] [stdout]   24:     0x5af8941b640b - test::__rust_begin_short_backtrace::h2167df1e2b7d76fd
[INFO] [stdout]                                at /rustc/202008a1b8de96d2e5b6bc02d379db03a877d34d/library/test/src/lib.rs:632:18
[INFO] [stdout]   25:     0x5af8941b5df8 - test::run_test_in_process::{{closure}}::h15d92f75a3adfb79
[INFO] [stdout]                                at /rustc/202008a1b8de96d2e5b6bc02d379db03a877d34d/library/test/src/lib.rs:655:60
[INFO] [stdout]   26:     0x5af8941b5df8 - <core::panic::unwind_safe::AssertUnwindSafe<F> as core::ops::function::FnOnce<()>>::call_once::hb6c8955835a8dbbb
[INFO] [stdout]                                at /rustc/202008a1b8de96d2e5b6bc02d379db03a877d34d/library/core/src/panic/unwind_safe.rs:272:9
[INFO] [stdout]   27:     0x5af8941b5df8 - std::panicking::try::do_call::hc79d0fc888a0bd30
[INFO] [stdout]                                at /rustc/202008a1b8de96d2e5b6bc02d379db03a877d34d/library/std/src/panicking.rs:557:40
[INFO] [stdout]   28:     0x5af8941b5df8 - std::panicking::try::hb8a7878e3a8589d6
[INFO] [stdout]                                at /rustc/202008a1b8de96d2e5b6bc02d379db03a877d34d/library/std/src/panicking.rs:520:19
[INFO] [stdout]   29:     0x5af8941b5df8 - std::panic::catch_unwind::hb8e4600ff0ff5cfa
[INFO] [stdout]                                at /rustc/202008a1b8de96d2e5b6bc02d379db03a877d34d/library/std/src/panic.rs:358:14
[INFO] [stdout]   30:     0x5af8941b5df8 - test::run_test_in_process::hc2900b0b18688dd6
[INFO] [stdout]                                at /rustc/202008a1b8de96d2e5b6bc02d379db03a877d34d/library/test/src/lib.rs:655:27
[INFO] [stdout]   31:     0x5af8941b5df8 - test::run_test::{{closure}}::hac2a9cb07be3d48d
[INFO] [stdout]                                at /rustc/202008a1b8de96d2e5b6bc02d379db03a877d34d/library/test/src/lib.rs:576:43
[INFO] [stdout]   32:     0x5af89417989a - test::run_test::{{closure}}::h4a5b729e66a38cd8
[INFO] [stdout]                                at /rustc/202008a1b8de96d2e5b6bc02d379db03a877d34d/library/test/src/lib.rs:606:41
[INFO] [stdout]   33:     0x5af89417989a - std::sys::backtrace::__rust_begin_short_backtrace::h0496fb742492f573
[INFO] [stdout]                                at /rustc/202008a1b8de96d2e5b6bc02d379db03a877d34d/library/std/src/sys/backtrace.rs:154:18
[INFO] [stdout]   34:     0x5af89417d214 - std::thread::Builder::spawn_unchecked_::{{closure}}::{{closure}}::hbb6d257c550a54bd
[INFO] [stdout]                                at /rustc/202008a1b8de96d2e5b6bc02d379db03a877d34d/library/std/src/thread/mod.rs:561:17
[INFO] [stdout]   35:     0x5af89417d214 - <core::panic::unwind_safe::AssertUnwindSafe<F> as core::ops::function::FnOnce<()>>::call_once::h46696fe4a6832328
[INFO] [stdout]                                at /rustc/202008a1b8de96d2e5b6bc02d379db03a877d34d/library/core/src/panic/unwind_safe.rs:272:9
[INFO] [stdout]   36:     0x5af89417d214 - std::panicking::try::do_call::h2625a51b667bfb64
[INFO] [stdout]                                at /rustc/202008a1b8de96d2e5b6bc02d379db03a877d34d/library/std/src/panicking.rs:557:40
[INFO] [stdout]   37:     0x5af89417d214 - std::panicking::try::hb956a59a1973aa4c
[INFO] [stdout]                                at /rustc/202008a1b8de96d2e5b6bc02d379db03a877d34d/library/std/src/panicking.rs:520:19
[INFO] [stdout]   38:     0x5af89417d214 - std::panic::catch_unwind::h64f3b9d1067ef6a0
[INFO] [stdout]                                at /rustc/202008a1b8de96d2e5b6bc02d379db03a877d34d/library/std/src/panic.rs:358:14
[INFO] [stdout]   39:     0x5af89417d214 - std::thread::Builder::spawn_unchecked_::{{closure}}::h42b2841295b6c0b2
[INFO] [stdout]                                at /rustc/202008a1b8de96d2e5b6bc02d379db03a877d34d/library/std/src/thread/mod.rs:559:30
[INFO] [stdout]   40:     0x5af89417d214 - core::ops::function::FnOnce::call_once{{vtable.shim}}::h6127de71b8124639
[INFO] [stdout]                                at /rustc/202008a1b8de96d2e5b6bc02d379db03a877d34d/library/core/src/ops/function.rs:250:5
[INFO] [stdout]   41:     0x5af894211a7b - <alloc::boxed::Box<F,A> as core::ops::function::FnOnce<Args>>::call_once::h42f0ba71002a1b2c
[INFO] [stdout]                                at /rustc/202008a1b8de96d2e5b6bc02d379db03a877d34d/library/alloc/src/boxed.rs:1972:9
[INFO] [stdout]   42:     0x5af894211a7b - <alloc::boxed::Box<F,A> as core::ops::function::FnOnce<Args>>::call_once::had9e47d7a3dcecb8
[INFO] [stdout]                                at /rustc/202008a1b8de96d2e5b6bc02d379db03a877d34d/library/alloc/src/boxed.rs:1972:9
[INFO] [stdout]   43:     0x5af894211a7b - std::sys::pal::unix::thread::Thread::new::thread_start::h48cf765408f6f5f2
[INFO] [stdout]                                at /rustc/202008a1b8de96d2e5b6bc02d379db03a877d34d/library/std/src/sys/pal/unix/thread.rs:105:17
[INFO] [stdout]   44:     0x700a20e94ac3 - <unknown>
[INFO] [stdout]   45:     0x700a20f25a04 - clone
[INFO] [stdout]   46:                0x0 - <unknown>
[INFO] [stdout] 
[INFO] [stdout] 
[INFO] [stdout] failures:
[INFO] [stdout]     parsing::test::test_cell_parser
[INFO] [stdout] 
[INFO] [stdout] test result: FAILED. 17 passed; 1 failed; 0 ignored; 0 measured; 0 filtered out; finished in 0.09s
[INFO] [stdout] 
[INFO] [stderr] error: test failed, to rerun pass `--lib`
[INFO] running `Command { std: "docker" "inspect" "2766dcaf5973e196f33123f98dd91af6670848c53217a3a35a5c3c6619a0e8e9", kill_on_drop: false }`
[INFO] running `Command { std: "docker" "rm" "-f" "2766dcaf5973e196f33123f98dd91af6670848c53217a3a35a5c3c6619a0e8e9", kill_on_drop: false }`
[INFO] [stdout] 2766dcaf5973e196f33123f98dd91af6670848c53217a3a35a5c3c6619a0e8e9
