[INFO] fetching crate cassandra_macro_derive 0.1.3...
[INFO] testing cassandra_macro_derive-0.1.3 against beta-2024-12-08 for beta-1.84.0-4-retry
[INFO] extracting crate cassandra_macro_derive 0.1.3 into /workspace/builds/worker-4-tc2/source
[INFO] validating manifest of crates.io crate cassandra_macro_derive 0.1.3 on toolchain beta-2024-12-08
[INFO] running `Command { std: CARGO_HOME="/workspace/cargo-home" RUSTUP_HOME="/workspace/rustup-home" "/workspace/cargo-home/bin/cargo" "+beta-2024-12-08" "metadata" "--manifest-path" "Cargo.toml" "--no-deps", kill_on_drop: false }`
[INFO] started tweaking crates.io crate cassandra_macro_derive 0.1.3
[INFO] finished tweaking crates.io crate cassandra_macro_derive 0.1.3
[INFO] tweaked toml for crates.io crate cassandra_macro_derive 0.1.3 written to /workspace/builds/worker-4-tc2/source/Cargo.toml
[INFO] running `Command { std: CARGO_HOME="/workspace/cargo-home" RUSTUP_HOME="/workspace/rustup-home" "/workspace/cargo-home/bin/cargo" "+beta-2024-12-08" "generate-lockfile" "--manifest-path" "Cargo.toml", kill_on_drop: false }`
[INFO] [stderr]     Updating crates.io index
[INFO] [stderr]      Locking 4 packages to latest compatible versions
[INFO] [stderr]       Adding syn v1.0.109 (available: v2.0.90)
[INFO] running `Command { std: CARGO_HOME="/workspace/cargo-home" RUSTUP_HOME="/workspace/rustup-home" "/workspace/cargo-home/bin/cargo" "+beta-2024-12-08" "fetch" "--manifest-path" "Cargo.toml", kill_on_drop: false }`
[INFO] running `Command { std: "docker" "create" "-v" "/var/lib/crater-agent-workspace/builds/worker-4-tc2/target:/opt/rustwide/target:rw,Z" "-v" "/var/lib/crater-agent-workspace/builds/worker-4-tc2/source:/opt/rustwide/workdir:ro,Z" "-v" "/var/lib/crater-agent-workspace/cargo-home:/opt/rustwide/cargo-home:ro,Z" "-v" "/var/lib/crater-agent-workspace/rustup-home:/opt/rustwide/rustup-home:ro,Z" "-e" "SOURCE_DIR=/opt/rustwide/workdir" "-e" "CARGO_TARGET_DIR=/opt/rustwide/target" "-e" "CARGO_HOME=/opt/rustwide/cargo-home" "-e" "RUSTUP_HOME=/opt/rustwide/rustup-home" "-w" "/opt/rustwide/workdir" "-m" "1610612736" "--user" "0:0" "--network" "none" "ghcr.io/rust-lang/crates-build-env/linux@sha256:f3a9d4ad9d972b27faf3965f35b62e55ba32bbce8f20bc8fe909558a86702fde" "/opt/rustwide/cargo-home/bin/cargo" "+beta-2024-12-08" "metadata" "--no-deps" "--format-version=1", kill_on_drop: false }`
[INFO] [stdout] 0b9b6f4ef281809ba0f45e5643e826f8bf6be2e89c9628e134b694c32a153511
[INFO] running `Command { std: "docker" "start" "-a" "0b9b6f4ef281809ba0f45e5643e826f8bf6be2e89c9628e134b694c32a153511", kill_on_drop: false }`
[INFO] running `Command { std: "docker" "inspect" "0b9b6f4ef281809ba0f45e5643e826f8bf6be2e89c9628e134b694c32a153511", kill_on_drop: false }`
[INFO] running `Command { std: "docker" "rm" "-f" "0b9b6f4ef281809ba0f45e5643e826f8bf6be2e89c9628e134b694c32a153511", kill_on_drop: false }`
[INFO] [stdout] 0b9b6f4ef281809ba0f45e5643e826f8bf6be2e89c9628e134b694c32a153511
[INFO] running `Command { std: "docker" "create" "-v" "/var/lib/crater-agent-workspace/builds/worker-4-tc2/target:/opt/rustwide/target:rw,Z" "-v" "/var/lib/crater-agent-workspace/builds/worker-4-tc2/source:/opt/rustwide/workdir:ro,Z" "-v" "/var/lib/crater-agent-workspace/cargo-home:/opt/rustwide/cargo-home:ro,Z" "-v" "/var/lib/crater-agent-workspace/rustup-home:/opt/rustwide/rustup-home:ro,Z" "-e" "SOURCE_DIR=/opt/rustwide/workdir" "-e" "CARGO_TARGET_DIR=/opt/rustwide/target" "-e" "CARGO_INCREMENTAL=0" "-e" "RUST_BACKTRACE=full" "-e" "RUSTFLAGS=--cap-lints=warn" "-e" "RUSTDOCFLAGS=--cap-lints=warn" "-e" "CARGO_HOME=/opt/rustwide/cargo-home" "-e" "RUSTUP_HOME=/opt/rustwide/rustup-home" "-w" "/opt/rustwide/workdir" "-m" "1610612736" "--user" "0:0" "--network" "none" "ghcr.io/rust-lang/crates-build-env/linux@sha256:f3a9d4ad9d972b27faf3965f35b62e55ba32bbce8f20bc8fe909558a86702fde" "/opt/rustwide/cargo-home/bin/cargo" "+beta-2024-12-08" "build" "--frozen" "--message-format=json", kill_on_drop: false }`
[INFO] [stdout] 4e004c378bf86061b5328232d8a5d2f486f04857559823bb32e3268d90d30eda
[INFO] running `Command { std: "docker" "start" "-a" "4e004c378bf86061b5328232d8a5d2f486f04857559823bb32e3268d90d30eda", kill_on_drop: false }`
[INFO] [stderr]    Compiling proc-macro2 v1.0.92
[INFO] [stderr]    Compiling unicode-ident v1.0.14
[INFO] [stderr]    Compiling syn v1.0.109
[INFO] [stderr]    Compiling quote v1.0.37
[INFO] [stderr]    Compiling cassandra_macro_derive v0.1.3 (/opt/rustwide/workdir)
[INFO] [stderr]     Finished `dev` profile [unoptimized + debuginfo] target(s) in 7.69s
[INFO] running `Command { std: "docker" "inspect" "4e004c378bf86061b5328232d8a5d2f486f04857559823bb32e3268d90d30eda", kill_on_drop: false }`
[INFO] running `Command { std: "docker" "rm" "-f" "4e004c378bf86061b5328232d8a5d2f486f04857559823bb32e3268d90d30eda", kill_on_drop: false }`
[INFO] [stdout] 4e004c378bf86061b5328232d8a5d2f486f04857559823bb32e3268d90d30eda
[INFO] running `Command { std: "docker" "create" "-v" "/var/lib/crater-agent-workspace/builds/worker-4-tc2/target:/opt/rustwide/target:rw,Z" "-v" "/var/lib/crater-agent-workspace/builds/worker-4-tc2/source:/opt/rustwide/workdir:ro,Z" "-v" "/var/lib/crater-agent-workspace/cargo-home:/opt/rustwide/cargo-home:ro,Z" "-v" "/var/lib/crater-agent-workspace/rustup-home:/opt/rustwide/rustup-home:ro,Z" "-e" "SOURCE_DIR=/opt/rustwide/workdir" "-e" "CARGO_TARGET_DIR=/opt/rustwide/target" "-e" "CARGO_INCREMENTAL=0" "-e" "RUST_BACKTRACE=full" "-e" "RUSTFLAGS=--cap-lints=warn" "-e" "RUSTDOCFLAGS=--cap-lints=warn" "-e" "CARGO_HOME=/opt/rustwide/cargo-home" "-e" "RUSTUP_HOME=/opt/rustwide/rustup-home" "-w" "/opt/rustwide/workdir" "-m" "1610612736" "--user" "0:0" "--network" "none" "ghcr.io/rust-lang/crates-build-env/linux@sha256:f3a9d4ad9d972b27faf3965f35b62e55ba32bbce8f20bc8fe909558a86702fde" "/opt/rustwide/cargo-home/bin/cargo" "+beta-2024-12-08" "test" "--frozen" "--no-run" "--message-format=json", kill_on_drop: false }`
[INFO] [stdout] 43b8474c08c63051e9ffbdcb3378cb6273e365ac5d196526437581416765dc72
[INFO] running `Command { std: "docker" "start" "-a" "43b8474c08c63051e9ffbdcb3378cb6273e365ac5d196526437581416765dc72", kill_on_drop: false }`
[INFO] [stderr]    Compiling cassandra_macro_derive v0.1.3 (/opt/rustwide/workdir)
[INFO] [stderr]     Finished `test` profile [unoptimized + debuginfo] target(s) in 1.88s
[INFO] running `Command { std: "docker" "inspect" "43b8474c08c63051e9ffbdcb3378cb6273e365ac5d196526437581416765dc72", kill_on_drop: false }`
[INFO] running `Command { std: "docker" "rm" "-f" "43b8474c08c63051e9ffbdcb3378cb6273e365ac5d196526437581416765dc72", kill_on_drop: false }`
[INFO] [stdout] 43b8474c08c63051e9ffbdcb3378cb6273e365ac5d196526437581416765dc72
[INFO] running `Command { std: "docker" "create" "-v" "/var/lib/crater-agent-workspace/builds/worker-4-tc2/target:/opt/rustwide/target:rw,Z" "-v" "/var/lib/crater-agent-workspace/builds/worker-4-tc2/source:/opt/rustwide/workdir:ro,Z" "-v" "/var/lib/crater-agent-workspace/cargo-home:/opt/rustwide/cargo-home:ro,Z" "-v" "/var/lib/crater-agent-workspace/rustup-home:/opt/rustwide/rustup-home:ro,Z" "-e" "SOURCE_DIR=/opt/rustwide/workdir" "-e" "CARGO_TARGET_DIR=/opt/rustwide/target" "-e" "CARGO_INCREMENTAL=0" "-e" "RUST_BACKTRACE=full" "-e" "RUSTFLAGS=--cap-lints=warn" "-e" "RUSTDOCFLAGS=--cap-lints=warn" "-e" "CARGO_HOME=/opt/rustwide/cargo-home" "-e" "RUSTUP_HOME=/opt/rustwide/rustup-home" "-w" "/opt/rustwide/workdir" "-m" "1610612736" "--user" "0:0" "--network" "none" "ghcr.io/rust-lang/crates-build-env/linux@sha256:f3a9d4ad9d972b27faf3965f35b62e55ba32bbce8f20bc8fe909558a86702fde" "/opt/rustwide/cargo-home/bin/cargo" "+beta-2024-12-08" "test" "--frozen", kill_on_drop: false }`
[INFO] [stdout] 145bd088e531441164d4788f05e6c27e88483436ce0791d7fba7c19969a585ec
[INFO] running `Command { std: "docker" "start" "-a" "145bd088e531441164d4788f05e6c27e88483436ce0791d7fba7c19969a585ec", kill_on_drop: false }`
[INFO] [stderr]     Finished `test` profile [unoptimized + debuginfo] target(s) in 0.02s
[INFO] [stderr]      Running unittests src/lib.rs (/opt/rustwide/target/debug/deps/cassandra_macro_derive-c60c3c4c167f3857)
[INFO] [stdout] 
[INFO] [stdout] running 1 test
[INFO] [stdout] test tests::test_pascal_case_to_snake_case ... ok
[INFO] [stdout] 
[INFO] [stdout] test result: ok. 1 passed; 0 failed; 0 ignored; 0 measured; 0 filtered out; finished in 0.00s
[INFO] [stdout] 
[INFO] [stderr]    Doc-tests cassandra_macro_derive
[INFO] [stdout] 
[INFO] [stdout] running 2 tests
[INFO] [stdout] test src/lib.rs - (line 35) ... FAILED
[INFO] [stdout] test src/lib.rs - (line 41) ... FAILED
[INFO] [stdout] 
[INFO] [stdout] failures:
[INFO] [stdout] 
[INFO] [stdout] ---- src/lib.rs - (line 35) stdout ----
[INFO] [stdout] error[E0463]: can't find crate for `cdrs`
[INFO] [stdout]  --> src/lib.rs:37:1
[INFO] [stdout]   |
[INFO] [stdout] 4 | extern crate cdrs;
[INFO] [stdout]   | ^^^^^^^^^^^^^^^^^^ can't find crate
[INFO] [stdout] 
[INFO] [stdout] error: aborting due to 1 previous error
[INFO] [stdout] 
[INFO] [stdout] For more information about this error, try `rustc --explain E0463`.
[INFO] [stdout] Couldn't compile the test.
[INFO] [stdout] ---- src/lib.rs - (line 41) stdout ----
[INFO] [stdout] error[E0463]: can't find crate for `cdrs`
[INFO] [stdout]  --> src/lib.rs:44:1
[INFO] [stdout]   |
[INFO] [stdout] 5 | extern crate cdrs;
[INFO] [stdout]   | ^^^^^^^^^^^^^^^^^^ can't find crate
[INFO] [stdout] 
[INFO] [stdout] error[E0432]: unresolved import `cassandra_macro`
[INFO] [stdout]  --> src/lib.rs:48:5
[INFO] [stdout]   |
[INFO] [stdout] 9 | use cassandra_macro::{CassandraTable, DeleteQuery, Projection, UpdateQuery};
[INFO] [stdout]   |     ^^^^^^^^^^^^^^^ use of undeclared crate or module `cassandra_macro`
[INFO] [stdout] 
[INFO] [stdout] error[E0432]: unresolved import `cassandra_macro`
[INFO] [stdout]   --> src/lib.rs:49:5
[INFO] [stdout]    |
[INFO] [stdout] 10 | use cassandra_macro::StoreQuery;
[INFO] [stdout]    |     ^^^^^^^^^^^^^^^ use of undeclared crate or module `cassandra_macro`
[INFO] [stdout] 
[INFO] [stdout] error[E0432]: unresolved import `chrono`
[INFO] [stdout]   --> src/lib.rs:61:5
[INFO] [stdout]    |
[INFO] [stdout] 22 | use chrono::Utc;
[INFO] [stdout]    |     ^^^^^^ use of undeclared crate or module `chrono`
[INFO] [stdout] 
[INFO] [stdout] error[E0432]: unresolved import `uuid`
[INFO] [stdout]   --> src/lib.rs:62:5
[INFO] [stdout]    |
[INFO] [stdout] 23 | use uuid::Uuid;
[INFO] [stdout]    |     ^^^^ use of undeclared crate or module `uuid`
[INFO] [stdout] 
[INFO] [stdout] error: cannot find macro `query_values` in this scope
[INFO] [stdout]   --> src/lib.rs:65:17
[INFO] [stdout]    |
[INFO] [stdout] 26 | #[derive(Debug, CassandraTable)]
[INFO] [stdout]    |                 ^^^^^^^^^^^^^^
[INFO] [stdout]    |
[INFO] [stdout]    = note: this error originates in the derive macro `CassandraTable` (in Nightly builds, run with -Z macro-backtrace for more info)
[INFO] [stdout] 
[INFO] [stdout] error[E0433]: failed to resolve: use of undeclared crate or module `cassandra_macro`
[INFO] [stdout]   --> src/lib.rs:65:17
[INFO] [stdout]    |
[INFO] [stdout] 26 | #[derive(Debug, CassandraTable)]
[INFO] [stdout]    |                 ^^^^^^^^^^^^^^ use of undeclared crate or module `cassandra_macro`
[INFO] [stdout]    |
[INFO] [stdout]    = note: this error originates in the derive macro `CassandraTable` (in Nightly builds, run with -Z macro-backtrace for more info)
[INFO] [stdout] 
[INFO] [stdout] warning: derive helper attribute is used before it is introduced
[INFO] [stdout]   --> src/lib.rs:64:3
[INFO] [stdout]    |
[INFO] [stdout] 25 | #[table(keyspace = "test", options = "comment='Only for RUST users' | COMPACTION = {'class':'SizeTieredCompactionStrategy'}")]
[INFO] [stdout]    |   ^^^^^
[INFO] [stdout] 26 | #[derive(Debug, CassandraTable)]
[INFO] [stdout]    |                 -------------- the attribute is introduced here
[INFO] [stdout]    |
[INFO] [stdout]    = warning: this was previously accepted by the compiler but is being phased out; it will become a hard error in a future release!
[INFO] [stdout]    = note: for more information, see issue #79202 <https://github.com/rust-lang/rust/issues/79202>
[INFO] [stdout]    = note: `#[warn(legacy_derive_helpers)]` on by default
[INFO] [stdout] 
[INFO] [stdout] error: aborting due to 7 previous errors; 1 warning emitted
[INFO] [stdout] 
[INFO] [stdout] Some errors have detailed explanations: E0432, E0433, E0463.
[INFO] [stdout] For more information about an error, try `rustc --explain E0432`.
[INFO] [stdout] Couldn't compile the test.
[INFO] [stdout] 
[INFO] [stdout] failures:
[INFO] [stdout]     src/lib.rs - (line 35)
[INFO] [stdout]     src/lib.rs - (line 41)
[INFO] [stdout] 
[INFO] [stdout] test result: FAILED. 0 passed; 2 failed; 0 ignored; 0 measured; 0 filtered out; finished in 0.18s
[INFO] [stdout] 
[INFO] [stderr] error: doctest failed, to rerun pass `--doc`
[INFO] running `Command { std: "docker" "inspect" "145bd088e531441164d4788f05e6c27e88483436ce0791d7fba7c19969a585ec", kill_on_drop: false }`
[INFO] running `Command { std: "docker" "rm" "-f" "145bd088e531441164d4788f05e6c27e88483436ce0791d7fba7c19969a585ec", kill_on_drop: false }`
[INFO] [stdout] 145bd088e531441164d4788f05e6c27e88483436ce0791d7fba7c19969a585ec
