[INFO] fetching crate cashyalla_rpn_calc_test_ver 0.1.1...
[INFO] testing cashyalla_rpn_calc_test_ver-0.1.1 against beta-2024-12-08 for beta-1.84.0-4-retry
[INFO] extracting crate cashyalla_rpn_calc_test_ver 0.1.1 into /workspace/builds/worker-0-tc2/source
[INFO] validating manifest of crates.io crate cashyalla_rpn_calc_test_ver 0.1.1 on toolchain beta-2024-12-08
[INFO] running `Command { std: CARGO_HOME="/workspace/cargo-home" RUSTUP_HOME="/workspace/rustup-home" "/workspace/cargo-home/bin/cargo" "+beta-2024-12-08" "metadata" "--manifest-path" "Cargo.toml" "--no-deps", kill_on_drop: false }`
[INFO] started tweaking crates.io crate cashyalla_rpn_calc_test_ver 0.1.1
[INFO] finished tweaking crates.io crate cashyalla_rpn_calc_test_ver 0.1.1
[INFO] tweaked toml for crates.io crate cashyalla_rpn_calc_test_ver 0.1.1 written to /workspace/builds/worker-0-tc2/source/Cargo.toml
[INFO] running `Command { std: CARGO_HOME="/workspace/cargo-home" RUSTUP_HOME="/workspace/rustup-home" "/workspace/cargo-home/bin/cargo" "+beta-2024-12-08" "generate-lockfile" "--manifest-path" "Cargo.toml", kill_on_drop: false }`
[INFO] running `Command { std: CARGO_HOME="/workspace/cargo-home" RUSTUP_HOME="/workspace/rustup-home" "/workspace/cargo-home/bin/cargo" "+beta-2024-12-08" "fetch" "--manifest-path" "Cargo.toml", kill_on_drop: false }`
[INFO] running `Command { std: "docker" "create" "-v" "/var/lib/crater-agent-workspace/builds/worker-0-tc2/target:/opt/rustwide/target:rw,Z" "-v" "/var/lib/crater-agent-workspace/builds/worker-0-tc2/source:/opt/rustwide/workdir:ro,Z" "-v" "/var/lib/crater-agent-workspace/cargo-home:/opt/rustwide/cargo-home:ro,Z" "-v" "/var/lib/crater-agent-workspace/rustup-home:/opt/rustwide/rustup-home:ro,Z" "-e" "SOURCE_DIR=/opt/rustwide/workdir" "-e" "CARGO_TARGET_DIR=/opt/rustwide/target" "-e" "CARGO_HOME=/opt/rustwide/cargo-home" "-e" "RUSTUP_HOME=/opt/rustwide/rustup-home" "-w" "/opt/rustwide/workdir" "-m" "1610612736" "--user" "0:0" "--network" "none" "ghcr.io/rust-lang/crates-build-env/linux@sha256:f3a9d4ad9d972b27faf3965f35b62e55ba32bbce8f20bc8fe909558a86702fde" "/opt/rustwide/cargo-home/bin/cargo" "+beta-2024-12-08" "metadata" "--no-deps" "--format-version=1", kill_on_drop: false }`
[INFO] [stdout] 3c721bc0a14b09d99e249a49b8f8134e66355b11a6e3f15855fa4f255278cdeb
[INFO] running `Command { std: "docker" "start" "-a" "3c721bc0a14b09d99e249a49b8f8134e66355b11a6e3f15855fa4f255278cdeb", kill_on_drop: false }`
[INFO] running `Command { std: "docker" "inspect" "3c721bc0a14b09d99e249a49b8f8134e66355b11a6e3f15855fa4f255278cdeb", kill_on_drop: false }`
[INFO] running `Command { std: "docker" "rm" "-f" "3c721bc0a14b09d99e249a49b8f8134e66355b11a6e3f15855fa4f255278cdeb", kill_on_drop: false }`
[INFO] [stdout] 3c721bc0a14b09d99e249a49b8f8134e66355b11a6e3f15855fa4f255278cdeb
[INFO] running `Command { std: "docker" "create" "-v" "/var/lib/crater-agent-workspace/builds/worker-0-tc2/target:/opt/rustwide/target:rw,Z" "-v" "/var/lib/crater-agent-workspace/builds/worker-0-tc2/source:/opt/rustwide/workdir:ro,Z" "-v" "/var/lib/crater-agent-workspace/cargo-home:/opt/rustwide/cargo-home:ro,Z" "-v" "/var/lib/crater-agent-workspace/rustup-home:/opt/rustwide/rustup-home:ro,Z" "-e" "SOURCE_DIR=/opt/rustwide/workdir" "-e" "CARGO_TARGET_DIR=/opt/rustwide/target" "-e" "CARGO_INCREMENTAL=0" "-e" "RUST_BACKTRACE=full" "-e" "RUSTFLAGS=--cap-lints=warn" "-e" "RUSTDOCFLAGS=--cap-lints=warn" "-e" "CARGO_HOME=/opt/rustwide/cargo-home" "-e" "RUSTUP_HOME=/opt/rustwide/rustup-home" "-w" "/opt/rustwide/workdir" "-m" "1610612736" "--user" "0:0" "--network" "none" "ghcr.io/rust-lang/crates-build-env/linux@sha256:f3a9d4ad9d972b27faf3965f35b62e55ba32bbce8f20bc8fe909558a86702fde" "/opt/rustwide/cargo-home/bin/cargo" "+beta-2024-12-08" "build" "--frozen" "--message-format=json", kill_on_drop: false }`
[INFO] [stdout] ced37d491931f2f74f26f1f2f16f465a7cf490bdc53cdc847d1956149048b1cf
[INFO] running `Command { std: "docker" "start" "-a" "ced37d491931f2f74f26f1f2f16f465a7cf490bdc53cdc847d1956149048b1cf", kill_on_drop: false }`
[INFO] [stderr]    Compiling cashyalla_rpn_calc_test_ver v0.1.1 (/opt/rustwide/workdir)
[INFO] [stderr]     Finished `dev` profile [unoptimized + debuginfo] target(s) in 0.17s
[INFO] running `Command { std: "docker" "inspect" "ced37d491931f2f74f26f1f2f16f465a7cf490bdc53cdc847d1956149048b1cf", kill_on_drop: false }`
[INFO] running `Command { std: "docker" "rm" "-f" "ced37d491931f2f74f26f1f2f16f465a7cf490bdc53cdc847d1956149048b1cf", kill_on_drop: false }`
[INFO] [stdout] ced37d491931f2f74f26f1f2f16f465a7cf490bdc53cdc847d1956149048b1cf
[INFO] running `Command { std: "docker" "create" "-v" "/var/lib/crater-agent-workspace/builds/worker-0-tc2/target:/opt/rustwide/target:rw,Z" "-v" "/var/lib/crater-agent-workspace/builds/worker-0-tc2/source:/opt/rustwide/workdir:ro,Z" "-v" "/var/lib/crater-agent-workspace/cargo-home:/opt/rustwide/cargo-home:ro,Z" "-v" "/var/lib/crater-agent-workspace/rustup-home:/opt/rustwide/rustup-home:ro,Z" "-e" "SOURCE_DIR=/opt/rustwide/workdir" "-e" "CARGO_TARGET_DIR=/opt/rustwide/target" "-e" "CARGO_INCREMENTAL=0" "-e" "RUST_BACKTRACE=full" "-e" "RUSTFLAGS=--cap-lints=warn" "-e" "RUSTDOCFLAGS=--cap-lints=warn" "-e" "CARGO_HOME=/opt/rustwide/cargo-home" "-e" "RUSTUP_HOME=/opt/rustwide/rustup-home" "-w" "/opt/rustwide/workdir" "-m" "1610612736" "--user" "0:0" "--network" "none" "ghcr.io/rust-lang/crates-build-env/linux@sha256:f3a9d4ad9d972b27faf3965f35b62e55ba32bbce8f20bc8fe909558a86702fde" "/opt/rustwide/cargo-home/bin/cargo" "+beta-2024-12-08" "test" "--frozen" "--no-run" "--message-format=json", kill_on_drop: false }`
[INFO] [stdout] 43ef414ffabdae4b20b6790bf898e21386bace1897e9ee4db60b5c2a320c3425
[INFO] running `Command { std: "docker" "start" "-a" "43ef414ffabdae4b20b6790bf898e21386bace1897e9ee4db60b5c2a320c3425", kill_on_drop: false }`
[INFO] [stderr]    Compiling cashyalla_rpn_calc_test_ver v0.1.1 (/opt/rustwide/workdir)
[INFO] [stderr]     Finished `test` profile [unoptimized + debuginfo] target(s) in 0.43s
[INFO] running `Command { std: "docker" "inspect" "43ef414ffabdae4b20b6790bf898e21386bace1897e9ee4db60b5c2a320c3425", kill_on_drop: false }`
[INFO] running `Command { std: "docker" "rm" "-f" "43ef414ffabdae4b20b6790bf898e21386bace1897e9ee4db60b5c2a320c3425", kill_on_drop: false }`
[INFO] [stdout] 43ef414ffabdae4b20b6790bf898e21386bace1897e9ee4db60b5c2a320c3425
[INFO] running `Command { std: "docker" "create" "-v" "/var/lib/crater-agent-workspace/builds/worker-0-tc2/target:/opt/rustwide/target:rw,Z" "-v" "/var/lib/crater-agent-workspace/builds/worker-0-tc2/source:/opt/rustwide/workdir:ro,Z" "-v" "/var/lib/crater-agent-workspace/cargo-home:/opt/rustwide/cargo-home:ro,Z" "-v" "/var/lib/crater-agent-workspace/rustup-home:/opt/rustwide/rustup-home:ro,Z" "-e" "SOURCE_DIR=/opt/rustwide/workdir" "-e" "CARGO_TARGET_DIR=/opt/rustwide/target" "-e" "CARGO_INCREMENTAL=0" "-e" "RUST_BACKTRACE=full" "-e" "RUSTFLAGS=--cap-lints=warn" "-e" "RUSTDOCFLAGS=--cap-lints=warn" "-e" "CARGO_HOME=/opt/rustwide/cargo-home" "-e" "RUSTUP_HOME=/opt/rustwide/rustup-home" "-w" "/opt/rustwide/workdir" "-m" "1610612736" "--user" "0:0" "--network" "none" "ghcr.io/rust-lang/crates-build-env/linux@sha256:f3a9d4ad9d972b27faf3965f35b62e55ba32bbce8f20bc8fe909558a86702fde" "/opt/rustwide/cargo-home/bin/cargo" "+beta-2024-12-08" "test" "--frozen", kill_on_drop: false }`
[INFO] [stdout] b807974e0db68c7e2c7d1602a4051af2a87fc1f7f40064c226bf08adfc71d9ec
[INFO] running `Command { std: "docker" "start" "-a" "b807974e0db68c7e2c7d1602a4051af2a87fc1f7f40064c226bf08adfc71d9ec", kill_on_drop: false }`
[INFO] [stderr]     Finished `test` profile [unoptimized + debuginfo] target(s) in 0.01s
[INFO] [stderr]      Running unittests src/lib.rs (/opt/rustwide/target/debug/deps/cashyalla_rpn_calc_test_ver-730a7f659f6e87e2)
[INFO] [stderr]    Doc-tests cashyalla_rpn_calc_test_ver
[INFO] [stdout] 
[INFO] [stdout] running 1 test
[INFO] [stdout] test tests::it_works ... ok
[INFO] [stdout] 
[INFO] [stdout] test result: ok. 1 passed; 0 failed; 0 ignored; 0 measured; 0 filtered out; finished in 0.00s
[INFO] [stdout] 
[INFO] [stdout] 
[INFO] [stdout] running 1 test
[INFO] [stderr] error: doctest failed, to rerun pass `--doc`
[INFO] [stdout] test src/lib.rs - (line 5) ... FAILED
[INFO] [stdout] 
[INFO] [stdout] failures:
[INFO] [stdout] 
[INFO] [stdout] ---- src/lib.rs - (line 5) stdout ----
[INFO] [stdout] error[E0433]: failed to resolve: use of undeclared crate or module `rpn_calc`
[INFO] [stdout]  --> src/lib.rs:7:9
[INFO] [stdout]   |
[INFO] [stdout] 4 | let a = rpn_calc::eval(src).unwrap();
[INFO] [stdout]   |         ^^^^^^^^ use of undeclared crate or module `rpn_calc`
[INFO] [stdout] 
[INFO] [stdout] error: aborting due to 1 previous error
[INFO] [stdout] 
[INFO] [stdout] For more information about this error, try `rustc --explain E0433`.
[INFO] [stdout] Couldn't compile the test.
[INFO] [stdout] 
[INFO] [stdout] failures:
[INFO] [stdout]     src/lib.rs - (line 5)
[INFO] [stdout] 
[INFO] [stdout] test result: FAILED. 0 passed; 1 failed; 0 ignored; 0 measured; 0 filtered out; finished in 0.09s
[INFO] [stdout] 
[INFO] running `Command { std: "docker" "inspect" "b807974e0db68c7e2c7d1602a4051af2a87fc1f7f40064c226bf08adfc71d9ec", kill_on_drop: false }`
[INFO] running `Command { std: "docker" "rm" "-f" "b807974e0db68c7e2c7d1602a4051af2a87fc1f7f40064c226bf08adfc71d9ec", kill_on_drop: false }`
[INFO] [stdout] b807974e0db68c7e2c7d1602a4051af2a87fc1f7f40064c226bf08adfc71d9ec
