[INFO] fetching crate casaubon 0.3.2...
[INFO] testing casaubon-0.3.2 against 1.83.0 for beta-1.84.0-4-retry
[INFO] extracting crate casaubon 0.3.2 into /workspace/builds/worker-6-tc1/source
[INFO] validating manifest of crates.io crate casaubon 0.3.2 on toolchain 1.83.0
[INFO] running `Command { std: CARGO_HOME="/workspace/cargo-home" RUSTUP_HOME="/workspace/rustup-home" "/workspace/cargo-home/bin/cargo" "+1.83.0" "metadata" "--manifest-path" "Cargo.toml" "--no-deps", kill_on_drop: false }`
[INFO] started tweaking crates.io crate casaubon 0.3.2
[INFO] finished tweaking crates.io crate casaubon 0.3.2
[INFO] tweaked toml for crates.io crate casaubon 0.3.2 written to /workspace/builds/worker-6-tc1/source/Cargo.toml
[INFO] running `Command { std: CARGO_HOME="/workspace/cargo-home" RUSTUP_HOME="/workspace/rustup-home" "/workspace/cargo-home/bin/cargo" "+1.83.0" "generate-lockfile" "--manifest-path" "Cargo.toml", kill_on_drop: false }`
[INFO] [stderr]     Updating crates.io index
[INFO] [stderr]      Locking 108 packages to latest compatible versions
[INFO] [stderr]       Adding clap v2.34.0 (available: v4.5.23)
[INFO] [stderr]       Adding notify v4.0.18 (available: v7.0.0)
[INFO] [stderr]       Adding pulldown-cmark v0.0.11 (available: v0.12.2)
[INFO] [stderr]       Adding toml v0.4.10 (available: v0.8.19)
[INFO] [stderr]       Adding uuid v0.7.4 (available: v1.11.0)
[INFO] running `Command { std: CARGO_HOME="/workspace/cargo-home" RUSTUP_HOME="/workspace/rustup-home" "/workspace/cargo-home/bin/cargo" "+1.83.0" "fetch" "--manifest-path" "Cargo.toml", kill_on_drop: false }`
[INFO] [stderr] warning: no edition set: defaulting to the 2015 edition while the latest is 2021
[INFO] [stderr]  Downloading crates ...
[INFO] [stderr]   Downloaded pulldown-cmark v0.0.11
[INFO] running `Command { std: "docker" "create" "-v" "/var/lib/crater-agent-workspace/builds/worker-6-tc1/target:/opt/rustwide/target:rw,Z" "-v" "/var/lib/crater-agent-workspace/builds/worker-6-tc1/source:/opt/rustwide/workdir:ro,Z" "-v" "/var/lib/crater-agent-workspace/cargo-home:/opt/rustwide/cargo-home:ro,Z" "-v" "/var/lib/crater-agent-workspace/rustup-home:/opt/rustwide/rustup-home:ro,Z" "-e" "SOURCE_DIR=/opt/rustwide/workdir" "-e" "CARGO_TARGET_DIR=/opt/rustwide/target" "-e" "CARGO_HOME=/opt/rustwide/cargo-home" "-e" "RUSTUP_HOME=/opt/rustwide/rustup-home" "-w" "/opt/rustwide/workdir" "-m" "1610612736" "--user" "0:0" "--network" "none" "ghcr.io/rust-lang/crates-build-env/linux@sha256:f3a9d4ad9d972b27faf3965f35b62e55ba32bbce8f20bc8fe909558a86702fde" "/opt/rustwide/cargo-home/bin/cargo" "+1.83.0" "metadata" "--no-deps" "--format-version=1", kill_on_drop: false }`
[INFO] [stdout] bb750e9c96f2357a5e28c240e9ab66deba7510a0192712b9b86202679f80b15c
[INFO] running `Command { std: "docker" "start" "-a" "bb750e9c96f2357a5e28c240e9ab66deba7510a0192712b9b86202679f80b15c", kill_on_drop: false }`
[INFO] running `Command { std: "docker" "inspect" "bb750e9c96f2357a5e28c240e9ab66deba7510a0192712b9b86202679f80b15c", kill_on_drop: false }`
[INFO] running `Command { std: "docker" "rm" "-f" "bb750e9c96f2357a5e28c240e9ab66deba7510a0192712b9b86202679f80b15c", kill_on_drop: false }`
[INFO] [stdout] bb750e9c96f2357a5e28c240e9ab66deba7510a0192712b9b86202679f80b15c
[INFO] running `Command { std: "docker" "create" "-v" "/var/lib/crater-agent-workspace/builds/worker-6-tc1/target:/opt/rustwide/target:rw,Z" "-v" "/var/lib/crater-agent-workspace/builds/worker-6-tc1/source:/opt/rustwide/workdir:ro,Z" "-v" "/var/lib/crater-agent-workspace/cargo-home:/opt/rustwide/cargo-home:ro,Z" "-v" "/var/lib/crater-agent-workspace/rustup-home:/opt/rustwide/rustup-home:ro,Z" "-e" "SOURCE_DIR=/opt/rustwide/workdir" "-e" "CARGO_TARGET_DIR=/opt/rustwide/target" "-e" "CARGO_INCREMENTAL=0" "-e" "RUST_BACKTRACE=full" "-e" "RUSTFLAGS=--cap-lints=warn" "-e" "RUSTDOCFLAGS=--cap-lints=warn" "-e" "CARGO_HOME=/opt/rustwide/cargo-home" "-e" "RUSTUP_HOME=/opt/rustwide/rustup-home" "-w" "/opt/rustwide/workdir" "-m" "1610612736" "--user" "0:0" "--network" "none" "ghcr.io/rust-lang/crates-build-env/linux@sha256:f3a9d4ad9d972b27faf3965f35b62e55ba32bbce8f20bc8fe909558a86702fde" "/opt/rustwide/cargo-home/bin/cargo" "+1.83.0" "build" "--frozen" "--message-format=json", kill_on_drop: false }`
[INFO] [stdout] 3d14fa45d1337c380ec80b2f370fdf2cca75e7cbb06c58a8447df8a652624ff0
[INFO] running `Command { std: "docker" "start" "-a" "3d14fa45d1337c380ec80b2f370fdf2cca75e7cbb06c58a8447df8a652624ff0", kill_on_drop: false }`
[INFO] [stderr] warning: no edition set: defaulting to the 2015 edition while the latest is 2021
[INFO] [stderr]    Compiling autocfg v1.4.0
[INFO] [stderr]    Compiling libc v0.2.168
[INFO] [stderr]    Compiling rand_core v0.4.2
[INFO] [stderr]    Compiling cfg-if v0.1.10
[INFO] [stderr]    Compiling unicode-width v0.1.14
[INFO] [stderr]    Compiling bitflags v1.3.2
[INFO] [stderr]    Compiling memchr v2.7.4
[INFO] [stderr]    Compiling cfg-if v1.0.0
[INFO] [stderr]    Compiling log v0.4.22
[INFO] [stderr]    Compiling rustix v0.38.42
[INFO] [stderr]    Compiling serde v1.0.216
[INFO] [stderr]    Compiling linux-raw-sys v0.4.14
[INFO] [stderr]    Compiling bitflags v2.6.0
[INFO] [stderr]    Compiling pulldown-cmark v0.0.11
[INFO] [stderr]    Compiling regex-syntax v0.8.5
[INFO] [stderr]    Compiling lazycell v1.3.0
[INFO] [stderr]    Compiling same-file v1.0.6
[INFO] [stderr]    Compiling vec_map v0.8.2
[INFO] [stderr]    Compiling textwrap v0.11.0
[INFO] [stderr]    Compiling getopts v0.2.21
[INFO] [stderr]    Compiling iana-time-zone v0.1.61
[INFO] [stderr]    Compiling bitflags v0.8.2
[INFO] [stderr]    Compiling walkdir v2.5.0
[INFO] [stderr]    Compiling fastrand v2.3.0
[INFO] [stderr]    Compiling autocfg v0.1.8
[INFO] [stderr]    Compiling rand_core v0.3.1
[INFO] [stderr]    Compiling rand_jitter v0.1.4
[INFO] [stderr]    Compiling once_cell v1.20.2
[INFO] [stderr]    Compiling rand_hc v0.1.0
[INFO] [stderr]    Compiling rand_isaac v0.1.1
[INFO] [stderr]    Compiling rand_xorshift v0.1.1
[INFO] [stderr]    Compiling ansi_term v0.12.1
[INFO] [stderr]    Compiling strsim v0.8.0
[INFO] [stderr]    Compiling htmlescape v0.3.1
[INFO] [stderr]    Compiling slab v0.4.9
[INFO] [stderr]    Compiling rand_pcg v0.1.2
[INFO] [stderr]    Compiling rand_chacha v0.1.1
[INFO] [stderr]    Compiling num-traits v0.2.19
[INFO] [stderr]    Compiling rand v0.6.5
[INFO] [stderr]    Compiling lazy_static v1.5.0
[INFO] [stderr]    Compiling aho-corasick v1.1.3
[INFO] [stderr]    Compiling fs_extra v1.3.0
[INFO] [stderr]    Compiling chrono v0.4.39
[INFO] [stderr]    Compiling iovec v0.1.4
[INFO] [stderr]    Compiling net2 v0.2.39
[INFO] [stderr]    Compiling rand_os v0.1.3
[INFO] [stderr]    Compiling inotify-sys v0.1.5
[INFO] [stderr]    Compiling atty v0.2.14
[INFO] [stderr]    Compiling filetime v0.2.25
[INFO] [stderr]    Compiling clap v2.34.0
[INFO] [stderr]    Compiling inotify v0.7.1
[INFO] [stderr]    Compiling mio v0.6.23
[INFO] [stderr]    Compiling tempfile v3.14.0
[INFO] [stderr]    Compiling regex-automata v0.4.9
[INFO] [stderr]    Compiling uuid v0.7.4
[INFO] [stderr]    Compiling mio-extras v2.0.6
[INFO] [stderr]    Compiling notify v4.0.18
[INFO] [stderr]    Compiling toml v0.4.10
[INFO] [stderr]    Compiling regex v1.11.1
[INFO] [stderr]    Compiling casaubon v0.3.2 (/opt/rustwide/workdir)
[INFO] [stdout] warning: use of deprecated macro `try`: use the `?` operator instead
[INFO] [stdout]    --> src/lib.rs:208:5
[INFO] [stdout]     |
[INFO] [stdout] 208 |     try!(watcher.watch(&cwd, RecursiveMode::Recursive));
[INFO] [stdout]     |     ^^^
[INFO] [stdout]     |
[INFO] [stdout]     = note: `#[warn(deprecated)]` on by default
[INFO] [stdout] 
[INFO] [stdout] 
[INFO] [stdout] warning: use of deprecated macro `try`: use the `?` operator instead
[INFO] [stdout]    --> src/lib.rs:207:43
[INFO] [stdout]     |
[INFO] [stdout] 207 |     let mut watcher: RecommendedWatcher = try!(Watcher::new(tx, Duration::from_secs(2)));
[INFO] [stdout]     |                                           ^^^
[INFO] [stdout] 
[INFO] [stdout] 
[INFO] [stdout] warning: use of deprecated associated function `chrono::DateTime::<Tz>::from_utc`: Use TimeZone::from_utc_datetime() or DateTime::from_naive_utc_and_offset instead
[INFO] [stdout]  --> src/rss.rs:8:41
[INFO] [stdout]   |
[INFO] [stdout] 8 |     let date: DateTime<Utc> = DateTime::from_utc(post.date.unwrap().and_hms(0, 0, 0), Utc);
[INFO] [stdout]   |                                         ^^^^^^^^
[INFO] [stdout] 
[INFO] [stdout] 
[INFO] [stdout] warning: use of deprecated method `chrono::NaiveDate::and_hms`: use `and_hms_opt()` instead
[INFO] [stdout]  --> src/rss.rs:8:69
[INFO] [stdout]   |
[INFO] [stdout] 8 |     let date: DateTime<Utc> = DateTime::from_utc(post.date.unwrap().and_hms(0, 0, 0), Utc);
[INFO] [stdout]   |                                                                     ^^^^^^^
[INFO] [stdout] 
[INFO] [stdout] 
[INFO] [stdout] warning: panic message is not a string literal
[INFO] [stdout]   --> src/entry.rs:49:28
[INFO] [stdout]    |
[INFO] [stdout] 49 |         Err(err) => panic!(err),
[INFO] [stdout]    |                            ^^^
[INFO] [stdout]    |
[INFO] [stdout]    = note: this usage of `panic!()` is deprecated; it will be a hard error in Rust 2021
[INFO] [stdout]    = note: for more information, see <https://doc.rust-lang.org/nightly/edition-guide/rust-2021/panic-macro-consistency.html>
[INFO] [stdout]    = note: `#[warn(non_fmt_panics)]` on by default
[INFO] [stdout] help: add a "{}" format string to `Display` the message
[INFO] [stdout]    |
[INFO] [stdout] 49 |         Err(err) => panic!("{}", err),
[INFO] [stdout]    |                            +++++
[INFO] [stdout] help: or use std::panic::panic_any instead
[INFO] [stdout]    |
[INFO] [stdout] 49 |         Err(err) => std::panic::panic_any(err),
[INFO] [stdout]    |                     ~~~~~~~~~~~~~~~~~~~~~
[INFO] [stdout] 
[INFO] [stdout] 
[INFO] [stdout] warning: panic message is not a string literal
[INFO] [stdout]    --> src/entry.rs:117:25
[INFO] [stdout]     |
[INFO] [stdout] 117 |             _ => panic!(err),
[INFO] [stdout]     |                         ^^^
[INFO] [stdout]     |
[INFO] [stdout]     = note: this usage of `panic!()` is deprecated; it will be a hard error in Rust 2021
[INFO] [stdout]     = note: for more information, see <https://doc.rust-lang.org/nightly/edition-guide/rust-2021/panic-macro-consistency.html>
[INFO] [stdout] help: add a "{}" format string to `Display` the message
[INFO] [stdout]     |
[INFO] [stdout] 117 |             _ => panic!("{}", err),
[INFO] [stdout]     |                         +++++
[INFO] [stdout] help: or use std::panic::panic_any instead
[INFO] [stdout]     |
[INFO] [stdout] 117 |             _ => std::panic::panic_any(err),
[INFO] [stdout]     |                  ~~~~~~~~~~~~~~~~~~~~~
[INFO] [stdout] 
[INFO] [stdout] 
[INFO] [stderr]     Finished `dev` profile [unoptimized + debuginfo] target(s) in 16.13s
[INFO] [stderr] warning: the following packages contain code that will be rejected by a future version of Rust: bitflags v0.8.2
[INFO] [stderr] note: to see what the problems were, use the option `--future-incompat-report`, or run `cargo report future-incompatibilities --id 1`
[INFO] running `Command { std: "docker" "inspect" "3d14fa45d1337c380ec80b2f370fdf2cca75e7cbb06c58a8447df8a652624ff0", kill_on_drop: false }`
[INFO] running `Command { std: "docker" "rm" "-f" "3d14fa45d1337c380ec80b2f370fdf2cca75e7cbb06c58a8447df8a652624ff0", kill_on_drop: false }`
[INFO] [stdout] 3d14fa45d1337c380ec80b2f370fdf2cca75e7cbb06c58a8447df8a652624ff0
[INFO] running `Command { std: "docker" "create" "-v" "/var/lib/crater-agent-workspace/builds/worker-6-tc1/target:/opt/rustwide/target:rw,Z" "-v" "/var/lib/crater-agent-workspace/builds/worker-6-tc1/source:/opt/rustwide/workdir:ro,Z" "-v" "/var/lib/crater-agent-workspace/cargo-home:/opt/rustwide/cargo-home:ro,Z" "-v" "/var/lib/crater-agent-workspace/rustup-home:/opt/rustwide/rustup-home:ro,Z" "-e" "SOURCE_DIR=/opt/rustwide/workdir" "-e" "CARGO_TARGET_DIR=/opt/rustwide/target" "-e" "CARGO_INCREMENTAL=0" "-e" "RUST_BACKTRACE=full" "-e" "RUSTFLAGS=--cap-lints=warn" "-e" "RUSTDOCFLAGS=--cap-lints=warn" "-e" "CARGO_HOME=/opt/rustwide/cargo-home" "-e" "RUSTUP_HOME=/opt/rustwide/rustup-home" "-w" "/opt/rustwide/workdir" "-m" "1610612736" "--user" "0:0" "--network" "none" "ghcr.io/rust-lang/crates-build-env/linux@sha256:f3a9d4ad9d972b27faf3965f35b62e55ba32bbce8f20bc8fe909558a86702fde" "/opt/rustwide/cargo-home/bin/cargo" "+1.83.0" "test" "--frozen" "--no-run" "--message-format=json", kill_on_drop: false }`
[INFO] [stdout] f63209fc55946432e07c6e5031797deeae64c1477c196cca358a2d8cbe4b5578
[INFO] running `Command { std: "docker" "start" "-a" "f63209fc55946432e07c6e5031797deeae64c1477c196cca358a2d8cbe4b5578", kill_on_drop: false }`
[INFO] [stderr] warning: no edition set: defaulting to the 2015 edition while the latest is 2021
[INFO] [stderr]    Compiling casaubon v0.3.2 (/opt/rustwide/workdir)
[INFO] [stdout] warning: use of deprecated macro `try`: use the `?` operator instead
[INFO] [stdout]    --> src/lib.rs:208:5
[INFO] [stdout]     |
[INFO] [stdout] 208 |     try!(watcher.watch(&cwd, RecursiveMode::Recursive));
[INFO] [stdout]     |     ^^^
[INFO] [stdout]     |
[INFO] [stdout]     = note: `#[warn(deprecated)]` on by default
[INFO] [stdout] 
[INFO] [stdout] 
[INFO] [stdout] warning: use of deprecated macro `try`: use the `?` operator instead
[INFO] [stdout]    --> src/lib.rs:207:43
[INFO] [stdout]     |
[INFO] [stdout] 207 |     let mut watcher: RecommendedWatcher = try!(Watcher::new(tx, Duration::from_secs(2)));
[INFO] [stdout]     |                                           ^^^
[INFO] [stdout] 
[INFO] [stdout] 
[INFO] [stdout] warning: use of deprecated associated function `chrono::DateTime::<Tz>::from_utc`: Use TimeZone::from_utc_datetime() or DateTime::from_naive_utc_and_offset instead
[INFO] [stdout]  --> src/rss.rs:8:41
[INFO] [stdout]   |
[INFO] [stdout] 8 |     let date: DateTime<Utc> = DateTime::from_utc(post.date.unwrap().and_hms(0, 0, 0), Utc);
[INFO] [stdout]   |                                         ^^^^^^^^
[INFO] [stdout] 
[INFO] [stdout] 
[INFO] [stdout] warning: use of deprecated method `chrono::NaiveDate::and_hms`: use `and_hms_opt()` instead
[INFO] [stdout]  --> src/rss.rs:8:69
[INFO] [stdout]   |
[INFO] [stdout] 8 |     let date: DateTime<Utc> = DateTime::from_utc(post.date.unwrap().and_hms(0, 0, 0), Utc);
[INFO] [stdout]   |                                                                     ^^^^^^^
[INFO] [stdout] 
[INFO] [stdout] 
[INFO] [stdout] warning: panic message is not a string literal
[INFO] [stdout]   --> src/entry.rs:49:28
[INFO] [stdout]    |
[INFO] [stdout] 49 |         Err(err) => panic!(err),
[INFO] [stdout]    |                            ^^^
[INFO] [stdout]    |
[INFO] [stdout]    = note: this usage of `panic!()` is deprecated; it will be a hard error in Rust 2021
[INFO] [stdout]    = note: for more information, see <https://doc.rust-lang.org/nightly/edition-guide/rust-2021/panic-macro-consistency.html>
[INFO] [stdout]    = note: `#[warn(non_fmt_panics)]` on by default
[INFO] [stdout] help: add a "{}" format string to `Display` the message
[INFO] [stdout]    |
[INFO] [stdout] 49 |         Err(err) => panic!("{}", err),
[INFO] [stdout]    |                            +++++
[INFO] [stdout] help: or use std::panic::panic_any instead
[INFO] [stdout]    |
[INFO] [stdout] 49 |         Err(err) => std::panic::panic_any(err),
[INFO] [stdout]    |                     ~~~~~~~~~~~~~~~~~~~~~
[INFO] [stdout] 
[INFO] [stdout] 
[INFO] [stdout] warning: panic message is not a string literal
[INFO] [stdout]    --> src/entry.rs:117:25
[INFO] [stdout]     |
[INFO] [stdout] 117 |             _ => panic!(err),
[INFO] [stdout]     |                         ^^^
[INFO] [stdout]     |
[INFO] [stdout]     = note: this usage of `panic!()` is deprecated; it will be a hard error in Rust 2021
[INFO] [stdout]     = note: for more information, see <https://doc.rust-lang.org/nightly/edition-guide/rust-2021/panic-macro-consistency.html>
[INFO] [stdout] help: add a "{}" format string to `Display` the message
[INFO] [stdout]     |
[INFO] [stdout] 117 |             _ => panic!("{}", err),
[INFO] [stdout]     |                         +++++
[INFO] [stdout] help: or use std::panic::panic_any instead
[INFO] [stdout]     |
[INFO] [stdout] 117 |             _ => std::panic::panic_any(err),
[INFO] [stdout]     |                  ~~~~~~~~~~~~~~~~~~~~~
[INFO] [stdout] 
[INFO] [stdout] 
[INFO] [stdout] warning: use of deprecated macro `try`: use the `?` operator instead
[INFO] [stdout]    --> src/lib.rs:208:5
[INFO] [stdout]     |
[INFO] [stdout] 208 |     try!(watcher.watch(&cwd, RecursiveMode::Recursive));
[INFO] [stdout]     |     ^^^
[INFO] [stdout]     |
[INFO] [stdout]     = note: `#[warn(deprecated)]` on by default
[INFO] [stdout] 
[INFO] [stdout] 
[INFO] [stdout] warning: use of deprecated macro `try`: use the `?` operator instead
[INFO] [stdout]    --> src/lib.rs:207:43
[INFO] [stdout]     |
[INFO] [stdout] 207 |     let mut watcher: RecommendedWatcher = try!(Watcher::new(tx, Duration::from_secs(2)));
[INFO] [stdout]     |                                           ^^^
[INFO] [stdout] 
[INFO] [stdout] 
[INFO] [stdout] warning: use of deprecated associated function `chrono::NaiveDate::from_ymd`: use `from_ymd_opt()` instead
[INFO] [stdout]    --> src/entry.rs:194:35
[INFO] [stdout]     |
[INFO] [stdout] 194 |             date: Some(NaiveDate::from_ymd(2019, 1, 1)),
[INFO] [stdout]     |                                   ^^^^^^^^
[INFO] [stdout] 
[INFO] [stdout] 
[INFO] [stdout] warning: use of deprecated associated function `chrono::NaiveDate::from_ymd`: use `from_ymd_opt()` instead
[INFO] [stdout]    --> src/entry.rs:222:39
[INFO] [stdout]     |
[INFO] [stdout] 222 |                 date: Some(NaiveDate::from_ymd(2019, 1, 1)),
[INFO] [stdout]     |                                       ^^^^^^^^
[INFO] [stdout] 
[INFO] [stdout] 
[INFO] [stdout] warning: use of deprecated associated function `chrono::NaiveDate::from_ymd`: use `from_ymd_opt()` instead
[INFO] [stdout]    --> src/entry.rs:229:39
[INFO] [stdout]     |
[INFO] [stdout] 229 |                 date: Some(NaiveDate::from_ymd(2019, 1, 1)),
[INFO] [stdout]     |                                       ^^^^^^^^
[INFO] [stdout] 
[INFO] [stdout] 
[INFO] [stdout] warning: use of deprecated associated function `chrono::NaiveDate::from_ymd`: use `from_ymd_opt()` instead
[INFO] [stdout]    --> src/entry.rs:236:39
[INFO] [stdout]     |
[INFO] [stdout] 236 |                 date: Some(NaiveDate::from_ymd(2019, 1, 1)),
[INFO] [stdout]     |                                       ^^^^^^^^
[INFO] [stdout] 
[INFO] [stdout] 
[INFO] [stdout] warning: use of deprecated associated function `chrono::NaiveDate::from_ymd`: use `from_ymd_opt()` instead
[INFO] [stdout]    --> src/entry.rs:272:35
[INFO] [stdout]     |
[INFO] [stdout] 272 |             date: Some(NaiveDate::from_ymd(2019, 1, 1)),
[INFO] [stdout]     |                                   ^^^^^^^^
[INFO] [stdout] 
[INFO] [stdout] 
[INFO] [stdout] warning: use of deprecated associated function `chrono::NaiveDate::from_ymd`: use `from_ymd_opt()` instead
[INFO] [stdout]    --> src/entry.rs:319:39
[INFO] [stdout]     |
[INFO] [stdout] 319 |                 date: Some(NaiveDate::from_ymd(2019, 1, 1)),
[INFO] [stdout]     |                                       ^^^^^^^^
[INFO] [stdout] 
[INFO] [stdout] 
[INFO] [stdout] warning: use of deprecated associated function `chrono::NaiveDate::from_ymd`: use `from_ymd_opt()` instead
[INFO] [stdout]    --> src/entry.rs:326:39
[INFO] [stdout]     |
[INFO] [stdout] 326 |                 date: Some(NaiveDate::from_ymd(2019, 1, 1)),
[INFO] [stdout]     |                                       ^^^^^^^^
[INFO] [stdout] 
[INFO] [stdout] 
[INFO] [stdout] warning: use of deprecated associated function `chrono::NaiveDate::from_ymd`: use `from_ymd_opt()` instead
[INFO] [stdout]    --> src/entry.rs:333:39
[INFO] [stdout]     |
[INFO] [stdout] 333 |                 date: Some(NaiveDate::from_ymd(2019, 1, 1)),
[INFO] [stdout]     |                                       ^^^^^^^^
[INFO] [stdout] 
[INFO] [stdout] 
[INFO] [stdout] warning: use of deprecated associated function `chrono::NaiveDate::from_ymd`: use `from_ymd_opt()` instead
[INFO] [stdout]    --> src/entry.rs:376:47
[INFO] [stdout]     |
[INFO] [stdout] 376 |         assert_eq!(post.date, Some(NaiveDate::from_ymd(2000, 1, 1)));
[INFO] [stdout]     |                                               ^^^^^^^^
[INFO] [stdout] 
[INFO] [stdout] 
[INFO] [stdout] warning: use of deprecated associated function `chrono::NaiveDate::from_ymd`: use `from_ymd_opt()` instead
[INFO] [stdout]    --> src/entry.rs:401:35
[INFO] [stdout]     |
[INFO] [stdout] 401 |             date: Some(NaiveDate::from_ymd(2000, 1, 1)),
[INFO] [stdout]     |                                   ^^^^^^^^
[INFO] [stdout] 
[INFO] [stdout] 
[INFO] [stdout] warning: use of deprecated associated function `chrono::DateTime::<Tz>::from_utc`: Use TimeZone::from_utc_datetime() or DateTime::from_naive_utc_and_offset instead
[INFO] [stdout]  --> src/rss.rs:8:41
[INFO] [stdout]   |
[INFO] [stdout] 8 |     let date: DateTime<Utc> = DateTime::from_utc(post.date.unwrap().and_hms(0, 0, 0), Utc);
[INFO] [stdout]   |                                         ^^^^^^^^
[INFO] [stdout] 
[INFO] [stdout] 
[INFO] [stdout] warning: use of deprecated method `chrono::NaiveDate::and_hms`: use `and_hms_opt()` instead
[INFO] [stdout]  --> src/rss.rs:8:69
[INFO] [stdout]   |
[INFO] [stdout] 8 |     let date: DateTime<Utc> = DateTime::from_utc(post.date.unwrap().and_hms(0, 0, 0), Utc);
[INFO] [stdout]   |                                                                     ^^^^^^^
[INFO] [stdout] 
[INFO] [stdout] 
[INFO] [stdout] warning: use of deprecated associated function `chrono::NaiveDate::from_ymd`: use `from_ymd_opt()` instead
[INFO] [stdout]   --> src/rss.rs:50:35
[INFO] [stdout]    |
[INFO] [stdout] 50 |             date: Some(NaiveDate::from_ymd(2019, 1, 1)),
[INFO] [stdout]    |                                   ^^^^^^^^
[INFO] [stdout] 
[INFO] [stdout] 
[INFO] [stdout] warning: panic message is not a string literal
[INFO] [stdout]   --> src/entry.rs:49:28
[INFO] [stdout]    |
[INFO] [stdout] 49 |         Err(err) => panic!(err),
[INFO] [stdout]    |                            ^^^
[INFO] [stdout]    |
[INFO] [stdout]    = note: this usage of `panic!()` is deprecated; it will be a hard error in Rust 2021
[INFO] [stdout]    = note: for more information, see <https://doc.rust-lang.org/nightly/edition-guide/rust-2021/panic-macro-consistency.html>
[INFO] [stdout]    = note: `#[warn(non_fmt_panics)]` on by default
[INFO] [stdout] help: add a "{}" format string to `Display` the message
[INFO] [stdout]    |
[INFO] [stdout] 49 |         Err(err) => panic!("{}", err),
[INFO] [stdout]    |                            +++++
[INFO] [stdout] help: or use std::panic::panic_any instead
[INFO] [stdout]    |
[INFO] [stdout] 49 |         Err(err) => std::panic::panic_any(err),
[INFO] [stdout]    |                     ~~~~~~~~~~~~~~~~~~~~~
[INFO] [stdout] 
[INFO] [stdout] 
[INFO] [stdout] warning: panic message is not a string literal
[INFO] [stdout]    --> src/entry.rs:117:25
[INFO] [stdout]     |
[INFO] [stdout] 117 |             _ => panic!(err),
[INFO] [stdout]     |                         ^^^
[INFO] [stdout]     |
[INFO] [stdout]     = note: this usage of `panic!()` is deprecated; it will be a hard error in Rust 2021
[INFO] [stdout]     = note: for more information, see <https://doc.rust-lang.org/nightly/edition-guide/rust-2021/panic-macro-consistency.html>
[INFO] [stdout] help: add a "{}" format string to `Display` the message
[INFO] [stdout]     |
[INFO] [stdout] 117 |             _ => panic!("{}", err),
[INFO] [stdout]     |                         +++++
[INFO] [stdout] help: or use std::panic::panic_any instead
[INFO] [stdout]     |
[INFO] [stdout] 117 |             _ => std::panic::panic_any(err),
[INFO] [stdout]     |                  ~~~~~~~~~~~~~~~~~~~~~
[INFO] [stdout] 
[INFO] [stdout] 
[INFO] [stderr]     Finished `test` profile [unoptimized + debuginfo] target(s) in 2.05s
[INFO] [stderr] warning: the following packages contain code that will be rejected by a future version of Rust: bitflags v0.8.2
[INFO] [stderr] note: to see what the problems were, use the option `--future-incompat-report`, or run `cargo report future-incompatibilities --id 1`
[INFO] running `Command { std: "docker" "inspect" "f63209fc55946432e07c6e5031797deeae64c1477c196cca358a2d8cbe4b5578", kill_on_drop: false }`
[INFO] running `Command { std: "docker" "rm" "-f" "f63209fc55946432e07c6e5031797deeae64c1477c196cca358a2d8cbe4b5578", kill_on_drop: false }`
[INFO] [stdout] f63209fc55946432e07c6e5031797deeae64c1477c196cca358a2d8cbe4b5578
[INFO] running `Command { std: "docker" "create" "-v" "/var/lib/crater-agent-workspace/builds/worker-6-tc1/target:/opt/rustwide/target:rw,Z" "-v" "/var/lib/crater-agent-workspace/builds/worker-6-tc1/source:/opt/rustwide/workdir:ro,Z" "-v" "/var/lib/crater-agent-workspace/cargo-home:/opt/rustwide/cargo-home:ro,Z" "-v" "/var/lib/crater-agent-workspace/rustup-home:/opt/rustwide/rustup-home:ro,Z" "-e" "SOURCE_DIR=/opt/rustwide/workdir" "-e" "CARGO_TARGET_DIR=/opt/rustwide/target" "-e" "CARGO_INCREMENTAL=0" "-e" "RUST_BACKTRACE=full" "-e" "RUSTFLAGS=--cap-lints=warn" "-e" "RUSTDOCFLAGS=--cap-lints=warn" "-e" "CARGO_HOME=/opt/rustwide/cargo-home" "-e" "RUSTUP_HOME=/opt/rustwide/rustup-home" "-w" "/opt/rustwide/workdir" "-m" "1610612736" "--user" "0:0" "--network" "none" "ghcr.io/rust-lang/crates-build-env/linux@sha256:f3a9d4ad9d972b27faf3965f35b62e55ba32bbce8f20bc8fe909558a86702fde" "/opt/rustwide/cargo-home/bin/cargo" "+1.83.0" "test" "--frozen", kill_on_drop: false }`
[INFO] [stdout] 071775c145fa52a933e2fdd1e57138a80e299c9981fe23cea8c0ab7afd7876a2
[INFO] running `Command { std: "docker" "start" "-a" "071775c145fa52a933e2fdd1e57138a80e299c9981fe23cea8c0ab7afd7876a2", kill_on_drop: false }`
[INFO] [stderr] warning: no edition set: defaulting to the 2015 edition while the latest is 2021
[INFO] [stderr] warning: use of deprecated macro `try`: use the `?` operator instead
[INFO] [stderr]    --> src/lib.rs:208:5
[INFO] [stderr]     |
[INFO] [stderr] 208 |     try!(watcher.watch(&cwd, RecursiveMode::Recursive));
[INFO] [stderr]     |     ^^^
[INFO] [stderr]     |
[INFO] [stderr]     = note: `#[warn(deprecated)]` on by default
[INFO] [stderr] 
[INFO] [stderr] warning: use of deprecated macro `try`: use the `?` operator instead
[INFO] [stderr]    --> src/lib.rs:207:43
[INFO] [stderr]     |
[INFO] [stderr] 207 |     let mut watcher: RecommendedWatcher = try!(Watcher::new(tx, Duration::from_secs(2)));
[INFO] [stderr]     |                                           ^^^
[INFO] [stderr] 
[INFO] [stderr] warning: use of deprecated associated function `chrono::DateTime::<Tz>::from_utc`: Use TimeZone::from_utc_datetime() or DateTime::from_naive_utc_and_offset instead
[INFO] [stderr]  --> src/rss.rs:8:41
[INFO] [stderr]   |
[INFO] [stderr] 8 |     let date: DateTime<Utc> = DateTime::from_utc(post.date.unwrap().and_hms(0, 0, 0), Utc);
[INFO] [stderr]   |                                         ^^^^^^^^
[INFO] [stderr] 
[INFO] [stderr] warning: use of deprecated method `chrono::NaiveDate::and_hms`: use `and_hms_opt()` instead
[INFO] [stderr]  --> src/rss.rs:8:69
[INFO] [stderr]   |
[INFO] [stderr] 8 |     let date: DateTime<Utc> = DateTime::from_utc(post.date.unwrap().and_hms(0, 0, 0), Utc);
[INFO] [stderr]   |                                                                     ^^^^^^^
[INFO] [stderr] 
[INFO] [stderr] warning: panic message is not a string literal
[INFO] [stderr]   --> src/entry.rs:49:28
[INFO] [stderr]    |
[INFO] [stderr] 49 |         Err(err) => panic!(err),
[INFO] [stderr]    |                            ^^^
[INFO] [stderr]    |
[INFO] [stderr]    = note: this usage of `panic!()` is deprecated; it will be a hard error in Rust 2021
[INFO] [stderr]    = note: for more information, see <https://doc.rust-lang.org/nightly/edition-guide/rust-2021/panic-macro-consistency.html>
[INFO] [stderr]    = note: `#[warn(non_fmt_panics)]` on by default
[INFO] [stderr] help: add a "{}" format string to `Display` the message
[INFO] [stderr]    |
[INFO] [stderr] 49 |         Err(err) => panic!("{}", err),
[INFO] [stderr]    |                            +++++
[INFO] [stderr] help: or use std::panic::panic_any instead
[INFO] [stderr]    |
[INFO] [stderr] 49 |         Err(err) => std::panic::panic_any(err),
[INFO] [stderr]    |                     ~~~~~~~~~~~~~~~~~~~~~
[INFO] [stderr] 
[INFO] [stderr] warning: panic message is not a string literal
[INFO] [stderr]    --> src/entry.rs:117:25
[INFO] [stderr]     |
[INFO] [stderr] 117 |             _ => panic!(err),
[INFO] [stderr]     |                         ^^^
[INFO] [stderr]     |
[INFO] [stderr]     = note: this usage of `panic!()` is deprecated; it will be a hard error in Rust 2021
[INFO] [stderr]     = note: for more information, see <https://doc.rust-lang.org/nightly/edition-guide/rust-2021/panic-macro-consistency.html>
[INFO] [stderr] help: add a "{}" format string to `Display` the message
[INFO] [stderr]     |
[INFO] [stderr] 117 |             _ => panic!("{}", err),
[INFO] [stderr]     |                         +++++
[INFO] [stderr] help: or use std::panic::panic_any instead
[INFO] [stderr]     |
[INFO] [stderr] 117 |             _ => std::panic::panic_any(err),
[INFO] [stderr]     |                  ~~~~~~~~~~~~~~~~~~~~~
[INFO] [stderr] 
[INFO] [stderr] warning: use of deprecated associated function `chrono::NaiveDate::from_ymd`: use `from_ymd_opt()` instead
[INFO] [stderr]    --> src/entry.rs:194:35
[INFO] [stderr]     |
[INFO] [stderr] 194 |             date: Some(NaiveDate::from_ymd(2019, 1, 1)),
[INFO] [stderr]     |                                   ^^^^^^^^
[INFO] [stderr] 
[INFO] [stderr] warning: use of deprecated associated function `chrono::NaiveDate::from_ymd`: use `from_ymd_opt()` instead
[INFO] [stderr]    --> src/entry.rs:222:39
[INFO] [stderr]     |
[INFO] [stderr] 222 |                 date: Some(NaiveDate::from_ymd(2019, 1, 1)),
[INFO] [stderr]     |                                       ^^^^^^^^
[INFO] [stderr] 
[INFO] [stderr] warning: use of deprecated associated function `chrono::NaiveDate::from_ymd`: use `from_ymd_opt()` instead
[INFO] [stderr]    --> src/entry.rs:229:39
[INFO] [stderr]     |
[INFO] [stderr] 229 |                 date: Some(NaiveDate::from_ymd(2019, 1, 1)),
[INFO] [stderr]     |                                       ^^^^^^^^
[INFO] [stderr] 
[INFO] [stderr] warning: use of deprecated associated function `chrono::NaiveDate::from_ymd`: use `from_ymd_opt()` instead
[INFO] [stderr]    --> src/entry.rs:236:39
[INFO] [stderr]     |
[INFO] [stderr] 236 |                 date: Some(NaiveDate::from_ymd(2019, 1, 1)),
[INFO] [stderr]     |                                       ^^^^^^^^
[INFO] [stderr] 
[INFO] [stderr] warning: use of deprecated associated function `chrono::NaiveDate::from_ymd`: use `from_ymd_opt()` instead
[INFO] [stderr]    --> src/entry.rs:272:35
[INFO] [stderr]     |
[INFO] [stderr] 272 |             date: Some(NaiveDate::from_ymd(2019, 1, 1)),
[INFO] [stderr]     |                                   ^^^^^^^^
[INFO] [stderr] 
[INFO] [stderr] warning: use of deprecated associated function `chrono::NaiveDate::from_ymd`: use `from_ymd_opt()` instead
[INFO] [stderr]    --> src/entry.rs:319:39
[INFO] [stderr]     |
[INFO] [stderr] 319 |                 date: Some(NaiveDate::from_ymd(2019, 1, 1)),
[INFO] [stderr]     |                                       ^^^^^^^^
[INFO] [stderr] 
[INFO] [stderr] warning: use of deprecated associated function `chrono::NaiveDate::from_ymd`: use `from_ymd_opt()` instead
[INFO] [stderr]    --> src/entry.rs:326:39
[INFO] [stderr]     |
[INFO] [stderr] 326 |                 date: Some(NaiveDate::from_ymd(2019, 1, 1)),
[INFO] [stderr]     |                                       ^^^^^^^^
[INFO] [stderr] 
[INFO] [stderr] warning: use of deprecated associated function `chrono::NaiveDate::from_ymd`: use `from_ymd_opt()` instead
[INFO] [stderr]    --> src/entry.rs:333:39
[INFO] [stderr]     |
[INFO] [stderr] 333 |                 date: Some(NaiveDate::from_ymd(2019, 1, 1)),
[INFO] [stderr]     |                                       ^^^^^^^^
[INFO] [stderr] 
[INFO] [stderr] warning: use of deprecated associated function `chrono::NaiveDate::from_ymd`: use `from_ymd_opt()` instead
[INFO] [stderr]    --> src/entry.rs:376:47
[INFO] [stderr]     |
[INFO] [stderr] 376 |         assert_eq!(post.date, Some(NaiveDate::from_ymd(2000, 1, 1)));
[INFO] [stderr]     |                                               ^^^^^^^^
[INFO] [stderr] 
[INFO] [stderr] warning: use of deprecated associated function `chrono::NaiveDate::from_ymd`: use `from_ymd_opt()` instead
[INFO] [stderr]    --> src/entry.rs:401:35
[INFO] [stderr]     |
[INFO] [stderr] 401 |             date: Some(NaiveDate::from_ymd(2000, 1, 1)),
[INFO] [stderr]     |                                   ^^^^^^^^
[INFO] [stderr] 
[INFO] [stderr] warning: use of deprecated associated function `chrono::NaiveDate::from_ymd`: use `from_ymd_opt()` instead
[INFO] [stderr]   --> src/rss.rs:50:35
[INFO] [stderr]    |
[INFO] [stderr] 50 |             date: Some(NaiveDate::from_ymd(2019, 1, 1)),
[INFO] [stderr]    |                                   ^^^^^^^^
[INFO] [stderr] 
[INFO] [stderr] warning: `casaubon` (lib) generated 6 warnings (run `cargo fix --lib -p casaubon` to apply 2 suggestions)
[INFO] [stderr] warning: `casaubon` (lib test) generated 17 warnings (6 duplicates)
[INFO] [stderr]     Finished `test` profile [unoptimized + debuginfo] target(s) in 0.08s
[INFO] [stderr] warning: the following packages contain code that will be rejected by a future version of Rust: bitflags v0.8.2
[INFO] [stderr] note: to see what the problems were, use the option `--future-incompat-report`, or run `cargo report future-incompatibilities --id 1`
[INFO] [stderr]      Running unittests src/lib.rs (/opt/rustwide/target/debug/deps/casaubon-39e1a0b54598be5f)
[INFO] [stdout] 
[INFO] [stdout] running 9 tests
[INFO] [stdout] test entry::tests::test_render_post_listing ... ok
[INFO] [stdout] test entry::tests::test_write_post_listing ... ok
[INFO] [stdout] test entry::tests::test_write_entry ... ok
[INFO] [stdout] test entry::tests::test_render_post ... ok
[INFO] [stdout] test entry::tests::test_display_entry_date ... ok
[INFO] [stdout] test rss::tests::generates_rss_feed ... ok
[INFO] [stdout] test entry::tests::test_parse_page_entry ... ok
[INFO] [stdout] test entry::tests::test_parse_post_entry ... ok
[INFO] [stdout] test tests::test_should_rebuild ... FAILED
[INFO] [stdout] 
[INFO] [stdout] failures:
[INFO] [stdout] 
[INFO] [stdout] ---- tests::test_should_rebuild stdout ----
[INFO] [stdout] thread 'tests::test_should_rebuild' panicked at src/lib.rs:245:38:
[INFO] [stdout] called `Result::unwrap()` on an `Err` value: Os { code: 2, kind: NotFound, message: "No such file or directory" }
[INFO] [stdout] stack backtrace:
[INFO] [stdout]    0:     0x5a9192c4255a - std::backtrace_rs::backtrace::libunwind::trace::h5a5b8284f2d0c266
[INFO] [stdout]                                at /rustc/90b35a6239c3d8bdabc530a6a0816f7ff89a0aaf/library/std/src/../../backtrace/src/backtrace/libunwind.rs:116:5
[INFO] [stdout]    1:     0x5a9192c4255a - std::backtrace_rs::backtrace::trace_unsynchronized::h76d4f1c9b0b875e3
[INFO] [stdout]                                at /rustc/90b35a6239c3d8bdabc530a6a0816f7ff89a0aaf/library/std/src/../../backtrace/src/backtrace/mod.rs:66:5
[INFO] [stdout]    2:     0x5a9192c4255a - std::sys::backtrace::_print_fmt::hc4546b8364a537c6
[INFO] [stdout]                                at /rustc/90b35a6239c3d8bdabc530a6a0816f7ff89a0aaf/library/std/src/sys/backtrace.rs:66:9
[INFO] [stdout]    3:     0x5a9192c4255a - <std::sys::backtrace::BacktraceLock::print::DisplayBacktrace as core::fmt::Display>::fmt::h5b6bd5631a6d1f6b
[INFO] [stdout]                                at /rustc/90b35a6239c3d8bdabc530a6a0816f7ff89a0aaf/library/std/src/sys/backtrace.rs:39:26
[INFO] [stdout]    4:     0x5a9192c68ac3 - core::fmt::rt::Argument::fmt::h270f6602a2b96f62
[INFO] [stdout]                                at /rustc/90b35a6239c3d8bdabc530a6a0816f7ff89a0aaf/library/core/src/fmt/rt.rs:177:76
[INFO] [stdout]    5:     0x5a9192c68ac3 - core::fmt::write::h7550c97b06c86515
[INFO] [stdout]                                at /rustc/90b35a6239c3d8bdabc530a6a0816f7ff89a0aaf/library/core/src/fmt/mod.rs:1186:21
[INFO] [stdout]    6:     0x5a9192c3f523 - std::io::Write::write_fmt::h509ff860e5956e5e
[INFO] [stdout]                                at /rustc/90b35a6239c3d8bdabc530a6a0816f7ff89a0aaf/library/std/src/io/mod.rs:1839:15
[INFO] [stdout]    7:     0x5a9192c423a2 - std::sys::backtrace::BacktraceLock::print::h2395ccd2c84ba3aa
[INFO] [stdout]                                at /rustc/90b35a6239c3d8bdabc530a6a0816f7ff89a0aaf/library/std/src/sys/backtrace.rs:42:9
[INFO] [stdout]    8:     0x5a9192c439ba - std::panicking::default_hook::{{closure}}::he19d4c7230e07961
[INFO] [stdout]                                at /rustc/90b35a6239c3d8bdabc530a6a0816f7ff89a0aaf/library/std/src/panicking.rs:268:22
[INFO] [stdout]    9:     0x5a9192c437c4 - std::panicking::default_hook::hf614597d3c67bbdb
[INFO] [stdout]                                at /rustc/90b35a6239c3d8bdabc530a6a0816f7ff89a0aaf/library/std/src/panicking.rs:292:9
[INFO] [stdout]   10:     0x5a9192905189 - <alloc::boxed::Box<F,A> as core::ops::function::Fn<Args>>::call::h39b51ce4599c23d1
[INFO] [stdout]                                at /rustc/90b35a6239c3d8bdabc530a6a0816f7ff89a0aaf/library/alloc/src/boxed.rs:2468:9
[INFO] [stdout]   11:     0x5a9192905189 - test::test_main::{{closure}}::he977ae839a582784
[INFO] [stdout]                                at /rustc/90b35a6239c3d8bdabc530a6a0816f7ff89a0aaf/library/test/src/lib.rs:133:21
[INFO] [stdout]   12:     0x5a9192c44058 - <alloc::boxed::Box<F,A> as core::ops::function::Fn<Args>>::call::h9455091b6b06f9fb
[INFO] [stdout]                                at /rustc/90b35a6239c3d8bdabc530a6a0816f7ff89a0aaf/library/alloc/src/boxed.rs:2468:9
[INFO] [stdout]   13:     0x5a9192c44058 - std::panicking::rust_panic_with_hook::h8942133a8b252070
[INFO] [stdout]                                at /rustc/90b35a6239c3d8bdabc530a6a0816f7ff89a0aaf/library/std/src/panicking.rs:809:13
[INFO] [stdout]   14:     0x5a9192c43e1a - std::panicking::begin_panic_handler::{{closure}}::hb5f5963570096b29
[INFO] [stdout]                                at /rustc/90b35a6239c3d8bdabc530a6a0816f7ff89a0aaf/library/std/src/panicking.rs:674:13
[INFO] [stdout]   15:     0x5a9192c42a39 - std::sys::backtrace::__rust_end_short_backtrace::h6208cedc1922feda
[INFO] [stdout]                                at /rustc/90b35a6239c3d8bdabc530a6a0816f7ff89a0aaf/library/std/src/sys/backtrace.rs:170:18
[INFO] [stdout]   16:     0x5a9192c43aac - rust_begin_unwind
[INFO] [stdout]                                at /rustc/90b35a6239c3d8bdabc530a6a0816f7ff89a0aaf/library/std/src/panicking.rs:665:5
[INFO] [stdout]   17:     0x5a91928b1280 - core::panicking::panic_fmt::h0c3082644d1bf418
[INFO] [stdout]                                at /rustc/90b35a6239c3d8bdabc530a6a0816f7ff89a0aaf/library/core/src/panicking.rs:74:14
[INFO] [stdout]   18:     0x5a91928b1706 - core::result::unwrap_failed::hd20b4aa073bda1e2
[INFO] [stdout]                                at /rustc/90b35a6239c3d8bdabc530a6a0816f7ff89a0aaf/library/core/src/result.rs:1700:5
[INFO] [stdout]   19:     0x5a91928c0fc7 - core::result::Result<T,E>::unwrap::hafdc70ba168015b1
[INFO] [stdout]                                at /rustc/90b35a6239c3d8bdabc530a6a0816f7ff89a0aaf/library/core/src/result.rs:1104:23
[INFO] [stdout]   20:     0x5a91928c0fc7 - casaubon::tests::test_should_rebuild::hf6c9ad9742ce7dbc
[INFO] [stdout]                                at /opt/rustwide/workdir/src/lib.rs:245:19
[INFO] [stdout]   21:     0x5a91928c0f37 - casaubon::tests::test_should_rebuild::{{closure}}::ha99e5d33c7120ba7
[INFO] [stdout]                                at /opt/rustwide/workdir/src/lib.rs:244:29
[INFO] [stdout]   22:     0x5a91928c3f26 - core::ops::function::FnOnce::call_once::hd79b144c708496fb
[INFO] [stdout]                                at /rustc/90b35a6239c3d8bdabc530a6a0816f7ff89a0aaf/library/core/src/ops/function.rs:250:5
[INFO] [stdout]   23:     0x5a9192909b4b - core::ops::function::FnOnce::call_once::h109cf8051a59b34e
[INFO] [stdout]                                at /rustc/90b35a6239c3d8bdabc530a6a0816f7ff89a0aaf/library/core/src/ops/function.rs:250:5
[INFO] [stdout]   24:     0x5a9192909b4b - test::__rust_begin_short_backtrace::hf4fff89d377446ba
[INFO] [stdout]                                at /rustc/90b35a6239c3d8bdabc530a6a0816f7ff89a0aaf/library/test/src/lib.rs:621:18
[INFO] [stdout]   25:     0x5a9192909387 - test::run_test_in_process::{{closure}}::h0e39181dd7ee5a43
[INFO] [stdout]                                at /rustc/90b35a6239c3d8bdabc530a6a0816f7ff89a0aaf/library/test/src/lib.rs:644:60
[INFO] [stdout]   26:     0x5a9192909387 - <core::panic::unwind_safe::AssertUnwindSafe<F> as core::ops::function::FnOnce<()>>::call_once::hc5a66a30f0bdfd1f
[INFO] [stdout]                                at /rustc/90b35a6239c3d8bdabc530a6a0816f7ff89a0aaf/library/core/src/panic/unwind_safe.rs:272:9
[INFO] [stdout]   27:     0x5a9192909387 - std::panicking::try::do_call::h873b7cf639554a5e
[INFO] [stdout]                                at /rustc/90b35a6239c3d8bdabc530a6a0816f7ff89a0aaf/library/std/src/panicking.rs:557:40
[INFO] [stdout]   28:     0x5a9192909387 - std::panicking::try::hdb19862fad9c8bd1
[INFO] [stdout]                                at /rustc/90b35a6239c3d8bdabc530a6a0816f7ff89a0aaf/library/std/src/panicking.rs:520:19
[INFO] [stdout]   29:     0x5a9192909387 - std::panic::catch_unwind::h281fe732d236d260
[INFO] [stdout]                                at /rustc/90b35a6239c3d8bdabc530a6a0816f7ff89a0aaf/library/std/src/panic.rs:358:14
[INFO] [stdout]   30:     0x5a9192909387 - test::run_test_in_process::h949b6df8457ed338
[INFO] [stdout]                                at /rustc/90b35a6239c3d8bdabc530a6a0816f7ff89a0aaf/library/test/src/lib.rs:644:27
[INFO] [stdout]   31:     0x5a9192909387 - test::run_test::{{closure}}::h52c556a6d4740e10
[INFO] [stdout]                                at /rustc/90b35a6239c3d8bdabc530a6a0816f7ff89a0aaf/library/test/src/lib.rs:565:43
[INFO] [stdout]   32:     0x5a91928ce664 - test::run_test::{{closure}}::h4237f6381c45ccb9
[INFO] [stdout]                                at /rustc/90b35a6239c3d8bdabc530a6a0816f7ff89a0aaf/library/test/src/lib.rs:595:41
[INFO] [stdout]   33:     0x5a91928ce664 - std::sys::backtrace::__rust_begin_short_backtrace::h505c97a579eca628
[INFO] [stdout]                                at /rustc/90b35a6239c3d8bdabc530a6a0816f7ff89a0aaf/library/std/src/sys/backtrace.rs:154:18
[INFO] [stdout]   34:     0x5a91928d1d2e - std::thread::Builder::spawn_unchecked_::{{closure}}::{{closure}}::h9e86b2e2bc107ea3
[INFO] [stdout]                                at /rustc/90b35a6239c3d8bdabc530a6a0816f7ff89a0aaf/library/std/src/thread/mod.rs:538:17
[INFO] [stdout]   35:     0x5a91928d1d2e - <core::panic::unwind_safe::AssertUnwindSafe<F> as core::ops::function::FnOnce<()>>::call_once::h8b06ddb275ff4a25
[INFO] [stdout]                                at /rustc/90b35a6239c3d8bdabc530a6a0816f7ff89a0aaf/library/core/src/panic/unwind_safe.rs:272:9
[INFO] [stdout]   36:     0x5a91928d1d2e - std::panicking::try::do_call::hb26ecd7cd9a9355d
[INFO] [stdout]                                at /rustc/90b35a6239c3d8bdabc530a6a0816f7ff89a0aaf/library/std/src/panicking.rs:557:40
[INFO] [stdout]   37:     0x5a91928d1d2e - std::panicking::try::h8ddeca9d705f9069
[INFO] [stdout]                                at /rustc/90b35a6239c3d8bdabc530a6a0816f7ff89a0aaf/library/std/src/panicking.rs:520:19
[INFO] [stdout]   38:     0x5a91928d1d2e - std::panic::catch_unwind::h49e1c33078844c46
[INFO] [stdout]                                at /rustc/90b35a6239c3d8bdabc530a6a0816f7ff89a0aaf/library/std/src/panic.rs:358:14
[INFO] [stdout]   39:     0x5a91928d1d2e - std::thread::Builder::spawn_unchecked_::{{closure}}::h6073db6ff56ad35d
[INFO] [stdout]                                at /rustc/90b35a6239c3d8bdabc530a6a0816f7ff89a0aaf/library/std/src/thread/mod.rs:537:30
[INFO] [stdout]   40:     0x5a91928d1d2e - core::ops::function::FnOnce::call_once{{vtable.shim}}::h2c5a5f3779c774f1
[INFO] [stdout]                                at /rustc/90b35a6239c3d8bdabc530a6a0816f7ff89a0aaf/library/core/src/ops/function.rs:250:5
[INFO] [stdout]   41:     0x5a9192c4887b - <alloc::boxed::Box<F,A> as core::ops::function::FnOnce<Args>>::call_once::hf75717d9f28faebf
[INFO] [stdout]                                at /rustc/90b35a6239c3d8bdabc530a6a0816f7ff89a0aaf/library/alloc/src/boxed.rs:2454:9
[INFO] [stdout]   42:     0x5a9192c4887b - <alloc::boxed::Box<F,A> as core::ops::function::FnOnce<Args>>::call_once::h7bd883a5f3c5f3c1
[INFO] [stdout]                                at /rustc/90b35a6239c3d8bdabc530a6a0816f7ff89a0aaf/library/alloc/src/boxed.rs:2454:9
[INFO] [stdout]   43:     0x5a9192c4887b - std::sys::pal::unix::thread::Thread::new::thread_start::hcc78f3943333fa94
[INFO] [stdout]                                at /rustc/90b35a6239c3d8bdabc530a6a0816f7ff89a0aaf/library/std/src/sys/pal/unix/thread.rs:105:17
[INFO] [stdout]   44:     0x7e78e065bac3 - <unknown>
[INFO] [stdout]   45:     0x7e78e06eca04 - clone
[INFO] [stdout]   46:                0x0 - <unknown>
[INFO] [stdout] 
[INFO] [stdout] 
[INFO] [stdout] failures:
[INFO] [stdout]     tests::test_should_rebuild
[INFO] [stdout] 
[INFO] [stdout] test result: FAILED. 8 passed; 1 failed; 0 ignored; 0 measured; 0 filtered out; finished in 0.04s
[INFO] [stdout] 
[INFO] [stderr] error: test failed, to rerun pass `--lib`
[INFO] running `Command { std: "docker" "inspect" "071775c145fa52a933e2fdd1e57138a80e299c9981fe23cea8c0ab7afd7876a2", kill_on_drop: false }`
[INFO] running `Command { std: "docker" "rm" "-f" "071775c145fa52a933e2fdd1e57138a80e299c9981fe23cea8c0ab7afd7876a2", kill_on_drop: false }`
[INFO] [stdout] 071775c145fa52a933e2fdd1e57138a80e299c9981fe23cea8c0ab7afd7876a2
