[INFO] fetching crate cargo_docs_fen 0.1.1...
[INFO] testing cargo_docs_fen-0.1.1 against beta-2024-12-08 for beta-1.84.0-4-retry
[INFO] extracting crate cargo_docs_fen 0.1.1 into /workspace/builds/worker-6-tc2/source
[INFO] validating manifest of crates.io crate cargo_docs_fen 0.1.1 on toolchain beta-2024-12-08
[INFO] running `Command { std: CARGO_HOME="/workspace/cargo-home" RUSTUP_HOME="/workspace/rustup-home" "/workspace/cargo-home/bin/cargo" "+beta-2024-12-08" "metadata" "--manifest-path" "Cargo.toml" "--no-deps", kill_on_drop: false }`
[INFO] started tweaking crates.io crate cargo_docs_fen 0.1.1
[INFO] finished tweaking crates.io crate cargo_docs_fen 0.1.1
[INFO] tweaked toml for crates.io crate cargo_docs_fen 0.1.1 written to /workspace/builds/worker-6-tc2/source/Cargo.toml
[INFO] crate crates.io crate cargo_docs_fen 0.1.1 already has a lockfile, it will not be regenerated
[INFO] running `Command { std: CARGO_HOME="/workspace/cargo-home" RUSTUP_HOME="/workspace/rustup-home" "/workspace/cargo-home/bin/cargo" "+beta-2024-12-08" "fetch" "--manifest-path" "Cargo.toml", kill_on_drop: false }`
[INFO] running `Command { std: "docker" "create" "-v" "/var/lib/crater-agent-workspace/builds/worker-6-tc2/target:/opt/rustwide/target:rw,Z" "-v" "/var/lib/crater-agent-workspace/builds/worker-6-tc2/source:/opt/rustwide/workdir:ro,Z" "-v" "/var/lib/crater-agent-workspace/cargo-home:/opt/rustwide/cargo-home:ro,Z" "-v" "/var/lib/crater-agent-workspace/rustup-home:/opt/rustwide/rustup-home:ro,Z" "-e" "SOURCE_DIR=/opt/rustwide/workdir" "-e" "CARGO_TARGET_DIR=/opt/rustwide/target" "-e" "CARGO_HOME=/opt/rustwide/cargo-home" "-e" "RUSTUP_HOME=/opt/rustwide/rustup-home" "-w" "/opt/rustwide/workdir" "-m" "1610612736" "--user" "0:0" "--network" "none" "ghcr.io/rust-lang/crates-build-env/linux@sha256:f3a9d4ad9d972b27faf3965f35b62e55ba32bbce8f20bc8fe909558a86702fde" "/opt/rustwide/cargo-home/bin/cargo" "+beta-2024-12-08" "metadata" "--no-deps" "--format-version=1", kill_on_drop: false }`
[INFO] [stdout] f99fc72d238eee9ed2d72381fb36af08006e249f67bb932e0cd3e65305b5c2da
[INFO] running `Command { std: "docker" "start" "-a" "f99fc72d238eee9ed2d72381fb36af08006e249f67bb932e0cd3e65305b5c2da", kill_on_drop: false }`
[INFO] running `Command { std: "docker" "inspect" "f99fc72d238eee9ed2d72381fb36af08006e249f67bb932e0cd3e65305b5c2da", kill_on_drop: false }`
[INFO] running `Command { std: "docker" "rm" "-f" "f99fc72d238eee9ed2d72381fb36af08006e249f67bb932e0cd3e65305b5c2da", kill_on_drop: false }`
[INFO] [stdout] f99fc72d238eee9ed2d72381fb36af08006e249f67bb932e0cd3e65305b5c2da
[INFO] running `Command { std: "docker" "create" "-v" "/var/lib/crater-agent-workspace/builds/worker-6-tc2/target:/opt/rustwide/target:rw,Z" "-v" "/var/lib/crater-agent-workspace/builds/worker-6-tc2/source:/opt/rustwide/workdir:ro,Z" "-v" "/var/lib/crater-agent-workspace/cargo-home:/opt/rustwide/cargo-home:ro,Z" "-v" "/var/lib/crater-agent-workspace/rustup-home:/opt/rustwide/rustup-home:ro,Z" "-e" "SOURCE_DIR=/opt/rustwide/workdir" "-e" "CARGO_TARGET_DIR=/opt/rustwide/target" "-e" "CARGO_INCREMENTAL=0" "-e" "RUST_BACKTRACE=full" "-e" "RUSTFLAGS=--cap-lints=warn" "-e" "RUSTDOCFLAGS=--cap-lints=warn" "-e" "CARGO_HOME=/opt/rustwide/cargo-home" "-e" "RUSTUP_HOME=/opt/rustwide/rustup-home" "-w" "/opt/rustwide/workdir" "-m" "1610612736" "--user" "0:0" "--network" "none" "ghcr.io/rust-lang/crates-build-env/linux@sha256:f3a9d4ad9d972b27faf3965f35b62e55ba32bbce8f20bc8fe909558a86702fde" "/opt/rustwide/cargo-home/bin/cargo" "+beta-2024-12-08" "build" "--frozen" "--message-format=json", kill_on_drop: false }`
[INFO] [stdout] f9945ddc3b37374867475b11f2cb8204ca02ab94adef245d6b932f49d11217a5
[INFO] running `Command { std: "docker" "start" "-a" "f9945ddc3b37374867475b11f2cb8204ca02ab94adef245d6b932f49d11217a5", kill_on_drop: false }`
[INFO] [stderr]    Compiling cargo_docs_fen v0.1.1 (/opt/rustwide/workdir)
[INFO] [stderr]     Finished `dev` profile [unoptimized + debuginfo] target(s) in 0.29s
[INFO] running `Command { std: "docker" "inspect" "f9945ddc3b37374867475b11f2cb8204ca02ab94adef245d6b932f49d11217a5", kill_on_drop: false }`
[INFO] running `Command { std: "docker" "rm" "-f" "f9945ddc3b37374867475b11f2cb8204ca02ab94adef245d6b932f49d11217a5", kill_on_drop: false }`
[INFO] [stdout] f9945ddc3b37374867475b11f2cb8204ca02ab94adef245d6b932f49d11217a5
[INFO] running `Command { std: "docker" "create" "-v" "/var/lib/crater-agent-workspace/builds/worker-6-tc2/target:/opt/rustwide/target:rw,Z" "-v" "/var/lib/crater-agent-workspace/builds/worker-6-tc2/source:/opt/rustwide/workdir:ro,Z" "-v" "/var/lib/crater-agent-workspace/cargo-home:/opt/rustwide/cargo-home:ro,Z" "-v" "/var/lib/crater-agent-workspace/rustup-home:/opt/rustwide/rustup-home:ro,Z" "-e" "SOURCE_DIR=/opt/rustwide/workdir" "-e" "CARGO_TARGET_DIR=/opt/rustwide/target" "-e" "CARGO_INCREMENTAL=0" "-e" "RUST_BACKTRACE=full" "-e" "RUSTFLAGS=--cap-lints=warn" "-e" "RUSTDOCFLAGS=--cap-lints=warn" "-e" "CARGO_HOME=/opt/rustwide/cargo-home" "-e" "RUSTUP_HOME=/opt/rustwide/rustup-home" "-w" "/opt/rustwide/workdir" "-m" "1610612736" "--user" "0:0" "--network" "none" "ghcr.io/rust-lang/crates-build-env/linux@sha256:f3a9d4ad9d972b27faf3965f35b62e55ba32bbce8f20bc8fe909558a86702fde" "/opt/rustwide/cargo-home/bin/cargo" "+beta-2024-12-08" "test" "--frozen" "--no-run" "--message-format=json", kill_on_drop: false }`
[INFO] [stdout] 3c6d9bb7ff9f19ae2dc2200e0c92f4be581176e0f3e706e14537b06cc819b11b
[INFO] running `Command { std: "docker" "start" "-a" "3c6d9bb7ff9f19ae2dc2200e0c92f4be581176e0f3e706e14537b06cc819b11b", kill_on_drop: false }`
[INFO] [stderr]    Compiling cargo_docs_fen v0.1.1 (/opt/rustwide/workdir)
[INFO] [stderr]     Finished `test` profile [unoptimized + debuginfo] target(s) in 0.42s
[INFO] running `Command { std: "docker" "inspect" "3c6d9bb7ff9f19ae2dc2200e0c92f4be581176e0f3e706e14537b06cc819b11b", kill_on_drop: false }`
[INFO] running `Command { std: "docker" "rm" "-f" "3c6d9bb7ff9f19ae2dc2200e0c92f4be581176e0f3e706e14537b06cc819b11b", kill_on_drop: false }`
[INFO] [stdout] 3c6d9bb7ff9f19ae2dc2200e0c92f4be581176e0f3e706e14537b06cc819b11b
[INFO] running `Command { std: "docker" "create" "-v" "/var/lib/crater-agent-workspace/builds/worker-6-tc2/target:/opt/rustwide/target:rw,Z" "-v" "/var/lib/crater-agent-workspace/builds/worker-6-tc2/source:/opt/rustwide/workdir:ro,Z" "-v" "/var/lib/crater-agent-workspace/cargo-home:/opt/rustwide/cargo-home:ro,Z" "-v" "/var/lib/crater-agent-workspace/rustup-home:/opt/rustwide/rustup-home:ro,Z" "-e" "SOURCE_DIR=/opt/rustwide/workdir" "-e" "CARGO_TARGET_DIR=/opt/rustwide/target" "-e" "CARGO_INCREMENTAL=0" "-e" "RUST_BACKTRACE=full" "-e" "RUSTFLAGS=--cap-lints=warn" "-e" "RUSTDOCFLAGS=--cap-lints=warn" "-e" "CARGO_HOME=/opt/rustwide/cargo-home" "-e" "RUSTUP_HOME=/opt/rustwide/rustup-home" "-w" "/opt/rustwide/workdir" "-m" "1610612736" "--user" "0:0" "--network" "none" "ghcr.io/rust-lang/crates-build-env/linux@sha256:f3a9d4ad9d972b27faf3965f35b62e55ba32bbce8f20bc8fe909558a86702fde" "/opt/rustwide/cargo-home/bin/cargo" "+beta-2024-12-08" "test" "--frozen", kill_on_drop: false }`
[INFO] [stdout] 55a604961da78bbc14d5a31be7530503a2cf47c65557ea11a222a9d193fb06c5
[INFO] running `Command { std: "docker" "start" "-a" "55a604961da78bbc14d5a31be7530503a2cf47c65557ea11a222a9d193fb06c5", kill_on_drop: false }`
[INFO] [stderr]     Finished `test` profile [unoptimized + debuginfo] target(s) in 0.01s
[INFO] [stderr]      Running unittests src/lib.rs (/opt/rustwide/target/debug/deps/cargo_docs_fen-be345a1554fec073)
[INFO] [stdout] 
[INFO] [stdout] running 0 tests
[INFO] [stdout] 
[INFO] [stderr]      Running unittests src/main.rs (/opt/rustwide/target/debug/deps/cargo_docs_fen-62a33387370b1997)
[INFO] [stdout] test result: ok. 0 passed; 0 failed; 0 ignored; 0 measured; 0 filtered out; finished in 0.00s
[INFO] [stdout] 
[INFO] [stdout] 
[INFO] [stdout] running 0 tests
[INFO] [stdout] 
[INFO] [stdout] test result: ok. 0 passed; 0 failed; 0 ignored; 0 measured; 0 filtered out; finished in 0.00s
[INFO] [stdout] 
[INFO] [stderr]    Doc-tests cargo_docs_fen
[INFO] [stdout] 
[INFO] [stdout] running 2 tests
[INFO] [stdout] test src/lib.rs - Test (line 9) ... FAILED
[INFO] [stdout] test src/lib.rs - test (line 25) ... FAILED
[INFO] [stdout] 
[INFO] [stdout] failures:
[INFO] [stdout] 
[INFO] [stdout] ---- src/lib.rs - Test (line 9) stdout ----
[INFO] [stdout] error[E0432]: unresolved import `cargo_docs`
[INFO] [stdout]  --> src/lib.rs:10:5
[INFO] [stdout]   |
[INFO] [stdout] 3 | use cargo_docs::Test;
[INFO] [stdout]   |     ^^^^^^^^^^ use of undeclared crate or module `cargo_docs`
[INFO] [stdout] 
[INFO] [stdout] error: aborting due to 1 previous error
[INFO] [stdout] 
[INFO] [stdout] For more information about this error, try `rustc --explain E0432`.
[INFO] [stdout] Couldn't compile the test.
[INFO] [stdout] ---- src/lib.rs - test (line 25) stdout ----
[INFO] [stdout] error[E0432]: unresolved import `cargo_docs`
[INFO] [stdout]  --> src/lib.rs:26:5
[INFO] [stdout]   |
[INFO] [stdout] 3 | use cargo_docs::Test;
[INFO] [stdout]   |     ^^^^^^^^^^ use of undeclared crate or module `cargo_docs`
[INFO] [stdout] 
[INFO] [stdout] error[E0432]: unresolved import `cargo_docs`
[INFO] [stdout]  --> src/lib.rs:27:5
[INFO] [stdout]   |
[INFO] [stdout] 4 | use cargo_docs::test;
[INFO] [stdout]   |     ^^^^^^^^^^ use of undeclared crate or module `cargo_docs`
[INFO] [stdout] 
[INFO] [stdout] error: aborting due to 2 previous errors
[INFO] [stdout] 
[INFO] [stdout] For more information about this error, try `rustc --explain E0432`.
[INFO] [stdout] Couldn't compile the test.
[INFO] [stdout] 
[INFO] [stdout] failures:
[INFO] [stdout]     src/lib.rs - Test (line 9)
[INFO] [stdout]     src/lib.rs - test (line 25)
[INFO] [stdout] 
[INFO] [stdout] test result: FAILED. 0 passed; 2 failed; 0 ignored; 0 measured; 0 filtered out; finished in 0.10s
[INFO] [stdout] 
[INFO] [stderr] error: doctest failed, to rerun pass `--doc`
[INFO] running `Command { std: "docker" "inspect" "55a604961da78bbc14d5a31be7530503a2cf47c65557ea11a222a9d193fb06c5", kill_on_drop: false }`
[INFO] running `Command { std: "docker" "rm" "-f" "55a604961da78bbc14d5a31be7530503a2cf47c65557ea11a222a9d193fb06c5", kill_on_drop: false }`
[INFO] [stdout] 55a604961da78bbc14d5a31be7530503a2cf47c65557ea11a222a9d193fb06c5
