[INFO] fetching crate cargoPublishLRC 0.0.2...
[INFO] testing cargoPublishLRC-0.0.2 against 1.83.0 for beta-1.84.0-4-retry
[INFO] extracting crate cargoPublishLRC 0.0.2 into /workspace/builds/worker-4-tc1/source
[INFO] validating manifest of crates.io crate cargoPublishLRC 0.0.2 on toolchain 1.83.0
[INFO] running `Command { std: CARGO_HOME="/workspace/cargo-home" RUSTUP_HOME="/workspace/rustup-home" "/workspace/cargo-home/bin/cargo" "+1.83.0" "metadata" "--manifest-path" "Cargo.toml" "--no-deps", kill_on_drop: false }`
[INFO] started tweaking crates.io crate cargoPublishLRC 0.0.2
[INFO] finished tweaking crates.io crate cargoPublishLRC 0.0.2
[INFO] tweaked toml for crates.io crate cargoPublishLRC 0.0.2 written to /workspace/builds/worker-4-tc1/source/Cargo.toml
[INFO] crate crates.io crate cargoPublishLRC 0.0.2 already has a lockfile, it will not be regenerated
[INFO] running `Command { std: CARGO_HOME="/workspace/cargo-home" RUSTUP_HOME="/workspace/rustup-home" "/workspace/cargo-home/bin/cargo" "+1.83.0" "fetch" "--manifest-path" "Cargo.toml", kill_on_drop: false }`
[INFO] running `Command { std: "docker" "create" "-v" "/var/lib/crater-agent-workspace/builds/worker-4-tc1/target:/opt/rustwide/target:rw,Z" "-v" "/var/lib/crater-agent-workspace/builds/worker-4-tc1/source:/opt/rustwide/workdir:ro,Z" "-v" "/var/lib/crater-agent-workspace/cargo-home:/opt/rustwide/cargo-home:ro,Z" "-v" "/var/lib/crater-agent-workspace/rustup-home:/opt/rustwide/rustup-home:ro,Z" "-e" "SOURCE_DIR=/opt/rustwide/workdir" "-e" "CARGO_TARGET_DIR=/opt/rustwide/target" "-e" "CARGO_HOME=/opt/rustwide/cargo-home" "-e" "RUSTUP_HOME=/opt/rustwide/rustup-home" "-w" "/opt/rustwide/workdir" "-m" "1610612736" "--user" "0:0" "--network" "none" "ghcr.io/rust-lang/crates-build-env/linux@sha256:f3a9d4ad9d972b27faf3965f35b62e55ba32bbce8f20bc8fe909558a86702fde" "/opt/rustwide/cargo-home/bin/cargo" "+1.83.0" "metadata" "--no-deps" "--format-version=1", kill_on_drop: false }`
[INFO] [stdout] 613a8518afc50b4de4dfd1c90bf4d3f0cc47ed1ff6802ef2db50ca23c588331d
[INFO] running `Command { std: "docker" "start" "-a" "613a8518afc50b4de4dfd1c90bf4d3f0cc47ed1ff6802ef2db50ca23c588331d", kill_on_drop: false }`
[INFO] running `Command { std: "docker" "inspect" "613a8518afc50b4de4dfd1c90bf4d3f0cc47ed1ff6802ef2db50ca23c588331d", kill_on_drop: false }`
[INFO] running `Command { std: "docker" "rm" "-f" "613a8518afc50b4de4dfd1c90bf4d3f0cc47ed1ff6802ef2db50ca23c588331d", kill_on_drop: false }`
[INFO] [stdout] 613a8518afc50b4de4dfd1c90bf4d3f0cc47ed1ff6802ef2db50ca23c588331d
[INFO] running `Command { std: "docker" "create" "-v" "/var/lib/crater-agent-workspace/builds/worker-4-tc1/target:/opt/rustwide/target:rw,Z" "-v" "/var/lib/crater-agent-workspace/builds/worker-4-tc1/source:/opt/rustwide/workdir:ro,Z" "-v" "/var/lib/crater-agent-workspace/cargo-home:/opt/rustwide/cargo-home:ro,Z" "-v" "/var/lib/crater-agent-workspace/rustup-home:/opt/rustwide/rustup-home:ro,Z" "-e" "SOURCE_DIR=/opt/rustwide/workdir" "-e" "CARGO_TARGET_DIR=/opt/rustwide/target" "-e" "CARGO_INCREMENTAL=0" "-e" "RUST_BACKTRACE=full" "-e" "RUSTFLAGS=--cap-lints=warn" "-e" "RUSTDOCFLAGS=--cap-lints=warn" "-e" "CARGO_HOME=/opt/rustwide/cargo-home" "-e" "RUSTUP_HOME=/opt/rustwide/rustup-home" "-w" "/opt/rustwide/workdir" "-m" "1610612736" "--user" "0:0" "--network" "none" "ghcr.io/rust-lang/crates-build-env/linux@sha256:f3a9d4ad9d972b27faf3965f35b62e55ba32bbce8f20bc8fe909558a86702fde" "/opt/rustwide/cargo-home/bin/cargo" "+1.83.0" "build" "--frozen" "--message-format=json", kill_on_drop: false }`
[INFO] [stdout] 6ee6810e3ca9194e9d64b747f8992e433f80e0f2d15b52929b4c96387165e623
[INFO] running `Command { std: "docker" "start" "-a" "6ee6810e3ca9194e9d64b747f8992e433f80e0f2d15b52929b4c96387165e623", kill_on_drop: false }`
[INFO] [stderr]    Compiling cargoPublishLRC v0.0.2 (/opt/rustwide/workdir)
[INFO] [stdout] warning: crate `cargoPublishLRC` should have a snake case name
[INFO] [stdout]   |
[INFO] [stdout]   = help: convert the identifier to snake case: `cargo_publish_lrc`
[INFO] [stdout]   = note: `#[warn(non_snake_case)]` on by default
[INFO] [stdout] 
[INFO] [stdout] 
[INFO] [stderr]     Finished `dev` profile [unoptimized + debuginfo] target(s) in 0.43s
[INFO] running `Command { std: "docker" "inspect" "6ee6810e3ca9194e9d64b747f8992e433f80e0f2d15b52929b4c96387165e623", kill_on_drop: false }`
[INFO] running `Command { std: "docker" "rm" "-f" "6ee6810e3ca9194e9d64b747f8992e433f80e0f2d15b52929b4c96387165e623", kill_on_drop: false }`
[INFO] [stdout] 6ee6810e3ca9194e9d64b747f8992e433f80e0f2d15b52929b4c96387165e623
[INFO] running `Command { std: "docker" "create" "-v" "/var/lib/crater-agent-workspace/builds/worker-4-tc1/target:/opt/rustwide/target:rw,Z" "-v" "/var/lib/crater-agent-workspace/builds/worker-4-tc1/source:/opt/rustwide/workdir:ro,Z" "-v" "/var/lib/crater-agent-workspace/cargo-home:/opt/rustwide/cargo-home:ro,Z" "-v" "/var/lib/crater-agent-workspace/rustup-home:/opt/rustwide/rustup-home:ro,Z" "-e" "SOURCE_DIR=/opt/rustwide/workdir" "-e" "CARGO_TARGET_DIR=/opt/rustwide/target" "-e" "CARGO_INCREMENTAL=0" "-e" "RUST_BACKTRACE=full" "-e" "RUSTFLAGS=--cap-lints=warn" "-e" "RUSTDOCFLAGS=--cap-lints=warn" "-e" "CARGO_HOME=/opt/rustwide/cargo-home" "-e" "RUSTUP_HOME=/opt/rustwide/rustup-home" "-w" "/opt/rustwide/workdir" "-m" "1610612736" "--user" "0:0" "--network" "none" "ghcr.io/rust-lang/crates-build-env/linux@sha256:f3a9d4ad9d972b27faf3965f35b62e55ba32bbce8f20bc8fe909558a86702fde" "/opt/rustwide/cargo-home/bin/cargo" "+1.83.0" "test" "--frozen" "--no-run" "--message-format=json", kill_on_drop: false }`
[INFO] [stdout] c1556f7dae763a24b0df8bc8f0fc619ac5869d15a912b0389feee43737fa1811
[INFO] running `Command { std: "docker" "start" "-a" "c1556f7dae763a24b0df8bc8f0fc619ac5869d15a912b0389feee43737fa1811", kill_on_drop: false }`
[INFO] [stdout] warning: crate `cargoPublishLRC` should have a snake case name
[INFO] [stdout]   |
[INFO] [stdout]   = help: convert the identifier to snake case: `cargo_publish_lrc`
[INFO] [stdout]   = note: `#[warn(non_snake_case)]` on by default
[INFO] [stdout] 
[INFO] [stdout] 
[INFO] [stderr]    Compiling cargoPublishLRC v0.0.2 (/opt/rustwide/workdir)
[INFO] [stderr]     Finished `test` profile [unoptimized + debuginfo] target(s) in 0.55s
[INFO] running `Command { std: "docker" "inspect" "c1556f7dae763a24b0df8bc8f0fc619ac5869d15a912b0389feee43737fa1811", kill_on_drop: false }`
[INFO] running `Command { std: "docker" "rm" "-f" "c1556f7dae763a24b0df8bc8f0fc619ac5869d15a912b0389feee43737fa1811", kill_on_drop: false }`
[INFO] [stdout] c1556f7dae763a24b0df8bc8f0fc619ac5869d15a912b0389feee43737fa1811
[INFO] running `Command { std: "docker" "create" "-v" "/var/lib/crater-agent-workspace/builds/worker-4-tc1/target:/opt/rustwide/target:rw,Z" "-v" "/var/lib/crater-agent-workspace/builds/worker-4-tc1/source:/opt/rustwide/workdir:ro,Z" "-v" "/var/lib/crater-agent-workspace/cargo-home:/opt/rustwide/cargo-home:ro,Z" "-v" "/var/lib/crater-agent-workspace/rustup-home:/opt/rustwide/rustup-home:ro,Z" "-e" "SOURCE_DIR=/opt/rustwide/workdir" "-e" "CARGO_TARGET_DIR=/opt/rustwide/target" "-e" "CARGO_INCREMENTAL=0" "-e" "RUST_BACKTRACE=full" "-e" "RUSTFLAGS=--cap-lints=warn" "-e" "RUSTDOCFLAGS=--cap-lints=warn" "-e" "CARGO_HOME=/opt/rustwide/cargo-home" "-e" "RUSTUP_HOME=/opt/rustwide/rustup-home" "-w" "/opt/rustwide/workdir" "-m" "1610612736" "--user" "0:0" "--network" "none" "ghcr.io/rust-lang/crates-build-env/linux@sha256:f3a9d4ad9d972b27faf3965f35b62e55ba32bbce8f20bc8fe909558a86702fde" "/opt/rustwide/cargo-home/bin/cargo" "+1.83.0" "test" "--frozen", kill_on_drop: false }`
[INFO] [stdout] 94663c3da756e1300ba5e3dcf5d3d1aef3254b05210ebe5af6858e77fdd41350
[INFO] running `Command { std: "docker" "start" "-a" "94663c3da756e1300ba5e3dcf5d3d1aef3254b05210ebe5af6858e77fdd41350", kill_on_drop: false }`
[INFO] [stderr] warning: crate `cargoPublishLRC` should have a snake case name
[INFO] [stderr]   |
[INFO] [stderr]   = help: convert the identifier to snake case: `cargo_publish_lrc`
[INFO] [stderr]   = note: `#[warn(non_snake_case)]` on by default
[INFO] [stderr] 
[INFO] [stderr] warning: `cargoPublishLRC` (lib) generated 1 warning
[INFO] [stderr]     Finished `test` profile [unoptimized + debuginfo] target(s) in 0.02s
[INFO] [stderr]      Running unittests src/lib.rs (/opt/rustwide/target/debug/deps/cargoPublishLRC-5ce9cda80e455d29)
[INFO] [stdout] 
[INFO] [stdout] running 0 tests
[INFO] [stdout] 
[INFO] [stdout] test result: ok. 0 passed; 0 failed; 0 ignored; 0 measured; 0 filtered out; finished in 0.00s
[INFO] [stdout] 
[INFO] [stderr]      Running unittests src/main.rs (/opt/rustwide/target/debug/deps/cargoPublishLRC-e2ca99ac15ee5666)
[INFO] [stdout] 
[INFO] [stdout] running 0 tests
[INFO] [stdout] 
[INFO] [stdout] test result: ok. 0 passed; 0 failed; 0 ignored; 0 measured; 0 filtered out; finished in 0.00s
[INFO] [stdout] 
[INFO] [stderr]    Doc-tests cargoPublishLRC
[INFO] [stdout] 
[INFO] [stdout] running 1 test
[INFO] [stdout] test src/lib.rs - add_one (line 35) ... FAILED
[INFO] [stdout] 
[INFO] [stdout] failures:
[INFO] [stdout] 
[INFO] [stdout] ---- src/lib.rs - add_one (line 35) stdout ----
[INFO] [stdout] error[E0433]: failed to resolve: use of undeclared crate or module `_18_1_cargo_pub`
[INFO] [stdout]  --> src/lib.rs:37:14
[INFO] [stdout]   |
[INFO] [stdout] 4 | let answer = _18_1_cargo_pub::add_one(arg);
[INFO] [stdout]   |              ^^^^^^^^^^^^^^^ use of undeclared crate or module `_18_1_cargo_pub`
[INFO] [stdout] 
[INFO] [stdout] error: aborting due to 1 previous error
[INFO] [stdout] 
[INFO] [stdout] For more information about this error, try `rustc --explain E0433`.
[INFO] [stdout] Couldn't compile the test.
[INFO] [stdout] 
[INFO] [stdout] failures:
[INFO] [stdout]     src/lib.rs - add_one (line 35)
[INFO] [stdout] 
[INFO] [stdout] test result: FAILED. 0 passed; 1 failed; 0 ignored; 0 measured; 0 filtered out; finished in 0.09s
[INFO] [stdout] 
[INFO] [stderr] error: doctest failed, to rerun pass `--doc`
[INFO] running `Command { std: "docker" "inspect" "94663c3da756e1300ba5e3dcf5d3d1aef3254b05210ebe5af6858e77fdd41350", kill_on_drop: false }`
[INFO] running `Command { std: "docker" "rm" "-f" "94663c3da756e1300ba5e3dcf5d3d1aef3254b05210ebe5af6858e77fdd41350", kill_on_drop: false }`
[INFO] [stdout] 94663c3da756e1300ba5e3dcf5d3d1aef3254b05210ebe5af6858e77fdd41350
