[INFO] fetching crate cargo-wix 0.3.8...
[INFO] testing cargo-wix-0.3.8 against 1.83.0 for beta-1.84.0-4-retry
[INFO] extracting crate cargo-wix 0.3.8 into /workspace/builds/worker-0-tc1/source
[INFO] validating manifest of crates.io crate cargo-wix 0.3.8 on toolchain 1.83.0
[INFO] running `Command { std: CARGO_HOME="/workspace/cargo-home" RUSTUP_HOME="/workspace/rustup-home" "/workspace/cargo-home/bin/cargo" "+1.83.0" "metadata" "--manifest-path" "Cargo.toml" "--no-deps", kill_on_drop: false }`
[INFO] removed /workspace/builds/worker-0-tc1/source/.cargo/config.toml
[INFO] started tweaking crates.io crate cargo-wix 0.3.8
[INFO] finished tweaking crates.io crate cargo-wix 0.3.8
[INFO] tweaked toml for crates.io crate cargo-wix 0.3.8 written to /workspace/builds/worker-0-tc1/source/Cargo.toml
[INFO] crate crates.io crate cargo-wix 0.3.8 already has a lockfile, it will not be regenerated
[INFO] running `Command { std: CARGO_HOME="/workspace/cargo-home" RUSTUP_HOME="/workspace/rustup-home" "/workspace/cargo-home/bin/cargo" "+1.83.0" "fetch" "--manifest-path" "Cargo.toml", kill_on_drop: false }`
[INFO] [stderr]     Blocking waiting for file lock on package cache
[INFO] [stderr]     Updating crates.io index
[INFO] [stderr]     Blocking waiting for file lock on package cache
[INFO] [stderr]  Downloading crates ...
[INFO] [stderr]   Downloaded assert_fs v1.0.13
[INFO] [stderr]   Downloaded encoding_rs_io v0.1.7
[INFO] [stderr]   Downloaded rustc-cfg v0.5.0
[INFO] running `Command { std: "docker" "create" "-v" "/var/lib/crater-agent-workspace/builds/worker-0-tc1/target:/opt/rustwide/target:rw,Z" "-v" "/var/lib/crater-agent-workspace/builds/worker-0-tc1/source:/opt/rustwide/workdir:ro,Z" "-v" "/var/lib/crater-agent-workspace/cargo-home:/opt/rustwide/cargo-home:ro,Z" "-v" "/var/lib/crater-agent-workspace/rustup-home:/opt/rustwide/rustup-home:ro,Z" "-e" "SOURCE_DIR=/opt/rustwide/workdir" "-e" "CARGO_TARGET_DIR=/opt/rustwide/target" "-e" "CARGO_HOME=/opt/rustwide/cargo-home" "-e" "RUSTUP_HOME=/opt/rustwide/rustup-home" "-w" "/opt/rustwide/workdir" "-m" "1610612736" "--user" "0:0" "--network" "none" "ghcr.io/rust-lang/crates-build-env/linux@sha256:f3a9d4ad9d972b27faf3965f35b62e55ba32bbce8f20bc8fe909558a86702fde" "/opt/rustwide/cargo-home/bin/cargo" "+1.83.0" "metadata" "--no-deps" "--format-version=1", kill_on_drop: false }`
[INFO] [stdout] bd31f823b5d8df32febb3b85deee35f0368b5da1a41d71760d55e22e476752c9
[INFO] running `Command { std: "docker" "start" "-a" "bd31f823b5d8df32febb3b85deee35f0368b5da1a41d71760d55e22e476752c9", kill_on_drop: false }`
[INFO] running `Command { std: "docker" "inspect" "bd31f823b5d8df32febb3b85deee35f0368b5da1a41d71760d55e22e476752c9", kill_on_drop: false }`
[INFO] running `Command { std: "docker" "rm" "-f" "bd31f823b5d8df32febb3b85deee35f0368b5da1a41d71760d55e22e476752c9", kill_on_drop: false }`
[INFO] [stdout] bd31f823b5d8df32febb3b85deee35f0368b5da1a41d71760d55e22e476752c9
[INFO] running `Command { std: "docker" "create" "-v" "/var/lib/crater-agent-workspace/builds/worker-0-tc1/target:/opt/rustwide/target:rw,Z" "-v" "/var/lib/crater-agent-workspace/builds/worker-0-tc1/source:/opt/rustwide/workdir:ro,Z" "-v" "/var/lib/crater-agent-workspace/cargo-home:/opt/rustwide/cargo-home:ro,Z" "-v" "/var/lib/crater-agent-workspace/rustup-home:/opt/rustwide/rustup-home:ro,Z" "-e" "SOURCE_DIR=/opt/rustwide/workdir" "-e" "CARGO_TARGET_DIR=/opt/rustwide/target" "-e" "CARGO_INCREMENTAL=0" "-e" "RUST_BACKTRACE=full" "-e" "RUSTFLAGS=--cap-lints=warn" "-e" "RUSTDOCFLAGS=--cap-lints=warn" "-e" "CARGO_HOME=/opt/rustwide/cargo-home" "-e" "RUSTUP_HOME=/opt/rustwide/rustup-home" "-w" "/opt/rustwide/workdir" "-m" "1610612736" "--user" "0:0" "--network" "none" "ghcr.io/rust-lang/crates-build-env/linux@sha256:f3a9d4ad9d972b27faf3965f35b62e55ba32bbce8f20bc8fe909558a86702fde" "/opt/rustwide/cargo-home/bin/cargo" "+1.83.0" "build" "--frozen" "--message-format=json", kill_on_drop: false }`
[INFO] [stdout] 54bcfe53d223a8e9002a4538e92ec28bd975ff1eb1eec9b4aa0c4bb0acf4350a
[INFO] running `Command { std: "docker" "start" "-a" "54bcfe53d223a8e9002a4538e92ec28bd975ff1eb1eec9b4aa0c4bb0acf4350a", kill_on_drop: false }`
[INFO] [stderr]    Compiling proc-macro2 v1.0.69
[INFO] [stderr]    Compiling unicode-ident v1.0.12
[INFO] [stderr]    Compiling serde v1.0.192
[INFO] [stderr]    Compiling autocfg v1.1.0
[INFO] [stderr]    Compiling libc v0.2.150
[INFO] [stderr]    Compiling memchr v2.6.4
[INFO] [stderr]    Compiling thiserror v1.0.50
[INFO] [stderr]    Compiling rustix v0.38.24
[INFO] [stderr]    Compiling utf8parse v0.2.1
[INFO] [stderr]    Compiling anstyle v1.0.4
[INFO] [stderr]    Compiling anstyle-query v1.0.0
[INFO] [stderr]    Compiling colorchoice v1.0.0
[INFO] [stderr]    Compiling semver v1.0.20
[INFO] [stderr]    Compiling serde_json v1.0.108
[INFO] [stderr]    Compiling log v0.4.20
[INFO] [stderr]    Compiling camino v1.1.6
[INFO] [stderr]    Compiling bitflags v2.4.1
[INFO] [stderr]    Compiling anstyle-parse v0.2.2
[INFO] [stderr]    Compiling linux-raw-sys v0.4.11
[INFO] [stderr]    Compiling regex-syntax v0.8.2
[INFO] [stderr]    Compiling typed-arena v1.7.0
[INFO] [stderr]    Compiling clap_lex v0.6.0
[INFO] [stderr]    Compiling peresil v0.3.0
[INFO] [stderr]    Compiling strsim v0.10.0
[INFO] [stderr]    Compiling anstream v0.6.4
[INFO] [stderr]    Compiling itoa v1.0.9
[INFO] [stderr]    Compiling ryu v1.0.15
[INFO] [stderr]    Compiling sxd-document v0.3.2
[INFO] [stderr]    Compiling num-traits v0.2.17
[INFO] [stderr]    Compiling log v0.3.9
[INFO] [stderr]    Compiling clap_builder v4.4.8
[INFO] [stderr]    Compiling encoding_rs v0.8.33
[INFO] [stderr]    Compiling aho-corasick v1.1.2
[INFO] [stderr]    Compiling iana-time-zone v0.1.58
[INFO] [stderr]    Compiling termcolor v1.4.0
[INFO] [stderr]    Compiling humantime v2.1.0
[INFO] [stderr]    Compiling quick-error v1.2.3
[INFO] [stderr]    Compiling either v1.9.0
[INFO] [stderr]    Compiling itertools v0.11.0
[INFO] [stderr]    Compiling getrandom v0.2.11
[INFO] [stderr]    Compiling quote v1.0.33
[INFO] [stderr]    Compiling uuid v1.5.0
[INFO] [stderr]    Compiling syn v2.0.39
[INFO] [stderr]    Compiling sxd-xpath v0.4.2
[INFO] [stderr]    Compiling encoding_rs_io v0.1.7
[INFO] [stderr]    Compiling chrono v0.4.31
[INFO] [stderr]    Compiling is-terminal v0.4.9
[INFO] [stderr]    Compiling regex-automata v0.4.3
[INFO] [stderr]    Compiling serde_derive v1.0.192
[INFO] [stderr]    Compiling thiserror-impl v1.0.50
[INFO] [stderr]    Compiling clap v4.4.8
[INFO] [stderr]    Compiling rustc-cfg v0.5.0
[INFO] [stderr]    Compiling regex v1.10.2
[INFO] [stderr]    Compiling env_logger v0.10.1
[INFO] [stderr]    Compiling cargo-platform v0.1.4
[INFO] [stderr]    Compiling mustache v0.9.0
[INFO] [stderr]    Compiling cargo_metadata v0.18.1
[INFO] [stderr]    Compiling cargo-wix v0.3.8 (/opt/rustwide/workdir)
[INFO] [stderr]     Finished `dev` profile [unoptimized + debuginfo] target(s) in 31.24s
[INFO] running `Command { std: "docker" "inspect" "54bcfe53d223a8e9002a4538e92ec28bd975ff1eb1eec9b4aa0c4bb0acf4350a", kill_on_drop: false }`
[INFO] running `Command { std: "docker" "rm" "-f" "54bcfe53d223a8e9002a4538e92ec28bd975ff1eb1eec9b4aa0c4bb0acf4350a", kill_on_drop: false }`
[INFO] [stdout] 54bcfe53d223a8e9002a4538e92ec28bd975ff1eb1eec9b4aa0c4bb0acf4350a
[INFO] running `Command { std: "docker" "create" "-v" "/var/lib/crater-agent-workspace/builds/worker-0-tc1/target:/opt/rustwide/target:rw,Z" "-v" "/var/lib/crater-agent-workspace/builds/worker-0-tc1/source:/opt/rustwide/workdir:ro,Z" "-v" "/var/lib/crater-agent-workspace/cargo-home:/opt/rustwide/cargo-home:ro,Z" "-v" "/var/lib/crater-agent-workspace/rustup-home:/opt/rustwide/rustup-home:ro,Z" "-e" "SOURCE_DIR=/opt/rustwide/workdir" "-e" "CARGO_TARGET_DIR=/opt/rustwide/target" "-e" "CARGO_INCREMENTAL=0" "-e" "RUST_BACKTRACE=full" "-e" "RUSTFLAGS=--cap-lints=warn" "-e" "RUSTDOCFLAGS=--cap-lints=warn" "-e" "CARGO_HOME=/opt/rustwide/cargo-home" "-e" "RUSTUP_HOME=/opt/rustwide/rustup-home" "-w" "/opt/rustwide/workdir" "-m" "1610612736" "--user" "0:0" "--network" "none" "ghcr.io/rust-lang/crates-build-env/linux@sha256:f3a9d4ad9d972b27faf3965f35b62e55ba32bbce8f20bc8fe909558a86702fde" "/opt/rustwide/cargo-home/bin/cargo" "+1.83.0" "test" "--frozen" "--no-run" "--message-format=json", kill_on_drop: false }`
[INFO] [stdout] d24748021060a43fce0154a030e4f849a16196616998447934c394eefab8ff54
[INFO] running `Command { std: "docker" "start" "-a" "d24748021060a43fce0154a030e4f849a16196616998447934c394eefab8ff54", kill_on_drop: false }`
[INFO] [stderr]    Compiling libc v0.2.150
[INFO] [stderr]    Compiling rustix v0.38.24
[INFO] [stderr]    Compiling futures-core v0.3.29
[INFO] [stderr]    Compiling futures-channel v0.3.29
[INFO] [stderr]    Compiling slab v0.4.9
[INFO] [stderr]    Compiling once_cell v1.18.0
[INFO] [stderr]    Compiling futures-task v0.3.29
[INFO] [stderr]    Compiling lock_api v0.4.11
[INFO] [stderr]    Compiling syn v2.0.39
[INFO] [stderr]    Compiling futures-util v0.3.29
[INFO] [stderr]    Compiling futures-sink v0.3.29
[INFO] [stderr]    Compiling parking_lot_core v0.9.9
[INFO] [stderr]    Compiling hashbrown v0.14.2
[INFO] [stderr]    Compiling bstr v1.8.0
[INFO] [stderr]    Compiling scopeguard v1.2.0
[INFO] [stderr]    Compiling pin-project-lite v0.2.13
[INFO] [stderr]    Compiling futures-io v0.3.29
[INFO] [stderr]    Compiling fnv v1.0.7
[INFO] [stderr]    Compiling pin-utils v0.1.0
[INFO] [stderr]    Compiling same-file v1.0.6
[INFO] [stderr]    Compiling smallvec v1.11.2
[INFO] [stderr]    Compiling thread_local v1.1.7
[INFO] [stderr]    Compiling walkdir v2.4.0
[INFO] [stderr]    Compiling doc-comment v0.3.3
[INFO] [stderr]    Compiling predicates-core v1.0.6
[INFO] [stderr]    Compiling float-cmp v0.9.0
[INFO] [stderr]    Compiling fastrand v2.0.1
[INFO] [stderr]    Compiling normalize-line-endings v0.3.0
[INFO] [stderr]    Compiling termtree v0.4.1
[INFO] [stderr]    Compiling difflib v0.4.0
[INFO] [stderr]    Compiling winnow v0.5.19
[INFO] [stderr]    Compiling globset v0.4.13
[INFO] [stderr]    Compiling indexmap v2.1.0
[INFO] [stderr]    Compiling maplit v1.0.2
[INFO] [stderr]    Compiling predicates-tree v1.0.9
[INFO] [stderr]    Compiling predicates v3.0.4
[INFO] [stderr]    Compiling ignore v0.4.20
[INFO] [stderr]    Compiling getrandom v0.2.11
[INFO] [stderr]    Compiling uuid v1.5.0
[INFO] [stderr]    Compiling dashmap v5.5.3
[INFO] [stderr]    Compiling parking_lot v0.12.1
[INFO] [stderr]    Compiling globwalk v0.8.1
[INFO] [stderr]    Compiling is-terminal v0.4.9
[INFO] [stderr]    Compiling tempfile v3.8.1
[INFO] [stderr]    Compiling env_logger v0.10.1
[INFO] [stderr]    Compiling assert_fs v1.0.13
[INFO] [stderr]    Compiling serde_derive v1.0.192
[INFO] [stderr]    Compiling thiserror-impl v1.0.50
[INFO] [stderr]    Compiling serial_test_derive v2.0.0
[INFO] [stderr]    Compiling futures-executor v0.3.29
[INFO] [stderr]    Compiling futures v0.3.29
[INFO] [stderr]    Compiling serial_test v2.0.0
[INFO] [stderr]    Compiling thiserror v1.0.50
[INFO] [stderr]    Compiling rustc-cfg v0.5.0
[INFO] [stderr]    Compiling serde v1.0.192
[INFO] [stderr]    Compiling cargo-platform v0.1.4
[INFO] [stderr]    Compiling serde_json v1.0.108
[INFO] [stderr]    Compiling semver v1.0.20
[INFO] [stderr]    Compiling camino v1.1.6
[INFO] [stderr]    Compiling serde_spanned v0.6.4
[INFO] [stderr]    Compiling toml_datetime v0.6.5
[INFO] [stderr]    Compiling mustache v0.9.0
[INFO] [stderr]    Compiling toml_edit v0.21.0
[INFO] [stderr]    Compiling cargo_metadata v0.18.1
[INFO] [stderr]    Compiling cargo-wix v0.3.8 (/opt/rustwide/workdir)
[INFO] [stderr]    Compiling toml v0.8.8
[INFO] [stderr]     Finished `test` profile [unoptimized + debuginfo] target(s) in 20.23s
[INFO] running `Command { std: "docker" "inspect" "d24748021060a43fce0154a030e4f849a16196616998447934c394eefab8ff54", kill_on_drop: false }`
[INFO] running `Command { std: "docker" "rm" "-f" "d24748021060a43fce0154a030e4f849a16196616998447934c394eefab8ff54", kill_on_drop: false }`
[INFO] [stdout] d24748021060a43fce0154a030e4f849a16196616998447934c394eefab8ff54
[INFO] running `Command { std: "docker" "create" "-v" "/var/lib/crater-agent-workspace/builds/worker-0-tc1/target:/opt/rustwide/target:rw,Z" "-v" "/var/lib/crater-agent-workspace/builds/worker-0-tc1/source:/opt/rustwide/workdir:ro,Z" "-v" "/var/lib/crater-agent-workspace/cargo-home:/opt/rustwide/cargo-home:ro,Z" "-v" "/var/lib/crater-agent-workspace/rustup-home:/opt/rustwide/rustup-home:ro,Z" "-e" "SOURCE_DIR=/opt/rustwide/workdir" "-e" "CARGO_TARGET_DIR=/opt/rustwide/target" "-e" "CARGO_INCREMENTAL=0" "-e" "RUST_BACKTRACE=full" "-e" "RUSTFLAGS=--cap-lints=warn" "-e" "RUSTDOCFLAGS=--cap-lints=warn" "-e" "CARGO_HOME=/opt/rustwide/cargo-home" "-e" "RUSTUP_HOME=/opt/rustwide/rustup-home" "-w" "/opt/rustwide/workdir" "-m" "1610612736" "--user" "0:0" "--network" "none" "ghcr.io/rust-lang/crates-build-env/linux@sha256:f3a9d4ad9d972b27faf3965f35b62e55ba32bbce8f20bc8fe909558a86702fde" "/opt/rustwide/cargo-home/bin/cargo" "+1.83.0" "test" "--frozen", kill_on_drop: false }`
[INFO] [stdout] 18f4739c7c73666eccb0122dc424a12678dd7d7fd544f6b3f265e3f03a0b7260
[INFO] running `Command { std: "docker" "start" "-a" "18f4739c7c73666eccb0122dc424a12678dd7d7fd544f6b3f265e3f03a0b7260", kill_on_drop: false }`
[INFO] [stderr]     Finished `test` profile [unoptimized + debuginfo] target(s) in 0.10s
[INFO] [stderr]      Running unittests src/lib.rs (/opt/rustwide/target/debug/deps/wix-1d2e246aecace87b)
[INFO] [stdout] 
[INFO] [stdout] running 217 tests
[INFO] [stdout] test clean::tests::builder::input_works ... ok
[INFO] [stdout] test clean::tests::execution::target_wix_works ... ok
[INFO] [stdout] test create::tests::builder::bin_path_works ... ok
[INFO] [stdout] test create::tests::builder::build_with_all_works ... ok
[INFO] [stdout] test clean::tests::execution::target_wix_with_existing_cargo_toml_works ... ok
[INFO] [stdout] test create::tests::builder::build_with_defaults_works ... ok
[INFO] [stdout] test create::tests::builder::capture_output_works ... ok
[INFO] [stdout] test create::tests::builder::compiler_args_with_multiple_values_works ... ok
[INFO] [stdout] test create::tests::builder::compiler_args_with_single_value_works ... ok
[INFO] [stdout] test create::tests::builder::culture_works ... ok
[INFO] [stdout] test create::tests::builder::debug_build_works ... ok
[INFO] [stdout] test create::tests::builder::debug_name_works ... ok
[INFO] [stdout] test create::tests::builder::defaults_are_correct ... ok
[INFO] [stdout] test create::tests::builder::includes_works ... ok
[INFO] [stdout] test create::tests::builder::input_works ... ok
[INFO] [stdout] test create::tests::builder::linker_args_with_multiple_values_works ... ok
[INFO] [stdout] test create::tests::builder::locale_works ... ok
[INFO] [stdout] test create::tests::builder::linker_args_with_single_value_works ... ok
[INFO] [stdout] test create::tests::builder::name_works ... ok
[INFO] [stdout] test create::tests::builder::output_works ... ok
[INFO] [stdout] test create::tests::builder::no_build_works ... ok
[INFO] [stdout] test create::tests::builder::russian_culture_works ... ok
[INFO] [stdout] test create::tests::builder::target_bin_dir_works ... ok
[INFO] [stdout] test create::tests::builder::profile_works ... ok
[INFO] [stdout] test create::tests::builder::version_works ... ok
[INFO] [stdout] test create::tests::execution::culture_metadata_works ... ok
[INFO] [stdout] test create::tests::execution::compiler_args_override_works ... ok
[INFO] [stdout] test create::tests::execution::culture_works ... ok
[INFO] [stdout] test create::tests::execution::debug_name_metadata_works ... ok
[INFO] [stdout] test create::tests::execution::default_profile_works ... ok
[INFO] [stdout] test create::tests::execution::linker_args_override_works ... ok
[INFO] [stdout] test create::tests::execution::locale_metadata_works ... ok
[INFO] [stdout] test create::tests::execution::debug_build_metadata_works ... ok
[INFO] [stdout] test create::tests::execution::include_metadata_works ... ok
[INFO] [stdout] test create::tests::execution::linker_args_metadata_works ... ok
[INFO] [stdout] test create::tests::execution::no_build_metadata_works ... ok
[INFO] [stdout] test create::tests::execution::compiler_args_metadata_works ... ok
[INFO] [stdout] test create::tests::execution::no_build_works ... ok
[INFO] [stdout] test create::tests::execution::name_metadata_works ... ok
[INFO] [stdout] test create::tests::execution::locale_works ... ok
[INFO] [stdout] test create::tests::execution::version_build_parse_works ... ok
[INFO] [stdout] test create::tests::execution::version_prerelease_dot_parse_works ... ok
[INFO] [stdout] test create::tests::execution::wixobj_destination_works ... ok
[INFO] [stdout] test create::tests::execution::version_metadata_works ... ok
[INFO] [stdout] test create::tests::installer_kind::try_from_wixobj_product_and_bundle_works ... ok
[INFO] [stdout] test create::tests::installer_kind::try_from_wixobj_single_bundle_works ... ok
[INFO] [stdout] test create::tests::installer_kind::try_from_wixobj_single_product_works ... ok
[INFO] [stdout] test create::tests::installer_kind::try_from_wixobj_multiple_fragments_and_products_works ... ok
[INFO] [stdout] test create::tests::wixobj_kind::try_from_bundle_object_works ... ok
[INFO] [stdout] test create::tests::execution::profile_metadata_works ... ok
[INFO] [stdout] test create::tests::installer_kind::try_from_wixobj_multiple_fragments_and_single_bundle_works ... ok
[INFO] [stdout] test create::tests::execution::version_prerelease_parse_works ... ok
[INFO] [stdout] test create::tests::installer_kind::try_from_wixobj_multiple_fragments_and_single_product_works ... ok
[INFO] [stdout] test create::tests::installer_kind::try_from_wixobj_multiple_products_and_bundles_works ... ok
[INFO] [stdout] test create::tests::installer_kind::try_from_wixobj_multiple_products_and_single_bundle_works ... ok
[INFO] [stdout] test create::tests::installer_kind::try_from_wixobj_multiple_products_fragments_and_single_bundle_works ... ok
[INFO] [stdout] test create::tests::wixobj_kind::try_from_product_object_works ... ok
[INFO] [stdout] test initialize::tests::builder::banner_works ... ok
[INFO] [stdout] test create::tests::wixobj_kind::try_from_fragment_object_works ... ok
[INFO] [stdout] test initialize::tests::builder::build_with_all_works ... ok
[INFO] [stdout] test initialize::tests::builder::binaries_works ... ok
[INFO] [stdout] test initialize::tests::builder::build_with_defaults_works ... ok
[INFO] [stdout] test create::tests::wixobj_kind::try_from_product_and_fragment_object_works ... ok
[INFO] [stdout] test initialize::tests::builder::copyright_holder_works ... ok
[INFO] [stdout] test initialize::tests::builder::copyright_year_works ... ok
[INFO] [stdout] test initialize::tests::builder::defaults_are_correct ... ok
[INFO] [stdout] test create::tests::wixobj_kind::try_from_bundle_and_product_object_works ... ok
[INFO] [stdout] test initialize::tests::builder::description_works ... ok
[INFO] [stdout] test initialize::tests::builder::dialog_works ... ok
[INFO] [stdout] test initialize::tests::builder::eula_works ... ok
[INFO] [stdout] test initialize::tests::builder::force_works ... ok
[INFO] [stdout] test initialize::tests::builder::help_url_works ... ok
[INFO] [stdout] test initialize::tests::builder::input_works ... ok
[INFO] [stdout] test initialize::tests::builder::license_works ... ok
[INFO] [stdout] test initialize::tests::builder::manufacturer_works ... ok
[INFO] [stdout] test initialize::tests::builder::output_works ... ok
[INFO] [stdout] test initialize::tests::builder::path_guid_works ... ok
[INFO] [stdout] test initialize::tests::builder::product_icon_works ... ok
[INFO] [stdout] test initialize::tests::builder::upgrade_guid_works ... ok
[INFO] [stdout] test print::license::tests::builder::input_works ... ok
[INFO] [stdout] test print::license::tests::builder::copyright_year_works ... ok
[INFO] [stdout] test print::license::tests::builder::output_works ... ok
[INFO] [stdout] test print::license::tests::builder::copyright_holder_works ... ok
[INFO] [stdout] test print::license::tests::execution::copyright_holder_with_override_works ... ok
[INFO] [stdout] test print::wxs::tests::builder::banner_works ... ok
[INFO] [stdout] test print::license::tests::execution::copyright_year_works ... ok
[INFO] [stdout] test print::wxs::tests::builder::description_works ... ok
[INFO] [stdout] test print::wxs::tests::builder::help_url_works ... ok
[INFO] [stdout] test print::wxs::tests::builder::dialog_work ... ok
[INFO] [stdout] test print::wxs::tests::builder::binaries_name_works ... ok
[INFO] [stdout] test print::wxs::tests::builder::eula_works ... ok
[INFO] [stdout] test print::license::tests::execution::copyright_year_with_override_works ... ok
[INFO] [stdout] test initialize::tests::builder::product_name_works ... ok
[INFO] [stdout] test print::tests::authors_with_single_author_works ... ok
[INFO] [stdout] test print::wxs::tests::builder::input_works ... ok
[INFO] [stdout] test print::wxs::tests::builder::product_name_works ... ok
[INFO] [stdout] test print::wxs::tests::builder::license_works ... ok
[INFO] [stdout] test print::wxs::tests::builder::manufacturer_works ... ok
[INFO] [stdout] test print::license::tests::execution::copyright_holder_works ... ok
[INFO] [stdout] test print::wxs::tests::builder::output_works ... ok
[INFO] [stdout] test print::wxs::tests::builder::path_guid_works ... ok
[INFO] [stdout] test print::wxs::tests::builder::upgrade_guid_works ... ok
[INFO] [stdout] test print::wxs::tests::builder::product_icon_works ... ok
[INFO] [stdout] test print::tests::authors_with_multiple_authors_works ... ok
[INFO] [stdout] test print::wxs::tests::execution::eula_and_license_false_works ... ok
[INFO] [stdout] test print::wxs::tests::execution::binaries_with_multiple_bin_sections_works ... ok
[INFO] [stdout] test print::wxs::tests::execution::eula_false_works ... ok
[INFO] [stdout] test print::wxs::tests::execution::binaries_with_no_bin_section_works ... ok
[INFO] [stdout] test print::wxs::tests::execution::eula_with_apache2_license_field_works ... ok
[INFO] [stdout] test print::wxs::tests::execution::eula_path_rtf_works ... ok
[INFO] [stdout] test print::wxs::tests::execution::eula_bad_path_errors ... ok
[INFO] [stdout] test print::wxs::tests::execution::eula_path_txt_works ... ok
[INFO] [stdout] test print::wxs::tests::execution::eula_with_gpl3_license_field_works ... ok
[INFO] [stdout] test print::wxs::tests::execution::eula_and_license_path_rtf_works ... ok
[INFO] [stdout] test print::wxs::tests::execution::eula_with_defaults_works ... ok
[INFO] [stdout] test print::wxs::tests::execution::eula_with_license_file_field_works ... ok
[INFO] [stdout] test print::wxs::tests::execution::eula_with_license_file_extension_works ... ok
[INFO] [stdout] test create::tests::installer_kind::try_from_wixobj_multiple_fragments_fails - should panic ... ok
[INFO] [stdout] test create::tests::installer_kind::try_from_wixobj_single_fragment_fails - should panic ... ok
[INFO] [stdout] test create::tests::wixobj_kind::try_from_unknown_object_fails - should panic ... ok
[INFO] [stdout] test print::wxs::tests::execution::eula_with_wrong_file_extension_override_works ... ok
[INFO] [stdout] test print::wxs::tests::execution::help_url_with_documentation_works ... ok
[INFO] [stdout] test print::wxs::tests::execution::help_url_with_defaults_works ... ok
[INFO] [stdout] test print::wxs::tests::execution::eula_with_mit_license_field_works ... ok
[INFO] [stdout] test print::wxs::tests::execution::help_url_with_repository_works ... ok
[INFO] [stdout] test print::wxs::tests::execution::eula_with_unknown_license_field_works ... ok
[INFO] [stdout] test print::wxs::tests::execution::help_url_with_homepage_works ... ok
[INFO] [stdout] test print::wxs::tests::execution::license_bad_path_errors ... ok
[INFO] [stdout] test print::wxs::tests::execution::license_file_bad_path_errors ... ok
[INFO] [stdout] test print::wxs::tests::execution::license_false_works ... ok
[INFO] [stdout] test print::wxs::tests::execution::license_path_txt_works ... ok
[INFO] [stdout] test print::wxs::tests::execution::image_metadata_works ... ok
[INFO] [stdout] test print::wxs::tests::execution::license_source_with_gpl3_license_field_works ... ok
[INFO] [stdout] test print::wxs::tests::execution::license_name_with_unknown_license_field_works ... ok
[INFO] [stdout] test print::wxs::tests::execution::license_name_with_apache2_license_field_works ... ok
[INFO] [stdout] test print::wxs::tests::execution::license_name_with_gpl3_license_field_works ... ok
[INFO] [stdout] test print::wxs::tests::execution::manufacturer_with_defaults_works ... ok
[INFO] [stdout] test print::wxs::tests::execution::license_path_rtf_works ... ok
[INFO] [stdout] test purge::tests::builder::input_works ... ok
[INFO] [stdout] test create::tests::execution::target_bin_dir_overwrite_works ... ok
[INFO] [stdout] test purge::tests::execution::wix_with_existing_file_but_not_cargo_toml_fails ... ok
[INFO] [stdout] test print::wxs::tests::execution::manufacturer_with_override_works ... ok
[INFO] [stdout] test print::wxs::tests::execution::path_guid_metadata_works ... ok
[INFO] [stdout] test purge::tests::execution::wix_with_nonexistent_manifest_fails ... ok
[INFO] [stdout] test purge::tests::execution::wix_with_existing_cargo_toml_works ... ok
[INFO] [stdout] test sign::tests::builder::bin_path_works ... ok
[INFO] [stdout] test sign::tests::builder::capture_output_works ... ok
[INFO] [stdout] test sign::tests::builder::description_works ... ok
[INFO] [stdout] test print::wxs::tests::execution::license_source_with_apache2_license_field_works ... ok
[INFO] [stdout] test print::wxs::tests::execution::license_name_with_mit_license_field_works ... ok
[INFO] [stdout] test sign::tests::builder::homepage_works ... ok
[INFO] [stdout] test purge::tests::execution::wix_works ... ok
[INFO] [stdout] test sign::tests::builder::input_works ... ok
[INFO] [stdout] test print::wxs::tests::execution::binaries_with_single_bin_section_works ... ok
[INFO] [stdout] test print::wxs::tests::execution::license_source_with_mit_license_field_works ... ok
[INFO] [stdout] test sign::tests::builder::product_name_works ... ok
[INFO] [stdout] test sign::tests::builder::timestamp_works ... ok
[INFO] [stdout] test sign::tests::execution::msi_with_existing_file_works ... ok
[INFO] [stdout] test sign::tests::execution::msi_with_nonexistent_installer_fails ... ok
[INFO] [stdout] test sign::tests::execution::signer_with_nonexistent_environment_path_fails ... ok
[INFO] [stdout] test sign::tests::execution::signer_with_nonexisting_path_fails ... ok
[INFO] [stdout] test print::wxs::tests::execution::license_source_with_unknown_license_field_works ... ok
[INFO] [stdout] test stored_path::test::absolute_windows_path_conversion ... ok
[INFO] [stdout] test stored_path::test::absolute_unix_path_conversion ... ok
[INFO] [stdout] test stored_path::test::empty_path ... ok
[INFO] [stdout] test stored_path::test::just_dot ... ok
[INFO] [stdout] test stored_path::test::just_dotdot ... ok
[INFO] [stdout] test stored_path::test::just_dotfile_txt ... ok
[INFO] [stdout] test stored_path::test::just_dotfile ... ok
[INFO] [stdout] test print::wxs::tests::execution::path_guid_with_override_works ... ok
[INFO] [stdout] test stored_path::test::just_file ... ok
[INFO] [stdout] test stored_path::test::mixed_path_conversion2 ... ok
[INFO] [stdout] test stored_path::test::mixed_path_unconverted1 ... ok
[INFO] [stdout] test stored_path::test::mixed_path_conversion1 ... ok
[INFO] [stdout] test stored_path::test::mixed_path_unconverted2 ... ok
[INFO] [stdout] test stored_path::test::opaque_dotdot1 ... ok
[INFO] [stdout] test stored_path::test::opaque_dotdot2 ... ok
[INFO] [stdout] test stored_path::test::trail_slash_1 ... ok
[INFO] [stdout] test stored_path::test::trail_slash_6 ... ok
[INFO] [stdout] test stored_path::test::trail_slash_7 ... ok
[INFO] [stdout] test stored_path::test::trail_slash_4 ... ok
[INFO] [stdout] test stored_path::test::relative_unix_path_conversion ... ok
[INFO] [stdout] test stored_path::test::relative_windows_path_conversion ... ok
[INFO] [stdout] test stored_path::test::trail_slash_2 ... ok
[INFO] [stdout] test stored_path::test::trail_slash_5 ... ok
[INFO] [stdout] test stored_path::test::trail_slash_8 ... ok
[INFO] [stdout] test print::wxs::tests::execution::path_guid_metadata_and_override_works ... ok
[INFO] [stdout] test stored_path::test::verbatim_absolute_windows_path_conversion ... ok
[INFO] [stdout] test tests::culture::display_is_correct_for_slovak ... ok
[INFO] [stdout] test stored_path::test::trail_slash_3 ... ok
[INFO] [stdout] test tests::culture::display_is_correct_for_russian ... ok
[INFO] [stdout] test tests::culture::from_str_is_correct_for_lowercase_slovak ... ok
[INFO] [stdout] test tests::culture::from_str_is_correct_for_dash_russian ... ok
[INFO] [stdout] test print::wxs::tests::execution::upgrade_guid_metadata_works ... ok
[INFO] [stdout] test tests::culture::from_str_fails_for_underscore_russian - should panic ... ok
[INFO] [stdout] test tests::culture::from_str_fails_for_underscore_slovak - should panic ... ok
[INFO] [stdout] test create::tests::execution::output_metadata_works ... ok
[INFO] [stdout] test tests::culture::from_str_is_correct_for_uppercase_slovak ... ok
[INFO] [stdout] test print::wxs::tests::execution::upgrade_guid_metadata_and_override_works ... ok
[INFO] [stdout] test print::wxs::tests::execution::upgrade_guid_with_override_works ... ok
[INFO] [stdout] test sign::tests::execution::homepage_with_homepage_field_works ... ok
[INFO] [stdout] test sign::tests::execution::homepage_with_override_works ... ok
[INFO] [stdout] test sign::tests::execution::homepage_without_homepage_field_works ... ok
[INFO] [stdout] test tests::wix_arch::try_from_i686_pc_windows_gnu_is_correct ... ok
[INFO] [stdout] test tests::wix_arch::try_from_i686_uwp_windows_msvc_is_correct ... ok
[INFO] [stdout] test tests::wix_arch::try_from_x86_64_uwp_windows_msvc_is_correct ... ok
[INFO] [stdout] test tests::wix_arch::try_from_x86_64_pc_windows_gnu_is_correct ... ok
[INFO] [stdout] test tests::wix_arch::try_from_x86_64_uwp_windows_gnu_is_correct ... ok
[INFO] [stdout] test tests::wix_arch::try_from_x86_64_pc_windows_msvc_is_correct ... ok
[INFO] [stdout] test tests::wix_arch::try_from_i586_pc_windows_msvc_is_correct ... ok
[INFO] [stdout] test tests::wix_arch::try_from_thumbv7a_uwp_windows_msvc_is_correct ... ok
[INFO] [stdout] test tests::wix_arch::try_from_thumbv7a_pc_windows_msvc_is_correct ... ok
[INFO] [stdout] test tests::wix_arch::from_str_is_correct ... ok
[INFO] [stdout] test tests::wix_arch::try_from_aarch64_pc_windows_msvc_is_correct ... ok
[INFO] [stdout] test tests::wix_arch::try_from_aarch64_uwp_windows_msvc_is_correct ... ok
[INFO] [stdout] test tests::wix_arch::try_from_i686_pc_windows_msvc_is_correct ... ok
[INFO] [stdout] test tests::wix_arch::try_from_i686_uwp_windows_gnu_is_correct ... ok
[INFO] [stdout] 
[INFO] [stdout] test result: ok. 217 passed; 0 failed; 0 ignored; 0 measured; 0 filtered out; finished in 0.34s
[INFO] [stdout] 
[INFO] [stderr]      Running unittests src/main.rs (/opt/rustwide/target/debug/deps/cargo_wix-28149477281445bc)
[INFO] [stdout] 
[INFO] [stdout] running 0 tests
[INFO] [stdout] 
[INFO] [stdout] test result: ok. 0 passed; 0 failed; 0 ignored; 0 measured; 0 filtered out; finished in 0.00s
[INFO] [stdout] 
[INFO] [stderr]      Running tests/create.rs (/opt/rustwide/target/debug/deps/create-bf633d1e3125a4c5)
[INFO] [stdout] 
[INFO] [stdout] running 0 tests
[INFO] [stdout] 
[INFO] [stdout] test result: ok. 0 passed; 0 failed; 0 ignored; 0 measured; 0 filtered out; finished in 0.00s
[INFO] [stdout] 
[INFO] [stderr]      Running tests/initialize.rs (/opt/rustwide/target/debug/deps/initialize-ebcc631b64d0599d)
[INFO] [stdout] 
[INFO] [stdout] running 24 tests
[INFO] [stdout] test input_works ... ok
[INFO] [stdout] test apache2_license_id_works ... ok
[INFO] [stdout] test binaries_works ... ok
[INFO] [stdout] test eula_works ... ok
[INFO] [stdout] test gpl3_license_id_works ... ok
[INFO] [stdout] test product_name_works ... ok
[INFO] [stdout] test mit_license_id_works ... ok
[INFO] [stdout] test output_works ... ok
[INFO] [stdout] test product_icon_works ... ok
[INFO] [stdout] test banner_works ... ok
[INFO] [stdout] test description_works ... ok
[INFO] [stdout] test multiple_binaries_works ... ok
[INFO] [stdout] test default_works ... ok
[INFO] [stdout] test workspace_package_with_license_works ... ok
[INFO] [stdout] test workspace_package_works ... ok
[INFO] [stdout] test help_url_works ... ok
[INFO] [stdout] test dialog_works ... ok
[INFO] [stdout] test manufacturer_works ... ok
[INFO] [stdout] test workspace_no_package_fails ... ok
[INFO] [stdout] test license_with_txt_file_works ... ok
[INFO] [stdout] test input_with_output_works ... ok
[INFO] [stdout] test license_file_field_with_txt_file_works ... ok
[INFO] [stdout] test license_with_rtf_file_works ... ok
[INFO] [stdout] test license_file_field_with_rtf_file_works ... ok
[INFO] [stdout] 
[INFO] [stdout] test result: ok. 24 passed; 0 failed; 0 ignored; 0 measured; 0 filtered out; finished in 37.13s
[INFO] [stdout] 
[INFO] [stderr]    Doc-tests wix
[INFO] [stdout] 
[INFO] [stdout] running 16 tests
[INFO] [stdout] test src/lib.rs - (line 41) ... ignored
[INFO] [stdout] test src/create.rs - create::InstallerKind::extension (line 1430) ... FAILED
[INFO] [stdout] test src/lib.rs - Error::code (line 258) ... FAILED
[INFO] [stdout] test src/lib.rs - TimestampServer::url (line 621) ... FAILED
[INFO] [stdout] test src/lib.rs - Cultures::location (line 849) ... FAILED
[INFO] [stdout] test src/templates/mod.rs - templates::Template::license_ids (line 126) ... FAILED
[INFO] [stdout] test src/lib.rs - Error::not_a_manifest (line 365) ... FAILED
[INFO] [stdout] test src/create.rs - create::WixObjKind::is_bundle (line 1346) ... ok
[INFO] [stdout] test src/lib.rs - Cultures::language (line 758) ... ok
[INFO] [stdout] test src/templates/mod.rs - templates::Template::id (line 75) ... ok
[INFO] [stdout] test src/lib.rs - Error::not_found (line 312) ... ok
[INFO] [stdout] test src/lib.rs - Error::not_a_file (line 336) ... ok
[INFO] [stdout] test src/lib.rs - Error::already_exists (line 288) ... ok
[INFO] [stdout] test src/create.rs - create::WixObjKind::is_bundle (line 1337) ... ok
[INFO] [stdout] test src/templates/mod.rs - templates::Template::possible_values (line 101) ... ok
[INFO] [stdout] test src/create.rs - create::InstallerKind::extension (line 1439) ... ok
[INFO] [stdout] 
[INFO] [stdout] failures:
[INFO] [stdout] 
[INFO] [stdout] ---- src/create.rs - create::InstallerKind::extension (line 1430) stdout ----
[INFO] [stdout] error: linking with `cc` failed: exit status: 1
[INFO] [stdout]   |
[INFO] [stdout]   = note: LC_ALL="C" PATH="/opt/rustwide/rustup-home/toolchains/1.83.0-x86_64-unknown-linux-gnu/lib/rustlib/x86_64-unknown-linux-gnu/bin:/opt/rustwide/cargo-home/bin:/usr/local/sbin:/usr/local/bin:/usr/sbin:/usr/bin:/sbin:/bin" VSLANG="1033" "cc" "-m64" "/tmp/rustcarQBI6/symbols.o" "/tmp/rustdoctestgRwRFs/rust_out.rust_out.cb03291d53e4e161-cgu.0.rcgu.o" "/tmp/rustdoctestgRwRFs/rust_out.1s7umcihpz0t7nkz1uc2ifee9.rcgu.o" "-Wl,--as-needed" "-Wl,-Bstatic" "/opt/rustwide/target/debug/deps/libwix-32d91eecb3f5e529.rlib" "/opt/rustwide/target/debug/deps/libsxd_xpath-ab23d198fb1d5151.rlib" "/opt/rustwide/target/debug/deps/libquick_error-64b7a0e3edc76cbb.rlib" "/opt/rustwide/target/debug/deps/libsxd_document-b82d4c00aac02d22.rlib" "/opt/rustwide/target/debug/deps/libperesil-ece8e466ee26e153.rlib" "/opt/rustwide/target/debug/deps/libtyped_arena-6468fe763e29f456.rlib" "/opt/rustwide/target/debug/deps/libencoding_rs_io-2a1c45f6af4860d3.rlib" "/opt/rustwide/target/debug/deps/libencoding_rs-70e70f92ee60aa6d.rlib" "/opt/rustwide/target/debug/deps/liblazy_static-8c0bb59ebbb3df6c.rlib" "/opt/rustwide/target/debug/deps/libregex-85f7e9f39ce5ca8d.rlib" "/opt/rustwide/target/debug/deps/libregex_automata-0735cf26512ab82a.rlib" "/opt/rustwide/target/debug/deps/libaho_corasick-7daf64d9a2a8555e.rlib" "/opt/rustwide/target/debug/deps/libmemchr-6b2b50f1398ba4dc.rlib" "/opt/rustwide/target/debug/deps/libregex_syntax-5e01ac86e61b58d2.rlib" "/opt/rustwide/target/debug/deps/libuuid-6bb24a1c87a39e10.rlib" "/opt/rustwide/target/debug/deps/libgetrandom-d496ce7502984c72.rlib" "/opt/rustwide/target/debug/deps/liblibc-3ac5a5f50ab6e616.rlib" "/opt/rustwide/target/debug/deps/libcfg_if-8217498f8667ada9.rlib" "/opt/rustwide/target/debug/deps/libmustache-9a5c44aca4760ff8.rlib" "/opt/rustwide/target/debug/deps/liblog-0a705bfab0b55d15.rlib" "/opt/rustwide/target/debug/deps/libchrono-f9c133f4be74b167.rlib" "/opt/rustwide/target/debug/deps/libnum_traits-1feb507c0d639435.rlib" "/opt/rustwide/target/debug/deps/libiana_time_zone-fa744a4c41825034.rlib" "/opt/rustwide/target/debug/deps/libitertools-00e6b2d6895618d5.rlib" "/opt/rustwide/target/debug/deps/libeither-9717d743152a7aee.rlib" "/opt/rustwide/target/debug/deps/librustc_cfg-70ec68280c7862ab.rlib" "/opt/rustwide/target/debug/deps/libcargo_metadata-202bab313a9938fb.rlib" "/opt/rustwide/target/debug/deps/libserde_json-b2bdff2e92a7e97d.rlib" "/opt/rustwide/target/debug/deps/libryu-b85f6774b03a2394.rlib" "/opt/rustwide/target/debug/deps/libitoa-1d86a7936f3b5dcd.rlib" "/opt/rustwide/target/debug/deps/libthiserror-37c69b6c5f666dbb.rlib" "/opt/rustwide/target/debug/deps/libcargo_platform-93cf804d7cf470b6.rlib" "/opt/rustwide/target/debug/deps/libcamino-837dc8c3907d7675.rlib" "/opt/rustwide/target/debug/deps/libsemver-2553cf924cc59c5d.rlib" "/opt/rustwide/target/debug/deps/libserde-91ca42d6bbe6b512.rlib" "/opt/rustwide/target/debug/deps/liblog-113019cdfc5d301e.rlib" "/opt/rustwide/rustup-home/toolchains/1.83.0-x86_64-unknown-linux-gnu/lib/rustlib/x86_64-unknown-linux-gnu/lib/libstd-ca74a2d9c5166d9f.rlib" "/opt/rustwide/rustup-home/toolchains/1.83.0-x86_64-unknown-linux-gnu/lib/rustlib/x86_64-unknown-linux-gnu/lib/libpanic_unwind-e31ab23316ed5080.rlib" "/opt/rustwide/rustup-home/toolchains/1.83.0-x86_64-unknown-linux-gnu/lib/rustlib/x86_64-unknown-linux-gnu/lib/libobject-27dc4aa955912662.rlib" "/opt/rustwide/rustup-home/toolchains/1.83.0-x86_64-unknown-linux-gnu/lib/rustlib/x86_64-unknown-linux-gnu/lib/libmemchr-bd0d6cccce077b99.rlib" "/opt/rustwide/rustup-home/toolchains/1.83.0-x86_64-unknown-linux-gnu/lib/rustlib/x86_64-unknown-linux-gnu/lib/libaddr2line-8d001680935b5e3c.rlib" "/opt/rustwide/rustup-home/toolchains/1.83.0-x86_64-unknown-linux-gnu/lib/rustlib/x86_64-unknown-linux-gnu/lib/libgimli-ba8ce71964f984f4.rlib" "/opt/rustwide/rustup-home/toolchains/1.83.0-x86_64-unknown-linux-gnu/lib/rustlib/x86_64-unknown-linux-gnu/lib/librustc_demangle-99a73526abcec14b.rlib" "/opt/rustwide/rustup-home/toolchains/1.83.0-x86_64-unknown-linux-gnu/lib/rustlib/x86_64-unknown-linux-gnu/lib/libstd_detect-63ac0d22cff92579.rlib" "/opt/rustwide/rustup-home/toolchains/1.83.0-x86_64-unknown-linux-gnu/lib/rustlib/x86_64-unknown-linux-gnu/lib/libhashbrown-9057355c92c922d5.rlib" "/opt/rustwide/rustup-home/toolchains/1.83.0-x86_64-unknown-linux-gnu/lib/rustlib/x86_64-unknown-linux-gnu/lib/librustc_std_workspace_alloc-358be9bc1f6bab04.rlib" "/opt/rustwide/rustup-home/toolchains/1.83.0-x86_64-unknown-linux-gnu/lib/rustlib/x86_64-unknown-linux-gnu/lib/libminiz_oxide-aca15549d5bff974.rlib" "/opt/rustwide/rustup-home/toolchains/1.83.0-x86_64-unknown-linux-gnu/lib/rustlib/x86_64-unknown-linux-gnu/lib/libadler-8251d2cef7072448.rlib" "/opt/rustwide/rustup-home/toolchains/1.83.0-x86_64-unknown-linux-gnu/lib/rustlib/x86_64-unknown-linux-gnu/lib/libunwind-7d50b86011c66411.rlib" "/opt/rustwide/rustup-home/toolchains/1.83.0-x86_64-unknown-linux-gnu/lib/rustlib/x86_64-unknown-linux-gnu/lib/libcfg_if-51ea098fce5006bf.rlib" "/opt/rustwide/rustup-home/toolchains/1.83.0-x86_64-unknown-linux-gnu/lib/rustlib/x86_64-unknown-linux-gnu/lib/liblibc-5a14e0d0b712e731.rlib" "/opt/rustwide/rustup-home/toolchains/1.83.0-x86_64-unknown-linux-gnu/lib/rustlib/x86_64-unknown-linux-gnu/lib/liballoc-8b83dbf3a7b8f999.rlib" "/opt/rustwide/rustup-home/toolchains/1.83.0-x86_64-unknown-linux-gnu/lib/rustlib/x86_64-unknown-linux-gnu/lib/librustc_std_workspace_core-c6fd227bdc7b39ff.rlib" "/opt/rustwide/rustup-home/toolchains/1.83.0-x86_64-unknown-linux-gnu/lib/rustlib/x86_64-unknown-linux-gnu/lib/libcore-959d3389fa3da8a5.rlib" "/opt/rustwide/rustup-home/toolchains/1.83.0-x86_64-unknown-linux-gnu/lib/rustlib/x86_64-unknown-linux-gnu/lib/libcompiler_builtins-abe05db089cc2c62.rlib" "-Wl,-Bdynamic" "-lgcc_s" "-lutil" "-lrt" "-lpthread" "-lm" "-ldl" "-lc" "-Wl,--eh-frame-hdr" "-Wl,-z,noexecstack" "-L" "/opt/rustwide/rustup-home/toolchains/1.83.0-x86_64-unknown-linux-gnu/lib/rustlib/x86_64-unknown-linux-gnu/lib" "-o" "/tmp/rustdoctestgRwRFs/rust_out" "-Wl,--gc-sections" "-pie" "-Wl,-z,relro,-z,now" "-nodefaultlibs"
[INFO] [stdout]   = note: collect2: fatal error: ld terminated with signal 9 [Killed]
[INFO] [stdout]           compilation terminated.
[INFO] [stdout]           
[INFO] [stdout] 
[INFO] [stdout] error: aborting due to 1 previous error
[INFO] [stdout] 
[INFO] [stdout] Couldn't compile the test.
[INFO] [stdout] ---- src/lib.rs - Error::code (line 258) stdout ----
[INFO] [stdout] error: linking with `cc` failed: exit status: 1
[INFO] [stdout]   |
[INFO] [stdout]   = note: LC_ALL="C" PATH="/opt/rustwide/rustup-home/toolchains/1.83.0-x86_64-unknown-linux-gnu/lib/rustlib/x86_64-unknown-linux-gnu/bin:/opt/rustwide/cargo-home/bin:/usr/local/sbin:/usr/local/bin:/usr/sbin:/usr/bin:/sbin:/bin" VSLANG="1033" "cc" "-m64" "/tmp/rustcLdyTRM/symbols.o" "/tmp/rustdoctesttAiy7r/rust_out.rust_out.cb03291d53e4e161-cgu.0.rcgu.o" "/tmp/rustdoctesttAiy7r/rust_out.1s7umcihpz0t7nkz1uc2ifee9.rcgu.o" "-Wl,--as-needed" "-Wl,-Bstatic" "/opt/rustwide/target/debug/deps/libwix-32d91eecb3f5e529.rlib" "/opt/rustwide/target/debug/deps/libsxd_xpath-ab23d198fb1d5151.rlib" "/opt/rustwide/target/debug/deps/libquick_error-64b7a0e3edc76cbb.rlib" "/opt/rustwide/target/debug/deps/libsxd_document-b82d4c00aac02d22.rlib" "/opt/rustwide/target/debug/deps/libperesil-ece8e466ee26e153.rlib" "/opt/rustwide/target/debug/deps/libtyped_arena-6468fe763e29f456.rlib" "/opt/rustwide/target/debug/deps/libencoding_rs_io-2a1c45f6af4860d3.rlib" "/opt/rustwide/target/debug/deps/libencoding_rs-70e70f92ee60aa6d.rlib" "/opt/rustwide/target/debug/deps/liblazy_static-8c0bb59ebbb3df6c.rlib" "/opt/rustwide/target/debug/deps/libregex-85f7e9f39ce5ca8d.rlib" "/opt/rustwide/target/debug/deps/libregex_automata-0735cf26512ab82a.rlib" "/opt/rustwide/target/debug/deps/libaho_corasick-7daf64d9a2a8555e.rlib" "/opt/rustwide/target/debug/deps/libmemchr-6b2b50f1398ba4dc.rlib" "/opt/rustwide/target/debug/deps/libregex_syntax-5e01ac86e61b58d2.rlib" "/opt/rustwide/target/debug/deps/libuuid-6bb24a1c87a39e10.rlib" "/opt/rustwide/target/debug/deps/libgetrandom-d496ce7502984c72.rlib" "/opt/rustwide/target/debug/deps/liblibc-3ac5a5f50ab6e616.rlib" "/opt/rustwide/target/debug/deps/libcfg_if-8217498f8667ada9.rlib" "/opt/rustwide/target/debug/deps/libmustache-9a5c44aca4760ff8.rlib" "/opt/rustwide/target/debug/deps/liblog-0a705bfab0b55d15.rlib" "/opt/rustwide/target/debug/deps/libchrono-f9c133f4be74b167.rlib" "/opt/rustwide/target/debug/deps/libnum_traits-1feb507c0d639435.rlib" "/opt/rustwide/target/debug/deps/libiana_time_zone-fa744a4c41825034.rlib" "/opt/rustwide/target/debug/deps/libitertools-00e6b2d6895618d5.rlib" "/opt/rustwide/target/debug/deps/libeither-9717d743152a7aee.rlib" "/opt/rustwide/target/debug/deps/librustc_cfg-70ec68280c7862ab.rlib" "/opt/rustwide/target/debug/deps/libcargo_metadata-202bab313a9938fb.rlib" "/opt/rustwide/target/debug/deps/libserde_json-b2bdff2e92a7e97d.rlib" "/opt/rustwide/target/debug/deps/libryu-b85f6774b03a2394.rlib" "/opt/rustwide/target/debug/deps/libitoa-1d86a7936f3b5dcd.rlib" "/opt/rustwide/target/debug/deps/libthiserror-37c69b6c5f666dbb.rlib" "/opt/rustwide/target/debug/deps/libcargo_platform-93cf804d7cf470b6.rlib" "/opt/rustwide/target/debug/deps/libcamino-837dc8c3907d7675.rlib" "/opt/rustwide/target/debug/deps/libsemver-2553cf924cc59c5d.rlib" "/opt/rustwide/target/debug/deps/libserde-91ca42d6bbe6b512.rlib" "/opt/rustwide/target/debug/deps/liblog-113019cdfc5d301e.rlib" "/opt/rustwide/rustup-home/toolchains/1.83.0-x86_64-unknown-linux-gnu/lib/rustlib/x86_64-unknown-linux-gnu/lib/libstd-ca74a2d9c5166d9f.rlib" "/opt/rustwide/rustup-home/toolchains/1.83.0-x86_64-unknown-linux-gnu/lib/rustlib/x86_64-unknown-linux-gnu/lib/libpanic_unwind-e31ab23316ed5080.rlib" "/opt/rustwide/rustup-home/toolchains/1.83.0-x86_64-unknown-linux-gnu/lib/rustlib/x86_64-unknown-linux-gnu/lib/libobject-27dc4aa955912662.rlib" "/opt/rustwide/rustup-home/toolchains/1.83.0-x86_64-unknown-linux-gnu/lib/rustlib/x86_64-unknown-linux-gnu/lib/libmemchr-bd0d6cccce077b99.rlib" "/opt/rustwide/rustup-home/toolchains/1.83.0-x86_64-unknown-linux-gnu/lib/rustlib/x86_64-unknown-linux-gnu/lib/libaddr2line-8d001680935b5e3c.rlib" "/opt/rustwide/rustup-home/toolchains/1.83.0-x86_64-unknown-linux-gnu/lib/rustlib/x86_64-unknown-linux-gnu/lib/libgimli-ba8ce71964f984f4.rlib" "/opt/rustwide/rustup-home/toolchains/1.83.0-x86_64-unknown-linux-gnu/lib/rustlib/x86_64-unknown-linux-gnu/lib/librustc_demangle-99a73526abcec14b.rlib" "/opt/rustwide/rustup-home/toolchains/1.83.0-x86_64-unknown-linux-gnu/lib/rustlib/x86_64-unknown-linux-gnu/lib/libstd_detect-63ac0d22cff92579.rlib" "/opt/rustwide/rustup-home/toolchains/1.83.0-x86_64-unknown-linux-gnu/lib/rustlib/x86_64-unknown-linux-gnu/lib/libhashbrown-9057355c92c922d5.rlib" "/opt/rustwide/rustup-home/toolchains/1.83.0-x86_64-unknown-linux-gnu/lib/rustlib/x86_64-unknown-linux-gnu/lib/librustc_std_workspace_alloc-358be9bc1f6bab04.rlib" "/opt/rustwide/rustup-home/toolchains/1.83.0-x86_64-unknown-linux-gnu/lib/rustlib/x86_64-unknown-linux-gnu/lib/libminiz_oxide-aca15549d5bff974.rlib" "/opt/rustwide/rustup-home/toolchains/1.83.0-x86_64-unknown-linux-gnu/lib/rustlib/x86_64-unknown-linux-gnu/lib/libadler-8251d2cef7072448.rlib" "/opt/rustwide/rustup-home/toolchains/1.83.0-x86_64-unknown-linux-gnu/lib/rustlib/x86_64-unknown-linux-gnu/lib/libunwind-7d50b86011c66411.rlib" "/opt/rustwide/rustup-home/toolchains/1.83.0-x86_64-unknown-linux-gnu/lib/rustlib/x86_64-unknown-linux-gnu/lib/libcfg_if-51ea098fce5006bf.rlib" "/opt/rustwide/rustup-home/toolchains/1.83.0-x86_64-unknown-linux-gnu/lib/rustlib/x86_64-unknown-linux-gnu/lib/liblibc-5a14e0d0b712e731.rlib" "/opt/rustwide/rustup-home/toolchains/1.83.0-x86_64-unknown-linux-gnu/lib/rustlib/x86_64-unknown-linux-gnu/lib/liballoc-8b83dbf3a7b8f999.rlib" "/opt/rustwide/rustup-home/toolchains/1.83.0-x86_64-unknown-linux-gnu/lib/rustlib/x86_64-unknown-linux-gnu/lib/librustc_std_workspace_core-c6fd227bdc7b39ff.rlib" "/opt/rustwide/rustup-home/toolchains/1.83.0-x86_64-unknown-linux-gnu/lib/rustlib/x86_64-unknown-linux-gnu/lib/libcore-959d3389fa3da8a5.rlib" "/opt/rustwide/rustup-home/toolchains/1.83.0-x86_64-unknown-linux-gnu/lib/rustlib/x86_64-unknown-linux-gnu/lib/libcompiler_builtins-abe05db089cc2c62.rlib" "-Wl,-Bdynamic" "-lgcc_s" "-lutil" "-lrt" "-lpthread" "-lm" "-ldl" "-lc" "-Wl,--eh-frame-hdr" "-Wl,-z,noexecstack" "-L" "/opt/rustwide/rustup-home/toolchains/1.83.0-x86_64-unknown-linux-gnu/lib/rustlib/x86_64-unknown-linux-gnu/lib" "-o" "/tmp/rustdoctesttAiy7r/rust_out" "-Wl,--gc-sections" "-pie" "-Wl,-z,relro,-z,now" "-nodefaultlibs"
[INFO] [stdout]   = note: collect2: fatal error: ld terminated with signal 9 [Killed]
[INFO] [stdout]           compilation terminated.
[INFO] [stdout]           
[INFO] [stdout] 
[INFO] [stdout] error: aborting due to 1 previous error
[INFO] [stdout] 
[INFO] [stdout] Couldn't compile the test.
[INFO] [stdout] ---- src/lib.rs - TimestampServer::url (line 621) stdout ----
[INFO] [stdout] error: linking with `cc` failed: exit status: 1
[INFO] [stdout]   |
[INFO] [stdout]   = note: LC_ALL="C" PATH="/opt/rustwide/rustup-home/toolchains/1.83.0-x86_64-unknown-linux-gnu/lib/rustlib/x86_64-unknown-linux-gnu/bin:/opt/rustwide/cargo-home/bin:/usr/local/sbin:/usr/local/bin:/usr/sbin:/usr/bin:/sbin:/bin" VSLANG="1033" "cc" "-m64" "/tmp/rustcBivDyN/symbols.o" "/tmp/rustdoctesteawV59/rust_out.rust_out.cb03291d53e4e161-cgu.0.rcgu.o" "/tmp/rustdoctesteawV59/rust_out.1s7umcihpz0t7nkz1uc2ifee9.rcgu.o" "-Wl,--as-needed" "-Wl,-Bstatic" "/opt/rustwide/target/debug/deps/libwix-32d91eecb3f5e529.rlib" "/opt/rustwide/target/debug/deps/libsxd_xpath-ab23d198fb1d5151.rlib" "/opt/rustwide/target/debug/deps/libquick_error-64b7a0e3edc76cbb.rlib" "/opt/rustwide/target/debug/deps/libsxd_document-b82d4c00aac02d22.rlib" "/opt/rustwide/target/debug/deps/libperesil-ece8e466ee26e153.rlib" "/opt/rustwide/target/debug/deps/libtyped_arena-6468fe763e29f456.rlib" "/opt/rustwide/target/debug/deps/libencoding_rs_io-2a1c45f6af4860d3.rlib" "/opt/rustwide/target/debug/deps/libencoding_rs-70e70f92ee60aa6d.rlib" "/opt/rustwide/target/debug/deps/liblazy_static-8c0bb59ebbb3df6c.rlib" "/opt/rustwide/target/debug/deps/libregex-85f7e9f39ce5ca8d.rlib" "/opt/rustwide/target/debug/deps/libregex_automata-0735cf26512ab82a.rlib" "/opt/rustwide/target/debug/deps/libaho_corasick-7daf64d9a2a8555e.rlib" "/opt/rustwide/target/debug/deps/libmemchr-6b2b50f1398ba4dc.rlib" "/opt/rustwide/target/debug/deps/libregex_syntax-5e01ac86e61b58d2.rlib" "/opt/rustwide/target/debug/deps/libuuid-6bb24a1c87a39e10.rlib" "/opt/rustwide/target/debug/deps/libgetrandom-d496ce7502984c72.rlib" "/opt/rustwide/target/debug/deps/liblibc-3ac5a5f50ab6e616.rlib" "/opt/rustwide/target/debug/deps/libcfg_if-8217498f8667ada9.rlib" "/opt/rustwide/target/debug/deps/libmustache-9a5c44aca4760ff8.rlib" "/opt/rustwide/target/debug/deps/liblog-0a705bfab0b55d15.rlib" "/opt/rustwide/target/debug/deps/libchrono-f9c133f4be74b167.rlib" "/opt/rustwide/target/debug/deps/libnum_traits-1feb507c0d639435.rlib" "/opt/rustwide/target/debug/deps/libiana_time_zone-fa744a4c41825034.rlib" "/opt/rustwide/target/debug/deps/libitertools-00e6b2d6895618d5.rlib" "/opt/rustwide/target/debug/deps/libeither-9717d743152a7aee.rlib" "/opt/rustwide/target/debug/deps/librustc_cfg-70ec68280c7862ab.rlib" "/opt/rustwide/target/debug/deps/libcargo_metadata-202bab313a9938fb.rlib" "/opt/rustwide/target/debug/deps/libserde_json-b2bdff2e92a7e97d.rlib" "/opt/rustwide/target/debug/deps/libryu-b85f6774b03a2394.rlib" "/opt/rustwide/target/debug/deps/libitoa-1d86a7936f3b5dcd.rlib" "/opt/rustwide/target/debug/deps/libthiserror-37c69b6c5f666dbb.rlib" "/opt/rustwide/target/debug/deps/libcargo_platform-93cf804d7cf470b6.rlib" "/opt/rustwide/target/debug/deps/libcamino-837dc8c3907d7675.rlib" "/opt/rustwide/target/debug/deps/libsemver-2553cf924cc59c5d.rlib" "/opt/rustwide/target/debug/deps/libserde-91ca42d6bbe6b512.rlib" "/opt/rustwide/target/debug/deps/liblog-113019cdfc5d301e.rlib" "/opt/rustwide/rustup-home/toolchains/1.83.0-x86_64-unknown-linux-gnu/lib/rustlib/x86_64-unknown-linux-gnu/lib/libstd-ca74a2d9c5166d9f.rlib" "/opt/rustwide/rustup-home/toolchains/1.83.0-x86_64-unknown-linux-gnu/lib/rustlib/x86_64-unknown-linux-gnu/lib/libpanic_unwind-e31ab23316ed5080.rlib" "/opt/rustwide/rustup-home/toolchains/1.83.0-x86_64-unknown-linux-gnu/lib/rustlib/x86_64-unknown-linux-gnu/lib/libobject-27dc4aa955912662.rlib" "/opt/rustwide/rustup-home/toolchains/1.83.0-x86_64-unknown-linux-gnu/lib/rustlib/x86_64-unknown-linux-gnu/lib/libmemchr-bd0d6cccce077b99.rlib" "/opt/rustwide/rustup-home/toolchains/1.83.0-x86_64-unknown-linux-gnu/lib/rustlib/x86_64-unknown-linux-gnu/lib/libaddr2line-8d001680935b5e3c.rlib" "/opt/rustwide/rustup-home/toolchains/1.83.0-x86_64-unknown-linux-gnu/lib/rustlib/x86_64-unknown-linux-gnu/lib/libgimli-ba8ce71964f984f4.rlib" "/opt/rustwide/rustup-home/toolchains/1.83.0-x86_64-unknown-linux-gnu/lib/rustlib/x86_64-unknown-linux-gnu/lib/librustc_demangle-99a73526abcec14b.rlib" "/opt/rustwide/rustup-home/toolchains/1.83.0-x86_64-unknown-linux-gnu/lib/rustlib/x86_64-unknown-linux-gnu/lib/libstd_detect-63ac0d22cff92579.rlib" "/opt/rustwide/rustup-home/toolchains/1.83.0-x86_64-unknown-linux-gnu/lib/rustlib/x86_64-unknown-linux-gnu/lib/libhashbrown-9057355c92c922d5.rlib" "/opt/rustwide/rustup-home/toolchains/1.83.0-x86_64-unknown-linux-gnu/lib/rustlib/x86_64-unknown-linux-gnu/lib/librustc_std_workspace_alloc-358be9bc1f6bab04.rlib" "/opt/rustwide/rustup-home/toolchains/1.83.0-x86_64-unknown-linux-gnu/lib/rustlib/x86_64-unknown-linux-gnu/lib/libminiz_oxide-aca15549d5bff974.rlib" "/opt/rustwide/rustup-home/toolchains/1.83.0-x86_64-unknown-linux-gnu/lib/rustlib/x86_64-unknown-linux-gnu/lib/libadler-8251d2cef7072448.rlib" "/opt/rustwide/rustup-home/toolchains/1.83.0-x86_64-unknown-linux-gnu/lib/rustlib/x86_64-unknown-linux-gnu/lib/libunwind-7d50b86011c66411.rlib" "/opt/rustwide/rustup-home/toolchains/1.83.0-x86_64-unknown-linux-gnu/lib/rustlib/x86_64-unknown-linux-gnu/lib/libcfg_if-51ea098fce5006bf.rlib" "/opt/rustwide/rustup-home/toolchains/1.83.0-x86_64-unknown-linux-gnu/lib/rustlib/x86_64-unknown-linux-gnu/lib/liblibc-5a14e0d0b712e731.rlib" "/opt/rustwide/rustup-home/toolchains/1.83.0-x86_64-unknown-linux-gnu/lib/rustlib/x86_64-unknown-linux-gnu/lib/liballoc-8b83dbf3a7b8f999.rlib" "/opt/rustwide/rustup-home/toolchains/1.83.0-x86_64-unknown-linux-gnu/lib/rustlib/x86_64-unknown-linux-gnu/lib/librustc_std_workspace_core-c6fd227bdc7b39ff.rlib" "/opt/rustwide/rustup-home/toolchains/1.83.0-x86_64-unknown-linux-gnu/lib/rustlib/x86_64-unknown-linux-gnu/lib/libcore-959d3389fa3da8a5.rlib" "/opt/rustwide/rustup-home/toolchains/1.83.0-x86_64-unknown-linux-gnu/lib/rustlib/x86_64-unknown-linux-gnu/lib/libcompiler_builtins-abe05db089cc2c62.rlib" "-Wl,-Bdynamic" "-lgcc_s" "-lutil" "-lrt" "-lpthread" "-lm" "-ldl" "-lc" "-Wl,--eh-frame-hdr" "-Wl,-z,noexecstack" "-L" "/opt/rustwide/rustup-home/toolchains/1.83.0-x86_64-unknown-linux-gnu/lib/rustlib/x86_64-unknown-linux-gnu/lib" "-o" "/tmp/rustdoctesteawV59/rust_out" "-Wl,--gc-sections" "-pie" "-Wl,-z,relro,-z,now" "-nodefaultlibs"
[INFO] [stdout]   = note: collect2: fatal error: ld terminated with signal 9 [Killed]
[INFO] [stdout]           compilation terminated.
[INFO] [stdout]           
[INFO] [stdout] 
[INFO] [stdout] error: aborting due to 1 previous error
[INFO] [stdout] 
[INFO] [stdout] Couldn't compile the test.
[INFO] [stdout] ---- src/lib.rs - Cultures::location (line 849) stdout ----
[INFO] [stdout] error: linking with `cc` failed: exit status: 1
[INFO] [stdout]   |
[INFO] [stdout]   = note: LC_ALL="C" PATH="/opt/rustwide/rustup-home/toolchains/1.83.0-x86_64-unknown-linux-gnu/lib/rustlib/x86_64-unknown-linux-gnu/bin:/opt/rustwide/cargo-home/bin:/usr/local/sbin:/usr/local/bin:/usr/sbin:/usr/bin:/sbin:/bin" VSLANG="1033" "cc" "-m64" "/tmp/rustc3am1Zi/symbols.o" "/tmp/rustdoctestS2kqnz/rust_out.rust_out.cb03291d53e4e161-cgu.0.rcgu.o" "/tmp/rustdoctestS2kqnz/rust_out.1s7umcihpz0t7nkz1uc2ifee9.rcgu.o" "-Wl,--as-needed" "-Wl,-Bstatic" "/opt/rustwide/target/debug/deps/libwix-32d91eecb3f5e529.rlib" "/opt/rustwide/target/debug/deps/libsxd_xpath-ab23d198fb1d5151.rlib" "/opt/rustwide/target/debug/deps/libquick_error-64b7a0e3edc76cbb.rlib" "/opt/rustwide/target/debug/deps/libsxd_document-b82d4c00aac02d22.rlib" "/opt/rustwide/target/debug/deps/libperesil-ece8e466ee26e153.rlib" "/opt/rustwide/target/debug/deps/libtyped_arena-6468fe763e29f456.rlib" "/opt/rustwide/target/debug/deps/libencoding_rs_io-2a1c45f6af4860d3.rlib" "/opt/rustwide/target/debug/deps/libencoding_rs-70e70f92ee60aa6d.rlib" "/opt/rustwide/target/debug/deps/liblazy_static-8c0bb59ebbb3df6c.rlib" "/opt/rustwide/target/debug/deps/libregex-85f7e9f39ce5ca8d.rlib" "/opt/rustwide/target/debug/deps/libregex_automata-0735cf26512ab82a.rlib" "/opt/rustwide/target/debug/deps/libaho_corasick-7daf64d9a2a8555e.rlib" "/opt/rustwide/target/debug/deps/libmemchr-6b2b50f1398ba4dc.rlib" "/opt/rustwide/target/debug/deps/libregex_syntax-5e01ac86e61b58d2.rlib" "/opt/rustwide/target/debug/deps/libuuid-6bb24a1c87a39e10.rlib" "/opt/rustwide/target/debug/deps/libgetrandom-d496ce7502984c72.rlib" "/opt/rustwide/target/debug/deps/liblibc-3ac5a5f50ab6e616.rlib" "/opt/rustwide/target/debug/deps/libcfg_if-8217498f8667ada9.rlib" "/opt/rustwide/target/debug/deps/libmustache-9a5c44aca4760ff8.rlib" "/opt/rustwide/target/debug/deps/liblog-0a705bfab0b55d15.rlib" "/opt/rustwide/target/debug/deps/libchrono-f9c133f4be74b167.rlib" "/opt/rustwide/target/debug/deps/libnum_traits-1feb507c0d639435.rlib" "/opt/rustwide/target/debug/deps/libiana_time_zone-fa744a4c41825034.rlib" "/opt/rustwide/target/debug/deps/libitertools-00e6b2d6895618d5.rlib" "/opt/rustwide/target/debug/deps/libeither-9717d743152a7aee.rlib" "/opt/rustwide/target/debug/deps/librustc_cfg-70ec68280c7862ab.rlib" "/opt/rustwide/target/debug/deps/libcargo_metadata-202bab313a9938fb.rlib" "/opt/rustwide/target/debug/deps/libserde_json-b2bdff2e92a7e97d.rlib" "/opt/rustwide/target/debug/deps/libryu-b85f6774b03a2394.rlib" "/opt/rustwide/target/debug/deps/libitoa-1d86a7936f3b5dcd.rlib" "/opt/rustwide/target/debug/deps/libthiserror-37c69b6c5f666dbb.rlib" "/opt/rustwide/target/debug/deps/libcargo_platform-93cf804d7cf470b6.rlib" "/opt/rustwide/target/debug/deps/libcamino-837dc8c3907d7675.rlib" "/opt/rustwide/target/debug/deps/libsemver-2553cf924cc59c5d.rlib" "/opt/rustwide/target/debug/deps/libserde-91ca42d6bbe6b512.rlib" "/opt/rustwide/target/debug/deps/liblog-113019cdfc5d301e.rlib" "/opt/rustwide/rustup-home/toolchains/1.83.0-x86_64-unknown-linux-gnu/lib/rustlib/x86_64-unknown-linux-gnu/lib/libstd-ca74a2d9c5166d9f.rlib" "/opt/rustwide/rustup-home/toolchains/1.83.0-x86_64-unknown-linux-gnu/lib/rustlib/x86_64-unknown-linux-gnu/lib/libpanic_unwind-e31ab23316ed5080.rlib" "/opt/rustwide/rustup-home/toolchains/1.83.0-x86_64-unknown-linux-gnu/lib/rustlib/x86_64-unknown-linux-gnu/lib/libobject-27dc4aa955912662.rlib" "/opt/rustwide/rustup-home/toolchains/1.83.0-x86_64-unknown-linux-gnu/lib/rustlib/x86_64-unknown-linux-gnu/lib/libmemchr-bd0d6cccce077b99.rlib" "/opt/rustwide/rustup-home/toolchains/1.83.0-x86_64-unknown-linux-gnu/lib/rustlib/x86_64-unknown-linux-gnu/lib/libaddr2line-8d001680935b5e3c.rlib" "/opt/rustwide/rustup-home/toolchains/1.83.0-x86_64-unknown-linux-gnu/lib/rustlib/x86_64-unknown-linux-gnu/lib/libgimli-ba8ce71964f984f4.rlib" "/opt/rustwide/rustup-home/toolchains/1.83.0-x86_64-unknown-linux-gnu/lib/rustlib/x86_64-unknown-linux-gnu/lib/librustc_demangle-99a73526abcec14b.rlib" "/opt/rustwide/rustup-home/toolchains/1.83.0-x86_64-unknown-linux-gnu/lib/rustlib/x86_64-unknown-linux-gnu/lib/libstd_detect-63ac0d22cff92579.rlib" "/opt/rustwide/rustup-home/toolchains/1.83.0-x86_64-unknown-linux-gnu/lib/rustlib/x86_64-unknown-linux-gnu/lib/libhashbrown-9057355c92c922d5.rlib" "/opt/rustwide/rustup-home/toolchains/1.83.0-x86_64-unknown-linux-gnu/lib/rustlib/x86_64-unknown-linux-gnu/lib/librustc_std_workspace_alloc-358be9bc1f6bab04.rlib" "/opt/rustwide/rustup-home/toolchains/1.83.0-x86_64-unknown-linux-gnu/lib/rustlib/x86_64-unknown-linux-gnu/lib/libminiz_oxide-aca15549d5bff974.rlib" "/opt/rustwide/rustup-home/toolchains/1.83.0-x86_64-unknown-linux-gnu/lib/rustlib/x86_64-unknown-linux-gnu/lib/libadler-8251d2cef7072448.rlib" "/opt/rustwide/rustup-home/toolchains/1.83.0-x86_64-unknown-linux-gnu/lib/rustlib/x86_64-unknown-linux-gnu/lib/libunwind-7d50b86011c66411.rlib" "/opt/rustwide/rustup-home/toolchains/1.83.0-x86_64-unknown-linux-gnu/lib/rustlib/x86_64-unknown-linux-gnu/lib/libcfg_if-51ea098fce5006bf.rlib" "/opt/rustwide/rustup-home/toolchains/1.83.0-x86_64-unknown-linux-gnu/lib/rustlib/x86_64-unknown-linux-gnu/lib/liblibc-5a14e0d0b712e731.rlib" "/opt/rustwide/rustup-home/toolchains/1.83.0-x86_64-unknown-linux-gnu/lib/rustlib/x86_64-unknown-linux-gnu/lib/liballoc-8b83dbf3a7b8f999.rlib" "/opt/rustwide/rustup-home/toolchains/1.83.0-x86_64-unknown-linux-gnu/lib/rustlib/x86_64-unknown-linux-gnu/lib/librustc_std_workspace_core-c6fd227bdc7b39ff.rlib" "/opt/rustwide/rustup-home/toolchains/1.83.0-x86_64-unknown-linux-gnu/lib/rustlib/x86_64-unknown-linux-gnu/lib/libcore-959d3389fa3da8a5.rlib" "/opt/rustwide/rustup-home/toolchains/1.83.0-x86_64-unknown-linux-gnu/lib/rustlib/x86_64-unknown-linux-gnu/lib/libcompiler_builtins-abe05db089cc2c62.rlib" "-Wl,-Bdynamic" "-lgcc_s" "-lutil" "-lrt" "-lpthread" "-lm" "-ldl" "-lc" "-Wl,--eh-frame-hdr" "-Wl,-z,noexecstack" "-L" "/opt/rustwide/rustup-home/toolchains/1.83.0-x86_64-unknown-linux-gnu/lib/rustlib/x86_64-unknown-linux-gnu/lib" "-o" "/tmp/rustdoctestS2kqnz/rust_out" "-Wl,--gc-sections" "-pie" "-Wl,-z,relro,-z,now" "-nodefaultlibs"
[INFO] [stdout]   = note: collect2: fatal error: ld terminated with signal 9 [Killed]
[INFO] [stdout]           compilation terminated.
[INFO] [stdout]           
[INFO] [stdout] 
[INFO] [stdout] error: aborting due to 1 previous error
[INFO] [stdout] 
[INFO] [stdout] Couldn't compile the test.
[INFO] [stdout] ---- src/templates/mod.rs - templates::Template::license_ids (line 126) stdout ----
[INFO] [stdout] error: linking with `cc` failed: exit status: 1
[INFO] [stdout]   |
[INFO] [stdout]   = note: LC_ALL="C" PATH="/opt/rustwide/rustup-home/toolchains/1.83.0-x86_64-unknown-linux-gnu/lib/rustlib/x86_64-unknown-linux-gnu/bin:/opt/rustwide/cargo-home/bin:/usr/local/sbin:/usr/local/bin:/usr/sbin:/usr/bin:/sbin:/bin" VSLANG="1033" "cc" "-m64" "/tmp/rustcMxeA8V/symbols.o" "/tmp/rustdoctestqsjkDg/rust_out.rust_out.cb03291d53e4e161-cgu.0.rcgu.o" "/tmp/rustdoctestqsjkDg/rust_out.1s7umcihpz0t7nkz1uc2ifee9.rcgu.o" "-Wl,--as-needed" "-Wl,-Bstatic" "/opt/rustwide/target/debug/deps/libwix-32d91eecb3f5e529.rlib" "/opt/rustwide/target/debug/deps/libsxd_xpath-ab23d198fb1d5151.rlib" "/opt/rustwide/target/debug/deps/libquick_error-64b7a0e3edc76cbb.rlib" "/opt/rustwide/target/debug/deps/libsxd_document-b82d4c00aac02d22.rlib" "/opt/rustwide/target/debug/deps/libperesil-ece8e466ee26e153.rlib" "/opt/rustwide/target/debug/deps/libtyped_arena-6468fe763e29f456.rlib" "/opt/rustwide/target/debug/deps/libencoding_rs_io-2a1c45f6af4860d3.rlib" "/opt/rustwide/target/debug/deps/libencoding_rs-70e70f92ee60aa6d.rlib" "/opt/rustwide/target/debug/deps/liblazy_static-8c0bb59ebbb3df6c.rlib" "/opt/rustwide/target/debug/deps/libregex-85f7e9f39ce5ca8d.rlib" "/opt/rustwide/target/debug/deps/libregex_automata-0735cf26512ab82a.rlib" "/opt/rustwide/target/debug/deps/libaho_corasick-7daf64d9a2a8555e.rlib" "/opt/rustwide/target/debug/deps/libmemchr-6b2b50f1398ba4dc.rlib" "/opt/rustwide/target/debug/deps/libregex_syntax-5e01ac86e61b58d2.rlib" "/opt/rustwide/target/debug/deps/libuuid-6bb24a1c87a39e10.rlib" "/opt/rustwide/target/debug/deps/libgetrandom-d496ce7502984c72.rlib" "/opt/rustwide/target/debug/deps/liblibc-3ac5a5f50ab6e616.rlib" "/opt/rustwide/target/debug/deps/libcfg_if-8217498f8667ada9.rlib" "/opt/rustwide/target/debug/deps/libmustache-9a5c44aca4760ff8.rlib" "/opt/rustwide/target/debug/deps/liblog-0a705bfab0b55d15.rlib" "/opt/rustwide/target/debug/deps/libchrono-f9c133f4be74b167.rlib" "/opt/rustwide/target/debug/deps/libnum_traits-1feb507c0d639435.rlib" "/opt/rustwide/target/debug/deps/libiana_time_zone-fa744a4c41825034.rlib" "/opt/rustwide/target/debug/deps/libitertools-00e6b2d6895618d5.rlib" "/opt/rustwide/target/debug/deps/libeither-9717d743152a7aee.rlib" "/opt/rustwide/target/debug/deps/librustc_cfg-70ec68280c7862ab.rlib" "/opt/rustwide/target/debug/deps/libcargo_metadata-202bab313a9938fb.rlib" "/opt/rustwide/target/debug/deps/libserde_json-b2bdff2e92a7e97d.rlib" "/opt/rustwide/target/debug/deps/libryu-b85f6774b03a2394.rlib" "/opt/rustwide/target/debug/deps/libitoa-1d86a7936f3b5dcd.rlib" "/opt/rustwide/target/debug/deps/libthiserror-37c69b6c5f666dbb.rlib" "/opt/rustwide/target/debug/deps/libcargo_platform-93cf804d7cf470b6.rlib" "/opt/rustwide/target/debug/deps/libcamino-837dc8c3907d7675.rlib" "/opt/rustwide/target/debug/deps/libsemver-2553cf924cc59c5d.rlib" "/opt/rustwide/target/debug/deps/libserde-91ca42d6bbe6b512.rlib" "/opt/rustwide/target/debug/deps/liblog-113019cdfc5d301e.rlib" "/opt/rustwide/rustup-home/toolchains/1.83.0-x86_64-unknown-linux-gnu/lib/rustlib/x86_64-unknown-linux-gnu/lib/libstd-ca74a2d9c5166d9f.rlib" "/opt/rustwide/rustup-home/toolchains/1.83.0-x86_64-unknown-linux-gnu/lib/rustlib/x86_64-unknown-linux-gnu/lib/libpanic_unwind-e31ab23316ed5080.rlib" "/opt/rustwide/rustup-home/toolchains/1.83.0-x86_64-unknown-linux-gnu/lib/rustlib/x86_64-unknown-linux-gnu/lib/libobject-27dc4aa955912662.rlib" "/opt/rustwide/rustup-home/toolchains/1.83.0-x86_64-unknown-linux-gnu/lib/rustlib/x86_64-unknown-linux-gnu/lib/libmemchr-bd0d6cccce077b99.rlib" "/opt/rustwide/rustup-home/toolchains/1.83.0-x86_64-unknown-linux-gnu/lib/rustlib/x86_64-unknown-linux-gnu/lib/libaddr2line-8d001680935b5e3c.rlib" "/opt/rustwide/rustup-home/toolchains/1.83.0-x86_64-unknown-linux-gnu/lib/rustlib/x86_64-unknown-linux-gnu/lib/libgimli-ba8ce71964f984f4.rlib" "/opt/rustwide/rustup-home/toolchains/1.83.0-x86_64-unknown-linux-gnu/lib/rustlib/x86_64-unknown-linux-gnu/lib/librustc_demangle-99a73526abcec14b.rlib" "/opt/rustwide/rustup-home/toolchains/1.83.0-x86_64-unknown-linux-gnu/lib/rustlib/x86_64-unknown-linux-gnu/lib/libstd_detect-63ac0d22cff92579.rlib" "/opt/rustwide/rustup-home/toolchains/1.83.0-x86_64-unknown-linux-gnu/lib/rustlib/x86_64-unknown-linux-gnu/lib/libhashbrown-9057355c92c922d5.rlib" "/opt/rustwide/rustup-home/toolchains/1.83.0-x86_64-unknown-linux-gnu/lib/rustlib/x86_64-unknown-linux-gnu/lib/librustc_std_workspace_alloc-358be9bc1f6bab04.rlib" "/opt/rustwide/rustup-home/toolchains/1.83.0-x86_64-unknown-linux-gnu/lib/rustlib/x86_64-unknown-linux-gnu/lib/libminiz_oxide-aca15549d5bff974.rlib" "/opt/rustwide/rustup-home/toolchains/1.83.0-x86_64-unknown-linux-gnu/lib/rustlib/x86_64-unknown-linux-gnu/lib/libadler-8251d2cef7072448.rlib" "/opt/rustwide/rustup-home/toolchains/1.83.0-x86_64-unknown-linux-gnu/lib/rustlib/x86_64-unknown-linux-gnu/lib/libunwind-7d50b86011c66411.rlib" "/opt/rustwide/rustup-home/toolchains/1.83.0-x86_64-unknown-linux-gnu/lib/rustlib/x86_64-unknown-linux-gnu/lib/libcfg_if-51ea098fce5006bf.rlib" "/opt/rustwide/rustup-home/toolchains/1.83.0-x86_64-unknown-linux-gnu/lib/rustlib/x86_64-unknown-linux-gnu/lib/liblibc-5a14e0d0b712e731.rlib" "/opt/rustwide/rustup-home/toolchains/1.83.0-x86_64-unknown-linux-gnu/lib/rustlib/x86_64-unknown-linux-gnu/lib/liballoc-8b83dbf3a7b8f999.rlib" "/opt/rustwide/rustup-home/toolchains/1.83.0-x86_64-unknown-linux-gnu/lib/rustlib/x86_64-unknown-linux-gnu/lib/librustc_std_workspace_core-c6fd227bdc7b39ff.rlib" "/opt/rustwide/rustup-home/toolchains/1.83.0-x86_64-unknown-linux-gnu/lib/rustlib/x86_64-unknown-linux-gnu/lib/libcore-959d3389fa3da8a5.rlib" "/opt/rustwide/rustup-home/toolchains/1.83.0-x86_64-unknown-linux-gnu/lib/rustlib/x86_64-unknown-linux-gnu/lib/libcompiler_builtins-abe05db089cc2c62.rlib" "-Wl,-Bdynamic" "-lgcc_s" "-lutil" "-lrt" "-lpthread" "-lm" "-ldl" "-lc" "-Wl,--eh-frame-hdr" "-Wl,-z,noexecstack" "-L" "/opt/rustwide/rustup-home/toolchains/1.83.0-x86_64-unknown-linux-gnu/lib/rustlib/x86_64-unknown-linux-gnu/lib" "-o" "/tmp/rustdoctestqsjkDg/rust_out" "-Wl,--gc-sections" "-pie" "-Wl,-z,relro,-z,now" "-nodefaultlibs"
[INFO] [stdout]   = note: collect2: fatal error: ld terminated with signal 9 [Killed]
[INFO] [stdout]           compilation terminated.
[INFO] [stdout]           
[INFO] [stdout] 
[INFO] [stdout] error: aborting due to 1 previous error
[INFO] [stdout] 
[INFO] [stdout] Couldn't compile the test.
[INFO] [stdout] ---- src/lib.rs - Error::not_a_manifest (line 365) stdout ----
[INFO] [stdout] error: linking with `cc` failed: exit status: 1
[INFO] [stdout]   |
[INFO] [stdout]   = note: LC_ALL="C" PATH="/opt/rustwide/rustup-home/toolchains/1.83.0-x86_64-unknown-linux-gnu/lib/rustlib/x86_64-unknown-linux-gnu/bin:/opt/rustwide/cargo-home/bin:/usr/local/sbin:/usr/local/bin:/usr/sbin:/usr/bin:/sbin:/bin" VSLANG="1033" "cc" "-m64" "/tmp/rustc0eHSvE/symbols.o" "/tmp/rustdoctest8ICtOl/rust_out.rust_out.cb03291d53e4e161-cgu.0.rcgu.o" "/tmp/rustdoctest8ICtOl/rust_out.1s7umcihpz0t7nkz1uc2ifee9.rcgu.o" "-Wl,--as-needed" "-Wl,-Bstatic" "/opt/rustwide/target/debug/deps/libwix-32d91eecb3f5e529.rlib" "/opt/rustwide/target/debug/deps/libsxd_xpath-ab23d198fb1d5151.rlib" "/opt/rustwide/target/debug/deps/libquick_error-64b7a0e3edc76cbb.rlib" "/opt/rustwide/target/debug/deps/libsxd_document-b82d4c00aac02d22.rlib" "/opt/rustwide/target/debug/deps/libperesil-ece8e466ee26e153.rlib" "/opt/rustwide/target/debug/deps/libtyped_arena-6468fe763e29f456.rlib" "/opt/rustwide/target/debug/deps/libencoding_rs_io-2a1c45f6af4860d3.rlib" "/opt/rustwide/target/debug/deps/libencoding_rs-70e70f92ee60aa6d.rlib" "/opt/rustwide/target/debug/deps/liblazy_static-8c0bb59ebbb3df6c.rlib" "/opt/rustwide/target/debug/deps/libregex-85f7e9f39ce5ca8d.rlib" "/opt/rustwide/target/debug/deps/libregex_automata-0735cf26512ab82a.rlib" "/opt/rustwide/target/debug/deps/libaho_corasick-7daf64d9a2a8555e.rlib" "/opt/rustwide/target/debug/deps/libmemchr-6b2b50f1398ba4dc.rlib" "/opt/rustwide/target/debug/deps/libregex_syntax-5e01ac86e61b58d2.rlib" "/opt/rustwide/target/debug/deps/libuuid-6bb24a1c87a39e10.rlib" "/opt/rustwide/target/debug/deps/libgetrandom-d496ce7502984c72.rlib" "/opt/rustwide/target/debug/deps/liblibc-3ac5a5f50ab6e616.rlib" "/opt/rustwide/target/debug/deps/libcfg_if-8217498f8667ada9.rlib" "/opt/rustwide/target/debug/deps/libmustache-9a5c44aca4760ff8.rlib" "/opt/rustwide/target/debug/deps/liblog-0a705bfab0b55d15.rlib" "/opt/rustwide/target/debug/deps/libchrono-f9c133f4be74b167.rlib" "/opt/rustwide/target/debug/deps/libnum_traits-1feb507c0d639435.rlib" "/opt/rustwide/target/debug/deps/libiana_time_zone-fa744a4c41825034.rlib" "/opt/rustwide/target/debug/deps/libitertools-00e6b2d6895618d5.rlib" "/opt/rustwide/target/debug/deps/libeither-9717d743152a7aee.rlib" "/opt/rustwide/target/debug/deps/librustc_cfg-70ec68280c7862ab.rlib" "/opt/rustwide/target/debug/deps/libcargo_metadata-202bab313a9938fb.rlib" "/opt/rustwide/target/debug/deps/libserde_json-b2bdff2e92a7e97d.rlib" "/opt/rustwide/target/debug/deps/libryu-b85f6774b03a2394.rlib" "/opt/rustwide/target/debug/deps/libitoa-1d86a7936f3b5dcd.rlib" "/opt/rustwide/target/debug/deps/libthiserror-37c69b6c5f666dbb.rlib" "/opt/rustwide/target/debug/deps/libcargo_platform-93cf804d7cf470b6.rlib" "/opt/rustwide/target/debug/deps/libcamino-837dc8c3907d7675.rlib" "/opt/rustwide/target/debug/deps/libsemver-2553cf924cc59c5d.rlib" "/opt/rustwide/target/debug/deps/libserde-91ca42d6bbe6b512.rlib" "/opt/rustwide/target/debug/deps/liblog-113019cdfc5d301e.rlib" "/opt/rustwide/rustup-home/toolchains/1.83.0-x86_64-unknown-linux-gnu/lib/rustlib/x86_64-unknown-linux-gnu/lib/libstd-ca74a2d9c5166d9f.rlib" "/opt/rustwide/rustup-home/toolchains/1.83.0-x86_64-unknown-linux-gnu/lib/rustlib/x86_64-unknown-linux-gnu/lib/libpanic_unwind-e31ab23316ed5080.rlib" "/opt/rustwide/rustup-home/toolchains/1.83.0-x86_64-unknown-linux-gnu/lib/rustlib/x86_64-unknown-linux-gnu/lib/libobject-27dc4aa955912662.rlib" "/opt/rustwide/rustup-home/toolchains/1.83.0-x86_64-unknown-linux-gnu/lib/rustlib/x86_64-unknown-linux-gnu/lib/libmemchr-bd0d6cccce077b99.rlib" "/opt/rustwide/rustup-home/toolchains/1.83.0-x86_64-unknown-linux-gnu/lib/rustlib/x86_64-unknown-linux-gnu/lib/libaddr2line-8d001680935b5e3c.rlib" "/opt/rustwide/rustup-home/toolchains/1.83.0-x86_64-unknown-linux-gnu/lib/rustlib/x86_64-unknown-linux-gnu/lib/libgimli-ba8ce71964f984f4.rlib" "/opt/rustwide/rustup-home/toolchains/1.83.0-x86_64-unknown-linux-gnu/lib/rustlib/x86_64-unknown-linux-gnu/lib/librustc_demangle-99a73526abcec14b.rlib" "/opt/rustwide/rustup-home/toolchains/1.83.0-x86_64-unknown-linux-gnu/lib/rustlib/x86_64-unknown-linux-gnu/lib/libstd_detect-63ac0d22cff92579.rlib" "/opt/rustwide/rustup-home/toolchains/1.83.0-x86_64-unknown-linux-gnu/lib/rustlib/x86_64-unknown-linux-gnu/lib/libhashbrown-9057355c92c922d5.rlib" "/opt/rustwide/rustup-home/toolchains/1.83.0-x86_64-unknown-linux-gnu/lib/rustlib/x86_64-unknown-linux-gnu/lib/librustc_std_workspace_alloc-358be9bc1f6bab04.rlib" "/opt/rustwide/rustup-home/toolchains/1.83.0-x86_64-unknown-linux-gnu/lib/rustlib/x86_64-unknown-linux-gnu/lib/libminiz_oxide-aca15549d5bff974.rlib" "/opt/rustwide/rustup-home/toolchains/1.83.0-x86_64-unknown-linux-gnu/lib/rustlib/x86_64-unknown-linux-gnu/lib/libadler-8251d2cef7072448.rlib" "/opt/rustwide/rustup-home/toolchains/1.83.0-x86_64-unknown-linux-gnu/lib/rustlib/x86_64-unknown-linux-gnu/lib/libunwind-7d50b86011c66411.rlib" "/opt/rustwide/rustup-home/toolchains/1.83.0-x86_64-unknown-linux-gnu/lib/rustlib/x86_64-unknown-linux-gnu/lib/libcfg_if-51ea098fce5006bf.rlib" "/opt/rustwide/rustup-home/toolchains/1.83.0-x86_64-unknown-linux-gnu/lib/rustlib/x86_64-unknown-linux-gnu/lib/liblibc-5a14e0d0b712e731.rlib" "/opt/rustwide/rustup-home/toolchains/1.83.0-x86_64-unknown-linux-gnu/lib/rustlib/x86_64-unknown-linux-gnu/lib/liballoc-8b83dbf3a7b8f999.rlib" "/opt/rustwide/rustup-home/toolchains/1.83.0-x86_64-unknown-linux-gnu/lib/rustlib/x86_64-unknown-linux-gnu/lib/librustc_std_workspace_core-c6fd227bdc7b39ff.rlib" "/opt/rustwide/rustup-home/toolchains/1.83.0-x86_64-unknown-linux-gnu/lib/rustlib/x86_64-unknown-linux-gnu/lib/libcore-959d3389fa3da8a5.rlib" "/opt/rustwide/rustup-home/toolchains/1.83.0-x86_64-unknown-linux-gnu/lib/rustlib/x86_64-unknown-linux-gnu/lib/libcompiler_builtins-abe05db089cc2c62.rlib" "-Wl,-Bdynamic" "-lgcc_s" "-lutil" "-lrt" "-lpthread" "-lm" "-ldl" "-lc" "-Wl,--eh-frame-hdr" "-Wl,-z,noexecstack" "-L" "/opt/rustwide/rustup-home/toolchains/1.83.0-x86_64-unknown-linux-gnu/lib/rustlib/x86_64-unknown-linux-gnu/lib" "-o" "/tmp/rustdoctest8ICtOl/rust_out" "-Wl,--gc-sections" "-pie" "-Wl,-z,relro,-z,now" "-nodefaultlibs"
[INFO] [stdout]   = note: collect2: fatal error: ld terminated with signal 9 [Killed]
[INFO] [stdout]           compilation terminated.
[INFO] [stdout]           
[INFO] [stdout] 
[INFO] [stdout] error: aborting due to 1 previous error
[INFO] [stdout] 
[INFO] [stdout] Couldn't compile the test.
[INFO] [stdout] 
[INFO] [stdout] failures:
[INFO] [stdout]     src/create.rs - create::InstallerKind::extension (line 1430)
[INFO] [stdout]     src/lib.rs - Cultures::location (line 849)
[INFO] [stdout]     src/lib.rs - Error::code (line 258)
[INFO] [stdout]     src/lib.rs - Error::not_a_manifest (line 365)
[INFO] [stdout]     src/lib.rs - TimestampServer::url (line 621)
[INFO] [stdout]     src/templates/mod.rs - templates::Template::license_ids (line 126)
[INFO] [stdout] 
[INFO] [stdout] test result: FAILED. 9 passed; 6 failed; 1 ignored; 0 measured; 0 filtered out; finished in 8.55s
[INFO] [stdout] 
[INFO] [stderr] error: doctest failed, to rerun pass `--doc`
[INFO] running `Command { std: "docker" "inspect" "18f4739c7c73666eccb0122dc424a12678dd7d7fd544f6b3f265e3f03a0b7260", kill_on_drop: false }`
[INFO] running `Command { std: "docker" "rm" "-f" "18f4739c7c73666eccb0122dc424a12678dd7d7fd544f6b3f265e3f03a0b7260", kill_on_drop: false }`
[INFO] [stdout] 18f4739c7c73666eccb0122dc424a12678dd7d7fd544f6b3f265e3f03a0b7260
