[INFO] fetching crate cargo-typify 0.2.0...
[INFO] testing cargo-typify-0.2.0 against 1.83.0 for beta-1.84.0-4-retry
[INFO] extracting crate cargo-typify 0.2.0 into /workspace/builds/worker-7-tc1/source
[INFO] validating manifest of crates.io crate cargo-typify 0.2.0 on toolchain 1.83.0
[INFO] running `Command { std: CARGO_HOME="/workspace/cargo-home" RUSTUP_HOME="/workspace/rustup-home" "/workspace/cargo-home/bin/cargo" "+1.83.0" "metadata" "--manifest-path" "Cargo.toml" "--no-deps", kill_on_drop: false }`
[INFO] started tweaking crates.io crate cargo-typify 0.2.0
[INFO] removed 0 missing tests
[INFO] finished tweaking crates.io crate cargo-typify 0.2.0
[INFO] tweaked toml for crates.io crate cargo-typify 0.2.0 written to /workspace/builds/worker-7-tc1/source/Cargo.toml
[INFO] crate crates.io crate cargo-typify 0.2.0 already has a lockfile, it will not be regenerated
[INFO] running `Command { std: CARGO_HOME="/workspace/cargo-home" RUSTUP_HOME="/workspace/rustup-home" "/workspace/cargo-home/bin/cargo" "+1.83.0" "fetch" "--manifest-path" "Cargo.toml", kill_on_drop: false }`
[INFO] [stderr]     Updating crates.io index
[INFO] [stderr]  Downloading crates ...
[INFO] [stderr]   Downloaded typify v0.2.0
[INFO] [stderr]   Downloaded toolchain_find v0.4.0
[INFO] [stderr]   Downloaded typify-macro v0.2.0
[INFO] [stderr]   Downloaded typify-impl v0.2.0
[INFO] [stderr]   Downloaded rustfmt-wrapper v0.2.1
[INFO] [stderr]   Downloaded expectorate v1.1.0
[INFO] [stderr]   Downloaded regress v0.10.1
[INFO] running `Command { std: "docker" "create" "-v" "/var/lib/crater-agent-workspace/builds/worker-7-tc1/target:/opt/rustwide/target:rw,Z" "-v" "/var/lib/crater-agent-workspace/builds/worker-7-tc1/source:/opt/rustwide/workdir:ro,Z" "-v" "/var/lib/crater-agent-workspace/cargo-home:/opt/rustwide/cargo-home:ro,Z" "-v" "/var/lib/crater-agent-workspace/rustup-home:/opt/rustwide/rustup-home:ro,Z" "-e" "SOURCE_DIR=/opt/rustwide/workdir" "-e" "CARGO_TARGET_DIR=/opt/rustwide/target" "-e" "CARGO_HOME=/opt/rustwide/cargo-home" "-e" "RUSTUP_HOME=/opt/rustwide/rustup-home" "-w" "/opt/rustwide/workdir" "-m" "1610612736" "--user" "0:0" "--network" "none" "ghcr.io/rust-lang/crates-build-env/linux@sha256:f3a9d4ad9d972b27faf3965f35b62e55ba32bbce8f20bc8fe909558a86702fde" "/opt/rustwide/cargo-home/bin/cargo" "+1.83.0" "metadata" "--no-deps" "--format-version=1", kill_on_drop: false }`
[INFO] [stdout] 2609f8d925fec50f9e96827fd041ade41fe5c0fbb16324078265a751196ccca2
[INFO] running `Command { std: "docker" "start" "-a" "2609f8d925fec50f9e96827fd041ade41fe5c0fbb16324078265a751196ccca2", kill_on_drop: false }`
[INFO] running `Command { std: "docker" "inspect" "2609f8d925fec50f9e96827fd041ade41fe5c0fbb16324078265a751196ccca2", kill_on_drop: false }`
[INFO] running `Command { std: "docker" "rm" "-f" "2609f8d925fec50f9e96827fd041ade41fe5c0fbb16324078265a751196ccca2", kill_on_drop: false }`
[INFO] [stdout] 2609f8d925fec50f9e96827fd041ade41fe5c0fbb16324078265a751196ccca2
[INFO] running `Command { std: "docker" "create" "-v" "/var/lib/crater-agent-workspace/builds/worker-7-tc1/target:/opt/rustwide/target:rw,Z" "-v" "/var/lib/crater-agent-workspace/builds/worker-7-tc1/source:/opt/rustwide/workdir:ro,Z" "-v" "/var/lib/crater-agent-workspace/cargo-home:/opt/rustwide/cargo-home:ro,Z" "-v" "/var/lib/crater-agent-workspace/rustup-home:/opt/rustwide/rustup-home:ro,Z" "-e" "SOURCE_DIR=/opt/rustwide/workdir" "-e" "CARGO_TARGET_DIR=/opt/rustwide/target" "-e" "CARGO_INCREMENTAL=0" "-e" "RUST_BACKTRACE=full" "-e" "RUSTFLAGS=--cap-lints=warn" "-e" "RUSTDOCFLAGS=--cap-lints=warn" "-e" "CARGO_HOME=/opt/rustwide/cargo-home" "-e" "RUSTUP_HOME=/opt/rustwide/rustup-home" "-w" "/opt/rustwide/workdir" "-m" "1610612736" "--user" "0:0" "--network" "none" "ghcr.io/rust-lang/crates-build-env/linux@sha256:f3a9d4ad9d972b27faf3965f35b62e55ba32bbce8f20bc8fe909558a86702fde" "/opt/rustwide/cargo-home/bin/cargo" "+1.83.0" "build" "--frozen" "--message-format=json", kill_on_drop: false }`
[INFO] [stdout] c825e02d4c4d2d9dbe5432536dd58017988cf337c746ad87afc3e049721d0ef4
[INFO] running `Command { std: "docker" "start" "-a" "c825e02d4c4d2d9dbe5432536dd58017988cf337c746ad87afc3e049721d0ef4", kill_on_drop: false }`
[INFO] [stderr]    Compiling proc-macro2 v1.0.86
[INFO] [stderr]    Compiling unicode-ident v1.0.13
[INFO] [stderr]    Compiling cfg-if v1.0.0
[INFO] [stderr]    Compiling once_cell v1.19.0
[INFO] [stderr]    Compiling serde v1.0.210
[INFO] [stderr]    Compiling version_check v0.9.4
[INFO] [stderr]    Compiling memchr v2.6.4
[INFO] [stderr]    Compiling zerocopy v0.7.31
[INFO] [stderr]    Compiling allocator-api2 v0.2.16
[INFO] [stderr]    Compiling serde_json v1.0.128
[INFO] [stderr]    Compiling ryu v1.0.16
[INFO] [stderr]    Compiling itoa v1.0.10
[INFO] [stderr]    Compiling ahash v0.8.6
[INFO] [stderr]    Compiling thiserror v1.0.64
[INFO] [stderr]    Compiling schemars v0.8.21
[INFO] [stderr]    Compiling libc v0.2.151
[INFO] [stderr]    Compiling rustix v0.38.28
[INFO] [stderr]    Compiling dyn-clone v1.0.16
[INFO] [stderr]    Compiling semver v1.0.23
[INFO] [stderr]    Compiling heck v0.5.0
[INFO] [stderr]    Compiling hashbrown v0.14.3
[INFO] [stderr]    Compiling aho-corasick v1.1.2
[INFO] [stderr]    Compiling quote v1.0.37
[INFO] [stderr]    Compiling tracing-core v0.1.32
[INFO] [stderr]    Compiling syn v2.0.77
[INFO] [stderr]    Compiling regex-syntax v0.8.2
[INFO] [stderr]    Compiling lazy_static v1.4.0
[INFO] [stderr]    Compiling bitflags v2.4.1
[INFO] [stderr]    Compiling linux-raw-sys v0.4.12
[INFO] [stderr]    Compiling cc v1.0.83
[INFO] [stderr]    Compiling sharded-slab v0.1.7
[INFO] [stderr]    Compiling thread_local v1.1.7
[INFO] [stderr]    Compiling utf8parse v0.2.1
[INFO] [stderr]    Compiling equivalent v1.0.1
[INFO] [stderr]    Compiling pin-project-lite v0.2.13
[INFO] [stderr]    Compiling indexmap v2.1.0
[INFO] [stderr]    Compiling tracing v0.1.40
[INFO] [stderr]    Compiling regress v0.10.1
[INFO] [stderr]    Compiling anstyle-parse v0.2.3
[INFO] [stderr]    Compiling backtrace v0.3.69
[INFO] [stderr]    Compiling tracing-subscriber v0.3.18
[INFO] [stderr]    Compiling log v0.4.22
[INFO] [stderr]    Compiling eyre v0.6.12
[INFO] [stderr]    Compiling winnow v0.5.28
[INFO] [stderr]    Compiling regex-automata v0.4.3
[INFO] [stderr]    Compiling anstyle v1.0.8
[INFO] [stderr]    Compiling anstyle-query v1.0.2
[INFO] [stderr]    Compiling colorchoice v1.0.0
[INFO] [stderr]    Compiling serde_derive_internals v0.29.0
[INFO] [stderr]    Compiling gimli v0.28.1
[INFO] [stderr]    Compiling same-file v1.0.6
[INFO] [stderr]    Compiling adler v1.0.2
[INFO] [stderr]    Compiling miniz_oxide v0.7.1
[INFO] [stderr]    Compiling walkdir v2.4.0
[INFO] [stderr]    Compiling anstream v0.6.7
[INFO] [stderr]    Compiling tracing-error v0.2.0
[INFO] [stderr]    Compiling object v0.32.1
[INFO] [stderr]    Compiling owo-colors v3.5.0
[INFO] [stderr]    Compiling clap_lex v0.7.0
[INFO] [stderr]    Compiling strsim v0.11.0
[INFO] [stderr]    Compiling serde_derive v1.0.210
[INFO] [stderr]    Compiling thiserror-impl v1.0.64
[INFO] [stderr]    Compiling schemars_derive v0.8.21
[INFO] [stderr]    Compiling regex v1.10.2
[INFO] [stderr]    Compiling addr2line v0.21.0
[INFO] [stderr]    Compiling rustc-demangle v0.1.23
[INFO] [stderr]    Compiling indenter v0.3.3
[INFO] [stderr]    Compiling home v0.5.5
[INFO] [stderr]    Compiling fastrand v2.0.1
[INFO] [stderr]    Compiling tempfile v3.8.1
[INFO] [stderr]    Compiling toolchain_find v0.4.0
[INFO] [stderr]    Compiling color-spantrace v0.2.1
[INFO] [stderr]    Compiling clap_derive v4.5.18
[INFO] [stderr]    Compiling clap_builder v4.5.18
[INFO] [stderr]    Compiling is-terminal v0.4.9
[INFO] [stderr]    Compiling termcolor v1.4.0
[INFO] [stderr]    Compiling humantime v2.1.0
[INFO] [stderr]    Compiling color-eyre v0.6.3
[INFO] [stderr]    Compiling env_logger v0.10.2
[INFO] [stderr]    Compiling clap v4.5.18
[INFO] [stderr]    Compiling toml_datetime v0.6.5
[INFO] [stderr]    Compiling serde_spanned v0.6.4
[INFO] [stderr]    Compiling serde_tokenstream v0.2.2
[INFO] [stderr]    Compiling toml_edit v0.21.0
[INFO] [stderr]    Compiling typify-impl v0.2.0
[INFO] [stderr]    Compiling toml v0.8.8
[INFO] [stderr]    Compiling rustfmt-wrapper v0.2.1
[INFO] [stderr]    Compiling typify-macro v0.2.0
[INFO] [stderr]    Compiling typify v0.2.0
[INFO] [stderr]    Compiling cargo-typify v0.2.0 (/opt/rustwide/workdir)
[INFO] [stderr]     Finished `dev` profile [unoptimized + debuginfo] target(s) in 2m 02s
[INFO] running `Command { std: "docker" "inspect" "c825e02d4c4d2d9dbe5432536dd58017988cf337c746ad87afc3e049721d0ef4", kill_on_drop: false }`
[INFO] running `Command { std: "docker" "rm" "-f" "c825e02d4c4d2d9dbe5432536dd58017988cf337c746ad87afc3e049721d0ef4", kill_on_drop: false }`
[INFO] [stdout] c825e02d4c4d2d9dbe5432536dd58017988cf337c746ad87afc3e049721d0ef4
[INFO] running `Command { std: "docker" "create" "-v" "/var/lib/crater-agent-workspace/builds/worker-7-tc1/target:/opt/rustwide/target:rw,Z" "-v" "/var/lib/crater-agent-workspace/builds/worker-7-tc1/source:/opt/rustwide/workdir:ro,Z" "-v" "/var/lib/crater-agent-workspace/cargo-home:/opt/rustwide/cargo-home:ro,Z" "-v" "/var/lib/crater-agent-workspace/rustup-home:/opt/rustwide/rustup-home:ro,Z" "-e" "SOURCE_DIR=/opt/rustwide/workdir" "-e" "CARGO_TARGET_DIR=/opt/rustwide/target" "-e" "CARGO_INCREMENTAL=0" "-e" "RUST_BACKTRACE=full" "-e" "RUSTFLAGS=--cap-lints=warn" "-e" "RUSTDOCFLAGS=--cap-lints=warn" "-e" "CARGO_HOME=/opt/rustwide/cargo-home" "-e" "RUSTUP_HOME=/opt/rustwide/rustup-home" "-w" "/opt/rustwide/workdir" "-m" "1610612736" "--user" "0:0" "--network" "none" "ghcr.io/rust-lang/crates-build-env/linux@sha256:f3a9d4ad9d972b27faf3965f35b62e55ba32bbce8f20bc8fe909558a86702fde" "/opt/rustwide/cargo-home/bin/cargo" "+1.83.0" "test" "--frozen" "--no-run" "--message-format=json", kill_on_drop: false }`
[INFO] [stdout] 34d45447b3f5d9824d3ec9a04f02e36b0bdb54060a910d03619c21a81cdacf4a
[INFO] running `Command { std: "docker" "start" "-a" "34d45447b3f5d9824d3ec9a04f02e36b0bdb54060a910d03619c21a81cdacf4a", kill_on_drop: false }`
[INFO] [stderr]    Compiling libc v0.2.151
[INFO] [stderr]    Compiling regex-automata v0.4.3
[INFO] [stderr]    Compiling either v1.9.0
[INFO] [stderr]    Compiling predicates-core v1.0.6
[INFO] [stderr]    Compiling doc-comment v0.3.3
[INFO] [stderr]    Compiling assert_cmd v2.0.16
[INFO] [stderr]    Compiling unicode-segmentation v1.10.1
[INFO] [stderr]    Compiling itertools v0.11.0
[INFO] [stderr]    Compiling termtree v0.4.1
[INFO] [stderr]    Compiling unicode-width v0.1.11
[INFO] [stderr]    Compiling difflib v0.4.0
[INFO] [stderr]    Compiling predicates-tree v1.0.9
[INFO] [stderr]    Compiling remove_dir_all v0.5.3
[INFO] [stderr]    Compiling similar v2.3.0
[INFO] [stderr]    Compiling newline-converter v0.3.0
[INFO] [stderr]    Compiling cc v1.0.83
[INFO] [stderr]    Compiling console v0.15.7
[INFO] [stderr]    Compiling wait-timeout v0.2.0
[INFO] [stderr]    Compiling rand v0.4.6
[INFO] [stderr]    Compiling expectorate v1.1.0
[INFO] [stderr]    Compiling backtrace v0.3.69
[INFO] [stderr]    Compiling tempdir v0.3.7
[INFO] [stderr]    Compiling predicates v3.0.4
[INFO] [stderr]    Compiling color-eyre v0.6.3
[INFO] [stderr]    Compiling regex v1.10.2
[INFO] [stderr]    Compiling bstr v1.8.0
[INFO] [stderr]    Compiling toolchain_find v0.4.0
[INFO] [stderr]    Compiling env_logger v0.10.2
[INFO] [stderr]    Compiling rustfmt-wrapper v0.2.1
[INFO] [stderr]    Compiling cargo-typify v0.2.0 (/opt/rustwide/workdir)
[INFO] [stderr]     Finished `test` profile [unoptimized + debuginfo] target(s) in 32.06s
[INFO] running `Command { std: "docker" "inspect" "34d45447b3f5d9824d3ec9a04f02e36b0bdb54060a910d03619c21a81cdacf4a", kill_on_drop: false }`
[INFO] running `Command { std: "docker" "rm" "-f" "34d45447b3f5d9824d3ec9a04f02e36b0bdb54060a910d03619c21a81cdacf4a", kill_on_drop: false }`
[INFO] [stdout] 34d45447b3f5d9824d3ec9a04f02e36b0bdb54060a910d03619c21a81cdacf4a
[INFO] running `Command { std: "docker" "create" "-v" "/var/lib/crater-agent-workspace/builds/worker-7-tc1/target:/opt/rustwide/target:rw,Z" "-v" "/var/lib/crater-agent-workspace/builds/worker-7-tc1/source:/opt/rustwide/workdir:ro,Z" "-v" "/var/lib/crater-agent-workspace/cargo-home:/opt/rustwide/cargo-home:ro,Z" "-v" "/var/lib/crater-agent-workspace/rustup-home:/opt/rustwide/rustup-home:ro,Z" "-e" "SOURCE_DIR=/opt/rustwide/workdir" "-e" "CARGO_TARGET_DIR=/opt/rustwide/target" "-e" "CARGO_INCREMENTAL=0" "-e" "RUST_BACKTRACE=full" "-e" "RUSTFLAGS=--cap-lints=warn" "-e" "RUSTDOCFLAGS=--cap-lints=warn" "-e" "CARGO_HOME=/opt/rustwide/cargo-home" "-e" "RUSTUP_HOME=/opt/rustwide/rustup-home" "-w" "/opt/rustwide/workdir" "-m" "1610612736" "--user" "0:0" "--network" "none" "ghcr.io/rust-lang/crates-build-env/linux@sha256:f3a9d4ad9d972b27faf3965f35b62e55ba32bbce8f20bc8fe909558a86702fde" "/opt/rustwide/cargo-home/bin/cargo" "+1.83.0" "test" "--frozen", kill_on_drop: false }`
[INFO] [stdout] 6dcb81fe6c786de322cbc9cf9e3af9b8b181cb2c3e56b29a6f65c96b9bc15369
[INFO] running `Command { std: "docker" "start" "-a" "6dcb81fe6c786de322cbc9cf9e3af9b8b181cb2c3e56b29a6f65c96b9bc15369", kill_on_drop: false }`
[INFO] [stderr]     Finished `test` profile [unoptimized + debuginfo] target(s) in 0.19s
[INFO] [stderr]      Running unittests src/lib.rs (/opt/rustwide/target/debug/deps/cargo_typify-770fa55b22cef82f)
[INFO] [stdout] 
[INFO] [stdout] running 6 tests
[INFO] [stderr]      Running unittests src/main.rs (/opt/rustwide/target/debug/deps/cargo_typify-f3a9e644ad4d219a)
[INFO] [stdout] test tests::test_no_builder ... ok
[INFO] [stdout] test tests::test_builder_as_default_style ... ok
[INFO] [stdout] test tests::test_builder_opt_in ... ok
[INFO] [stdout] test tests::test_output_parsing_default ... ok
[INFO] [stdout] test tests::test_output_parsing_file ... ok
[INFO] [stdout] test tests::test_output_parsing_stdout ... ok
[INFO] [stdout] 
[INFO] [stdout] test result: ok. 6 passed; 0 failed; 0 ignored; 0 measured; 0 filtered out; finished in 0.00s
[INFO] [stdout] 
[INFO] [stdout] 
[INFO] [stdout] running 0 tests
[INFO] [stdout] 
[INFO] [stdout] test result: ok. 0 passed; 0 failed; 0 ignored; 0 measured; 0 filtered out; finished in 0.00s
[INFO] [stdout] 
[INFO] [stderr]      Running tests/integration.rs (/opt/rustwide/target/debug/deps/integration-05fd6e2f73abbc65)
[INFO] [stdout] 
[INFO] [stdout] running 7 tests
[INFO] [stdout] test test_help ... ok
[INFO] [stdout] test test_simple ... FAILED
[INFO] [stdout] test test_builder ... FAILED
[INFO] [stdout] test test_default_output ... FAILED
[INFO] [stdout] test test_no_builder_stdout ... FAILED
[INFO] [stdout] test test_multi_derive ... FAILED
[INFO] [stdout] test test_derive ... FAILED
[INFO] [stdout] 
[INFO] [stdout] failures:
[INFO] [stdout] 
[INFO] [stdout] ---- test_simple stdout ----
[INFO] [stdout] thread 'test_simple' panicked at tests/integration.rs:13:39:
[INFO] [stdout] called `Result::unwrap()` on an `Err` value: Os { code: 2, kind: NotFound, message: "No such file or directory" }
[INFO] [stdout] stack backtrace:
[INFO] [stdout]    0:     0x610baadf5c5a - std::backtrace_rs::backtrace::libunwind::trace::h5a5b8284f2d0c266
[INFO] [stdout]                                at /rustc/90b35a6239c3d8bdabc530a6a0816f7ff89a0aaf/library/std/src/../../backtrace/src/backtrace/libunwind.rs:116:5
[INFO] [stdout]    1:     0x610baadf5c5a - std::backtrace_rs::backtrace::trace_unsynchronized::h76d4f1c9b0b875e3
[INFO] [stdout]                                at /rustc/90b35a6239c3d8bdabc530a6a0816f7ff89a0aaf/library/std/src/../../backtrace/src/backtrace/mod.rs:66:5
[INFO] [stdout]    2:     0x610baadf5c5a - std::sys::backtrace::_print_fmt::hc4546b8364a537c6
[INFO] [stdout]                                at /rustc/90b35a6239c3d8bdabc530a6a0816f7ff89a0aaf/library/std/src/sys/backtrace.rs:66:9
[INFO] [stdout]    3:     0x610baadf5c5a - <std::sys::backtrace::BacktraceLock::print::DisplayBacktrace as core::fmt::Display>::fmt::h5b6bd5631a6d1f6b
[INFO] [stdout]                                at /rustc/90b35a6239c3d8bdabc530a6a0816f7ff89a0aaf/library/std/src/sys/backtrace.rs:39:26
[INFO] [stdout]    4:     0x610baae1dbf3 - core::fmt::rt::Argument::fmt::h270f6602a2b96f62
[INFO] [stdout]                                at /rustc/90b35a6239c3d8bdabc530a6a0816f7ff89a0aaf/library/core/src/fmt/rt.rs:177:76
[INFO] [stdout]    5:     0x610baae1dbf3 - core::fmt::write::h7550c97b06c86515
[INFO] [stdout]                                at /rustc/90b35a6239c3d8bdabc530a6a0816f7ff89a0aaf/library/core/src/fmt/mod.rs:1186:21
[INFO] [stdout]    6:     0x610baadf2753 - std::io::Write::write_fmt::h509ff860e5956e5e
[INFO] [stdout]                                at /rustc/90b35a6239c3d8bdabc530a6a0816f7ff89a0aaf/library/std/src/io/mod.rs:1839:15
[INFO] [stdout]    7:     0x610baadf5aa2 - std::sys::backtrace::BacktraceLock::print::h2395ccd2c84ba3aa
[INFO] [stdout]                                at /rustc/90b35a6239c3d8bdabc530a6a0816f7ff89a0aaf/library/std/src/sys/backtrace.rs:42:9
[INFO] [stdout]    8:     0x610baadf713a - std::panicking::default_hook::{{closure}}::he19d4c7230e07961
[INFO] [stdout]                                at /rustc/90b35a6239c3d8bdabc530a6a0816f7ff89a0aaf/library/std/src/panicking.rs:268:22
[INFO] [stdout]    9:     0x610baadf6f44 - std::panicking::default_hook::hf614597d3c67bbdb
[INFO] [stdout]                                at /rustc/90b35a6239c3d8bdabc530a6a0816f7ff89a0aaf/library/std/src/panicking.rs:292:9
[INFO] [stdout]   10:     0x610baad5a989 - <alloc::boxed::Box<F,A> as core::ops::function::Fn<Args>>::call::h39b51ce4599c23d1
[INFO] [stdout]                                at /rustc/90b35a6239c3d8bdabc530a6a0816f7ff89a0aaf/library/alloc/src/boxed.rs:2468:9
[INFO] [stdout]   11:     0x610baad5a989 - test::test_main::{{closure}}::he977ae839a582784
[INFO] [stdout]                                at /rustc/90b35a6239c3d8bdabc530a6a0816f7ff89a0aaf/library/test/src/lib.rs:133:21
[INFO] [stdout]   12:     0x610baadf77d8 - <alloc::boxed::Box<F,A> as core::ops::function::Fn<Args>>::call::h9455091b6b06f9fb
[INFO] [stdout]                                at /rustc/90b35a6239c3d8bdabc530a6a0816f7ff89a0aaf/library/alloc/src/boxed.rs:2468:9
[INFO] [stdout]   13:     0x610baadf77d8 - std::panicking::rust_panic_with_hook::h8942133a8b252070
[INFO] [stdout]                                at /rustc/90b35a6239c3d8bdabc530a6a0816f7ff89a0aaf/library/std/src/panicking.rs:809:13
[INFO] [stdout]   14:     0x610baadf759a - std::panicking::begin_panic_handler::{{closure}}::hb5f5963570096b29
[INFO] [stdout]                                at /rustc/90b35a6239c3d8bdabc530a6a0816f7ff89a0aaf/library/std/src/panicking.rs:674:13
[INFO] [stdout]   15:     0x610baadf6139 - std::sys::backtrace::__rust_end_short_backtrace::h6208cedc1922feda
[INFO] [stdout]                                at /rustc/90b35a6239c3d8bdabc530a6a0816f7ff89a0aaf/library/std/src/sys/backtrace.rs:170:18
[INFO] [stdout]   16:     0x610baadf722c - rust_begin_unwind
[INFO] [stdout]                                at /rustc/90b35a6239c3d8bdabc530a6a0816f7ff89a0aaf/library/std/src/panicking.rs:665:5
[INFO] [stdout]   17:     0x610baacd3120 - core::panicking::panic_fmt::h0c3082644d1bf418
[INFO] [stdout]                                at /rustc/90b35a6239c3d8bdabc530a6a0816f7ff89a0aaf/library/core/src/panicking.rs:74:14
[INFO] [stdout]   18:     0x610baacd3566 - core::result::unwrap_failed::hd20b4aa073bda1e2
[INFO] [stdout]                                at /rustc/90b35a6239c3d8bdabc530a6a0816f7ff89a0aaf/library/core/src/result.rs:1700:5
[INFO] [stdout]   19:     0x610baace1af5 - core::result::Result<T,E>::unwrap::hf186cf9b8e032d0b
[INFO] [stdout]                                at /rustc/90b35a6239c3d8bdabc530a6a0816f7ff89a0aaf/library/core/src/result.rs:1104:23
[INFO] [stdout]   20:     0x610baace1af5 - integration::test_simple::he59339e347740dec
[INFO] [stdout]                                at /opt/rustwide/workdir/tests/integration.rs:13:5
[INFO] [stdout]   21:     0x610baace1877 - integration::test_simple::{{closure}}::h2a34312a4277bb01
[INFO] [stdout]                                at /opt/rustwide/workdir/tests/integration.rs:6:17
[INFO] [stdout]   22:     0x610baacded86 - core::ops::function::FnOnce::call_once::h482f63d44cf2061f
[INFO] [stdout]                                at /rustc/90b35a6239c3d8bdabc530a6a0816f7ff89a0aaf/library/core/src/ops/function.rs:250:5
[INFO] [stdout]   23:     0x610baad5f34b - core::ops::function::FnOnce::call_once::h109cf8051a59b34e
[INFO] [stdout]                                at /rustc/90b35a6239c3d8bdabc530a6a0816f7ff89a0aaf/library/core/src/ops/function.rs:250:5
[INFO] [stdout]   24:     0x610baad5f34b - test::__rust_begin_short_backtrace::hf4fff89d377446ba
[INFO] [stdout]                                at /rustc/90b35a6239c3d8bdabc530a6a0816f7ff89a0aaf/library/test/src/lib.rs:621:18
[INFO] [stdout]   25:     0x610baad5eb87 - test::run_test_in_process::{{closure}}::h0e39181dd7ee5a43
[INFO] [stdout]                                at /rustc/90b35a6239c3d8bdabc530a6a0816f7ff89a0aaf/library/test/src/lib.rs:644:60
[INFO] [stdout]   26:     0x610baad5eb87 - <core::panic::unwind_safe::AssertUnwindSafe<F> as core::ops::function::FnOnce<()>>::call_once::hc5a66a30f0bdfd1f
[INFO] [stdout]                                at /rustc/90b35a6239c3d8bdabc530a6a0816f7ff89a0aaf/library/core/src/panic/unwind_safe.rs:272:9
[INFO] [stdout]   27:     0x610baad5eb87 - std::panicking::try::do_call::h873b7cf639554a5e
[INFO] [stdout]                                at /rustc/90b35a6239c3d8bdabc530a6a0816f7ff89a0aaf/library/std/src/panicking.rs:557:40
[INFO] [stdout]   28:     0x610baad5eb87 - std::panicking::try::hdb19862fad9c8bd1
[INFO] [stdout]                                at /rustc/90b35a6239c3d8bdabc530a6a0816f7ff89a0aaf/library/std/src/panicking.rs:520:19
[INFO] [stdout]   29:     0x610baad5eb87 - std::panic::catch_unwind::h281fe732d236d260
[INFO] [stdout]                                at /rustc/90b35a6239c3d8bdabc530a6a0816f7ff89a0aaf/library/std/src/panic.rs:358:14
[INFO] [stdout]   30:     0x610baad5eb87 - test::run_test_in_process::h949b6df8457ed338
[INFO] [stdout]                                at /rustc/90b35a6239c3d8bdabc530a6a0816f7ff89a0aaf/library/test/src/lib.rs:644:27
[INFO] [stdout]   31:     0x610baad5eb87 - test::run_test::{{closure}}::h52c556a6d4740e10
[INFO] [stdout]                                at /rustc/90b35a6239c3d8bdabc530a6a0816f7ff89a0aaf/library/test/src/lib.rs:565:43
[INFO] [stdout]   32:     0x610baad23e64 - test::run_test::{{closure}}::h4237f6381c45ccb9
[INFO] [stdout]                                at /rustc/90b35a6239c3d8bdabc530a6a0816f7ff89a0aaf/library/test/src/lib.rs:595:41
[INFO] [stdout]   33:     0x610baad23e64 - std::sys::backtrace::__rust_begin_short_backtrace::h505c97a579eca628
[INFO] [stdout]                                at /rustc/90b35a6239c3d8bdabc530a6a0816f7ff89a0aaf/library/std/src/sys/backtrace.rs:154:18
[INFO] [stdout]   34:     0x610baad2752e - std::thread::Builder::spawn_unchecked_::{{closure}}::{{closure}}::h9e86b2e2bc107ea3
[INFO] [stdout]                                at /rustc/90b35a6239c3d8bdabc530a6a0816f7ff89a0aaf/library/std/src/thread/mod.rs:538:17
[INFO] [stdout]   35:     0x610baad2752e - <core::panic::unwind_safe::AssertUnwindSafe<F> as core::ops::function::FnOnce<()>>::call_once::h8b06ddb275ff4a25
[INFO] [stdout]                                at /rustc/90b35a6239c3d8bdabc530a6a0816f7ff89a0aaf/library/core/src/panic/unwind_safe.rs:272:9
[INFO] [stdout]   36:     0x610baad2752e - std::panicking::try::do_call::hb26ecd7cd9a9355d
[INFO] [stdout]                                at /rustc/90b35a6239c3d8bdabc530a6a0816f7ff89a0aaf/library/std/src/panicking.rs:557:40
[INFO] [stdout]   37:     0x610baad2752e - std::panicking::try::h8ddeca9d705f9069
[INFO] [stdout]                                at /rustc/90b35a6239c3d8bdabc530a6a0816f7ff89a0aaf/library/std/src/panicking.rs:520:19
[INFO] [stdout]   38:     0x610baad2752e - std::panic::catch_unwind::h49e1c33078844c46
[INFO] [stdout]                                at /rustc/90b35a6239c3d8bdabc530a6a0816f7ff89a0aaf/library/std/src/panic.rs:358:14
[INFO] [stdout]   39:     0x610baad2752e - std::thread::Builder::spawn_unchecked_::{{closure}}::h6073db6ff56ad35d
[INFO] [stdout]                                at /rustc/90b35a6239c3d8bdabc530a6a0816f7ff89a0aaf/library/std/src/thread/mod.rs:537:30
[INFO] [stdout]   40:     0x610baad2752e - core::ops::function::FnOnce::call_once{{vtable.shim}}::h2c5a5f3779c774f1
[INFO] [stdout]                                at /rustc/90b35a6239c3d8bdabc530a6a0816f7ff89a0aaf/library/core/src/ops/function.rs:250:5
[INFO] [stdout]   41:     0x610baadfd1db - <alloc::boxed::Box<F,A> as core::ops::function::FnOnce<Args>>::call_once::hf75717d9f28faebf
[INFO] [stdout]                                at /rustc/90b35a6239c3d8bdabc530a6a0816f7ff89a0aaf/library/alloc/src/boxed.rs:2454:9
[INFO] [stdout]   42:     0x610baadfd1db - <alloc::boxed::Box<F,A> as core::ops::function::FnOnce<Args>>::call_once::h7bd883a5f3c5f3c1
[INFO] [stdout]                                at /rustc/90b35a6239c3d8bdabc530a6a0816f7ff89a0aaf/library/alloc/src/boxed.rs:2454:9
[INFO] [stdout]   43:     0x610baadfd1db - std::sys::pal::unix::thread::Thread::new::thread_start::hcc78f3943333fa94
[INFO] [stdout]                                at /rustc/90b35a6239c3d8bdabc530a6a0816f7ff89a0aaf/library/std/src/sys/pal/unix/thread.rs:105:17
[INFO] [stdout]   44:     0x753acc862ac3 - <unknown>
[INFO] [stdout]   45:     0x753acc8f3a04 - clone
[INFO] [stdout]   46:                0x0 - <unknown>
[INFO] [stdout] 
[INFO] [stdout] ---- test_builder stdout ----
[INFO] [stdout] thread 'test_builder' panicked at /rustc/90b35a6239c3d8bdabc530a6a0816f7ff89a0aaf/library/core/src/ops/function.rs:250:5:
[INFO] [stdout] Unexpected failure.
[INFO] [stdout] code=1
[INFO] [stdout] stderr=``````
[INFO] [stdout] Error: 
[INFO] [stdout]    0: \u{1b}[91mFailed to convert JSON Schema to Rust code\u{1b}[0m
[INFO] [stdout]    1: \u{1b}[91mFailed to open input file: /opt/rustwide/workdir/../example.json\u{1b}[0m
[INFO] [stdout]    2: \u{1b}[91mNo such file or directory (os error 2)\u{1b}[0m
[INFO] [stdout] 
[INFO] [stdout] Location:
[INFO] [stdout]    \u{1b}[35msrc/lib.rs\u{1b}[0m:\u{1b}[35m133\u{1b}[0m
[INFO] [stdout] 
[INFO] [stdout]   ━━━━━━━━━━━━━━━━━━━━━━━━━━━━━━━━━━ BACKTRACE ━━━━━━━━━━━━━━━━━━━━━━━━━━━━━━━━━━━
[INFO] [stdout]   \u{1b}[96m                              ⋮ 4 frames hidden ⋮                               \u{1b}[0m
[INFO] [stdout]    5: \u{1b}[91m<E as eyre::context::ext::StdError>::ext_report\u{1b}[0m\u{1b}[90m::hcc405a9656d493e9\u{1b}[0m
[INFO] [stdout]       at \u{1b}[35m/opt/rustwide/cargo-home/registry/src/index.crates.io-6f17d22bba15001f/eyre-0.6.12/src/context.rs\u{1b}[0m:\u{1b}[35m26\u{1b}[0m
[INFO] [stdout]         24 │             D: Display + Send + Sync + \'static,
[INFO] [stdout]         25 │         {
[INFO] [stdout]   \u{1b}[37;1m      26\u{1b}[0m \u{1b}[37;1m>\u{1b}[0m \u{1b}[37;1m            Report::from_msg(msg, self)\u{1b}[0m
[INFO] [stdout]         27 │         }
[INFO] [stdout]         28 │     }
[INFO] [stdout]   \u{1b}[96m                               ⋮ 1 frame hidden ⋮                               \u{1b}[0m
[INFO] [stdout]    7: \u{1b}[91mcargo_typify::convert\u{1b}[0m\u{1b}[90m::h6e9f4a767c074f24\u{1b}[0m
[INFO] [stdout]       at \u{1b}[35m/opt/rustwide/workdir/src/lib.rs\u{1b}[0m:\u{1b}[35m132\u{1b}[0m
[INFO] [stdout]        130 │ /// Generate Rust code for the selected JSON Schema.
[INFO] [stdout]        131 │ pub fn convert(args: &CliArgs) -> Result<String> {
[INFO] [stdout]   \u{1b}[37;1m     132\u{1b}[0m \u{1b}[37;1m>\u{1b}[0m \u{1b}[37;1m    let content = std::fs::read_to_string(&args.input)\u{1b}[0m
[INFO] [stdout]        133 │         .wrap_err_with(|| format!(\"Failed to open input file: {}\", &args.input.display()))?;
[INFO] [stdout]        134 │ 
[INFO] [stdout]    8: \u{1b}[91mcargo_typify::main\u{1b}[0m\u{1b}[90m::h656d8d02a3342a1f\u{1b}[0m
[INFO] [stdout]       at \u{1b}[35m/opt/rustwide/workdir/src/main.rs\u{1b}[0m:\u{1b}[35m22\u{1b}[0m
[INFO] [stdout]         20 │     let CargoCli::Typify(args) = cli;
[INFO] [stdout]         21 │ 
[INFO] [stdout]   \u{1b}[37;1m      22\u{1b}[0m \u{1b}[37;1m>\u{1b}[0m \u{1b}[37;1m    let contents = convert(&args).wrap_err(\"Failed to convert JSON Schema to Rust code\")?;\u{1b}[0m
[INFO] [stdout]         23 │ 
[INFO] [stdout]         24 │     let output_path = args.output_path();
[INFO] [stdout]    9: \u{1b}[32mcore::ops::function::FnOnce::call_once\u{1b}[0m\u{1b}[90m::hb0a7957d87caa885\u{1b}[0m
[INFO] [stdout]       at \u{1b}[35m/rustc/90b35a6239c3d8bdabc530a6a0816f7ff89a0aaf/library/core/src/ops/function.rs\u{1b}[0m:\u{1b}[35m250\u{1b}[0m
[INFO] [stdout]   10: \u{1b}[32mstd::sys::backtrace::__rust_begin_short_backtrace\u{1b}[0m\u{1b}[90m::h45ca4cd1fee91cab\u{1b}[0m
[INFO] [stdout]       at \u{1b}[35m/rustc/90b35a6239c3d8bdabc530a6a0816f7ff89a0aaf/library/std/src/sys/backtrace.rs\u{1b}[0m:\u{1b}[35m154\u{1b}[0m
[INFO] [stdout]   \u{1b}[96m                              ⋮ 14 frames hidden ⋮                              \u{1b}[0m
[INFO] [stdout] 
[INFO] [stdout] Run with COLORBT_SHOW_HIDDEN=1 environment variable to disable frame filtering.
[INFO] [stdout] ```
[INFO] [stdout] ```
[INFO] [stdout] command=`"/opt/rustwide/target/debug/cargo-typify" "typify" "/opt/rustwide/workdir/../example.json" "--builder" "--output" "/tmp/cargo-typify.YJKMp2AVRMlD/output.rs"`
[INFO] [stdout] code=1
[INFO] [stdout] stdout=""
[INFO] [stdout] stderr=```
[INFO] [stdout] Error: 
[INFO] [stdout]    0: \u{1b}[91mFailed to convert JSON Schema to Rust code\u{1b}[0m
[INFO] [stdout]    1: \u{1b}[91mFailed to open input file: /opt/rustwide/workdir/../example.json\u{1b}[0m
[INFO] [stdout]    2: \u{1b}[91mNo such file or directory (os error 2)\u{1b}[0m
[INFO] [stdout] 
[INFO] [stdout] Location:
[INFO] [stdout]    \u{1b}[35msrc/lib.rs\u{1b}[0m:\u{1b}[35m133\u{1b}[0m
[INFO] [stdout] 
[INFO] [stdout]   ━━━━━━━━━━━━━━━━━━━━━━━━━━━━━━━━━━ BACKTRACE ━━━━━━━━━━━━━━━━━━━━━━━━━━━━━━━━━━━
[INFO] [stdout]   \u{1b}[96m                              ⋮ 4 frames hidden ⋮                               \u{1b}[0m
[INFO] [stdout]    5: \u{1b}[91m<E as eyre::context::ext::StdError>::ext_report\u{1b}[0m\u{1b}[90m::hcc405a9656d493e9\u{1b}[0m
[INFO] [stdout]       at \u{1b}[35m/opt/rustwide/cargo-home/registry/src/index.crates.io-6f17d22bba15001f/eyre-0.6.12/src/context.rs\u{1b}[0m:\u{1b}[35m26\u{1b}[0m
[INFO] [stdout]         24 │             D: Display + Send + Sync + \'static,
[INFO] [stdout]         25 │         {
[INFO] [stdout]   \u{1b}[37;1m      26\u{1b}[0m \u{1b}[37;1m>\u{1b}[0m \u{1b}[37;1m            Report::from_msg(msg, self)\u{1b}[0m
[INFO] [stdout]         27 │         }
[INFO] [stdout]         28 │     }
[INFO] [stdout]   \u{1b}[96m                               ⋮ 1 frame hidden ⋮                               \u{1b}[0m
[INFO] [stdout]    7: \u{1b}[91mcargo_typify::convert\u{1b}[0m\u{1b}[90m::h6e9f4a767c074f24\u{1b}[0m
[INFO] [stdout]       at \u{1b}[35m/opt/rustwide/workdir/src/lib.rs\u{1b}[0m:\u{1b}[35m132\u{1b}[0m
[INFO] [stdout]        130 │ /// Generate Rust code for the selected JSON Schema.
[INFO] [stdout]        131 │ pub fn convert(args: &CliArgs) -> Result<String> {
[INFO] [stdout]   \u{1b}[37;1m     132\u{1b}[0m \u{1b}[37;1m>\u{1b}[0m \u{1b}[37;1m    let content = std::fs::read_to_string(&args.input)\u{1b}[0m
[INFO] [stdout]        133 │         .wrap_err_with(|| format!(\"Failed to open input file: {}\", &args.input.display()))?;
[INFO] [stdout]        134 │ 
[INFO] [stdout]    8: \u{1b}[91mcargo_typify::main\u{1b}[0m\u{1b}[90m::h656d8d02a3342a1f\u{1b}[0m
[INFO] [stdout]       at \u{1b}[35m/opt/rustwide/workdir/src/main.rs\u{1b}[0m:\u{1b}[35m22\u{1b}[0m
[INFO] [stdout]         20 │     let CargoCli::Typify(args) = cli;
[INFO] [stdout]         21 │ 
[INFO] [stdout]   \u{1b}[37;1m      22\u{1b}[0m \u{1b}[37;1m>\u{1b}[0m \u{1b}[37;1m    let contents = convert(&args).wrap_err(\"Failed to convert JSON Schema to Rust code\")?;\u{1b}[0m
[INFO] [stdout]         23 │ 
[INFO] [stdout]         24 │     let output_path = args.output_path();
[INFO] [stdout]    9: \u{1b}[32mcore::ops::function::FnOnce::call_once\u{1b}[0m\u{1b}[90m::hb0a7957d87caa885\u{1b}[0m
[INFO] [stdout]       at \u{1b}[35m/rustc/90b35a6239c3d8bdabc530a6a0816f7ff89a0aaf/library/core/src/ops/function.rs\u{1b}[0m:\u{1b}[35m250\u{1b}[0m
[INFO] [stdout]   10: \u{1b}[32mstd::sys::backtrace::__rust_begin_short_backtrace\u{1b}[0m\u{1b}[90m::h45ca4cd1fee91cab\u{1b}[0m
[INFO] [stdout]       at \u{1b}[35m/rustc/90b35a6239c3d8bdabc530a6a0816f7ff89a0aaf/library/std/src/sys/backtrace.rs\u{1b}[0m:\u{1b}[35m154\u{1b}[0m
[INFO] [stdout]   \u{1b}[96m                              ⋮ 14 frames hidden ⋮                              \u{1b}[0m
[INFO] [stdout] 
[INFO] [stdout] Run with COLORBT_SHOW_HIDDEN=1 environment variable to disable frame filtering.
[INFO] [stdout] ```
[INFO] [stdout] 
[INFO] [stdout] 
[INFO] [stdout] stack backtrace:
[INFO] [stdout]    0:     0x610baadf5c5a - std::backtrace_rs::backtrace::libunwind::trace::h5a5b8284f2d0c266
[INFO] [stdout]                                at /rustc/90b35a6239c3d8bdabc530a6a0816f7ff89a0aaf/library/std/src/../../backtrace/src/backtrace/libunwind.rs:116:5
[INFO] [stdout]    1:     0x610baadf5c5a - std::backtrace_rs::backtrace::trace_unsynchronized::h76d4f1c9b0b875e3
[INFO] [stdout]                                at /rustc/90b35a6239c3d8bdabc530a6a0816f7ff89a0aaf/library/std/src/../../backtrace/src/backtrace/mod.rs:66:5
[INFO] [stdout]    2:     0x610baadf5c5a - std::sys::backtrace::_print_fmt::hc4546b8364a537c6
[INFO] [stdout]                                at /rustc/90b35a6239c3d8bdabc530a6a0816f7ff89a0aaf/library/std/src/sys/backtrace.rs:66:9
[INFO] [stdout]    3:     0x610baadf5c5a - <std::sys::backtrace::BacktraceLock::print::DisplayBacktrace as core::fmt::Display>::fmt::h5b6bd5631a6d1f6b
[INFO] [stdout]                                at /rustc/90b35a6239c3d8bdabc530a6a0816f7ff89a0aaf/library/std/src/sys/backtrace.rs:39:26
[INFO] [stdout]    4:     0x610baae1dbf3 - core::fmt::rt::Argument::fmt::h270f6602a2b96f62
[INFO] [stdout]                                at /rustc/90b35a6239c3d8bdabc530a6a0816f7ff89a0aaf/library/core/src/fmt/rt.rs:177:76
[INFO] [stdout]    5:     0x610baae1dbf3 - core::fmt::write::h7550c97b06c86515
[INFO] [stdout]                                at /rustc/90b35a6239c3d8bdabc530a6a0816f7ff89a0aaf/library/core/src/fmt/mod.rs:1186:21
[INFO] [stdout]    6:     0x610baadf2753 - std::io::Write::write_fmt::h509ff860e5956e5e
[INFO] [stdout]                                at /rustc/90b35a6239c3d8bdabc530a6a0816f7ff89a0aaf/library/std/src/io/mod.rs:1839:15
[INFO] [stdout]    7:     0x610baadf5aa2 - std::sys::backtrace::BacktraceLock::print::h2395ccd2c84ba3aa
[INFO] [stdout]                                at /rustc/90b35a6239c3d8bdabc530a6a0816f7ff89a0aaf/library/std/src/sys/backtrace.rs:42:9
[INFO] [stdout]    8:     0x610baadf713a - std::panicking::default_hook::{{closure}}::he19d4c7230e07961
[INFO] [stdout]                                at /rustc/90b35a6239c3d8bdabc530a6a0816f7ff89a0aaf/library/std/src/panicking.rs:268:22
[INFO] [stdout]    9:     0x610baadf6f44 - std::panicking::default_hook::hf614597d3c67bbdb
[INFO] [stdout]                                at /rustc/90b35a6239c3d8bdabc530a6a0816f7ff89a0aaf/library/std/src/panicking.rs:292:9
[INFO] [stdout]   10:     0x610baad5a989 - <alloc::boxed::Box<F,A> as core::ops::function::Fn<Args>>::call::h39b51ce4599c23d1
[INFO] [stdout]                                at /rustc/90b35a6239c3d8bdabc530a6a0816f7ff89a0aaf/library/alloc/src/boxed.rs:2468:9
[INFO] [stdout]   11:     0x610baad5a989 - test::test_main::{{closure}}::he977ae839a582784
[INFO] [stdout]                                at /rustc/90b35a6239c3d8bdabc530a6a0816f7ff89a0aaf/library/test/src/lib.rs:133:21
[INFO] [stdout]   12:     0x610baadf77d8 - <alloc::boxed::Box<F,A> as core::ops::function::Fn<Args>>::call::h9455091b6b06f9fb
[INFO] [stdout]                                at /rustc/90b35a6239c3d8bdabc530a6a0816f7ff89a0aaf/library/alloc/src/boxed.rs:2468:9
[INFO] [stdout]   13:     0x610baadf77d8 - std::panicking::rust_panic_with_hook::h8942133a8b252070
[INFO] [stdout]                                at /rustc/90b35a6239c3d8bdabc530a6a0816f7ff89a0aaf/library/std/src/panicking.rs:809:13
[INFO] [stdout]   14:     0x610baadf759a - std::panicking::begin_panic_handler::{{closure}}::hb5f5963570096b29
[INFO] [stdout]                                at /rustc/90b35a6239c3d8bdabc530a6a0816f7ff89a0aaf/library/std/src/panicking.rs:674:13
[INFO] [stdout]   15:     0x610baadf6139 - std::sys::backtrace::__rust_end_short_backtrace::h6208cedc1922feda
[INFO] [stdout]                                at /rustc/90b35a6239c3d8bdabc530a6a0816f7ff89a0aaf/library/std/src/sys/backtrace.rs:170:18
[INFO] [stdout]   16:     0x610baadf722c - rust_begin_unwind
[INFO] [stdout]                                at /rustc/90b35a6239c3d8bdabc530a6a0816f7ff89a0aaf/library/std/src/panicking.rs:665:5
[INFO] [stdout]   17:     0x610baacd3120 - core::panicking::panic_fmt::h0c3082644d1bf418
[INFO] [stdout]                                at /rustc/90b35a6239c3d8bdabc530a6a0816f7ff89a0aaf/library/core/src/panicking.rs:74:14
[INFO] [stdout]   18:     0x610baaced903 - core::panicking::panic_display::h7740e5a64cdfb1b8
[INFO] [stdout]                                at /rustc/90b35a6239c3d8bdabc530a6a0816f7ff89a0aaf/library/core/src/panicking.rs:264:5
[INFO] [stdout]   19:     0x610baacf173e - assert_cmd::assert::AssertError::panic::panic_cold_display::hc7c27c79b79d75e6
[INFO] [stdout]                                at /rustc/90b35a6239c3d8bdabc530a6a0816f7ff89a0aaf/library/core/src/panic.rs:100:13
[INFO] [stdout]   20:     0x610baacee847 - assert_cmd::assert::AssertError::panic::h9bc0433e9b3e7534
[INFO] [stdout]                                at /opt/rustwide/cargo-home/registry/src/index.crates.io-6f17d22bba15001f/assert_cmd-2.0.16/src/assert.rs:1033:9
[INFO] [stdout]   21:     0x610baacebd67 - core::ops::function::FnOnce::call_once::h148da29e42f1e842
[INFO] [stdout]                                at /rustc/90b35a6239c3d8bdabc530a6a0816f7ff89a0aaf/library/core/src/ops/function.rs:250:5
[INFO] [stdout]   22:     0x610baacf4130 - core::result::Result<T,E>::unwrap_or_else::hcf8997332fabc740
[INFO] [stdout]                                at /rustc/90b35a6239c3d8bdabc530a6a0816f7ff89a0aaf/library/core/src/result.rs:1458:23
[INFO] [stdout]   23:     0x610baacee166 - assert_cmd::assert::Assert::success::h7a6219da8462e870
[INFO] [stdout]                                at /opt/rustwide/cargo-home/registry/src/index.crates.io-6f17d22bba15001f/assert_cmd-2.0.16/src/assert.rs:158:9
[INFO] [stdout]   24:     0x610baace316b - integration::test_builder::hf73dc465ccda9c5b
[INFO] [stdout]                                at /opt/rustwide/workdir/tests/integration.rs:76:5
[INFO] [stdout]   25:     0x610baace2ce7 - integration::test_builder::{{closure}}::h1a01e18260a8201e
[INFO] [stdout]                                at /opt/rustwide/workdir/tests/integration.rs:67:18
[INFO] [stdout]   26:     0x610baacdeef6 - core::ops::function::FnOnce::call_once::he339fe725d763c8f
[INFO] [stdout]                                at /rustc/90b35a6239c3d8bdabc530a6a0816f7ff89a0aaf/library/core/src/ops/function.rs:250:5
[INFO] [stdout]   27:     0x610baad5f34b - core::ops::function::FnOnce::call_once::h109cf8051a59b34e
[INFO] [stdout]                                at /rustc/90b35a6239c3d8bdabc530a6a0816f7ff89a0aaf/library/core/src/ops/function.rs:250:5
[INFO] [stdout]   28:     0x610baad5f34b - test::__rust_begin_short_backtrace::hf4fff89d377446ba
[INFO] [stdout]                                at /rustc/90b35a6239c3d8bdabc530a6a0816f7ff89a0aaf/library/test/src/lib.rs:621:18
[INFO] [stdout]   29:     0x610baad5eb87 - test::run_test_in_process::{{closure}}::h0e39181dd7ee5a43
[INFO] [stdout]                                at /rustc/90b35a6239c3d8bdabc530a6a0816f7ff89a0aaf/library/test/src/lib.rs:644:60
[INFO] [stdout]   30:     0x610baad5eb87 - <core::panic::unwind_safe::AssertUnwindSafe<F> as core::ops::function::FnOnce<()>>::call_once::hc5a66a30f0bdfd1f
[INFO] [stdout]                                at /rustc/90b35a6239c3d8bdabc530a6a0816f7ff89a0aaf/library/core/src/panic/unwind_safe.rs:272:9
[INFO] [stdout]   31:     0x610baad5eb87 - std::panicking::try::do_call::h873b7cf639554a5e
[INFO] [stdout]                                at /rustc/90b35a6239c3d8bdabc530a6a0816f7ff89a0aaf/library/std/src/panicking.rs:557:40
[INFO] [stdout]   32:     0x610baad5eb87 - std::panicking::try::hdb19862fad9c8bd1
[INFO] [stdout]                                at /rustc/90b35a6239c3d8bdabc530a6a0816f7ff89a0aaf/library/std/src/panicking.rs:520:19
[INFO] [stdout]   33:     0x610baad5eb87 - std::panic::catch_unwind::h281fe732d236d260
[INFO] [stdout]                                at /rustc/90b35a6239c3d8bdabc530a6a0816f7ff89a0aaf/library/std/src/panic.rs:358:14
[INFO] [stdout]   34:     0x610baad5eb87 - test::run_test_in_process::h949b6df8457ed338
[INFO] [stdout]                                at /rustc/90b35a6239c3d8bdabc530a6a0816f7ff89a0aaf/library/test/src/lib.rs:644:27
[INFO] [stdout]   35:     0x610baad5eb87 - test::run_test::{{closure}}::h52c556a6d4740e10
[INFO] [stdout]                                at /rustc/90b35a6239c3d8bdabc530a6a0816f7ff89a0aaf/library/test/src/lib.rs:565:43
[INFO] [stdout]   36:     0x610baad23e64 - test::run_test::{{closure}}::h4237f6381c45ccb9
[INFO] [stdout]                                at /rustc/90b35a6239c3d8bdabc530a6a0816f7ff89a0aaf/library/test/src/lib.rs:595:41
[INFO] [stdout]   37:     0x610baad23e64 - std::sys::backtrace::__rust_begin_short_backtrace::h505c97a579eca628
[INFO] [stdout]                                at /rustc/90b35a6239c3d8bdabc530a6a0816f7ff89a0aaf/library/std/src/sys/backtrace.rs:154:18
[INFO] [stdout]   38:     0x610baad2752e - std::thread::Builder::spawn_unchecked_::{{closure}}::{{closure}}::h9e86b2e2bc107ea3
[INFO] [stdout]                                at /rustc/90b35a6239c3d8bdabc530a6a0816f7ff89a0aaf/library/std/src/thread/mod.rs:538:17
[INFO] [stdout]   39:     0x610baad2752e - <core::panic::unwind_safe::AssertUnwindSafe<F> as core::ops::function::FnOnce<()>>::call_once::h8b06ddb275ff4a25
[INFO] [stdout]                                at /rustc/90b35a6239c3d8bdabc530a6a0816f7ff89a0aaf/library/core/src/panic/unwind_safe.rs:272:9
[INFO] [stdout]   40:     0x610baad2752e - std::panicking::try::do_call::hb26ecd7cd9a9355d
[INFO] [stdout]                                at /rustc/90b35a6239c3d8bdabc530a6a0816f7ff89a0aaf/library/std/src/panicking.rs:557:40
[INFO] [stdout]   41:     0x610baad2752e - std::panicking::try::h8ddeca9d705f9069
[INFO] [stdout]                                at /rustc/90b35a6239c3d8bdabc530a6a0816f7ff89a0aaf/library/std/src/panicking.rs:520:19
[INFO] [stdout]   42:     0x610baad2752e - std::panic::catch_unwind::h49e1c33078844c46
[INFO] [stdout]                                at /rustc/90b35a6239c3d8bdabc530a6a0816f7ff89a0aaf/library/std/src/panic.rs:358:14
[INFO] [stdout]   43:     0x610baad2752e - std::thread::Builder::spawn_unchecked_::{{closure}}::h6073db6ff56ad35d
[INFO] [stdout]                                at /rustc/90b35a6239c3d8bdabc530a6a0816f7ff89a0aaf/library/std/src/thread/mod.rs:537:30
[INFO] [stdout]   44:     0x610baad2752e - core::ops::function::FnOnce::call_once{{vtable.shim}}::h2c5a5f3779c774f1
[INFO] [stdout]                                at /rustc/90b35a6239c3d8bdabc530a6a0816f7ff89a0aaf/library/core/src/ops/function.rs:250:5
[INFO] [stdout]   45:     0x610baadfd1db - <alloc::boxed::Box<F,A> as core::ops::function::FnOnce<Args>>::call_once::hf75717d9f28faebf
[INFO] [stdout]                                at /rustc/90b35a6239c3d8bdabc530a6a0816f7ff89a0aaf/library/alloc/src/boxed.rs:2454:9
[INFO] [stdout]   46:     0x610baadfd1db - <alloc::boxed::Box<F,A> as core::ops::function::FnOnce<Args>>::call_once::h7bd883a5f3c5f3c1
[INFO] [stdout]                                at /rustc/90b35a6239c3d8bdabc530a6a0816f7ff89a0aaf/library/alloc/src/boxed.rs:2454:9
[INFO] [stdout]   47:     0x610baadfd1db - std::sys::pal::unix::thread::Thread::new::thread_start::hcc78f3943333fa94
[INFO] [stdout]                                at /rustc/90b35a6239c3d8bdabc530a6a0816f7ff89a0aaf/library/std/src/sys/pal/unix/thread.rs:105:17
[INFO] [stdout]   48:     0x753acc862ac3 - <unknown>
[INFO] [stdout]   49:     0x753acc8f3a04 - clone
[INFO] [stdout]   50:                0x0 - <unknown>
[INFO] [stdout] 
[INFO] [stdout] ---- test_default_output stdout ----
[INFO] [stdout] thread 'test_default_output' panicked at /rustc/90b35a6239c3d8bdabc530a6a0816f7ff89a0aaf/library/core/src/ops/function.rs:250:5:
[INFO] [stdout] Unexpected failure.
[INFO] [stdout] code=1
[INFO] [stdout] stderr=``````
[INFO] [stdout] Error: 
[INFO] [stdout]    0: \u{1b}[91mFailed to convert JSON Schema to Rust code\u{1b}[0m
[INFO] [stdout]    1: \u{1b}[91mFailed to open input file: /opt/rustwide/workdir/../example.json\u{1b}[0m
[INFO] [stdout]    2: \u{1b}[91mNo such file or directory (os error 2)\u{1b}[0m
[INFO] [stdout] 
[INFO] [stdout] Location:
[INFO] [stdout]    \u{1b}[35msrc/lib.rs\u{1b}[0m:\u{1b}[35m133\u{1b}[0m
[INFO] [stdout] 
[INFO] [stdout]   ━━━━━━━━━━━━━━━━━━━━━━━━━━━━━━━━━━ BACKTRACE ━━━━━━━━━━━━━━━━━━━━━━━━━━━━━━━━━━━
[INFO] [stdout]   \u{1b}[96m                              ⋮ 4 frames hidden ⋮                               \u{1b}[0m
[INFO] [stdout]    5: \u{1b}[91m<E as eyre::context::ext::StdError>::ext_report\u{1b}[0m\u{1b}[90m::hcc405a9656d493e9\u{1b}[0m
[INFO] [stdout]       at \u{1b}[35m/opt/rustwide/cargo-home/registry/src/index.crates.io-6f17d22bba15001f/eyre-0.6.12/src/context.rs\u{1b}[0m:\u{1b}[35m26\u{1b}[0m
[INFO] [stdout]         24 │             D: Display + Send + Sync + \'static,
[INFO] [stdout]         25 │         {
[INFO] [stdout]   \u{1b}[37;1m      26\u{1b}[0m \u{1b}[37;1m>\u{1b}[0m \u{1b}[37;1m            Report::from_msg(msg, self)\u{1b}[0m
[INFO] [stdout]         27 │         }
[INFO] [stdout]         28 │     }
[INFO] [stdout]   \u{1b}[96m                               ⋮ 1 frame hidden ⋮                               \u{1b}[0m
[INFO] [stdout]    7: \u{1b}[91mcargo_typify::convert\u{1b}[0m\u{1b}[90m::h6e9f4a767c074f24\u{1b}[0m
[INFO] [stdout]       at \u{1b}[35m/opt/rustwide/workdir/src/lib.rs\u{1b}[0m:\u{1b}[35m132\u{1b}[0m
[INFO] [stdout]        130 │ /// Generate Rust code for the selected JSON Schema.
[INFO] [stdout]        131 │ pub fn convert(args: &CliArgs) -> Result<String> {
[INFO] [stdout]   \u{1b}[37;1m     132\u{1b}[0m \u{1b}[37;1m>\u{1b}[0m \u{1b}[37;1m    let content = std::fs::read_to_string(&args.input)\u{1b}[0m
[INFO] [stdout]        133 │         .wrap_err_with(|| format!(\"Failed to open input file: {}\", &args.input.display()))?;
[INFO] [stdout]        134 │ 
[INFO] [stdout]    8: \u{1b}[91mcargo_typify::main\u{1b}[0m\u{1b}[90m::h656d8d02a3342a1f\u{1b}[0m
[INFO] [stdout]       at \u{1b}[35m/opt/rustwide/workdir/src/main.rs\u{1b}[0m:\u{1b}[35m22\u{1b}[0m
[INFO] [stdout]         20 │     let CargoCli::Typify(args) = cli;
[INFO] [stdout]         21 │ 
[INFO] [stdout]   \u{1b}[37;1m      22\u{1b}[0m \u{1b}[37;1m>\u{1b}[0m \u{1b}[37;1m    let contents = convert(&args).wrap_err(\"Failed to convert JSON Schema to Rust code\")?;\u{1b}[0m
[INFO] [stdout]         23 │ 
[INFO] [stdout]         24 │     let output_path = args.output_path();
[INFO] [stdout]    9: \u{1b}[32mcore::ops::function::FnOnce::call_once\u{1b}[0m\u{1b}[90m::hb0a7957d87caa885\u{1b}[0m
[INFO] [stdout]       at \u{1b}[35m/rustc/90b35a6239c3d8bdabc530a6a0816f7ff89a0aaf/library/core/src/ops/function.rs\u{1b}[0m:\u{1b}[35m250\u{1b}[0m
[INFO] [stdout]   10: \u{1b}[32mstd::sys::backtrace::__rust_begin_short_backtrace\u{1b}[0m\u{1b}[90m::h45ca4cd1fee91cab\u{1b}[0m
[INFO] [stdout]       at \u{1b}[35m/rustc/90b35a6239c3d8bdabc530a6a0816f7ff89a0aaf/library/std/src/sys/backtrace.rs\u{1b}[0m:\u{1b}[35m154\u{1b}[0m
[INFO] [stdout]   \u{1b}[96m                              ⋮ 14 frames hidden ⋮                              \u{1b}[0m
[INFO] [stdout] 
[INFO] [stdout] Run with COLORBT_SHOW_HIDDEN=1 environment variable to disable frame filtering.
[INFO] [stdout] ```
[INFO] [stdout] ```
[INFO] [stdout] command=`"/opt/rustwide/target/debug/cargo-typify" "typify" "/opt/rustwide/workdir/../example.json" "--output" "/tmp/cargo-typify.4OZeCDVPhToq/output.rs"`
[INFO] [stdout] code=1
[INFO] [stdout] stdout=""
[INFO] [stdout] stderr=```
[INFO] [stdout] Error: 
[INFO] [stdout]    0: \u{1b}[91mFailed to convert JSON Schema to Rust code\u{1b}[0m
[INFO] [stdout]    1: \u{1b}[91mFailed to open input file: /opt/rustwide/workdir/../example.json\u{1b}[0m
[INFO] [stdout]    2: \u{1b}[91mNo such file or directory (os error 2)\u{1b}[0m
[INFO] [stdout] 
[INFO] [stdout] Location:
[INFO] [stdout]    \u{1b}[35msrc/lib.rs\u{1b}[0m:\u{1b}[35m133\u{1b}[0m
[INFO] [stdout] 
[INFO] [stdout]   ━━━━━━━━━━━━━━━━━━━━━━━━━━━━━━━━━━ BACKTRACE ━━━━━━━━━━━━━━━━━━━━━━━━━━━━━━━━━━━
[INFO] [stdout]   \u{1b}[96m                              ⋮ 4 frames hidden ⋮                               \u{1b}[0m
[INFO] [stdout]    5: \u{1b}[91m<E as eyre::context::ext::StdError>::ext_report\u{1b}[0m\u{1b}[90m::hcc405a9656d493e9\u{1b}[0m
[INFO] [stdout]       at \u{1b}[35m/opt/rustwide/cargo-home/registry/src/index.crates.io-6f17d22bba15001f/eyre-0.6.12/src/context.rs\u{1b}[0m:\u{1b}[35m26\u{1b}[0m
[INFO] [stdout]         24 │             D: Display + Send + Sync + \'static,
[INFO] [stdout]         25 │         {
[INFO] [stdout]   \u{1b}[37;1m      26\u{1b}[0m \u{1b}[37;1m>\u{1b}[0m \u{1b}[37;1m            Report::from_msg(msg, self)\u{1b}[0m
[INFO] [stdout]         27 │         }
[INFO] [stdout]         28 │     }
[INFO] [stdout]   \u{1b}[96m                               ⋮ 1 frame hidden ⋮                               \u{1b}[0m
[INFO] [stdout]    7: \u{1b}[91mcargo_typify::convert\u{1b}[0m\u{1b}[90m::h6e9f4a767c074f24\u{1b}[0m
[INFO] [stdout]       at \u{1b}[35m/opt/rustwide/workdir/src/lib.rs\u{1b}[0m:\u{1b}[35m132\u{1b}[0m
[INFO] [stdout]        130 │ /// Generate Rust code for the selected JSON Schema.
[INFO] [stdout]        131 │ pub fn convert(args: &CliArgs) -> Result<String> {
[INFO] [stdout]   \u{1b}[37;1m     132\u{1b}[0m \u{1b}[37;1m>\u{1b}[0m \u{1b}[37;1m    let content = std::fs::read_to_string(&args.input)\u{1b}[0m
[INFO] [stdout]        133 │         .wrap_err_with(|| format!(\"Failed to open input file: {}\", &args.input.display()))?;
[INFO] [stdout]        134 │ 
[INFO] [stdout]    8: \u{1b}[91mcargo_typify::main\u{1b}[0m\u{1b}[90m::h656d8d02a3342a1f\u{1b}[0m
[INFO] [stdout]       at \u{1b}[35m/opt/rustwide/workdir/src/main.rs\u{1b}[0m:\u{1b}[35m22\u{1b}[0m
[INFO] [stdout]         20 │     let CargoCli::Typify(args) = cli;
[INFO] [stdout]         21 │ 
[INFO] [stdout]   \u{1b}[37;1m      22\u{1b}[0m \u{1b}[37;1m>\u{1b}[0m \u{1b}[37;1m    let contents = convert(&args).wrap_err(\"Failed to convert JSON Schema to Rust code\")?;\u{1b}[0m
[INFO] [stdout]         23 │ 
[INFO] [stdout]         24 │     let output_path = args.output_path();
[INFO] [stdout]    9: \u{1b}[32mcore::ops::function::FnOnce::call_once\u{1b}[0m\u{1b}[90m::hb0a7957d87caa885\u{1b}[0m
[INFO] [stdout]       at \u{1b}[35m/rustc/90b35a6239c3d8bdabc530a6a0816f7ff89a0aaf/library/core/src/ops/function.rs\u{1b}[0m:\u{1b}[35m250\u{1b}[0m
[INFO] [stdout]   10: \u{1b}[32mstd::sys::backtrace::__rust_begin_short_backtrace\u{1b}[0m\u{1b}[90m::h45ca4cd1fee91cab\u{1b}[0m
[INFO] [stdout]       at \u{1b}[35m/rustc/90b35a6239c3d8bdabc530a6a0816f7ff89a0aaf/library/std/src/sys/backtrace.rs\u{1b}[0m:\u{1b}[35m154\u{1b}[0m
[INFO] [stdout]   \u{1b}[96m                              ⋮ 14 frames hidden ⋮                              \u{1b}[0m
[INFO] [stdout] 
[INFO] [stdout] Run with COLORBT_SHOW_HIDDEN=1 environment variable to disable frame filtering.
[INFO] [stdout] ```
[INFO] [stdout] 
[INFO] [stdout] 
[INFO] [stdout] stack backtrace:
[INFO] [stdout]    0:     0x610baadf5c5a - std::backtrace_rs::backtrace::libunwind::trace::h5a5b8284f2d0c266
[INFO] [stdout]                                at /rustc/90b35a6239c3d8bdabc530a6a0816f7ff89a0aaf/library/std/src/../../backtrace/src/backtrace/libunwind.rs:116:5
[INFO] [stdout]    1:     0x610baadf5c5a - std::backtrace_rs::backtrace::trace_unsynchronized::h76d4f1c9b0b875e3
[INFO] [stdout]                                at /rustc/90b35a6239c3d8bdabc530a6a0816f7ff89a0aaf/library/std/src/../../backtrace/src/backtrace/mod.rs:66:5
[INFO] [stdout]    2:     0x610baadf5c5a - std::sys::backtrace::_print_fmt::hc4546b8364a537c6
[INFO] [stdout]                                at /rustc/90b35a6239c3d8bdabc530a6a0816f7ff89a0aaf/library/std/src/sys/backtrace.rs:66:9
[INFO] [stdout]    3:     0x610baadf5c5a - <std::sys::backtrace::BacktraceLock::print::DisplayBacktrace as core::fmt::Display>::fmt::h5b6bd5631a6d1f6b
[INFO] [stdout]                                at /rustc/90b35a6239c3d8bdabc530a6a0816f7ff89a0aaf/library/std/src/sys/backtrace.rs:39:26
[INFO] [stdout]    4:     0x610baae1dbf3 - core::fmt::rt::Argument::fmt::h270f6602a2b96f62
[INFO] [stdout]                                at /rustc/90b35a6239c3d8bdabc530a6a0816f7ff89a0aaf/library/core/src/fmt/rt.rs:177:76
[INFO] [stdout]    5:     0x610baae1dbf3 - core::fmt::write::h7550c97b06c86515
[INFO] [stdout]                                at /rustc/90b35a6239c3d8bdabc530a6a0816f7ff89a0aaf/library/core/src/fmt/mod.rs:1186:21
[INFO] [stdout]    6:     0x610baadf2753 - std::io::Write::write_fmt::h509ff860e5956e5e
[INFO] [stdout]                                at /rustc/90b35a6239c3d8bdabc530a6a0816f7ff89a0aaf/library/std/src/io/mod.rs:1839:15
[INFO] [stdout]    7:     0x610baadf5aa2 - std::sys::backtrace::BacktraceLock::print::h2395ccd2c84ba3aa
[INFO] [stdout]                                at /rustc/90b35a6239c3d8bdabc530a6a0816f7ff89a0aaf/library/std/src/sys/backtrace.rs:42:9
[INFO] [stdout]    8:     0x610baadf713a - std::panicking::default_hook::{{closure}}::he19d4c7230e07961
[INFO] [stdout]                                at /rustc/90b35a6239c3d8bdabc530a6a0816f7ff89a0aaf/library/std/src/panicking.rs:268:22
[INFO] [stdout]    9:     0x610baadf6f44 - std::panicking::default_hook::hf614597d3c67bbdb
[INFO] [stdout]                                at /rustc/90b35a6239c3d8bdabc530a6a0816f7ff89a0aaf/library/std/src/panicking.rs:292:9
[INFO] [stdout]   10:     0x610baad5a989 - <alloc::boxed::Box<F,A> as core::ops::function::Fn<Args>>::call::h39b51ce4599c23d1
[INFO] [stdout]                                at /rustc/90b35a6239c3d8bdabc530a6a0816f7ff89a0aaf/library/alloc/src/boxed.rs:2468:9
[INFO] [stdout]   11:     0x610baad5a989 - test::test_main::{{closure}}::he977ae839a582784
[INFO] [stdout]                                at /rustc/90b35a6239c3d8bdabc530a6a0816f7ff89a0aaf/library/test/src/lib.rs:133:21
[INFO] [stdout]   12:     0x610baadf77d8 - <alloc::boxed::Box<F,A> as core::ops::function::Fn<Args>>::call::h9455091b6b06f9fb
[INFO] [stdout]                                at /rustc/90b35a6239c3d8bdabc530a6a0816f7ff89a0aaf/library/alloc/src/boxed.rs:2468:9
[INFO] [stdout]   13:     0x610baadf77d8 - std::panicking::rust_panic_with_hook::h8942133a8b252070
[INFO] [stdout]                                at /rustc/90b35a6239c3d8bdabc530a6a0816f7ff89a0aaf/library/std/src/panicking.rs:809:13
[INFO] [stdout]   14:     0x610baadf759a - std::panicking::begin_panic_handler::{{closure}}::hb5f5963570096b29
[INFO] [stdout]                                at /rustc/90b35a6239c3d8bdabc530a6a0816f7ff89a0aaf/library/std/src/panicking.rs:674:13
[INFO] [stdout]   15:     0x610baadf6139 - std::sys::backtrace::__rust_end_short_backtrace::h6208cedc1922feda
[INFO] [stdout]                                at /rustc/90b35a6239c3d8bdabc530a6a0816f7ff89a0aaf/library/std/src/sys/backtrace.rs:170:18
[INFO] [stdout]   16:     0x610baadf722c - rust_begin_unwind
[INFO] [stdout]                                at /rustc/90b35a6239c3d8bdabc530a6a0816f7ff89a0aaf/library/std/src/panicking.rs:665:5
[INFO] [stdout]   17:     0x610baacd3120 - core::panicking::panic_fmt::h0c3082644d1bf418
[INFO] [stdout]                                at /rustc/90b35a6239c3d8bdabc530a6a0816f7ff89a0aaf/library/core/src/panicking.rs:74:14
[INFO] [stdout]   18:     0x610baaced903 - core::panicking::panic_display::h7740e5a64cdfb1b8
[INFO] [stdout]                                at /rustc/90b35a6239c3d8bdabc530a6a0816f7ff89a0aaf/library/core/src/panicking.rs:264:5
[INFO] [stdout]   19:     0x610baacf173e - assert_cmd::assert::AssertError::panic::panic_cold_display::hc7c27c79b79d75e6
[INFO] [stdout]                                at /rustc/90b35a6239c3d8bdabc530a6a0816f7ff89a0aaf/library/core/src/panic.rs:100:13
[INFO] [stdout]   20:     0x610baacee847 - assert_cmd::assert::AssertError::panic::h9bc0433e9b3e7534
[INFO] [stdout]                                at /opt/rustwide/cargo-home/registry/src/index.crates.io-6f17d22bba15001f/assert_cmd-2.0.16/src/assert.rs:1033:9
[INFO] [stdout]   21:     0x610baacebd67 - core::ops::function::FnOnce::call_once::h148da29e42f1e842
[INFO] [stdout]                                at /rustc/90b35a6239c3d8bdabc530a6a0816f7ff89a0aaf/library/core/src/ops/function.rs:250:5
[INFO] [stdout]   22:     0x610baacf4130 - core::result::Result<T,E>::unwrap_or_else::hcf8997332fabc740
[INFO] [stdout]                                at /rustc/90b35a6239c3d8bdabc530a6a0816f7ff89a0aaf/library/core/src/result.rs:1458:23
[INFO] [stdout]   23:     0x610baacee166 - assert_cmd::assert::Assert::success::h7a6219da8462e870
[INFO] [stdout]                                at /opt/rustwide/cargo-home/registry/src/index.crates.io-6f17d22bba15001f/assert_cmd-2.0.16/src/assert.rs:158:9
[INFO] [stdout]   24:     0x610baace24f0 - integration::test_default_output::h19be992c5375e1fe
[INFO] [stdout]                                at /opt/rustwide/workdir/tests/integration.rs:37:5
[INFO] [stdout]   25:     0x610baace2087 - integration::test_default_output::{{closure}}::hc09c1c1d4bf5330e
[INFO] [stdout]                                at /opt/rustwide/workdir/tests/integration.rs:28:25
[INFO] [stdout]   26:     0x610baacdef36 - core::ops::function::FnOnce::call_once::hfe692da32213ebaf
[INFO] [stdout]                                at /rustc/90b35a6239c3d8bdabc530a6a0816f7ff89a0aaf/library/core/src/ops/function.rs:250:5
[INFO] [stdout]   27:     0x610baad5f34b - core::ops::function::FnOnce::call_once::h109cf8051a59b34e
[INFO] [stdout]                                at /rustc/90b35a6239c3d8bdabc530a6a0816f7ff89a0aaf/library/core/src/ops/function.rs:250:5
[INFO] [stdout]   28:     0x610baad5f34b - test::__rust_begin_short_backtrace::hf4fff89d377446ba
[INFO] [stdout]                                at /rustc/90b35a6239c3d8bdabc530a6a0816f7ff89a0aaf/library/test/src/lib.rs:621:18
[INFO] [stdout]   29:     0x610baad5eb87 - test::run_test_in_process::{{closure}}::h0e39181dd7ee5a43
[INFO] [stdout]                                at /rustc/90b35a6239c3d8bdabc530a6a0816f7ff89a0aaf/library/test/src/lib.rs:644:60
[INFO] [stdout]   30:     0x610baad5eb87 - <core::panic::unwind_safe::AssertUnwindSafe<F> as core::ops::function::FnOnce<()>>::call_once::hc5a66a30f0bdfd1f
[INFO] [stdout]                                at /rustc/90b35a6239c3d8bdabc530a6a0816f7ff89a0aaf/library/core/src/panic/unwind_safe.rs:272:9
[INFO] [stdout]   31:     0x610baad5eb87 - std::panicking::try::do_call::h873b7cf639554a5e
[INFO] [stdout]                                at /rustc/90b35a6239c3d8bdabc530a6a0816f7ff89a0aaf/library/std/src/panicking.rs:557:40
[INFO] [stdout]   32:     0x610baad5eb87 - std::panicking::try::hdb19862fad9c8bd1
[INFO] [stdout]                                at /rustc/90b35a6239c3d8bdabc530a6a0816f7ff89a0aaf/library/std/src/panicking.rs:520:19
[INFO] [stdout]   33:     0x610baad5eb87 - std::panic::catch_unwind::h281fe732d236d260
[INFO] [stdout]                                at /rustc/90b35a6239c3d8bdabc530a6a0816f7ff89a0aaf/library/std/src/panic.rs:358:14
[INFO] [stdout]   34:     0x610baad5eb87 - test::run_test_in_process::h949b6df8457ed338
[INFO] [stdout]                                at /rustc/90b35a6239c3d8bdabc530a6a0816f7ff89a0aaf/library/test/src/lib.rs:644:27
[INFO] [stdout]   35:     0x610baad5eb87 - test::run_test::{{closure}}::h52c556a6d4740e10
[INFO] [stdout]                                at /rustc/90b35a6239c3d8bdabc530a6a0816f7ff89a0aaf/library/test/src/lib.rs:565:43
[INFO] [stdout]   36:     0x610baad23e64 - test::run_test::{{closure}}::h4237f6381c45ccb9
[INFO] [stdout]                                at /rustc/90b35a6239c3d8bdabc530a6a0816f7ff89a0aaf/library/test/src/lib.rs:595:41
[INFO] [stdout]   37:     0x610baad23e64 - std::sys::backtrace::__rust_begin_short_backtrace::h505c97a579eca628
[INFO] [stdout]                                at /rustc/90b35a6239c3d8bdabc530a6a0816f7ff89a0aaf/library/std/src/sys/backtrace.rs:154:18
[INFO] [stdout]   38:     0x610baad2752e - std::thread::Builder::spawn_unchecked_::{{closure}}::{{closure}}::h9e86b2e2bc107ea3
[INFO] [stdout]                                at /rustc/90b35a6239c3d8bdabc530a6a0816f7ff89a0aaf/library/std/src/thread/mod.rs:538:17
[INFO] [stdout]   39:     0x610baad2752e - <core::panic::unwind_safe::AssertUnwindSafe<F> as core::ops::function::FnOnce<()>>::call_once::h8b06ddb275ff4a25
[INFO] [stdout]                                at /rustc/90b35a6239c3d8bdabc530a6a0816f7ff89a0aaf/library/core/src/panic/unwind_safe.rs:272:9
[INFO] [stdout]   40:     0x610baad2752e - std::panicking::try::do_call::hb26ecd7cd9a9355d
[INFO] [stdout]                                at /rustc/90b35a6239c3d8bdabc530a6a0816f7ff89a0aaf/library/std/src/panicking.rs:557:40
[INFO] [stdout]   41:     0x610baad2752e - std::panicking::try::h8ddeca9d705f9069
[INFO] [stdout]                                at /rustc/90b35a6239c3d8bdabc530a6a0816f7ff89a0aaf/library/std/src/panicking.rs:520:19
[INFO] [stdout]   42:     0x610baad2752e - std::panic::catch_unwind::h49e1c33078844c46
[INFO] [stdout]                                at /rustc/90b35a6239c3d8bdabc530a6a0816f7ff89a0aaf/library/std/src/panic.rs:358:14
[INFO] [stdout]   43:     0x610baad2752e - std::thread::Builder::spawn_unchecked_::{{closure}}::h6073db6ff56ad35d
[INFO] [stdout]                                at /rustc/90b35a6239c3d8bdabc530a6a0816f7ff89a0aaf/library/std/src/thread/mod.rs:537:30
[INFO] [stdout]   44:     0x610baad2752e - core::ops::function::FnOnce::call_once{{vtable.shim}}::h2c5a5f3779c774f1
[INFO] [stdout]                                at /rustc/90b35a6239c3d8bdabc530a6a0816f7ff89a0aaf/library/core/src/ops/function.rs:250:5
[INFO] [stdout]   45:     0x610baadfd1db - <alloc::boxed::Box<F,A> as core::ops::function::FnOnce<Args>>::call_once::hf75717d9f28faebf
[INFO] [stdout]                                at /rustc/90b35a6239c3d8bdabc530a6a0816f7ff89a0aaf/library/alloc/src/boxed.rs:2454:9
[INFO] [stdout]   46:     0x610baadfd1db - <alloc::boxed::Box<F,A> as core::ops::function::FnOnce<Args>>::call_once::h7bd883a5f3c5f3c1
[INFO] [stdout]                                at /rustc/90b35a6239c3d8bdabc530a6a0816f7ff89a0aaf/library/alloc/src/boxed.rs:2454:9
[INFO] [stdout]   47:     0x610baadfd1db - std::sys::pal::unix::thread::Thread::new::thread_start::hcc78f3943333fa94
[INFO] [stdout]                                at /rustc/90b35a6239c3d8bdabc530a6a0816f7ff89a0aaf/library/std/src/sys/pal/unix/thread.rs:105:17
[INFO] [stdout]   48:     0x753acc862ac3 - <unknown>
[INFO] [stdout]   49:     0x753acc8f3a04 - clone
[INFO] [stdout]   50:                0x0 - <unknown>
[INFO] [stdout] 
[INFO] [stdout] ---- test_no_builder_stdout stdout ----
[INFO] [stdout] thread 'test_no_builder_stdout' panicked at tests/integration.rs:62:5:
[INFO] [stdout] assertion failed: output.status.success()
[INFO] [stdout] stack backtrace:
[INFO] [stdout]    0:     0x610baadf5c5a - std::backtrace_rs::backtrace::libunwind::trace::h5a5b8284f2d0c266
[INFO] [stdout]                                at /rustc/90b35a6239c3d8bdabc530a6a0816f7ff89a0aaf/library/std/src/../../backtrace/src/backtrace/libunwind.rs:116:5
[INFO] [stdout]    1:     0x610baadf5c5a - std::backtrace_rs::backtrace::trace_unsynchronized::h76d4f1c9b0b875e3
[INFO] [stdout]                                at /rustc/90b35a6239c3d8bdabc530a6a0816f7ff89a0aaf/library/std/src/../../backtrace/src/backtrace/mod.rs:66:5
[INFO] [stdout]    2:     0x610baadf5c5a - std::sys::backtrace::_print_fmt::hc4546b8364a537c6
[INFO] [stdout]                                at /rustc/90b35a6239c3d8bdabc530a6a0816f7ff89a0aaf/library/std/src/sys/backtrace.rs:66:9
[INFO] [stdout]    3:     0x610baadf5c5a - <std::sys::backtrace::BacktraceLock::print::DisplayBacktrace as core::fmt::Display>::fmt::h5b6bd5631a6d1f6b
[INFO] [stdout]                                at /rustc/90b35a6239c3d8bdabc530a6a0816f7ff89a0aaf/library/std/src/sys/backtrace.rs:39:26
[INFO] [stdout]    4:     0x610baae1dbf3 - core::fmt::rt::Argument::fmt::h270f6602a2b96f62
[INFO] [stdout]                                at /rustc/90b35a6239c3d8bdabc530a6a0816f7ff89a0aaf/library/core/src/fmt/rt.rs:177:76
[INFO] [stdout]    5:     0x610baae1dbf3 - core::fmt::write::h7550c97b06c86515
[INFO] [stdout]                                at /rustc/90b35a6239c3d8bdabc530a6a0816f7ff89a0aaf/library/core/src/fmt/mod.rs:1186:21
[INFO] [stdout]    6:     0x610baadf2753 - std::io::Write::write_fmt::h509ff860e5956e5e
[INFO] [stdout]                                at /rustc/90b35a6239c3d8bdabc530a6a0816f7ff89a0aaf/library/std/src/io/mod.rs:1839:15
[INFO] [stdout]    7:     0x610baadf5aa2 - std::sys::backtrace::BacktraceLock::print::h2395ccd2c84ba3aa
[INFO] [stdout]                                at /rustc/90b35a6239c3d8bdabc530a6a0816f7ff89a0aaf/library/std/src/sys/backtrace.rs:42:9
[INFO] [stdout]    8:     0x610baadf713a - std::panicking::default_hook::{{closure}}::he19d4c7230e07961
[INFO] [stdout]                                at /rustc/90b35a6239c3d8bdabc530a6a0816f7ff89a0aaf/library/std/src/panicking.rs:268:22
[INFO] [stdout]    9:     0x610baadf6f44 - std::panicking::default_hook::hf614597d3c67bbdb
[INFO] [stdout]                                at /rustc/90b35a6239c3d8bdabc530a6a0816f7ff89a0aaf/library/std/src/panicking.rs:292:9
[INFO] [stdout]   10:     0x610baad5a989 - <alloc::boxed::Box<F,A> as core::ops::function::Fn<Args>>::call::h39b51ce4599c23d1
[INFO] [stdout]                                at /rustc/90b35a6239c3d8bdabc530a6a0816f7ff89a0aaf/library/alloc/src/boxed.rs:2468:9
[INFO] [stdout]   11:     0x610baad5a989 - test::test_main::{{closure}}::he977ae839a582784
[INFO] [stdout]                                at /rustc/90b35a6239c3d8bdabc530a6a0816f7ff89a0aaf/library/test/src/lib.rs:133:21
[INFO] [stdout]   12:     0x610baadf77d8 - <alloc::boxed::Box<F,A> as core::ops::function::Fn<Args>>::call::h9455091b6b06f9fb
[INFO] [stdout]                                at /rustc/90b35a6239c3d8bdabc530a6a0816f7ff89a0aaf/library/alloc/src/boxed.rs:2468:9
[INFO] [stdout]   13:     0x610baadf77d8 - std::panicking::rust_panic_with_hook::h8942133a8b252070
[INFO] [stdout]                                at /rustc/90b35a6239c3d8bdabc530a6a0816f7ff89a0aaf/library/std/src/panicking.rs:809:13
[INFO] [stdout]   14:     0x610baadf7566 - std::panicking::begin_panic_handler::{{closure}}::hb5f5963570096b29
[INFO] [stdout]                                at /rustc/90b35a6239c3d8bdabc530a6a0816f7ff89a0aaf/library/std/src/panicking.rs:667:13
[INFO] [stdout]   15:     0x610baadf6139 - std::sys::backtrace::__rust_end_short_backtrace::h6208cedc1922feda
[INFO] [stdout]                                at /rustc/90b35a6239c3d8bdabc530a6a0816f7ff89a0aaf/library/std/src/sys/backtrace.rs:170:18
[INFO] [stdout]   16:     0x610baadf722c - rust_begin_unwind
[INFO] [stdout]                                at /rustc/90b35a6239c3d8bdabc530a6a0816f7ff89a0aaf/library/std/src/panicking.rs:665:5
[INFO] [stdout]   17:     0x610baacd3120 - core::panicking::panic_fmt::h0c3082644d1bf418
[INFO] [stdout]                                at /rustc/90b35a6239c3d8bdabc530a6a0816f7ff89a0aaf/library/core/src/panicking.rs:74:14
[INFO] [stdout]   18:     0x610baacd31ac - core::panicking::panic::h957f98c65a3b3074
[INFO] [stdout]                                at /rustc/90b35a6239c3d8bdabc530a6a0816f7ff89a0aaf/library/core/src/panicking.rs:148:5
[INFO] [stdout]   19:     0x610baace2c22 - integration::test_no_builder_stdout::hb83d28f0c1a2776a
[INFO] [stdout]                                at /opt/rustwide/workdir/tests/integration.rs:62:5
[INFO] [stdout]   20:     0x610baace2727 - integration::test_no_builder_stdout::{{closure}}::h47ecd4679599cd1e
[INFO] [stdout]                                at /opt/rustwide/workdir/tests/integration.rs:47:28
[INFO] [stdout]   21:     0x610baacdede6 - core::ops::function::FnOnce::call_once::h5a7c058b4cea51f8
[INFO] [stdout]                                at /rustc/90b35a6239c3d8bdabc530a6a0816f7ff89a0aaf/library/core/src/ops/function.rs:250:5
[INFO] [stdout]   22:     0x610baad5f34b - core::ops::function::FnOnce::call_once::h109cf8051a59b34e
[INFO] [stdout]                                at /rustc/90b35a6239c3d8bdabc530a6a0816f7ff89a0aaf/library/core/src/ops/function.rs:250:5
[INFO] [stdout]   23:     0x610baad5f34b - test::__rust_begin_short_backtrace::hf4fff89d377446ba
[INFO] [stdout]                                at /rustc/90b35a6239c3d8bdabc530a6a0816f7ff89a0aaf/library/test/src/lib.rs:621:18
[INFO] [stdout]   24:     0x610baad5eb87 - test::run_test_in_process::{{closure}}::h0e39181dd7ee5a43
[INFO] [stdout]                                at /rustc/90b35a6239c3d8bdabc530a6a0816f7ff89a0aaf/library/test/src/lib.rs:644:60
[INFO] [stdout]   25:     0x610baad5eb87 - <core::panic::unwind_safe::AssertUnwindSafe<F> as core::ops::function::FnOnce<()>>::call_once::hc5a66a30f0bdfd1f
[INFO] [stdout]                                at /rustc/90b35a6239c3d8bdabc530a6a0816f7ff89a0aaf/library/core/src/panic/unwind_safe.rs:272:9
[INFO] [stdout]   26:     0x610baad5eb87 - std::panicking::try::do_call::h873b7cf639554a5e
[INFO] [stdout]                                at /rustc/90b35a6239c3d8bdabc530a6a0816f7ff89a0aaf/library/std/src/panicking.rs:557:40
[INFO] [stdout]   27:     0x610baad5eb87 - std::panicking::try::hdb19862fad9c8bd1
[INFO] [stdout]                                at /rustc/90b35a6239c3d8bdabc530a6a0816f7ff89a0aaf/library/std/src/panicking.rs:520:19
[INFO] [stdout]   28:     0x610baad5eb87 - std::panic::catch_unwind::h281fe732d236d260
[INFO] [stdout]                                at /rustc/90b35a6239c3d8bdabc530a6a0816f7ff89a0aaf/library/std/src/panic.rs:358:14
[INFO] [stdout]   29:     0x610baad5eb87 - test::run_test_in_process::h949b6df8457ed338
[INFO] [stdout]                                at /rustc/90b35a6239c3d8bdabc530a6a0816f7ff89a0aaf/library/test/src/lib.rs:644:27
[INFO] [stdout]   30:     0x610baad5eb87 - test::run_test::{{closure}}::h52c556a6d4740e10
[INFO] [stdout]                                at /rustc/90b35a6239c3d8bdabc530a6a0816f7ff89a0aaf/library/test/src/lib.rs:565:43
[INFO] [stdout]   31:     0x610baad23e64 - test::run_test::{{closure}}::h4237f6381c45ccb9
[INFO] [stdout]                                at /rustc/90b35a6239c3d8bdabc530a6a0816f7ff89a0aaf/library/test/src/lib.rs:595:41
[INFO] [stdout]   32:     0x610baad23e64 - std::sys::backtrace::__rust_begin_short_backtrace::h505c97a579eca628
[INFO] [stdout]                                at /rustc/90b35a6239c3d8bdabc530a6a0816f7ff89a0aaf/library/std/src/sys/backtrace.rs:154:18
[INFO] [stdout]   33:     0x610baad2752e - std::thread::Builder::spawn_unchecked_::{{closure}}::{{closure}}::h9e86b2e2bc107ea3
[INFO] [stdout]                                at /rustc/90b35a6239c3d8bdabc530a6a0816f7ff89a0aaf/library/std/src/thread/mod.rs:538:17
[INFO] [stdout]   34:     0x610baad2752e - <core::panic::unwind_safe::AssertUnwindSafe<F> as core::ops::function::FnOnce<()>>::call_once::h8b06ddb275ff4a25
[INFO] [stdout]                                at /rustc/90b35a6239c3d8bdabc530a6a0816f7ff89a0aaf/library/core/src/panic/unwind_safe.rs:272:9
[INFO] [stdout]   35:     0x610baad2752e - std::panicking::try::do_call::hb26ecd7cd9a9355d
[INFO] [stdout]                                at /rustc/90b35a6239c3d8bdabc530a6a0816f7ff89a0aaf/library/std/src/panicking.rs:557:40
[INFO] [stdout]   36:     0x610baad2752e - std::panicking::try::h8ddeca9d705f9069
[INFO] [stdout]                                at /rustc/90b35a6239c3d8bdabc530a6a0816f7ff89a0aaf/library/std/src/panicking.rs:520:19
[INFO] [stdout]   37:     0x610baad2752e - std::panic::catch_unwind::h49e1c33078844c46
[INFO] [stdout]                                at /rustc/90b35a6239c3d8bdabc530a6a0816f7ff89a0aaf/library/std/src/panic.rs:358:14
[INFO] [stdout]   38:     0x610baad2752e - std::thread::Builder::spawn_unchecked_::{{closure}}::h6073db6ff56ad35d
[INFO] [stdout]                                at /rustc/90b35a6239c3d8bdabc530a6a0816f7ff89a0aaf/library/std/src/thread/mod.rs:537:30
[INFO] [stdout]   39:     0x610baad2752e - core::ops::function::FnOnce::call_once{{vtable.shim}}::h2c5a5f3779c774f1
[INFO] [stdout]                                at /rustc/90b35a6239c3d8bdabc530a6a0816f7ff89a0aaf/library/core/src/ops/function.rs:250:5
[INFO] [stdout]   40:     0x610baadfd1db - <alloc::boxed::Box<F,A> as core::ops::function::FnOnce<Args>>::call_once::hf75717d9f28faebf
[INFO] [stdout]                                at /rustc/90b35a6239c3d8bdabc530a6a0816f7ff89a0aaf/library/alloc/src/boxed.rs:2454:9
[INFO] [stdout]   41:     0x610baadfd1db - <alloc::boxed::Box<F,A> as core::ops::function::FnOnce<Args>>::call_once::h7bd883a5f3c5f3c1
[INFO] [stdout]                                at /rustc/90b35a6239c3d8bdabc530a6a0816f7ff89a0aaf/library/alloc/src/boxed.rs:2454:9
[INFO] [stdout]   42:     0x610baadfd1db - std::sys::pal::unix::thread::Thread::new::thread_start::hcc78f3943333fa94
[INFO] [stdout]                                at /rustc/90b35a6239c3d8bdabc530a6a0816f7ff89a0aaf/library/std/src/sys/pal/unix/thread.rs:105:17
[INFO] [stdout]   43:     0x753acc862ac3 - <unknown>
[INFO] [stdout]   44:     0x753acc8f3a04 - clone
[INFO] [stdout]   45:                0x0 - <unknown>
[INFO] [stdout] 
[INFO] [stdout] ---- test_multi_derive stdout ----
[INFO] [stdout] thread 'test_multi_derive' panicked at /rustc/90b35a6239c3d8bdabc530a6a0816f7ff89a0aaf/library/core/src/ops/function.rs:250:5:
[INFO] [stdout] Unexpected failure.
[INFO] [stdout] code=1
[INFO] [stdout] stderr=``````
[INFO] [stdout] Error: 
[INFO] [stdout]    0: \u{1b}[91mFailed to convert JSON Schema to Rust code\u{1b}[0m
[INFO] [stdout]    1: \u{1b}[91mFailed to open input file: /opt/rustwide/workdir/../example.json\u{1b}[0m
[INFO] [stdout]    2: \u{1b}[91mNo such file or directory (os error 2)\u{1b}[0m
[INFO] [stdout] 
[INFO] [stdout] Location:
[INFO] [stdout]    \u{1b}[35msrc/lib.rs\u{1b}[0m:\u{1b}[35m133\u{1b}[0m
[INFO] [stdout] 
[INFO] [stdout]   ━━━━━━━━━━━━━━━━━━━━━━━━━━━━━━━━━━ BACKTRACE ━━━━━━━━━━━━━━━━━━━━━━━━━━━━━━━━━━━
[INFO] [stdout]   \u{1b}[96m                              ⋮ 4 frames hidden ⋮                               \u{1b}[0m
[INFO] [stdout]    5: \u{1b}[91m<E as eyre::context::ext::StdError>::ext_report\u{1b}[0m\u{1b}[90m::hcc405a9656d493e9\u{1b}[0m
[INFO] [stdout]       at \u{1b}[35m/opt/rustwide/cargo-home/registry/src/index.crates.io-6f17d22bba15001f/eyre-0.6.12/src/context.rs\u{1b}[0m:\u{1b}[35m26\u{1b}[0m
[INFO] [stdout]         24 │             D: Display + Send + Sync + \'static,
[INFO] [stdout]         25 │         {
[INFO] [stdout]   \u{1b}[37;1m      26\u{1b}[0m \u{1b}[37;1m>\u{1b}[0m \u{1b}[37;1m            Report::from_msg(msg, self)\u{1b}[0m
[INFO] [stdout]         27 │         }
[INFO] [stdout]         28 │     }
[INFO] [stdout]   \u{1b}[96m                               ⋮ 1 frame hidden ⋮                               \u{1b}[0m
[INFO] [stdout]    7: \u{1b}[91mcargo_typify::convert\u{1b}[0m\u{1b}[90m::h6e9f4a767c074f24\u{1b}[0m
[INFO] [stdout]       at \u{1b}[35m/opt/rustwide/workdir/src/lib.rs\u{1b}[0m:\u{1b}[35m132\u{1b}[0m
[INFO] [stdout]        130 │ /// Generate Rust code for the selected JSON Schema.
[INFO] [stdout]        131 │ pub fn convert(args: &CliArgs) -> Result<String> {
[INFO] [stdout]   \u{1b}[37;1m     132\u{1b}[0m \u{1b}[37;1m>\u{1b}[0m \u{1b}[37;1m    let content = std::fs::read_to_string(&args.input)\u{1b}[0m
[INFO] [stdout]        133 │         .wrap_err_with(|| format!(\"Failed to open input file: {}\", &args.input.display()))?;
[INFO] [stdout]        134 │ 
[INFO] [stdout]    8: \u{1b}[91mcargo_typify::main\u{1b}[0m\u{1b}[90m::h656d8d02a3342a1f\u{1b}[0m
[INFO] [stdout]       at \u{1b}[35m/opt/rustwide/workdir/src/main.rs\u{1b}[0m:\u{1b}[35m22\u{1b}[0m
[INFO] [stdout]         20 │     let CargoCli::Typify(args) = cli;
[INFO] [stdout]         21 │ 
[INFO] [stdout]   \u{1b}[37;1m      22\u{1b}[0m \u{1b}[37;1m>\u{1b}[0m \u{1b}[37;1m    let contents = convert(&args).wrap_err(\"Failed to convert JSON Schema to Rust code\")?;\u{1b}[0m
[INFO] [stdout]         23 │ 
[INFO] [stdout]         24 │     let output_path = args.output_path();
[INFO] [stdout]    9: \u{1b}[32mcore::ops::function::FnOnce::call_once\u{1b}[0m\u{1b}[90m::hb0a7957d87caa885\u{1b}[0m
[INFO] [stdout]       at \u{1b}[35m/rustc/90b35a6239c3d8bdabc530a6a0816f7ff89a0aaf/library/core/src/ops/function.rs\u{1b}[0m:\u{1b}[35m250\u{1b}[0m
[INFO] [stdout]   10: \u{1b}[32mstd::sys::backtrace::__rust_begin_short_backtrace\u{1b}[0m\u{1b}[90m::h45ca4cd1fee91cab\u{1b}[0m
[INFO] [stdout]       at \u{1b}[35m/rustc/90b35a6239c3d8bdabc530a6a0816f7ff89a0aaf/library/std/src/sys/backtrace.rs\u{1b}[0m:\u{1b}[35m154\u{1b}[0m
[INFO] [stdout]   \u{1b}[96m                              ⋮ 14 frames hidden ⋮                              \u{1b}[0m
[INFO] [stdout] 
[INFO] [stdout] Run with COLORBT_SHOW_HIDDEN=1 environment variable to disable frame filtering.
[INFO] [stdout] ```
[INFO] [stdout] ```
[INFO] [stdout] command=`"/opt/rustwide/target/debug/cargo-typify" "typify" "/opt/rustwide/workdir/../example.json" "--no-builder" "--additional-derive" "ExtraDerive" "--additional-derive" "AnotherDerive" "--output" "/tmp/cargo-typify.B3WWLCYH6si7/output.rs"`
[INFO] [stdout] code=1
[INFO] [stdout] stdout=""
[INFO] [stdout] stderr=```
[INFO] [stdout] Error: 
[INFO] [stdout]    0: \u{1b}[91mFailed to convert JSON Schema to Rust code\u{1b}[0m
[INFO] [stdout]    1: \u{1b}[91mFailed to open input file: /opt/rustwide/workdir/../example.json\u{1b}[0m
[INFO] [stdout]    2: \u{1b}[91mNo such file or directory (os error 2)\u{1b}[0m
[INFO] [stdout] 
[INFO] [stdout] Location:
[INFO] [stdout]    \u{1b}[35msrc/lib.rs\u{1b}[0m:\u{1b}[35m133\u{1b}[0m
[INFO] [stdout] 
[INFO] [stdout]   ━━━━━━━━━━━━━━━━━━━━━━━━━━━━━━━━━━ BACKTRACE ━━━━━━━━━━━━━━━━━━━━━━━━━━━━━━━━━━━
[INFO] [stdout]   \u{1b}[96m                              ⋮ 4 frames hidden ⋮                               \u{1b}[0m
[INFO] [stdout]    5: \u{1b}[91m<E as eyre::context::ext::StdError>::ext_report\u{1b}[0m\u{1b}[90m::hcc405a9656d493e9\u{1b}[0m
[INFO] [stdout]       at \u{1b}[35m/opt/rustwide/cargo-home/registry/src/index.crates.io-6f17d22bba15001f/eyre-0.6.12/src/context.rs\u{1b}[0m:\u{1b}[35m26\u{1b}[0m
[INFO] [stdout]         24 │             D: Display + Send + Sync + \'static,
[INFO] [stdout]         25 │         {
[INFO] [stdout]   \u{1b}[37;1m      26\u{1b}[0m \u{1b}[37;1m>\u{1b}[0m \u{1b}[37;1m            Report::from_msg(msg, self)\u{1b}[0m
[INFO] [stdout]         27 │         }
[INFO] [stdout]         28 │     }
[INFO] [stdout]   \u{1b}[96m                               ⋮ 1 frame hidden ⋮                               \u{1b}[0m
[INFO] [stdout]    7: \u{1b}[91mcargo_typify::convert\u{1b}[0m\u{1b}[90m::h6e9f4a767c074f24\u{1b}[0m
[INFO] [stdout]       at \u{1b}[35m/opt/rustwide/workdir/src/lib.rs\u{1b}[0m:\u{1b}[35m132\u{1b}[0m
[INFO] [stdout]        130 │ /// Generate Rust code for the selected JSON Schema.
[INFO] [stdout]        131 │ pub fn convert(args: &CliArgs) -> Result<String> {
[INFO] [stdout]   \u{1b}[37;1m     132\u{1b}[0m \u{1b}[37;1m>\u{1b}[0m \u{1b}[37;1m    let content = std::fs::read_to_string(&args.input)\u{1b}[0m
[INFO] [stdout]        133 │         .wrap_err_with(|| format!(\"Failed to open input file: {}\", &args.input.display()))?;
[INFO] [stdout]        134 │ 
[INFO] [stdout]    8: \u{1b}[91mcargo_typify::main\u{1b}[0m\u{1b}[90m::h656d8d02a3342a1f\u{1b}[0m
[INFO] [stdout]       at \u{1b}[35m/opt/rustwide/workdir/src/main.rs\u{1b}[0m:\u{1b}[35m22\u{1b}[0m
[INFO] [stdout]         20 │     let CargoCli::Typify(args) = cli;
[INFO] [stdout]         21 │ 
[INFO] [stdout]   \u{1b}[37;1m      22\u{1b}[0m \u{1b}[37;1m>\u{1b}[0m \u{1b}[37;1m    let contents = convert(&args).wrap_err(\"Failed to convert JSON Schema to Rust code\")?;\u{1b}[0m
[INFO] [stdout]         23 │ 
[INFO] [stdout]         24 │     let output_path = args.output_path();
[INFO] [stdout]    9: \u{1b}[32mcore::ops::function::FnOnce::call_once\u{1b}[0m\u{1b}[90m::hb0a7957d87caa885\u{1b}[0m
[INFO] [stdout]       at \u{1b}[35m/rustc/90b35a6239c3d8bdabc530a6a0816f7ff89a0aaf/library/core/src/ops/function.rs\u{1b}[0m:\u{1b}[35m250\u{1b}[0m
[INFO] [stdout]   10: \u{1b}[32mstd::sys::backtrace::__rust_begin_short_backtrace\u{1b}[0m\u{1b}[90m::h45ca4cd1fee91cab\u{1b}[0m
[INFO] [stdout]       at \u{1b}[35m/rustc/90b35a6239c3d8bdabc530a6a0816f7ff89a0aaf/library/std/src/sys/backtrace.rs\u{1b}[0m:\u{1b}[35m154\u{1b}[0m
[INFO] [stdout]   \u{1b}[96m                              ⋮ 14 frames hidden ⋮                              \u{1b}[0m
[INFO] [stdout] 
[INFO] [stdout] Run with COLORBT_SHOW_HIDDEN=1 environment variable to disable frame filtering.
[INFO] [stdout] ```
[INFO] [stdout] 
[INFO] [stdout] 
[INFO] [stdout] stack backtrace:
[INFO] [stdout]    0:     0x610baadf5c5a - std::backtrace_rs::backtrace::libunwind::trace::h5a5b8284f2d0c266
[INFO] [stdout]                                at /rustc/90b35a6239c3d8bdabc530a6a0816f7ff89a0aaf/library/std/src/../../backtrace/src/backtrace/libunwind.rs:116:5
[INFO] [stdout]    1:     0x610baadf5c5a - std::backtrace_rs::backtrace::trace_unsynchronized::h76d4f1c9b0b875e3
[INFO] [stdout]                                at /rustc/90b35a6239c3d8bdabc530a6a0816f7ff89a0aaf/library/std/src/../../backtrace/src/backtrace/mod.rs:66:5
[INFO] [stdout]    2:     0x610baadf5c5a - std::sys::backtrace::_print_fmt::hc4546b8364a537c6
[INFO] [stdout]                                at /rustc/90b35a6239c3d8bdabc530a6a0816f7ff89a0aaf/library/std/src/sys/backtrace.rs:66:9
[INFO] [stdout]    3:     0x610baadf5c5a - <std::sys::backtrace::BacktraceLock::print::DisplayBacktrace as core::fmt::Display>::fmt::h5b6bd5631a6d1f6b
[INFO] [stdout]                                at /rustc/90b35a6239c3d8bdabc530a6a0816f7ff89a0aaf/library/std/src/sys/backtrace.rs:39:26
[INFO] [stdout]    4:     0x610baae1dbf3 - core::fmt::rt::Argument::fmt::h270f6602a2b96f62
[INFO] [stdout]                                at /rustc/90b35a6239c3d8bdabc530a6a0816f7ff89a0aaf/library/core/src/fmt/rt.rs:177:76
[INFO] [stdout]    5:     0x610baae1dbf3 - core::fmt::write::h7550c97b06c86515
[INFO] [stdout]                                at /rustc/90b35a6239c3d8bdabc530a6a0816f7ff89a0aaf/library/core/src/fmt/mod.rs:1186:21
[INFO] [stdout]    6:     0x610baadf2753 - std::io::Write::write_fmt::h509ff860e5956e5e
[INFO] [stdout]                                at /rustc/90b35a6239c3d8bdabc530a6a0816f7ff89a0aaf/library/std/src/io/mod.rs:1839:15
[INFO] [stdout]    7:     0x610baadf5aa2 - std::sys::backtrace::BacktraceLock::print::h2395ccd2c84ba3aa
[INFO] [stdout]                                at /rustc/90b35a6239c3d8bdabc530a6a0816f7ff89a0aaf/library/std/src/sys/backtrace.rs:42:9
[INFO] [stdout]    8:     0x610baadf713a - std::panicking::default_hook::{{closure}}::he19d4c7230e07961
[INFO] [stdout]                                at /rustc/90b35a6239c3d8bdabc530a6a0816f7ff89a0aaf/library/std/src/panicking.rs:268:22
[INFO] [stdout]    9:     0x610baadf6f44 - std::panicking::default_hook::hf614597d3c67bbdb
[INFO] [stdout]                                at /rustc/90b35a6239c3d8bdabc530a6a0816f7ff89a0aaf/library/std/src/panicking.rs:292:9
[INFO] [stdout]   10:     0x610baad5a989 - <alloc::boxed::Box<F,A> as core::ops::function::Fn<Args>>::call::h39b51ce4599c23d1
[INFO] [stdout]                                at /rustc/90b35a6239c3d8bdabc530a6a0816f7ff89a0aaf/library/alloc/src/boxed.rs:2468:9
[INFO] [stdout]   11:     0x610baad5a989 - test::test_main::{{closure}}::he977ae839a582784
[INFO] [stdout]                                at /rustc/90b35a6239c3d8bdabc530a6a0816f7ff89a0aaf/library/test/src/lib.rs:133:21
[INFO] [stdout]   12:     0x610baadf77d8 - <alloc::boxed::Box<F,A> as core::ops::function::Fn<Args>>::call::h9455091b6b06f9fb
[INFO] [stdout]                                at /rustc/90b35a6239c3d8bdabc530a6a0816f7ff89a0aaf/library/alloc/src/boxed.rs:2468:9
[INFO] [stdout]   13:     0x610baadf77d8 - std::panicking::rust_panic_with_hook::h8942133a8b252070
[INFO] [stdout]                                at /rustc/90b35a6239c3d8bdabc530a6a0816f7ff89a0aaf/library/std/src/panicking.rs:809:13
[INFO] [stdout]   14:     0x610baadf759a - std::panicking::begin_panic_handler::{{closure}}::hb5f5963570096b29
[INFO] [stdout]                                at /rustc/90b35a6239c3d8bdabc530a6a0816f7ff89a0aaf/library/std/src/panicking.rs:674:13
[INFO] [stdout]   15:     0x610baadf6139 - std::sys::backtrace::__rust_end_short_backtrace::h6208cedc1922feda
[INFO] [stdout]                                at /rustc/90b35a6239c3d8bdabc530a6a0816f7ff89a0aaf/library/std/src/sys/backtrace.rs:170:18
[INFO] [stdout]   16:     0x610baadf722c - rust_begin_unwind
[INFO] [stdout]                                at /rustc/90b35a6239c3d8bdabc530a6a0816f7ff89a0aaf/library/std/src/panicking.rs:665:5
[INFO] [stdout]   17:     0x610baacd3120 - core::panicking::panic_fmt::h0c3082644d1bf418
[INFO] [stdout]                                at /rustc/90b35a6239c3d8bdabc530a6a0816f7ff89a0aaf/library/core/src/panicking.rs:74:14
[INFO] [stdout]   18:     0x610baaced903 - core::panicking::panic_display::h7740e5a64cdfb1b8
[INFO] [stdout]                                at /rustc/90b35a6239c3d8bdabc530a6a0816f7ff89a0aaf/library/core/src/panicking.rs:264:5
[INFO] [stdout]   19:     0x610baacf173e - assert_cmd::assert::AssertError::panic::panic_cold_display::hc7c27c79b79d75e6
[INFO] [stdout]                                at /rustc/90b35a6239c3d8bdabc530a6a0816f7ff89a0aaf/library/core/src/panic.rs:100:13
[INFO] [stdout]   20:     0x610baacee847 - assert_cmd::assert::AssertError::panic::h9bc0433e9b3e7534
[INFO] [stdout]                                at /opt/rustwide/cargo-home/registry/src/index.crates.io-6f17d22bba15001f/assert_cmd-2.0.16/src/assert.rs:1033:9
[INFO] [stdout]   21:     0x610baacebd67 - core::ops::function::FnOnce::call_once::h148da29e42f1e842
[INFO] [stdout]                                at /rustc/90b35a6239c3d8bdabc530a6a0816f7ff89a0aaf/library/core/src/ops/function.rs:250:5
[INFO] [stdout]   22:     0x610baacf4130 - core::result::Result<T,E>::unwrap_or_else::hcf8997332fabc740
[INFO] [stdout]                                at /rustc/90b35a6239c3d8bdabc530a6a0816f7ff89a0aaf/library/core/src/result.rs:1458:23
[INFO] [stdout]   23:     0x610baacee166 - assert_cmd::assert::Assert::success::h7a6219da8462e870
[INFO] [stdout]                                at /opt/rustwide/cargo-home/registry/src/index.crates.io-6f17d22bba15001f/assert_cmd-2.0.16/src/assert.rs:158:9
[INFO] [stdout]   24:     0x610baace3f70 - integration::test_multi_derive::hd79c228b4f8a3fae
[INFO] [stdout]                                at /opt/rustwide/workdir/tests/integration.rs:128:5
[INFO] [stdout]   25:     0x610baace3a87 - integration::test_multi_derive::{{closure}}::h77ed4fd507136445
[INFO] [stdout]                                at /opt/rustwide/workdir/tests/integration.rs:119:23
[INFO] [stdout]   26:     0x610baacdee36 - core::ops::function::FnOnce::call_once::ha41d77378c04b2d8
[INFO] [stdout]                                at /rustc/90b35a6239c3d8bdabc530a6a0816f7ff89a0aaf/library/core/src/ops/function.rs:250:5
[INFO] [stdout]   27:     0x610baad5f34b - core::ops::function::FnOnce::call_once::h109cf8051a59b34e
[INFO] [stdout]                                at /rustc/90b35a6239c3d8bdabc530a6a0816f7ff89a0aaf/library/core/src/ops/function.rs:250:5
[INFO] [stdout]   28:     0x610baad5f34b - test::__rust_begin_short_backtrace::hf4fff89d377446ba
[INFO] [stdout]                                at /rustc/90b35a6239c3d8bdabc530a6a0816f7ff89a0aaf/library/test/src/lib.rs:621:18
[INFO] [stdout]   29:     0x610baad5eb87 - test::run_test_in_process::{{closure}}::h0e39181dd7ee5a43
[INFO] [stdout]                                at /rustc/90b35a6239c3d8bdabc530a6a0816f7ff89a0aaf/library/test/src/lib.rs:644:60
[INFO] [stdout]   30:     0x610baad5eb87 - <core::panic::unwind_safe::AssertUnwindSafe<F> as core::ops::function::FnOnce<()>>::call_once::hc5a66a30f0bdfd1f
[INFO] [stdout]                                at /rustc/90b35a6239c3d8bdabc530a6a0816f7ff89a0aaf/library/core/src/panic/unwind_safe.rs:272:9
[INFO] [stdout]   31:     0x610baad5eb87 - std::panicking::try::do_call::h873b7cf639554a5e
[INFO] [stdout]                                at /rustc/90b35a6239c3d8bdabc530a6a0816f7ff89a0aaf/library/std/src/panicking.rs:557:40
[INFO] [stdout]   32:     0x610baad5eb87 - std::panicking::try::hdb19862fad9c8bd1
[INFO] [stdout]                                at /rustc/90b35a6239c3d8bdabc530a6a0816f7ff89a0aaf/library/std/src/panicking.rs:520:19
[INFO] [stdout]   33:     0x610baad5eb87 - std::panic::catch_unwind::h281fe732d236d260
[INFO] [stdout]                                at /rustc/90b35a6239c3d8bdabc530a6a0816f7ff89a0aaf/library/std/src/panic.rs:358:14
[INFO] [stdout]   34:     0x610baad5eb87 - test::run_test_in_process::h949b6df8457ed338
[INFO] [stdout]                                at /rustc/90b35a6239c3d8bdabc530a6a0816f7ff89a0aaf/library/test/src/lib.rs:644:27
[INFO] [stdout]   35:     0x610baad5eb87 - test::run_test::{{closure}}::h52c556a6d4740e10
[INFO] [stdout]                                at /rustc/90b35a6239c3d8bdabc530a6a0816f7ff89a0aaf/library/test/src/lib.rs:565:43
[INFO] [stdout]   36:     0x610baad23e64 - test::run_test::{{closure}}::h4237f6381c45ccb9
[INFO] [stdout]                                at /rustc/90b35a6239c3d8bdabc530a6a0816f7ff89a0aaf/library/test/src/lib.rs:595:41
[INFO] [stdout]   37:     0x610baad23e64 - std::sys::backtrace::__rust_begin_short_backtrace::h505c97a579eca628
[INFO] [stdout]                                at /rustc/90b35a6239c3d8bdabc530a6a0816f7ff89a0aaf/library/std/src/sys/backtrace.rs:154:18
[INFO] [stdout]   38:     0x610baad2752e - std::thread::Builder::spawn_unchecked_::{{closure}}::{{closure}}::h9e86b2e2bc107ea3
[INFO] [stdout]                                at /rustc/90b35a6239c3d8bdabc530a6a0816f7ff89a0aaf/library/std/src/thread/mod.rs:538:17
[INFO] [stdout]   39:     0x610baad2752e - <core::panic::unwind_safe::AssertUnwindSafe<F> as core::ops::function::FnOnce<()>>::call_once::h8b06ddb275ff4a25
[INFO] [stdout]                                at /rustc/90b35a6239c3d8bdabc530a6a0816f7ff89a0aaf/library/core/src/panic/unwind_safe.rs:272:9
[INFO] [stdout]   40:     0x610baad2752e - std::panicking::try::do_call::hb26ecd7cd9a9355d
[INFO] [stdout]                                at /rustc/90b35a6239c3d8bdabc530a6a0816f7ff89a0aaf/library/std/src/panicking.rs:557:40
[INFO] [stdout]   41:     0x610baad2752e - std::panicking::try::h8ddeca9d705f9069
[INFO] [stdout]                                at /rustc/90b35a6239c3d8bdabc530a6a0816f7ff89a0aaf/library/std/src/panicking.rs:520:19
[INFO] [stdout]   42:     0x610baad2752e - std::panic::catch_unwind::h49e1c33078844c46
[INFO] [stdout]                                at /rustc/90b35a6239c3d8bdabc530a6a0816f7ff89a0aaf/library/std/src/panic.rs:358:14
[INFO] [stdout]   43:     0x610baad2752e - std::thread::Builder::spawn_unchecked_::{{closure}}::h6073db6ff56ad35d
[INFO] [stdout]                                at /rustc/90b35a6239c3d8bdabc530a6a0816f7ff89a0aaf/library/std/src/thread/mod.rs:537:30
[INFO] [stdout]   44:     0x610baad2752e - core::ops::function::FnOnce::call_once{{vtable.shim}}::h2c5a5f3779c774f1
[INFO] [stdout]                                at /rustc/90b35a6239c3d8bdabc530a6a0816f7ff89a0aaf/library/core/src/ops/function.rs:250:5
[INFO] [stdout]   45:     0x610baadfd1db - <alloc::boxed::Box<F,A> as core::ops::function::FnOnce<Args>>::call_once::hf75717d9f28faebf
[INFO] [stdout]                                at /rustc/90b35a6239c3d8bdabc530a6a0816f7ff89a0aaf/library/alloc/src/boxed.rs:2454:9
[INFO] [stdout]   46:     0x610baadfd1db - <alloc::boxed::Box<F,A> as core::ops::function::FnOnce<Args>>::call_once::h7bd883a5f3c5f3c1
[INFO] [stdout]                                at /rustc/90b35a6239c3d8bdabc530a6a0816f7ff89a0aaf/library/alloc/src/boxed.rs:2454:9
[INFO] [stdout]   47:     0x610baadfd1db - std::sys::pal::unix::thread::Thread::new::thread_start::hcc78f3943333fa94
[INFO] [stdout]                                at /rustc/90b35a6239c3d8bdabc530a6a0816f7ff89a0aaf/library/std/src/sys/pal/unix/thread.rs:105:17
[INFO] [stdout]   48:     0x753acc862ac3 - <unknown>
[INFO] [stdout]   49:     0x753acc8f3a04 - clone
[INFO] [stdout]   50:                0x0 - <unknown>
[INFO] [stdout] 
[INFO] [stdout] ---- test_derive stdout ----
[INFO] [stdout] thread 'test_derive' panicked at /rustc/90b35a6239c3d8bdabc530a6a0816f7ff89a0aaf/library/core/src/ops/function.rs:250:5:
[INFO] [stdout] Unexpected failure.
[INFO] [stdout] code=1
[INFO] [stdout] stderr=``````
[INFO] [stdout] Error: 
[INFO] [stdout]    0: \u{1b}[91mFailed to convert JSON Schema to Rust code\u{1b}[0m
[INFO] [stdout]    1: \u{1b}[91mFailed to open input file: /opt/rustwide/workdir/../example.json\u{1b}[0m
[INFO] [stdout]    2: \u{1b}[91mNo such file or directory (os error 2)\u{1b}[0m
[INFO] [stdout] 
[INFO] [stdout] Location:
[INFO] [stdout]    \u{1b}[35msrc/lib.rs\u{1b}[0m:\u{1b}[35m133\u{1b}[0m
[INFO] [stdout] 
[INFO] [stdout]   ━━━━━━━━━━━━━━━━━━━━━━━━━━━━━━━━━━ BACKTRACE ━━━━━━━━━━━━━━━━━━━━━━━━━━━━━━━━━━━
[INFO] [stdout]   \u{1b}[96m                              ⋮ 4 frames hidden ⋮                               \u{1b}[0m
[INFO] [stdout]    5: \u{1b}[91m<E as eyre::context::ext::StdError>::ext_report\u{1b}[0m\u{1b}[90m::hcc405a9656d493e9\u{1b}[0m
[INFO] [stdout]       at \u{1b}[35m/opt/rustwide/cargo-home/registry/src/index.crates.io-6f17d22bba15001f/eyre-0.6.12/src/context.rs\u{1b}[0m:\u{1b}[35m26\u{1b}[0m
[INFO] [stdout]         24 │             D: Display + Send + Sync + \'static,
[INFO] [stdout]         25 │         {
[INFO] [stdout]   \u{1b}[37;1m      26\u{1b}[0m \u{1b}[37;1m>\u{1b}[0m \u{1b}[37;1m            Report::from_msg(msg, self)\u{1b}[0m
[INFO] [stdout]         27 │         }
[INFO] [stdout]         28 │     }
[INFO] [stdout]   \u{1b}[96m                               ⋮ 1 frame hidden ⋮                               \u{1b}[0m
[INFO] [stdout]    7: \u{1b}[91mcargo_typify::convert\u{1b}[0m\u{1b}[90m::h6e9f4a767c074f24\u{1b}[0m
[INFO] [stdout]       at \u{1b}[35m/opt/rustwide/workdir/src/lib.rs\u{1b}[0m:\u{1b}[35m132\u{1b}[0m
[INFO] [stdout]        130 │ /// Generate Rust code for the selected JSON Schema.
[INFO] [stdout]        131 │ pub fn convert(args: &CliArgs) -> Result<String> {
[INFO] [stdout]   \u{1b}[37;1m     132\u{1b}[0m \u{1b}[37;1m>\u{1b}[0m \u{1b}[37;1m    let content = std::fs::read_to_string(&args.input)\u{1b}[0m
[INFO] [stdout]        133 │         .wrap_err_with(|| format!(\"Failed to open input file: {}\", &args.input.display()))?;
[INFO] [stdout]        134 │ 
[INFO] [stdout]    8: \u{1b}[91mcargo_typify::main\u{1b}[0m\u{1b}[90m::h656d8d02a3342a1f\u{1b}[0m
[INFO] [stdout]       at \u{1b}[35m/opt/rustwide/workdir/src/main.rs\u{1b}[0m:\u{1b}[35m22\u{1b}[0m
[INFO] [stdout]         20 │     let CargoCli::Typify(args) = cli;
[INFO] [stdout]         21 │ 
[INFO] [stdout]   \u{1b}[37;1m      22\u{1b}[0m \u{1b}[37;1m>\u{1b}[0m \u{1b}[37;1m    let contents = convert(&args).wrap_err(\"Failed to convert JSON Schema to Rust code\")?;\u{1b}[0m
[INFO] [stdout]         23 │ 
[INFO] [stdout]         24 │     let output_path = args.output_path();
[INFO] [stdout]    9: \u{1b}[32mcore::ops::function::FnOnce::call_once\u{1b}[0m\u{1b}[90m::hb0a7957d87caa885\u{1b}[0m
[INFO] [stdout]       at \u{1b}[35m/rustc/90b35a6239c3d8bdabc530a6a0816f7ff89a0aaf/library/core/src/ops/function.rs\u{1b}[0m:\u{1b}[35m250\u{1b}[0m
[INFO] [stdout]   10: \u{1b}[32mstd::sys::backtrace::__rust_begin_short_backtrace\u{1b}[0m\u{1b}[90m::h45ca4cd1fee91cab\u{1b}[0m
[INFO] [stdout]       at \u{1b}[35m/rustc/90b35a6239c3d8bdabc530a6a0816f7ff89a0aaf/library/std/src/sys/backtrace.rs\u{1b}[0m:\u{1b}[35m154\u{1b}[0m
[INFO] [stdout]   \u{1b}[96m                              ⋮ 14 frames hidden ⋮                              \u{1b}[0m
[INFO] [stdout] 
[INFO] [stdout] Run with COLORBT_SHOW_HIDDEN=1 environment variable to disable frame filtering.
[INFO] [stdout] ```
[INFO] [stdout] ```
[INFO] [stdout] command=`"/opt/rustwide/target/debug/cargo-typify" "typify" "/opt/rustwide/workdir/../example.json" "--no-builder" "--additional-derive" "ExtraDerive" "--output" "/tmp/cargo-typify.NHiZI2wQ64ha/output.rs"`
[INFO] [stdout] code=1
[INFO] [stdout] stdout=""
[INFO] [stdout] stderr=```
[INFO] [stdout] Error: 
[INFO] [stdout]    0: \u{1b}[91mFailed to convert JSON Schema to Rust code\u{1b}[0m
[INFO] [stdout]    1: \u{1b}[91mFailed to open input file: /opt/rustwide/workdir/../example.json\u{1b}[0m
[INFO] [stdout]    2: \u{1b}[91mNo such file or directory (os error 2)\u{1b}[0m
[INFO] [stdout] 
[INFO] [stdout] Location:
[INFO] [stdout]    \u{1b}[35msrc/lib.rs\u{1b}[0m:\u{1b}[35m133\u{1b}[0m
[INFO] [stdout] 
[INFO] [stdout]   ━━━━━━━━━━━━━━━━━━━━━━━━━━━━━━━━━━ BACKTRACE ━━━━━━━━━━━━━━━━━━━━━━━━━━━━━━━━━━━
[INFO] [stdout]   \u{1b}[96m                              ⋮ 4 frames hidden ⋮                               \u{1b}[0m
[INFO] [stdout]    5: \u{1b}[91m<E as eyre::context::ext::StdError>::ext_report\u{1b}[0m\u{1b}[90m::hcc405a9656d493e9\u{1b}[0m
[INFO] [stdout]       at \u{1b}[35m/opt/rustwide/cargo-home/registry/src/index.crates.io-6f17d22bba15001f/eyre-0.6.12/src/context.rs\u{1b}[0m:\u{1b}[35m26\u{1b}[0m
[INFO] [stdout]         24 │             D: Display + Send + Sync + \'static,
[INFO] [stdout]         25 │         {
[INFO] [stdout]   \u{1b}[37;1m      26\u{1b}[0m \u{1b}[37;1m>\u{1b}[0m \u{1b}[37;1m            Report::from_msg(msg, self)\u{1b}[0m
[INFO] [stdout]         27 │         }
[INFO] [stdout]         28 │     }
[INFO] [stdout]   \u{1b}[96m                               ⋮ 1 frame hidden ⋮                               \u{1b}[0m
[INFO] [stdout]    7: \u{1b}[91mcargo_typify::convert\u{1b}[0m\u{1b}[90m::h6e9f4a767c074f24\u{1b}[0m
[INFO] [stdout]       at \u{1b}[35m/opt/rustwide/workdir/src/lib.rs\u{1b}[0m:\u{1b}[35m132\u{1b}[0m
[INFO] [stdout]        130 │ /// Generate Rust code for the selected JSON Schema.
[INFO] [stdout]        131 │ pub fn convert(args: &CliArgs) -> Result<String> {
[INFO] [stdout]   \u{1b}[37;1m     132\u{1b}[0m \u{1b}[37;1m>\u{1b}[0m \u{1b}[37;1m    let content = std::fs::read_to_string(&args.input)\u{1b}[0m
[INFO] [stdout]        133 │         .wrap_err_with(|| format!(\"Failed to open input file: {}\", &args.input.display()))?;
[INFO] [stdout]        134 │ 
[INFO] [stdout]    8: \u{1b}[91mcargo_typify::main\u{1b}[0m\u{1b}[90m::h656d8d02a3342a1f\u{1b}[0m
[INFO] [stdout]       at \u{1b}[35m/opt/rustwide/workdir/src/main.rs\u{1b}[0m:\u{1b}[35m22\u{1b}[0m
[INFO] [stdout]         20 │     let CargoCli::Typify(args) = cli;
[INFO] [stdout]         21 │ 
[INFO] [stdout]   \u{1b}[37;1m      22\u{1b}[0m \u{1b}[37;1m>\u{1b}[0m \u{1b}[37;1m    let contents = convert(&args).wrap_err(\"Failed to convert JSON Schema to Rust code\")?;\u{1b}[0m
[INFO] [stdout]         23 │ 
[INFO] [stdout]         24 │     let output_path = args.output_path();
[INFO] [stdout]    9: \u{1b}[32mcore::ops::function::FnOnce::call_once\u{1b}[0m\u{1b}[90m::hb0a7957d87caa885\u{1b}[0m
[INFO] [stdout]       at \u{1b}[35m/rustc/90b35a6239c3d8bdabc530a6a0816f7ff89a0aaf/library/core/src/ops/function.rs\u{1b}[0m:\u{1b}[35m250\u{1b}[0m
[INFO] [stdout]   10: \u{1b}[32mstd::sys::backtrace::__rust_begin_short_backtrace\u{1b}[0m\u{1b}[90m::h45ca4cd1fee91cab\u{1b}[0m
[INFO] [stdout]       at \u{1b}[35m/rustc/90b35a6239c3d8bdabc530a6a0816f7ff89a0aaf/library/std/src/sys/backtrace.rs\u{1b}[0m:\u{1b}[35m154\u{1b}[0m
[INFO] [stdout]   \u{1b}[96m                              ⋮ 14 frames hidden ⋮                              \u{1b}[0m
[INFO] [stdout] 
[INFO] [stdout] Run with COLORBT_SHOW_HIDDEN=1 environment variable to disable frame filtering.
[INFO] [stdout] ```
[INFO] [stdout] 
[INFO] [stdout] 
[INFO] [stdout] stack backtrace:
[INFO] [stdout]    0:     0x610baadf5c5a - std::backtrace_rs::backtrace::libunwind::trace::h5a5b8284f2d0c266
[INFO] [stdout]                                at /rustc/90b35a6239c3d8bdabc530a6a0816f7ff89a0aaf/library/std/src/../../backtrace/src/backtrace/libunwind.rs:116:5
[INFO] [stdout]    1:     0x610baadf5c5a - std::backtrace_rs::backtrace::trace_unsynchronized::h76d4f1c9b0b875e3
[INFO] [stdout]                                at /rustc/90b35a6239c3d8bdabc530a6a0816f7ff89a0aaf/library/std/src/../../backtrace/src/backtrace/mod.rs:66:5
[INFO] [stdout]    2:     0x610baadf5c5a - std::sys::backtrace::_print_fmt::hc4546b8364a537c6
[INFO] [stdout]                                at /rustc/90b35a6239c3d8bdabc530a6a0816f7ff89a0aaf/library/std/src/sys/backtrace.rs:66:9
[INFO] [stdout]    3:     0x610baadf5c5a - <std::sys::backtrace::BacktraceLock::print::DisplayBacktrace as core::fmt::Display>::fmt::h5b6bd5631a6d1f6b
[INFO] [stdout]                                at /rustc/90b35a6239c3d8bdabc530a6a0816f7ff89a0aaf/library/std/src/sys/backtrace.rs:39:26
[INFO] [stdout]    4:     0x610baae1dbf3 - core::fmt::rt::Argument::fmt::h270f6602a2b96f62
[INFO] [stdout]                                at /rustc/90b35a6239c3d8bdabc530a6a0816f7ff89a0aaf/library/core/src/fmt/rt.rs:177:76
[INFO] [stdout]    5:     0x610baae1dbf3 - core::fmt::write::h7550c97b06c86515
[INFO] [stdout]                                at /rustc/90b35a6239c3d8bdabc530a6a0816f7ff89a0aaf/library/core/src/fmt/mod.rs:1186:21
[INFO] [stdout]    6:     0x610baadf2753 - std::io::Write::write_fmt::h509ff860e5956e5e
[INFO] [stdout]                                at /rustc/90b35a6239c3d8bdabc530a6a0816f7ff89a0aaf/library/std/src/io/mod.rs:1839:15
[INFO] [stdout]    7:     0x610baadf5aa2 - std::sys::backtrace::BacktraceLock::print::h2395ccd2c84ba3aa
[INFO] [stdout]                                at /rustc/90b35a6239c3d8bdabc530a6a0816f7ff89a0aaf/library/std/src/sys/backtrace.rs:42:9
[INFO] [stdout]    8:     0x610baadf713a - std::panicking::default_hook::{{closure}}::he19d4c7230e07961
[INFO] [stdout]                                at /rustc/90b35a6239c3d8bdabc530a6a0816f7ff89a0aaf/library/std/src/panicking.rs:268:22
[INFO] [stdout]    9:     0x610baadf6f44 - std::panicking::default_hook::hf614597d3c67bbdb
[INFO] [stdout]                                at /rustc/90b35a6239c3d8bdabc530a6a0816f7ff89a0aaf/library/std/src/panicking.rs:292:9
[INFO] [stdout]   10:     0x610baad5a989 - <alloc::boxed::Box<F,A> as core::ops::function::Fn<Args>>::call::h39b51ce4599c23d1
[INFO] [stdout]                                at /rustc/90b35a6239c3d8bdabc530a6a0816f7ff89a0aaf/library/alloc/src/boxed.rs:2468:9
[INFO] [stdout]   11:     0x610baad5a989 - test::test_main::{{closure}}::he977ae839a582784
[INFO] [stdout]                                at /rustc/90b35a6239c3d8bdabc530a6a0816f7ff89a0aaf/library/test/src/lib.rs:133:21
[INFO] [stdout]   12:     0x610baadf77d8 - <alloc::boxed::Box<F,A> as core::ops::function::Fn<Args>>::call::h9455091b6b06f9fb
[INFO] [stdout]                                at /rustc/90b35a6239c3d8bdabc530a6a0816f7ff89a0aaf/library/alloc/src/boxed.rs:2468:9
[INFO] [stdout]   13:     0x610baadf77d8 - std::panicking::rust_panic_with_hook::h8942133a8b252070
[INFO] [stdout]                                at /rustc/90b35a6239c3d8bdabc530a6a0816f7ff89a0aaf/library/std/src/panicking.rs:809:13
[INFO] [stdout]   14:     0x610baadf759a - std::panicking::begin_panic_handler::{{closure}}::hb5f5963570096b29
[INFO] [stdout]                                at /rustc/90b35a6239c3d8bdabc530a6a0816f7ff89a0aaf/library/std/src/panicking.rs:674:13
[INFO] [stdout]   15:     0x610baadf6139 - std::sys::backtrace::__rust_end_short_backtrace::h6208cedc1922feda
[INFO] [stdout]                                at /rustc/90b35a6239c3d8bdabc530a6a0816f7ff89a0aaf/library/std/src/sys/backtrace.rs:170:18
[INFO] [stdout]   16:     0x610baadf722c - rust_begin_unwind
[INFO] [stdout]                                at /rustc/90b35a6239c3d8bdabc530a6a0816f7ff89a0aaf/library/std/src/panicking.rs:665:5
[INFO] [stdout]   17:     0x610baacd3120 - core::panicking::panic_fmt::h0c3082644d1bf418
[INFO] [stdout]                                at /rustc/90b35a6239c3d8bdabc530a6a0816f7ff89a0aaf/library/core/src/panicking.rs:74:14
[INFO] [stdout]   18:     0x610baaced903 - core::panicking::panic_display::h7740e5a64cdfb1b8
[INFO] [stdout]                                at /rustc/90b35a6239c3d8bdabc530a6a0816f7ff89a0aaf/library/core/src/panicking.rs:264:5
[INFO] [stdout]   19:     0x610baacf173e - assert_cmd::assert::AssertError::panic::panic_cold_display::hc7c27c79b79d75e6
[INFO] [stdout]                                at /rustc/90b35a6239c3d8bdabc530a6a0816f7ff89a0aaf/library/core/src/panic.rs:100:13
[INFO] [stdout]   20:     0x610baacee847 - assert_cmd::assert::AssertError::panic::h9bc0433e9b3e7534
[INFO] [stdout]                                at /opt/rustwide/cargo-home/registry/src/index.crates.io-6f17d22bba15001f/assert_cmd-2.0.16/src/assert.rs:1033:9
[INFO] [stdout]   21:     0x610baacebd67 - core::ops::function::FnOnce::call_once::h148da29e42f1e842
[INFO] [stdout]                                at /rustc/90b35a6239c3d8bdabc530a6a0816f7ff89a0aaf/library/core/src/ops/function.rs:250:5
[INFO] [stdout]   22:     0x610baacf4130 - core::result::Result<T,E>::unwrap_or_else::hcf8997332fabc740
[INFO] [stdout]                                at /rustc/90b35a6239c3d8bdabc530a6a0816f7ff89a0aaf/library/core/src/result.rs:1458:23
[INFO] [stdout]   23:     0x610baacee166 - assert_cmd::assert::Assert::success::h7a6219da8462e870
[INFO] [stdout]                                at /opt/rustwide/cargo-home/registry/src/index.crates.io-6f17d22bba15001f/assert_cmd-2.0.16/src/assert.rs:158:9
[INFO] [stdout]   24:     0x610baace3851 - integration::test_derive::h9eeb216d17a27c69
[INFO] [stdout]                                at /opt/rustwide/workdir/tests/integration.rs:101:5
[INFO] [stdout]   25:     0x610baace3397 - integration::test_derive::{{closure}}::hfa684e827f76e68f
[INFO] [stdout]                                at /opt/rustwide/workdir/tests/integration.rs:92:17
[INFO] [stdout]   26:     0x610baacdee76 - core::ops::function::FnOnce::call_once::habe55ea0edc316de
[INFO] [stdout]                                at /rustc/90b35a6239c3d8bdabc530a6a0816f7ff89a0aaf/library/core/src/ops/function.rs:250:5
[INFO] [stdout]   27:     0x610baad5f34b - core::ops::function::FnOnce::call_once::h109cf8051a59b34e
[INFO] [stdout]                                at /rustc/90b35a6239c3d8bdabc530a6a0816f7ff89a0aaf/library/core/src/ops/function.rs:250:5
[INFO] [stdout]   28:     0x610baad5f34b - test::__rust_begin_short_backtrace::hf4fff89d377446ba
[INFO] [stdout]                                at /rustc/90b35a6239c3d8bdabc530a6a0816f7ff89a0aaf/library/test/src/lib.rs:621:18
[INFO] [stdout]   29:     0x610baad5eb87 - test::run_test_in_process::{{closure}}::h0e39181dd7ee5a43
[INFO] [stdout]                                at /rustc/90b35a6239c3d8bdabc530a6a0816f7ff89a0aaf/library/test/src/lib.rs:644:60
[INFO] [stdout]   30:     0x610baad5eb87 - <core::panic::unwind_safe::AssertUnwindSafe<F> as core::ops::function::FnOnce<()>>::call_once::hc5a66a30f0bdfd1f
[INFO] [stdout]                                at /rustc/90b35a6239c3d8bdabc530a6a0816f7ff89a0aaf/library/core/src/panic/unwind_safe.rs:272:9
[INFO] [stdout]   31:     0x610baad5eb87 - std::panicking::try::do_call::h873b7cf639554a5e
[INFO] [stdout]                                at /rustc/90b35a6239c3d8bdabc530a6a0816f7ff89a0aaf/library/std/src/panicking.rs:557:40
[INFO] [stdout]   32:     0x610baad5eb87 - std::panicking::try::hdb19862fad9c8bd1
[INFO] [stdout]                                at /rustc/90b35a6239c3d8bdabc530a6a0816f7ff89a0aaf/library/std/src/panicking.rs:520:19
[INFO] [stdout]   33:     0x610baad5eb87 - std::panic::catch_unwind::h281fe732d236d260
[INFO] [stdout]                                at /rustc/90b35a6239c3d8bdabc530a6a0816f7ff89a0aaf/library/std/src/panic.rs:358:14
[INFO] [stdout]   34:     0x610baad5eb87 - test::run_test_in_process::h949b6df8457ed338
[INFO] [stdout]                                at /rustc/90b35a6239c3d8bdabc530a6a0816f7ff89a0aaf/library/test/src/lib.rs:644:27
[INFO] [stdout]   35:     0x610baad5eb87 - test::run_test::{{closure}}::h52c556a6d4740e10
[INFO] [stdout]                                at /rustc/90b35a6239c3d8bdabc530a6a0816f7ff89a0aaf/library/test/src/lib.rs:565:43
[INFO] [stdout]   36:     0x610baad23e64 - test::run_test::{{closure}}::h4237f6381c45ccb9
[INFO] [stdout]                                at /rustc/90b35a6239c3d8bdabc530a6a0816f7ff89a0aaf/library/test/src/lib.rs:595:41
[INFO] [stdout]   37:     0x610baad23e64 - std::sys::backtrace::__rust_begin_short_backtrace::h505c97a579eca628
[INFO] [stdout]                                at /rustc/90b35a6239c3d8bdabc530a6a0816f7ff89a0aaf/library/std/src/sys/backtrace.rs:154:18
[INFO] [stdout]   38:     0x610baad2752e - std::thread::Builder::spawn_unchecked_::{{closure}}::{{closure}}::h9e86b2e2bc107ea3
[INFO] [stdout]                                at /rustc/90b35a6239c3d8bdabc530a6a0816f7ff89a0aaf/library/std/src/thread/mod.rs:538:17
[INFO] [stdout]   39:     0x610baad2752e - <core::panic::unwind_safe::AssertUnwindSafe<F> as core::ops::function::FnOnce<()>>::call_once::h8b06ddb275ff4a25
[INFO] [stdout]                                at /rustc/90b35a6239c3d8bdabc530a6a0816f7ff89a0aaf/library/core/src/panic/unwind_safe.rs:272:9
[INFO] [stdout]   40:     0x610baad2752e - std::panicking::try::do_call::hb26ecd7cd9a9355d
[INFO] [stdout]                                at /rustc/90b35a6239c3d8bdabc530a6a0816f7ff89a0aaf/library/std/src/panicking.rs:557:40
[INFO] [stdout]   41:     0x610baad2752e - std::panicking::try::h8ddeca9d705f9069
[INFO] [stdout]                                at /rustc/90b35a6239c3d8bdabc530a6a0816f7ff89a0aaf/library/std/src/panicking.rs:520:19
[INFO] [stdout]   42:     0x610baad2752e - std::panic::catch_unwind::h49e1c33078844c46
[INFO] [stdout]                                at /rustc/90b35a6239c3d8bdabc530a6a0816f7ff89a0aaf/library/std/src/panic.rs:358:14
[INFO] [stdout]   43:     0x610baad2752e - std::thread::Builder::spawn_unchecked_::{{closure}}::h6073db6ff56ad35d
[INFO] [stdout]                                at /rustc/90b35a6239c3d8bdabc530a6a0816f7ff89a0aaf/library/std/src/thread/mod.rs:537:30
[INFO] [stdout]   44:     0x610baad2752e - core::ops::function::FnOnce::call_once{{vtable.shim}}::h2c5a5f3779c774f1
[INFO] [stdout]                                at /rustc/90b35a6239c3d8bdabc530a6a0816f7ff89a0aaf/library/core/src/ops/function.rs:250:5
[INFO] [stdout]   45:     0x610baadfd1db - <alloc::boxed::Box<F,A> as core::ops::function::FnOnce<Args>>::call_once::hf75717d9f28faebf
[INFO] [stdout]                                at /rustc/90b35a6239c3d8bdabc530a6a0816f7ff89a0aaf/library/alloc/src/boxed.rs:2454:9
[INFO] [stdout]   46:     0x610baadfd1db - <alloc::boxed::Box<F,A> as core::ops::function::FnOnce<Args>>::call_once::h7bd883a5f3c5f3c1
[INFO] [stdout]                                at /rustc/90b35a6239c3d8bdabc530a6a0816f7ff89a0aaf/library/alloc/src/boxed.rs:2454:9
[INFO] [stdout]   47:     0x610baadfd1db - std::sys::pal::unix::thread::Thread::new::thread_start::hcc78f3943333fa94
[INFO] [stdout]                                at /rustc/90b35a6239c3d8bdabc530a6a0816f7ff89a0aaf/library/std/src/sys/pal/unix/thread.rs:105:17
[INFO] [stdout]   48:     0x753acc862ac3 - <unknown>
[INFO] [stdout]   49:     0x753acc8f3a04 - clone
[INFO] [stdout]   50:                0x0 - <unknown>
[INFO] [stdout] 
[INFO] [stdout] 
[INFO] [stdout] failures:
[INFO] [stdout]     test_builder
[INFO] [stdout]     test_default_output
[INFO] [stdout]     test_derive
[INFO] [stdout]     test_multi_derive
[INFO] [stdout]     test_no_builder_stdout
[INFO] [stdout]     test_simple
[INFO] [stdout] 
[INFO] [stdout] test result: FAILED. 1 passed; 6 failed; 0 ignored; 0 measured; 0 filtered out; finished in 1.72s
[INFO] [stdout] 
[INFO] [stderr] error: test failed, to rerun pass `--test integration`
[INFO] running `Command { std: "docker" "inspect" "6dcb81fe6c786de322cbc9cf9e3af9b8b181cb2c3e56b29a6f65c96b9bc15369", kill_on_drop: false }`
[INFO] running `Command { std: "docker" "rm" "-f" "6dcb81fe6c786de322cbc9cf9e3af9b8b181cb2c3e56b29a6f65c96b9bc15369", kill_on_drop: false }`
[INFO] [stdout] 6dcb81fe6c786de322cbc9cf9e3af9b8b181cb2c3e56b29a6f65c96b9bc15369
