[INFO] fetching crate cargo-subgraph 0.1.0...
[INFO] testing cargo-subgraph-0.1.0 against beta-2024-12-08 for beta-1.84.0-4-retry
[INFO] extracting crate cargo-subgraph 0.1.0 into /workspace/builds/worker-3-tc2/source
[INFO] validating manifest of crates.io crate cargo-subgraph 0.1.0 on toolchain beta-2024-12-08
[INFO] running `Command { std: CARGO_HOME="/workspace/cargo-home" RUSTUP_HOME="/workspace/rustup-home" "/workspace/cargo-home/bin/cargo" "+beta-2024-12-08" "metadata" "--manifest-path" "Cargo.toml" "--no-deps", kill_on_drop: false }`
[INFO] started tweaking crates.io crate cargo-subgraph 0.1.0
[INFO] finished tweaking crates.io crate cargo-subgraph 0.1.0
[INFO] tweaked toml for crates.io crate cargo-subgraph 0.1.0 written to /workspace/builds/worker-3-tc2/source/Cargo.toml
[INFO] crate crates.io crate cargo-subgraph 0.1.0 already has a lockfile, it will not be regenerated
[INFO] running `Command { std: CARGO_HOME="/workspace/cargo-home" RUSTUP_HOME="/workspace/rustup-home" "/workspace/cargo-home/bin/cargo" "+beta-2024-12-08" "fetch" "--manifest-path" "Cargo.toml", kill_on_drop: false }`
[INFO] running `Command { std: "docker" "create" "-v" "/var/lib/crater-agent-workspace/builds/worker-3-tc2/target:/opt/rustwide/target:rw,Z" "-v" "/var/lib/crater-agent-workspace/builds/worker-3-tc2/source:/opt/rustwide/workdir:ro,Z" "-v" "/var/lib/crater-agent-workspace/cargo-home:/opt/rustwide/cargo-home:ro,Z" "-v" "/var/lib/crater-agent-workspace/rustup-home:/opt/rustwide/rustup-home:ro,Z" "-e" "SOURCE_DIR=/opt/rustwide/workdir" "-e" "CARGO_TARGET_DIR=/opt/rustwide/target" "-e" "CARGO_HOME=/opt/rustwide/cargo-home" "-e" "RUSTUP_HOME=/opt/rustwide/rustup-home" "-w" "/opt/rustwide/workdir" "-m" "1610612736" "--user" "0:0" "--network" "none" "ghcr.io/rust-lang/crates-build-env/linux@sha256:f3a9d4ad9d972b27faf3965f35b62e55ba32bbce8f20bc8fe909558a86702fde" "/opt/rustwide/cargo-home/bin/cargo" "+beta-2024-12-08" "metadata" "--no-deps" "--format-version=1", kill_on_drop: false }`
[INFO] [stdout] db135ce8901c0e82e564c971551f3b7a1c98f9906047ce37b430ae74ad5c481b
[INFO] running `Command { std: "docker" "start" "-a" "db135ce8901c0e82e564c971551f3b7a1c98f9906047ce37b430ae74ad5c481b", kill_on_drop: false }`
[INFO] running `Command { std: "docker" "inspect" "db135ce8901c0e82e564c971551f3b7a1c98f9906047ce37b430ae74ad5c481b", kill_on_drop: false }`
[INFO] running `Command { std: "docker" "rm" "-f" "db135ce8901c0e82e564c971551f3b7a1c98f9906047ce37b430ae74ad5c481b", kill_on_drop: false }`
[INFO] [stdout] db135ce8901c0e82e564c971551f3b7a1c98f9906047ce37b430ae74ad5c481b
[INFO] running `Command { std: "docker" "create" "-v" "/var/lib/crater-agent-workspace/builds/worker-3-tc2/target:/opt/rustwide/target:rw,Z" "-v" "/var/lib/crater-agent-workspace/builds/worker-3-tc2/source:/opt/rustwide/workdir:ro,Z" "-v" "/var/lib/crater-agent-workspace/cargo-home:/opt/rustwide/cargo-home:ro,Z" "-v" "/var/lib/crater-agent-workspace/rustup-home:/opt/rustwide/rustup-home:ro,Z" "-e" "SOURCE_DIR=/opt/rustwide/workdir" "-e" "CARGO_TARGET_DIR=/opt/rustwide/target" "-e" "CARGO_INCREMENTAL=0" "-e" "RUST_BACKTRACE=full" "-e" "RUSTFLAGS=--cap-lints=warn" "-e" "RUSTDOCFLAGS=--cap-lints=warn" "-e" "CARGO_HOME=/opt/rustwide/cargo-home" "-e" "RUSTUP_HOME=/opt/rustwide/rustup-home" "-w" "/opt/rustwide/workdir" "-m" "1610612736" "--user" "0:0" "--network" "none" "ghcr.io/rust-lang/crates-build-env/linux@sha256:f3a9d4ad9d972b27faf3965f35b62e55ba32bbce8f20bc8fe909558a86702fde" "/opt/rustwide/cargo-home/bin/cargo" "+beta-2024-12-08" "build" "--frozen" "--message-format=json", kill_on_drop: false }`
[INFO] [stdout] 5eff546773c09e6f8aa03876430271319e7019959521398ad1506405ea4e518c
[INFO] running `Command { std: "docker" "start" "-a" "5eff546773c09e6f8aa03876430271319e7019959521398ad1506405ea4e518c", kill_on_drop: false }`
[INFO] [stderr]    Compiling proc-macro2 v1.0.47
[INFO] [stderr]    Compiling unicode-ident v1.0.5
[INFO] [stderr]    Compiling quote v1.0.21
[INFO] [stderr]    Compiling syn v1.0.103
[INFO] [stderr]    Compiling pkg-config v0.3.26
[INFO] [stderr]    Compiling cc v1.0.77
[INFO] [stderr]    Compiling autocfg v1.1.0
[INFO] [stderr]    Compiling libc v0.2.137
[INFO] [stderr]    Compiling version_check v0.9.4
[INFO] [stderr]    Compiling serde_derive v1.0.147
[INFO] [stderr]    Compiling serde v1.0.147
[INFO] [stderr]    Compiling unicode-segmentation v1.10.0
[INFO] [stderr]    Compiling tinyvec_macros v0.1.0
[INFO] [stderr]    Compiling anyhow v1.0.66
[INFO] [stderr]    Compiling unicode-width v0.1.10
[INFO] [stderr]    Compiling log v0.4.17
[INFO] [stderr]    Compiling tinyvec v1.6.0
[INFO] [stderr]    Compiling textwrap v0.11.0
[INFO] [stderr]    Compiling hashbrown v0.12.3
[INFO] [stderr]    Compiling heck v0.3.3
[INFO] [stderr]    Compiling ansi_term v0.12.1
[INFO] [stderr]    Compiling serde_json v1.0.89
[INFO] [stderr]    Compiling bitflags v1.3.2
[INFO] [stderr]    Compiling unicode-bidi v0.3.8
[INFO] [stderr]    Compiling proc-macro-error-attr v1.0.4
[INFO] [stderr]    Compiling proc-macro-error v1.0.4
[INFO] [stderr]    Compiling ryu v1.0.11
[INFO] [stderr]    Compiling cfg-if v1.0.0
[INFO] [stderr]    Compiling vec_map v0.8.2
[INFO] [stderr]    Compiling curl v0.4.44
[INFO] [stderr]    Compiling indexmap v1.9.2
[INFO] [stderr]    Compiling linked-hash-map v0.5.6
[INFO] [stderr]    Compiling percent-encoding v2.2.0
[INFO] [stderr]    Compiling strsim v0.8.0
[INFO] [stderr]    Compiling yaml-rust v0.4.5
[INFO] [stderr]    Compiling form_urlencoded v1.1.0
[INFO] [stderr]    Compiling itoa v1.0.4
[INFO] [stderr]    Compiling lazy_static v1.4.0
[INFO] [stderr]    Compiling wasmparser v0.77.0
[INFO] [stderr]    Compiling openssl-probe v0.1.5
[INFO] [stderr]    Compiling id-arena v2.2.1
[INFO] [stderr]    Compiling leb128 v0.2.5
[INFO] [stderr]    Compiling bs58 v0.4.0
[INFO] [stderr]    Compiling unicode-normalization v0.1.22
[INFO] [stderr]    Compiling libz-sys v1.1.8
[INFO] [stderr]    Compiling openssl-sys v0.9.78
[INFO] [stderr]    Compiling curl-sys v0.4.59+curl-7.86.0
[INFO] [stderr]    Compiling atty v0.2.14
[INFO] [stderr]    Compiling socket2 v0.4.7
[INFO] [stderr]    Compiling idna v0.3.0
[INFO] [stderr]    Compiling clap v2.34.0
[INFO] [stderr]    Compiling walrus-macro v0.19.0
[INFO] [stderr]    Compiling structopt-derive v0.4.18
[INFO] [stderr]    Compiling walrus v0.19.0
[INFO] [stderr]    Compiling structopt v0.3.26
[INFO] [stderr]    Compiling url v2.3.1
[INFO] [stderr]    Compiling serde_yaml v0.8.26
[INFO] [stderr]    Compiling cargo-subgraph v0.1.0 (/opt/rustwide/workdir)
[INFO] [stdout] warning: field `id` is never read
[INFO] [stdout]   --> src/api/graph.rs:48:9
[INFO] [stdout]    |
[INFO] [stdout] 46 | pub struct Subgraph {
[INFO] [stdout]    |            -------- field in this struct
[INFO] [stdout] 47 |     /// The ID for the newly created subgraph.
[INFO] [stdout] 48 |     pub id: String,
[INFO] [stdout]    |         ^^
[INFO] [stdout]    |
[INFO] [stdout]    = note: `#[warn(dead_code)]` on by default
[INFO] [stdout] 
[INFO] [stdout] 
[INFO] [stdout] warning: fields `playground`, `queries`, and `subscriptions` are never read
[INFO] [stdout]   --> src/api/graph.rs:67:9
[INFO] [stdout]    |
[INFO] [stdout] 65 | pub struct Routes {
[INFO] [stdout]    |            ------ fields in this struct
[INFO] [stdout] 66 |     /// The URL of GraphQL playground.
[INFO] [stdout] 67 |     pub playground: Url,
[INFO] [stdout]    |         ^^^^^^^^^^
[INFO] [stdout] 68 |     /// The URL for the GraphQL query API.
[INFO] [stdout] 69 |     pub queries: Url,
[INFO] [stdout]    |         ^^^^^^^
[INFO] [stdout] 70 |     /// The URL for the GraphQL subscription API.
[INFO] [stdout] 71 |     pub subscriptions: Url,
[INFO] [stdout]    |         ^^^^^^^^^^^^^
[INFO] [stdout] 
[INFO] [stdout] 
[INFO] [stdout] warning: field `name` is never read
[INFO] [stdout]    --> src/api/ipfs.rs:180:9
[INFO] [stdout]     |
[INFO] [stdout] 178 | pub struct Add {
[INFO] [stdout]     |            --- field in this struct
[INFO] [stdout] 179 |     #[serde(rename = "Name")]
[INFO] [stdout] 180 |     pub name: PathBuf,
[INFO] [stdout]     |         ^^^^
[INFO] [stdout] 
[INFO] [stdout] 
[INFO] [stdout] warning: field `code` is never read
[INFO] [stdout]    --> src/api/jsonrpc.rs:134:5
[INFO] [stdout]     |
[INFO] [stdout] 133 | struct Error {
[INFO] [stdout]     |        ----- field in this struct
[INFO] [stdout] 134 |     code: i64,
[INFO] [stdout]     |     ^^^^
[INFO] [stdout]     |
[INFO] [stdout]     = note: `Error` has a derived impl for the trait `Debug`, but this is intentionally ignored during dead code analysis
[INFO] [stdout] 
[INFO] [stdout] 
[INFO] [stderr]     Finished `dev` profile [unoptimized + debuginfo] target(s) in 33.22s
[INFO] [stderr] warning: the following packages contain code that will be rejected by a future version of Rust: wasmparser v0.77.0
[INFO] [stderr] note: to see what the problems were, use the option `--future-incompat-report`, or run `cargo report future-incompatibilities --id 1`
[INFO] running `Command { std: "docker" "inspect" "5eff546773c09e6f8aa03876430271319e7019959521398ad1506405ea4e518c", kill_on_drop: false }`
[INFO] running `Command { std: "docker" "rm" "-f" "5eff546773c09e6f8aa03876430271319e7019959521398ad1506405ea4e518c", kill_on_drop: false }`
[INFO] [stdout] 5eff546773c09e6f8aa03876430271319e7019959521398ad1506405ea4e518c
[INFO] running `Command { std: "docker" "create" "-v" "/var/lib/crater-agent-workspace/builds/worker-3-tc2/target:/opt/rustwide/target:rw,Z" "-v" "/var/lib/crater-agent-workspace/builds/worker-3-tc2/source:/opt/rustwide/workdir:ro,Z" "-v" "/var/lib/crater-agent-workspace/cargo-home:/opt/rustwide/cargo-home:ro,Z" "-v" "/var/lib/crater-agent-workspace/rustup-home:/opt/rustwide/rustup-home:ro,Z" "-e" "SOURCE_DIR=/opt/rustwide/workdir" "-e" "CARGO_TARGET_DIR=/opt/rustwide/target" "-e" "CARGO_INCREMENTAL=0" "-e" "RUST_BACKTRACE=full" "-e" "RUSTFLAGS=--cap-lints=warn" "-e" "RUSTDOCFLAGS=--cap-lints=warn" "-e" "CARGO_HOME=/opt/rustwide/cargo-home" "-e" "RUSTUP_HOME=/opt/rustwide/rustup-home" "-w" "/opt/rustwide/workdir" "-m" "1610612736" "--user" "0:0" "--network" "none" "ghcr.io/rust-lang/crates-build-env/linux@sha256:f3a9d4ad9d972b27faf3965f35b62e55ba32bbce8f20bc8fe909558a86702fde" "/opt/rustwide/cargo-home/bin/cargo" "+beta-2024-12-08" "test" "--frozen" "--no-run" "--message-format=json", kill_on_drop: false }`
[INFO] [stdout] 2736349c1a9b911929b23b72ce13a0f6d9823c40e3bf90b9a23bd96fe7301bfd
[INFO] running `Command { std: "docker" "start" "-a" "2736349c1a9b911929b23b72ce13a0f6d9823c40e3bf90b9a23bd96fe7301bfd", kill_on_drop: false }`
[INFO] [stderr]    Compiling fastrand v1.8.0
[INFO] [stderr]    Compiling remove_dir_all v0.5.3
[INFO] [stderr]    Compiling tempfile v3.3.0
[INFO] [stderr]    Compiling cargo-subgraph v0.1.0 (/opt/rustwide/workdir)
[INFO] [stdout] warning: field `name` is never read
[INFO] [stdout]    --> src/api/ipfs.rs:180:9
[INFO] [stdout]     |
[INFO] [stdout] 178 | pub struct Add {
[INFO] [stdout]     |            --- field in this struct
[INFO] [stdout] 179 |     #[serde(rename = "Name")]
[INFO] [stdout] 180 |     pub name: PathBuf,
[INFO] [stdout]     |         ^^^^
[INFO] [stdout]     |
[INFO] [stdout]     = note: `#[warn(dead_code)]` on by default
[INFO] [stdout] 
[INFO] [stdout] 
[INFO] [stderr]     Finished `test` profile [unoptimized + debuginfo] target(s) in 4.42s
[INFO] [stderr] warning: the following packages contain code that will be rejected by a future version of Rust: wasmparser v0.77.0
[INFO] [stderr] note: to see what the problems were, use the option `--future-incompat-report`, or run `cargo report future-incompatibilities --id 1`
[INFO] running `Command { std: "docker" "inspect" "2736349c1a9b911929b23b72ce13a0f6d9823c40e3bf90b9a23bd96fe7301bfd", kill_on_drop: false }`
[INFO] running `Command { std: "docker" "rm" "-f" "2736349c1a9b911929b23b72ce13a0f6d9823c40e3bf90b9a23bd96fe7301bfd", kill_on_drop: false }`
[INFO] [stdout] 2736349c1a9b911929b23b72ce13a0f6d9823c40e3bf90b9a23bd96fe7301bfd
[INFO] running `Command { std: "docker" "create" "-v" "/var/lib/crater-agent-workspace/builds/worker-3-tc2/target:/opt/rustwide/target:rw,Z" "-v" "/var/lib/crater-agent-workspace/builds/worker-3-tc2/source:/opt/rustwide/workdir:ro,Z" "-v" "/var/lib/crater-agent-workspace/cargo-home:/opt/rustwide/cargo-home:ro,Z" "-v" "/var/lib/crater-agent-workspace/rustup-home:/opt/rustwide/rustup-home:ro,Z" "-e" "SOURCE_DIR=/opt/rustwide/workdir" "-e" "CARGO_TARGET_DIR=/opt/rustwide/target" "-e" "CARGO_INCREMENTAL=0" "-e" "RUST_BACKTRACE=full" "-e" "RUSTFLAGS=--cap-lints=warn" "-e" "RUSTDOCFLAGS=--cap-lints=warn" "-e" "CARGO_HOME=/opt/rustwide/cargo-home" "-e" "RUSTUP_HOME=/opt/rustwide/rustup-home" "-w" "/opt/rustwide/workdir" "-m" "1610612736" "--user" "0:0" "--network" "none" "ghcr.io/rust-lang/crates-build-env/linux@sha256:f3a9d4ad9d972b27faf3965f35b62e55ba32bbce8f20bc8fe909558a86702fde" "/opt/rustwide/cargo-home/bin/cargo" "+beta-2024-12-08" "test" "--frozen", kill_on_drop: false }`
[INFO] [stdout] 9b7a0c225da0ab167bb28aeb243c7aa02d666178ed26f6fabb6babb52b59e1a1
[INFO] running `Command { std: "docker" "start" "-a" "9b7a0c225da0ab167bb28aeb243c7aa02d666178ed26f6fabb6babb52b59e1a1", kill_on_drop: false }`
[INFO] [stderr] warning: field `name` is never read
[INFO] [stderr]    --> src/api/ipfs.rs:180:9
[INFO] [stderr]     |
[INFO] [stderr] 178 | pub struct Add {
[INFO] [stderr]     |            --- field in this struct
[INFO] [stderr] 179 |     #[serde(rename = "Name")]
[INFO] [stderr] 180 |     pub name: PathBuf,
[INFO] [stderr]     |         ^^^^
[INFO] [stderr]     |
[INFO] [stderr]     = note: `#[warn(dead_code)]` on by default
[INFO] [stderr] 
[INFO] [stderr] warning: `cargo-subgraph` (bin "cargo-subgraph" test) generated 1 warning
[INFO] [stderr]     Finished `test` profile [unoptimized + debuginfo] target(s) in 0.08s
[INFO] [stderr] warning: the following packages contain code that will be rejected by a future version of Rust: wasmparser v0.77.0
[INFO] [stderr] note: to see what the problems were, use the option `--future-incompat-report`, or run `cargo report future-incompatibilities --id 1`
[INFO] [stderr]      Running unittests src/main.rs (/opt/rustwide/target/debug/deps/cargo_subgraph-7a93c2ade17a8a39)
[INFO] [stdout] 
[INFO] [stdout] running 19 tests
[INFO] [stdout] test api::cargo::tests::sample_builds ... ignored
[INFO] [stdout] test api::graph::tests::create_subgraph ... ignored
[INFO] [stdout] test api::graph::tests::deploy_subgraph ... ignored
[INFO] [stdout] test api::ipfs::tests::add_and_pin ... ignored
[INFO] [stdout] test api::graph::tests::deserialize_deploy ... ok
[INFO] [stdout] test api::jsonrpc::tests::eth_rpc ... ignored
[INFO] [stdout] test linker::tests::copy_and_upload ... ignored
[INFO] [stdout] test manifest::tests::link_manifest ... ignored
[INFO] [stdout] test api::graph::tests::serialize_deploy ... ok
[INFO] [stdout] test api::ipfs::tests::cid_as_base58 ... ok
[INFO] [stdout] test api::ipfs::tests::cid_serialization ... ok
[INFO] [stdout] test api::jsonrpc::tests::deserialize_response ... ok
[INFO] [stdout] test api::jsonrpc::tests::deserialize_response_error ... ok
[INFO] [stdout] test api::jsonrpc::tests::serialize_request ... ok
[INFO] [stdout] test api::graph::tests::deserialize_create ... ok
[INFO] [stdout] test manifest::tests::deserialize_manifest ... ok
[INFO] [stdout] test api::ipfs::tests::cid_from_base58 ... ok
[INFO] [stdout] test api::graph::tests::serialize_create ... ok
[INFO] [stdout] test api::cargo::tests::sample_paths ... FAILED
[INFO] [stderr] error: test failed, to rerun pass `--bin cargo-subgraph`
[INFO] [stdout] 
[INFO] [stdout] failures:
[INFO] [stdout] 
[INFO] [stdout] ---- api::cargo::tests::sample_paths stdout ----
[INFO] [stdout] thread 'api::cargo::tests::sample_paths' panicked at src/api/cargo.rs:156:42:
[INFO] [stdout] called `Result::unwrap()` on an `Err` value: Os { code: 2, kind: NotFound, message: "No such file or directory" }
[INFO] [stdout] stack backtrace:
[INFO] [stdout]    0:     0x63a47c2ee2ea - std::backtrace_rs::backtrace::libunwind::trace::h8810477743020387
[INFO] [stdout]                                at /rustc/202008a1b8de96d2e5b6bc02d379db03a877d34d/library/std/src/../../backtrace/src/backtrace/libunwind.rs:116:5
[INFO] [stdout]    1:     0x63a47c2ee2ea - std::backtrace_rs::backtrace::trace_unsynchronized::h3aa55355dd6c54a6
[INFO] [stdout]                                at /rustc/202008a1b8de96d2e5b6bc02d379db03a877d34d/library/std/src/../../backtrace/src/backtrace/mod.rs:66:5
[INFO] [stdout]    2:     0x63a47c2ee2ea - std::sys::backtrace::_print_fmt::h8588b0f62410823f
[INFO] [stdout]                                at /rustc/202008a1b8de96d2e5b6bc02d379db03a877d34d/library/std/src/sys/backtrace.rs:66:9
[INFO] [stdout]    3:     0x63a47c2ee2ea - <std::sys::backtrace::BacktraceLock::print::DisplayBacktrace as core::fmt::Display>::fmt::h98c26ac25ffe89bb
[INFO] [stdout]                                at /rustc/202008a1b8de96d2e5b6bc02d379db03a877d34d/library/std/src/sys/backtrace.rs:39:26
[INFO] [stdout]    4:     0x63a47c318a73 - core::fmt::rt::Argument::fmt::hf95377f4aebd453b
[INFO] [stdout]                                at /rustc/202008a1b8de96d2e5b6bc02d379db03a877d34d/library/core/src/fmt/rt.rs:177:76
[INFO] [stdout]    5:     0x63a47c318a73 - core::fmt::write::h0dd5f6e2238c7982
[INFO] [stdout]                                at /rustc/202008a1b8de96d2e5b6bc02d379db03a877d34d/library/core/src/fmt/mod.rs:1189:21
[INFO] [stdout]    6:     0x63a47c2eaeb3 - std::io::Write::write_fmt::h03bb0ca26e6faf8c
[INFO] [stdout]                                at /rustc/202008a1b8de96d2e5b6bc02d379db03a877d34d/library/std/src/io/mod.rs:1884:15
[INFO] [stdout]    7:     0x63a47c2ee132 - std::sys::backtrace::BacktraceLock::print::h5c19c1c038ee186d
[INFO] [stdout]                                at /rustc/202008a1b8de96d2e5b6bc02d379db03a877d34d/library/std/src/sys/backtrace.rs:42:9
[INFO] [stdout]    8:     0x63a47c2ef7ed - std::panicking::default_hook::{{closure}}::h77172f079a1fcb13
[INFO] [stdout]                                at /rustc/202008a1b8de96d2e5b6bc02d379db03a877d34d/library/std/src/panicking.rs:268:22
[INFO] [stdout]    9:     0x63a47c2ef5f7 - std::panicking::default_hook::he5f8e3b203ccddba
[INFO] [stdout]                                at /rustc/202008a1b8de96d2e5b6bc02d379db03a877d34d/library/std/src/panicking.rs:292:9
[INFO] [stdout]   10:     0x63a47c093347 - <alloc::boxed::Box<F,A> as core::ops::function::Fn<Args>>::call::h7a3c7b4a1ae77f2f
[INFO] [stdout]                                at /rustc/202008a1b8de96d2e5b6bc02d379db03a877d34d/library/alloc/src/boxed.rs:1986:9
[INFO] [stdout]   11:     0x63a47c093347 - test::test_main::{{closure}}::hf0d3b69ae9b353d1
[INFO] [stdout]                                at /rustc/202008a1b8de96d2e5b6bc02d379db03a877d34d/library/test/src/lib.rs:134:21
[INFO] [stdout]   12:     0x63a47c2efe98 - <alloc::boxed::Box<F,A> as core::ops::function::Fn<Args>>::call::h6332e82e7b189abd
[INFO] [stdout]                                at /rustc/202008a1b8de96d2e5b6bc02d379db03a877d34d/library/alloc/src/boxed.rs:1986:9
[INFO] [stdout]   13:     0x63a47c2efe98 - std::panicking::rust_panic_with_hook::h53863d4e9018df39
[INFO] [stdout]                                at /rustc/202008a1b8de96d2e5b6bc02d379db03a877d34d/library/std/src/panicking.rs:809:13
[INFO] [stdout]   14:     0x63a47c2efc5a - std::panicking::begin_panic_handler::{{closure}}::h67280e6fa0757873
[INFO] [stdout]                                at /rustc/202008a1b8de96d2e5b6bc02d379db03a877d34d/library/std/src/panicking.rs:674:13
[INFO] [stdout]   15:     0x63a47c2ee7c9 - std::sys::backtrace::__rust_end_short_backtrace::h1dac3f54d6fbbeb2
[INFO] [stdout]                                at /rustc/202008a1b8de96d2e5b6bc02d379db03a877d34d/library/std/src/sys/backtrace.rs:170:18
[INFO] [stdout]   16:     0x63a47c2ef8ec - rust_begin_unwind
[INFO] [stdout]                                at /rustc/202008a1b8de96d2e5b6bc02d379db03a877d34d/library/std/src/panicking.rs:665:5
[INFO] [stdout]   17:     0x63a47bfbade0 - core::panicking::panic_fmt::h6792bd1b2bf01041
[INFO] [stdout]                                at /rustc/202008a1b8de96d2e5b6bc02d379db03a877d34d/library/core/src/panicking.rs:76:14
[INFO] [stdout]   18:     0x63a47bfbb226 - core::result::unwrap_failed::h05e0602ed34287c5
[INFO] [stdout]                                at /rustc/202008a1b8de96d2e5b6bc02d379db03a877d34d/library/core/src/result.rs:1699:5
[INFO] [stdout]   19:     0x63a47bff8380 - core::result::Result<T,E>::unwrap::hb5289ca46ecfa8dc
[INFO] [stdout]                                at /rustc/202008a1b8de96d2e5b6bc02d379db03a877d34d/library/core/src/result.rs:1104:23
[INFO] [stdout]   20:     0x63a47bff8380 - cargo_subgraph::api::cargo::tests::for_each_sample::hef1aff4a0a674e0d
[INFO] [stdout]                                at /opt/rustwide/workdir/src/api/cargo.rs:156:23
[INFO] [stdout]   21:     0x63a47bfff406 - cargo_subgraph::api::cargo::tests::sample_paths::hc2b138ebc9230aa9
[INFO] [stdout]                                at /opt/rustwide/workdir/src/api/cargo.rs:168:9
[INFO] [stdout]   22:     0x63a47bfff3e7 - cargo_subgraph::api::cargo::tests::sample_paths::{{closure}}::hb0e99779dadfbac1
[INFO] [stdout]                                at /opt/rustwide/workdir/src/api/cargo.rs:167:22
[INFO] [stdout]   23:     0x63a47c04adf6 - core::ops::function::FnOnce::call_once::hcc5178e385f74b46
[INFO] [stdout]                                at /rustc/202008a1b8de96d2e5b6bc02d379db03a877d34d/library/core/src/ops/function.rs:250:5
[INFO] [stdout]   24:     0x63a47c097e6b - core::ops::function::FnOnce::call_once::h871bf86719ec9aa4
[INFO] [stdout]                                at /rustc/202008a1b8de96d2e5b6bc02d379db03a877d34d/library/core/src/ops/function.rs:250:5
[INFO] [stdout]   25:     0x63a47c097e6b - test::__rust_begin_short_backtrace::h2167df1e2b7d76fd
[INFO] [stdout]                                at /rustc/202008a1b8de96d2e5b6bc02d379db03a877d34d/library/test/src/lib.rs:632:18
[INFO] [stdout]   26:     0x63a47c097858 - test::run_test_in_process::{{closure}}::h15d92f75a3adfb79
[INFO] [stdout]                                at /rustc/202008a1b8de96d2e5b6bc02d379db03a877d34d/library/test/src/lib.rs:655:60
[INFO] [stdout]   27:     0x63a47c097858 - <core::panic::unwind_safe::AssertUnwindSafe<F> as core::ops::function::FnOnce<()>>::call_once::hb6c8955835a8dbbb
[INFO] [stdout]                                at /rustc/202008a1b8de96d2e5b6bc02d379db03a877d34d/library/core/src/panic/unwind_safe.rs:272:9
[INFO] [stdout]   28:     0x63a47c097858 - std::panicking::try::do_call::hc79d0fc888a0bd30
[INFO] [stdout]                                at /rustc/202008a1b8de96d2e5b6bc02d379db03a877d34d/library/std/src/panicking.rs:557:40
[INFO] [stdout]   29:     0x63a47c097858 - std::panicking::try::hb8a7878e3a8589d6
[INFO] [stdout]                                at /rustc/202008a1b8de96d2e5b6bc02d379db03a877d34d/library/std/src/panicking.rs:520:19
[INFO] [stdout]   30:     0x63a47c097858 - std::panic::catch_unwind::hb8e4600ff0ff5cfa
[INFO] [stdout]                                at /rustc/202008a1b8de96d2e5b6bc02d379db03a877d34d/library/std/src/panic.rs:358:14
[INFO] [stdout]   31:     0x63a47c097858 - test::run_test_in_process::hc2900b0b18688dd6
[INFO] [stdout]                                at /rustc/202008a1b8de96d2e5b6bc02d379db03a877d34d/library/test/src/lib.rs:655:27
[INFO] [stdout]   32:     0x63a47c097858 - test::run_test::{{closure}}::hac2a9cb07be3d48d
[INFO] [stdout]                                at /rustc/202008a1b8de96d2e5b6bc02d379db03a877d34d/library/test/src/lib.rs:576:43
[INFO] [stdout]   33:     0x63a47c05b2fa - test::run_test::{{closure}}::h4a5b729e66a38cd8
[INFO] [stdout]                                at /rustc/202008a1b8de96d2e5b6bc02d379db03a877d34d/library/test/src/lib.rs:606:41
[INFO] [stdout]   34:     0x63a47c05b2fa - std::sys::backtrace::__rust_begin_short_backtrace::h0496fb742492f573
[INFO] [stdout]                                at /rustc/202008a1b8de96d2e5b6bc02d379db03a877d34d/library/std/src/sys/backtrace.rs:154:18
[INFO] [stdout]   35:     0x63a47c05ec74 - std::thread::Builder::spawn_unchecked_::{{closure}}::{{closure}}::hbb6d257c550a54bd
[INFO] [stdout]                                at /rustc/202008a1b8de96d2e5b6bc02d379db03a877d34d/library/std/src/thread/mod.rs:561:17
[INFO] [stdout]   36:     0x63a47c05ec74 - <core::panic::unwind_safe::AssertUnwindSafe<F> as core::ops::function::FnOnce<()>>::call_once::h46696fe4a6832328
[INFO] [stdout]                                at /rustc/202008a1b8de96d2e5b6bc02d379db03a877d34d/library/core/src/panic/unwind_safe.rs:272:9
[INFO] [stdout]   37:     0x63a47c05ec74 - std::panicking::try::do_call::h2625a51b667bfb64
[INFO] [stdout]                                at /rustc/202008a1b8de96d2e5b6bc02d379db03a877d34d/library/std/src/panicking.rs:557:40
[INFO] [stdout]   38:     0x63a47c05ec74 - std::panicking::try::hb956a59a1973aa4c
[INFO] [stdout]                                at /rustc/202008a1b8de96d2e5b6bc02d379db03a877d34d/library/std/src/panicking.rs:520:19
[INFO] [stdout]   39:     0x63a47c05ec74 - std::panic::catch_unwind::h64f3b9d1067ef6a0
[INFO] [stdout]                                at /rustc/202008a1b8de96d2e5b6bc02d379db03a877d34d/library/std/src/panic.rs:358:14
[INFO] [stdout]   40:     0x63a47c05ec74 - std::thread::Builder::spawn_unchecked_::{{closure}}::h42b2841295b6c0b2
[INFO] [stdout]                                at /rustc/202008a1b8de96d2e5b6bc02d379db03a877d34d/library/std/src/thread/mod.rs:559:30
[INFO] [stdout]   41:     0x63a47c05ec74 - core::ops::function::FnOnce::call_once{{vtable.shim}}::h6127de71b8124639
[INFO] [stdout]                                at /rustc/202008a1b8de96d2e5b6bc02d379db03a877d34d/library/core/src/ops/function.rs:250:5
[INFO] [stdout]   42:     0x63a47c2f5d7b - <alloc::boxed::Box<F,A> as core::ops::function::FnOnce<Args>>::call_once::h42f0ba71002a1b2c
[INFO] [stdout]                                at /rustc/202008a1b8de96d2e5b6bc02d379db03a877d34d/library/alloc/src/boxed.rs:1972:9
[INFO] [stdout]   43:     0x63a47c2f5d7b - <alloc::boxed::Box<F,A> as core::ops::function::FnOnce<Args>>::call_once::had9e47d7a3dcecb8
[INFO] [stdout]                                at /rustc/202008a1b8de96d2e5b6bc02d379db03a877d34d/library/alloc/src/boxed.rs:1972:9
[INFO] [stdout]   44:     0x63a47c2f5d7b - std::sys::pal::unix::thread::Thread::new::thread_start::h48cf765408f6f5f2
[INFO] [stdout]                                at /rustc/202008a1b8de96d2e5b6bc02d379db03a877d34d/library/std/src/sys/pal/unix/thread.rs:105:17
[INFO] [stdout]   45:     0x727996fc1ac3 - <unknown>
[INFO] [stdout]   46:     0x727997052a04 - clone
[INFO] [stdout]   47:                0x0 - <unknown>
[INFO] [stdout] 
[INFO] [stdout] 
[INFO] [stdout] failures:
[INFO] [stdout]     api::cargo::tests::sample_paths
[INFO] [stdout] 
[INFO] [stdout] test result: FAILED. 11 passed; 1 failed; 7 ignored; 0 measured; 0 filtered out; finished in 0.05s
[INFO] [stdout] 
[INFO] running `Command { std: "docker" "inspect" "9b7a0c225da0ab167bb28aeb243c7aa02d666178ed26f6fabb6babb52b59e1a1", kill_on_drop: false }`
[INFO] running `Command { std: "docker" "rm" "-f" "9b7a0c225da0ab167bb28aeb243c7aa02d666178ed26f6fabb6babb52b59e1a1", kill_on_drop: false }`
[INFO] [stdout] 9b7a0c225da0ab167bb28aeb243c7aa02d666178ed26f6fabb6babb52b59e1a1
