[INFO] fetching crate cargo-prosa 0.1.1...
[INFO] testing cargo-prosa-0.1.1 against beta-2024-12-08 for beta-1.84.0-4-retry
[INFO] extracting crate cargo-prosa 0.1.1 into /workspace/builds/worker-4-tc2/source
[INFO] validating manifest of crates.io crate cargo-prosa 0.1.1 on toolchain beta-2024-12-08
[INFO] running `Command { std: CARGO_HOME="/workspace/cargo-home" RUSTUP_HOME="/workspace/rustup-home" "/workspace/cargo-home/bin/cargo" "+beta-2024-12-08" "metadata" "--manifest-path" "Cargo.toml" "--no-deps", kill_on_drop: false }`
[INFO] started tweaking crates.io crate cargo-prosa 0.1.1
[INFO] finished tweaking crates.io crate cargo-prosa 0.1.1
[INFO] tweaked toml for crates.io crate cargo-prosa 0.1.1 written to /workspace/builds/worker-4-tc2/source/Cargo.toml
[INFO] crate crates.io crate cargo-prosa 0.1.1 already has a lockfile, it will not be regenerated
[INFO] running `Command { std: CARGO_HOME="/workspace/cargo-home" RUSTUP_HOME="/workspace/rustup-home" "/workspace/cargo-home/bin/cargo" "+beta-2024-12-08" "fetch" "--manifest-path" "Cargo.toml", kill_on_drop: false }`
[INFO] running `Command { std: "docker" "create" "-v" "/var/lib/crater-agent-workspace/builds/worker-4-tc2/target:/opt/rustwide/target:rw,Z" "-v" "/var/lib/crater-agent-workspace/builds/worker-4-tc2/source:/opt/rustwide/workdir:ro,Z" "-v" "/var/lib/crater-agent-workspace/cargo-home:/opt/rustwide/cargo-home:ro,Z" "-v" "/var/lib/crater-agent-workspace/rustup-home:/opt/rustwide/rustup-home:ro,Z" "-e" "SOURCE_DIR=/opt/rustwide/workdir" "-e" "CARGO_TARGET_DIR=/opt/rustwide/target" "-e" "CARGO_HOME=/opt/rustwide/cargo-home" "-e" "RUSTUP_HOME=/opt/rustwide/rustup-home" "-w" "/opt/rustwide/workdir" "-m" "1610612736" "--user" "0:0" "--network" "none" "ghcr.io/rust-lang/crates-build-env/linux@sha256:f3a9d4ad9d972b27faf3965f35b62e55ba32bbce8f20bc8fe909558a86702fde" "/opt/rustwide/cargo-home/bin/cargo" "+beta-2024-12-08" "metadata" "--no-deps" "--format-version=1", kill_on_drop: false }`
[INFO] [stdout] b1a88c4c2a276f6d5b26fb872890cedf61b5ace3538e0d9170d79bfd6ee46a2b
[INFO] running `Command { std: "docker" "start" "-a" "b1a88c4c2a276f6d5b26fb872890cedf61b5ace3538e0d9170d79bfd6ee46a2b", kill_on_drop: false }`
[INFO] running `Command { std: "docker" "inspect" "b1a88c4c2a276f6d5b26fb872890cedf61b5ace3538e0d9170d79bfd6ee46a2b", kill_on_drop: false }`
[INFO] running `Command { std: "docker" "rm" "-f" "b1a88c4c2a276f6d5b26fb872890cedf61b5ace3538e0d9170d79bfd6ee46a2b", kill_on_drop: false }`
[INFO] [stdout] b1a88c4c2a276f6d5b26fb872890cedf61b5ace3538e0d9170d79bfd6ee46a2b
[INFO] running `Command { std: "docker" "create" "-v" "/var/lib/crater-agent-workspace/builds/worker-4-tc2/target:/opt/rustwide/target:rw,Z" "-v" "/var/lib/crater-agent-workspace/builds/worker-4-tc2/source:/opt/rustwide/workdir:ro,Z" "-v" "/var/lib/crater-agent-workspace/cargo-home:/opt/rustwide/cargo-home:ro,Z" "-v" "/var/lib/crater-agent-workspace/rustup-home:/opt/rustwide/rustup-home:ro,Z" "-e" "SOURCE_DIR=/opt/rustwide/workdir" "-e" "CARGO_TARGET_DIR=/opt/rustwide/target" "-e" "CARGO_INCREMENTAL=0" "-e" "RUST_BACKTRACE=full" "-e" "RUSTFLAGS=--cap-lints=warn" "-e" "RUSTDOCFLAGS=--cap-lints=warn" "-e" "CARGO_HOME=/opt/rustwide/cargo-home" "-e" "RUSTUP_HOME=/opt/rustwide/rustup-home" "-w" "/opt/rustwide/workdir" "-m" "1610612736" "--user" "0:0" "--network" "none" "ghcr.io/rust-lang/crates-build-env/linux@sha256:f3a9d4ad9d972b27faf3965f35b62e55ba32bbce8f20bc8fe909558a86702fde" "/opt/rustwide/cargo-home/bin/cargo" "+beta-2024-12-08" "build" "--frozen" "--message-format=json", kill_on_drop: false }`
[INFO] [stdout] 2830800e6a463f508a5ae4169bddd6139467bde343c1b95d9a0d84542f9f2b09
[INFO] running `Command { std: "docker" "start" "-a" "2830800e6a463f508a5ae4169bddd6139467bde343c1b95d9a0d84542f9f2b09", kill_on_drop: false }`
[INFO] [stderr]    Compiling proc-macro2 v1.0.86
[INFO] [stderr]    Compiling unicode-ident v1.0.12
[INFO] [stderr]    Compiling libc v0.2.155
[INFO] [stderr]    Compiling once_cell v1.19.0
[INFO] [stderr]    Compiling autocfg v1.3.0
[INFO] [stderr]    Compiling pin-project-lite v0.2.14
[INFO] [stderr]    Compiling cfg-if v1.0.0
[INFO] [stderr]    Compiling memchr v2.7.4
[INFO] [stderr]    Compiling version_check v0.9.4
[INFO] [stderr]    Compiling serde v1.0.204
[INFO] [stderr]    Compiling futures-core v0.3.30
[INFO] [stderr]    Compiling bytes v1.6.0
[INFO] [stderr]    Compiling futures-sink v0.3.30
[INFO] [stderr]    Compiling itoa v1.0.11
[INFO] [stderr]    Compiling hashbrown v0.14.5
[INFO] [stderr]    Compiling thiserror v1.0.61
[INFO] [stderr]    Compiling equivalent v1.0.1
[INFO] [stderr]    Compiling futures-task v0.3.30
[INFO] [stderr]    Compiling pin-utils v0.1.0
[INFO] [stderr]    Compiling crossbeam-utils v0.8.20
[INFO] [stderr]    Compiling rustversion v1.0.17
[INFO] [stderr]    Compiling ppv-lite86 v0.2.17
[INFO] [stderr]    Compiling fnv v1.0.7
[INFO] [stderr]    Compiling siphasher v0.3.11
[INFO] [stderr]    Compiling tracing-core v0.1.32
[INFO] [stderr]    Compiling futures-channel v0.3.30
[INFO] [stderr]    Compiling serde_json v1.0.120
[INFO] [stderr]    Compiling ahash v0.7.8
[INFO] [stderr]    Compiling ryu v1.0.18
[INFO] [stderr]    Compiling syn v1.0.109
[INFO] [stderr]    Compiling httparse v1.9.4
[INFO] [stderr]    Compiling slab v0.4.9
[INFO] [stderr]    Compiling num-traits v0.2.19
[INFO] [stderr]    Compiling http v0.2.12
[INFO] [stderr]    Compiling percent-encoding v2.3.1
[INFO] [stderr]    Compiling regex-syntax v0.8.4
[INFO] [stderr]    Compiling aho-corasick v1.1.3
[INFO] [stderr]    Compiling indexmap v2.2.6
[INFO] [stderr]    Compiling tower-service v0.3.2
[INFO] [stderr]    Compiling indexmap v1.9.3
[INFO] [stderr]    Compiling phf_shared v0.11.2
[INFO] [stderr]    Compiling anyhow v1.0.86
[INFO] [stderr]    Compiling try-lock v0.2.5
[INFO] [stderr]    Compiling urlencoding v2.1.3
[INFO] [stderr]    Compiling rand_core v0.6.4
[INFO] [stderr]    Compiling either v1.13.0
[INFO] [stderr]    Compiling getrandom v0.2.15
[INFO] [stderr]    Compiling socket2 v0.5.7
[INFO] [stderr]    Compiling quote v1.0.36
[INFO] [stderr]    Compiling mio v0.8.11
[INFO] [stderr]    Compiling log v0.4.22
[INFO] [stderr]    Compiling itertools v0.10.5
[INFO] [stderr]    Compiling rand v0.8.5
[INFO] [stderr]    Compiling axum-core v0.3.4
[INFO] [stderr]    Compiling want v0.3.1
[INFO] [stderr]    Compiling syn v2.0.70
[INFO] [stderr]    Compiling http-body v0.4.6
[INFO] [stderr]    Compiling tower-layer v0.3.2
[INFO] [stderr]    Compiling ucd-trie v0.1.6
[INFO] [stderr]    Compiling httpdate v1.0.3
[INFO] [stderr]    Compiling bitflags v1.3.2
[INFO] [stderr]    Compiling regex-automata v0.4.7
[INFO] [stderr]    Compiling rand_chacha v0.3.1
[INFO] [stderr]    Compiling phf_generator v0.11.2
[INFO] [stderr]    Compiling hashbrown v0.12.3
[INFO] [stderr]    Compiling ordered-float v4.2.1
[INFO] [stderr]    Compiling axum v0.6.20
[INFO] [stderr]    Compiling crossbeam-channel v0.5.13
[INFO] [stderr]    Compiling glob v0.3.1
[INFO] [stderr]    Compiling lazy_static v1.5.0
[INFO] [stderr]    Compiling vcpkg v0.2.15
[INFO] [stderr]    Compiling pkg-config v0.3.30
[INFO] [stderr]    Compiling mime v0.3.17
[INFO] [stderr]    Compiling cc v1.1.0
[INFO] [stderr]    Compiling phf_codegen v0.11.2
[INFO] [stderr]    Compiling phf v0.11.2
[INFO] [stderr]    Compiling matchit v0.7.3
[INFO] [stderr]    Compiling sync_wrapper v0.1.2
[INFO] [stderr]    Compiling iana-time-zone v0.1.60
[INFO] [stderr]    Compiling regex-syntax v0.6.29
[INFO] [stderr]    Compiling utf8parse v0.2.2
[INFO] [stderr]    Compiling crossbeam-epoch v0.9.18
[INFO] [stderr]    Compiling anstyle-parse v0.2.4
[INFO] [stderr]    Compiling chrono v0.4.38
[INFO] [stderr]    Compiling bstr v1.9.1
[INFO] [stderr]    Compiling proc-macro-error-attr v1.0.4
[INFO] [stderr]    Compiling is_terminal_polyfill v1.70.0
[INFO] [stderr]    Compiling anstyle-query v1.1.0
[INFO] [stderr]    Compiling base64 v0.21.7
[INFO] [stderr]    Compiling same-file v1.0.6
[INFO] [stderr]    Compiling unic-common v0.9.0
[INFO] [stderr]    Compiling libm v0.2.8
[INFO] [stderr]    Compiling overload v0.1.1
[INFO] [stderr]    Compiling unic-char-range v0.9.0
[INFO] [stderr]    Compiling colorchoice v1.0.1
[INFO] [stderr]    Compiling anstyle v1.0.7
[INFO] [stderr]    Compiling bitflags v2.6.0
[INFO] [stderr]    Compiling nu-ansi-term v0.46.0
[INFO] [stderr]    Compiling unic-char-property v0.9.0
[INFO] [stderr]    Compiling anstream v0.6.14
[INFO] [stderr]    Compiling walkdir v2.5.0
[INFO] [stderr]    Compiling unic-ucd-version v0.9.0
[INFO] [stderr]    Compiling crossbeam-deque v0.8.5
[INFO] [stderr]    Compiling sharded-slab v0.1.7
[INFO] [stderr]    Compiling tracing-log v0.2.0
[INFO] [stderr]    Compiling proc-macro-error v1.0.4
[INFO] [stderr]    Compiling thread_local v1.1.8
[INFO] [stderr]    Compiling foreign-types-shared v0.1.1
[INFO] [stderr]    Compiling strsim v0.11.1
[INFO] [stderr]    Compiling winnow v0.6.13
[INFO] [stderr]    Compiling dlv-list v0.3.0
[INFO] [stderr]    Compiling openssl v0.10.64
[INFO] [stderr]    Compiling clap_lex v0.7.1
[INFO] [stderr]    Compiling heck v0.5.0
[INFO] [stderr]    Compiling smallvec v1.13.2
[INFO] [stderr]    Compiling ordered-multimap v0.4.3
[INFO] [stderr]    Compiling regex v1.10.5
[INFO] [stderr]    Compiling clap_builder v4.5.9
[INFO] [stderr]    Compiling foreign-types v0.3.2
[INFO] [stderr]    Compiling unic-ucd-segment v0.9.0
[INFO] [stderr]    Compiling regex-automata v0.1.10
[INFO] [stderr]    Compiling openssl-sys v0.9.102
[INFO] [stderr]    Compiling include_dir_macros v0.7.4
[INFO] [stderr]    Compiling linked-hash-map v0.5.6
[INFO] [stderr]    Compiling parse-zoneinfo v0.3.1
[INFO] [stderr]    Compiling unsafe-libyaml v0.2.11
[INFO] [stderr]    Compiling base64 v0.13.1
[INFO] [stderr]    Compiling deunicode v1.6.0
[INFO] [stderr]    Compiling minimal-lexical v0.2.1
[INFO] [stderr]    Compiling include_dir v0.7.4
[INFO] [stderr]    Compiling yaml-rust v0.4.5
[INFO] [stderr]    Compiling slug v0.1.5
[INFO] [stderr]    Compiling prost-derive v0.11.9
[INFO] [stderr]    Compiling chrono-tz-build v0.3.0
[INFO] [stderr]    Compiling globset v0.4.14
[INFO] [stderr]    Compiling matchers v0.1.0
[INFO] [stderr]    Compiling nom v7.1.3
[INFO] [stderr]    Compiling humansize v2.1.3
[INFO] [stderr]    Compiling unic-segment v0.9.0
[INFO] [stderr]    Compiling rust-ini v0.18.0
[INFO] [stderr]    Compiling chrono-tz v0.9.0
[INFO] [stderr]    Compiling pathdiff v0.2.1
[INFO] [stderr]    Compiling ignore v0.4.22
[INFO] [stderr]    Compiling hex v0.4.3
[INFO] [stderr]    Compiling daemonize v0.5.0
[INFO] [stderr]    Compiling globwalk v0.9.1
[INFO] [stderr]    Compiling serde_derive v1.0.204
[INFO] [stderr]    Compiling thiserror-impl v1.0.61
[INFO] [stderr]    Compiling tokio-macros v2.3.0
[INFO] [stderr]    Compiling futures-macro v0.3.30
[INFO] [stderr]    Compiling tracing-attributes v0.1.27
[INFO] [stderr]    Compiling async-trait v0.1.81
[INFO] [stderr]    Compiling pin-project-internal v1.1.5
[INFO] [stderr]    Compiling prost v0.11.9
[INFO] [stderr]    Compiling clap_derive v4.5.8
[INFO] [stderr]    Compiling openssl-macros v0.1.1
[INFO] [stderr]    Compiling aquamarine v0.5.0
[INFO] [stderr]    Compiling tokio v1.38.0
[INFO] [stderr]    Compiling futures-util v0.3.30
[INFO] [stderr]    Compiling opentelemetry v0.21.0
[INFO] [stderr]    Compiling pest v2.7.11
[INFO] [stderr]    Compiling pin-project v1.1.5
[INFO] [stderr]    Compiling tracing v0.1.40
[INFO] [stderr]    Compiling tracing-subscriber v0.3.18
[INFO] [stderr]    Compiling clap v4.5.9
[INFO] [stderr]    Compiling clap_complete v4.5.7
[INFO] [stderr]    Compiling pest_meta v2.7.11
[INFO] [stderr]    Compiling opentelemetry-semantic-conventions v0.13.0
[INFO] [stderr]    Compiling pest_generator v2.7.11
[INFO] [stderr]    Compiling futures-executor v0.3.30
[INFO] [stderr]    Compiling pest_derive v2.7.11
[INFO] [stderr]    Compiling tokio-util v0.7.11
[INFO] [stderr]    Compiling tokio-stream v0.1.15
[INFO] [stderr]    Compiling tokio-io-timeout v1.2.0
[INFO] [stderr]    Compiling h2 v0.3.26
[INFO] [stderr]    Compiling tower v0.4.13
[INFO] [stderr]    Compiling toml_datetime v0.6.6
[INFO] [stderr]    Compiling serde_spanned v0.6.6
[INFO] [stderr]    Compiling serde_yaml v0.9.34+deprecated
[INFO] [stderr]    Compiling json5 v0.4.1
[INFO] [stderr]    Compiling toml v0.5.11
[INFO] [stderr]    Compiling ron v0.7.1
[INFO] [stderr]    Compiling toml_edit v0.22.15
[INFO] [stderr]    Compiling opentelemetry_sdk v0.21.2
[INFO] [stderr]    Compiling tera v1.20.0
[INFO] [stderr]    Compiling config v0.13.4
[INFO] [stderr]    Compiling toml v0.8.14
[INFO] [stderr]    Compiling tracing-opentelemetry v0.22.0
[INFO] [stderr]    Compiling opentelemetry-stdout v0.2.0
[INFO] [stderr]    Compiling hyper v0.14.30
[INFO] [stderr]    Compiling hyper-timeout v0.4.1
[INFO] [stderr]    Compiling tonic v0.9.2
[INFO] [stderr]    Compiling opentelemetry-proto v0.4.0
[INFO] [stderr]    Compiling opentelemetry-otlp v0.14.0
[INFO] [stderr]    Compiling prosa-utils v0.1.1
[INFO] [stderr]    Compiling cargo-prosa v0.1.1 (/opt/rustwide/workdir)
[INFO] [stderr]     Finished `dev` profile [unoptimized + debuginfo] target(s) in 1m 20s
[INFO] running `Command { std: "docker" "inspect" "2830800e6a463f508a5ae4169bddd6139467bde343c1b95d9a0d84542f9f2b09", kill_on_drop: false }`
[INFO] running `Command { std: "docker" "rm" "-f" "2830800e6a463f508a5ae4169bddd6139467bde343c1b95d9a0d84542f9f2b09", kill_on_drop: false }`
[INFO] [stdout] 2830800e6a463f508a5ae4169bddd6139467bde343c1b95d9a0d84542f9f2b09
[INFO] running `Command { std: "docker" "create" "-v" "/var/lib/crater-agent-workspace/builds/worker-4-tc2/target:/opt/rustwide/target:rw,Z" "-v" "/var/lib/crater-agent-workspace/builds/worker-4-tc2/source:/opt/rustwide/workdir:ro,Z" "-v" "/var/lib/crater-agent-workspace/cargo-home:/opt/rustwide/cargo-home:ro,Z" "-v" "/var/lib/crater-agent-workspace/rustup-home:/opt/rustwide/rustup-home:ro,Z" "-e" "SOURCE_DIR=/opt/rustwide/workdir" "-e" "CARGO_TARGET_DIR=/opt/rustwide/target" "-e" "CARGO_INCREMENTAL=0" "-e" "RUST_BACKTRACE=full" "-e" "RUSTFLAGS=--cap-lints=warn" "-e" "RUSTDOCFLAGS=--cap-lints=warn" "-e" "CARGO_HOME=/opt/rustwide/cargo-home" "-e" "RUSTUP_HOME=/opt/rustwide/rustup-home" "-w" "/opt/rustwide/workdir" "-m" "1610612736" "--user" "0:0" "--network" "none" "ghcr.io/rust-lang/crates-build-env/linux@sha256:f3a9d4ad9d972b27faf3965f35b62e55ba32bbce8f20bc8fe909558a86702fde" "/opt/rustwide/cargo-home/bin/cargo" "+beta-2024-12-08" "test" "--frozen" "--no-run" "--message-format=json", kill_on_drop: false }`
[INFO] [stdout] fab1e0b9cee5ea4ba1b9eadb345605c09fd855122371c0af08d0338f55c8abb4
[INFO] running `Command { std: "docker" "start" "-a" "fab1e0b9cee5ea4ba1b9eadb345605c09fd855122371c0af08d0338f55c8abb4", kill_on_drop: false }`
[INFO] [stderr]    Compiling regex-automata v0.4.7
[INFO] [stderr]    Compiling predicates-core v1.0.6
[INFO] [stderr]    Compiling doc-comment v0.3.3
[INFO] [stderr]    Compiling float-cmp v0.9.0
[INFO] [stderr]    Compiling difflib v0.4.0
[INFO] [stderr]    Compiling normalize-line-endings v0.3.0
[INFO] [stderr]    Compiling assert_cmd v2.0.14
[INFO] [stderr]    Compiling termtree v0.4.1
[INFO] [stderr]    Compiling wait-timeout v0.2.0
[INFO] [stderr]    Compiling predicates-tree v1.0.9
[INFO] [stderr]    Compiling regex v1.10.5
[INFO] [stderr]    Compiling bstr v1.9.1
[INFO] [stderr]    Compiling tracing-subscriber v0.3.18
[INFO] [stderr]    Compiling predicates v3.1.0
[INFO] [stderr]    Compiling globset v0.4.14
[INFO] [stderr]    Compiling ignore v0.4.22
[INFO] [stderr]    Compiling tracing-opentelemetry v0.22.0
[INFO] [stderr]    Compiling globwalk v0.9.1
[INFO] [stderr]    Compiling prosa-utils v0.1.1
[INFO] [stderr]    Compiling tera v1.20.0
[INFO] [stderr]    Compiling cargo-prosa v0.1.1 (/opt/rustwide/workdir)
[INFO] [stderr]     Finished `test` profile [unoptimized + debuginfo] target(s) in 21.19s
[INFO] running `Command { std: "docker" "inspect" "fab1e0b9cee5ea4ba1b9eadb345605c09fd855122371c0af08d0338f55c8abb4", kill_on_drop: false }`
[INFO] running `Command { std: "docker" "rm" "-f" "fab1e0b9cee5ea4ba1b9eadb345605c09fd855122371c0af08d0338f55c8abb4", kill_on_drop: false }`
[INFO] [stdout] fab1e0b9cee5ea4ba1b9eadb345605c09fd855122371c0af08d0338f55c8abb4
[INFO] running `Command { std: "docker" "create" "-v" "/var/lib/crater-agent-workspace/builds/worker-4-tc2/target:/opt/rustwide/target:rw,Z" "-v" "/var/lib/crater-agent-workspace/builds/worker-4-tc2/source:/opt/rustwide/workdir:ro,Z" "-v" "/var/lib/crater-agent-workspace/cargo-home:/opt/rustwide/cargo-home:ro,Z" "-v" "/var/lib/crater-agent-workspace/rustup-home:/opt/rustwide/rustup-home:ro,Z" "-e" "SOURCE_DIR=/opt/rustwide/workdir" "-e" "CARGO_TARGET_DIR=/opt/rustwide/target" "-e" "CARGO_INCREMENTAL=0" "-e" "RUST_BACKTRACE=full" "-e" "RUSTFLAGS=--cap-lints=warn" "-e" "RUSTDOCFLAGS=--cap-lints=warn" "-e" "CARGO_HOME=/opt/rustwide/cargo-home" "-e" "RUSTUP_HOME=/opt/rustwide/rustup-home" "-w" "/opt/rustwide/workdir" "-m" "1610612736" "--user" "0:0" "--network" "none" "ghcr.io/rust-lang/crates-build-env/linux@sha256:f3a9d4ad9d972b27faf3965f35b62e55ba32bbce8f20bc8fe909558a86702fde" "/opt/rustwide/cargo-home/bin/cargo" "+beta-2024-12-08" "test" "--frozen", kill_on_drop: false }`
[INFO] [stdout] 8f476abd4af947ee15965794acf72134c2585e3bab02c8a8dfa54513f3dbcd41
[INFO] running `Command { std: "docker" "start" "-a" "8f476abd4af947ee15965794acf72134c2585e3bab02c8a8dfa54513f3dbcd41", kill_on_drop: false }`
[INFO] [stderr]     Finished `test` profile [unoptimized + debuginfo] target(s) in 0.24s
[INFO] [stderr]      Running unittests src/lib.rs (/opt/rustwide/target/debug/deps/cargo_prosa-a86ac2626df0a11f)
[INFO] [stdout] 
[INFO] [stdout] running 1 test
[INFO] [stdout] test builder::tests::prosa_desc_toml ... ok
[INFO] [stdout] 
[INFO] [stdout] test result: ok. 1 passed; 0 failed; 0 ignored; 0 measured; 0 filtered out; finished in 0.01s
[INFO] [stdout] 
[INFO] [stderr]      Running unittests src/main.rs (/opt/rustwide/target/debug/deps/cargo_prosa-867c4316bd8690b0)
[INFO] [stdout] 
[INFO] [stdout] running 0 tests
[INFO] [stdout] 
[INFO] [stdout] test result: ok. 0 passed; 0 failed; 0 ignored; 0 measured; 0 filtered out; finished in 0.00s
[INFO] [stdout] 
[INFO] [stderr]      Running tests/cargo-prosa.rs (/opt/rustwide/target/debug/deps/cargo_prosa-5631b0bea13fbdde)
[INFO] [stdout] 
[INFO] [stdout] running 2 tests
[INFO] [stdout] test errors ... ok
[INFO] [stdout] test project has been running for over 60 seconds
[INFO] [stdout] test project ... FAILED
[INFO] [stdout] 
[INFO] [stdout] failures:
[INFO] [stdout] 
[INFO] [stdout] ---- project stdout ----
[INFO] [stdout] thread 'project' panicked at /rustc/202008a1b8de96d2e5b6bc02d379db03a877d34d/library/core/src/ops/function.rs:250:5:
[INFO] [stdout] Unexpected stdout, failed var.is_match(Package prosa\[[0-9].[0-9].[0-9]\] \(ProSA core\)
[INFO] [stdout]   - main
[INFO] [stdout]     - core::main::MainProc
[INFO] [stdout]   - stub
[INFO] [stdout]     Processor stub::proc::StubProc
[INFO] [stdout]     Settings stub::proc::StubSettings
[INFO] [stdout]     Adaptor:
[INFO] [stdout]      - stub::adaptor::StubParotAdaptor
[INFO] [stdout] Package prosa-utils\[[0-9].[0-9].[0-9]\] \(ProSA utils\)
[INFO] [stdout]   - tvf
[INFO] [stdout]     - msg::simple_string_tvf::SimpleStringTvf)
[INFO] [stdout] ├── var: 
[INFO] [stdout] └── var as str: 
[INFO] [stdout] 
[INFO] [stdout] command=`cd "/tmp/dummy-test-prosa" && "/opt/rustwide/target/debug/cargo-prosa" "prosa" "list"`
[INFO] [stdout] code=0
[INFO] [stdout] stdout=""
[INFO] [stdout] stderr=""
[INFO] [stdout] 
[INFO] [stdout] stack backtrace:
[INFO] [stdout]    0:     0x614573728c4a - std::backtrace_rs::backtrace::libunwind::trace::h8810477743020387
[INFO] [stdout]                                at /rustc/202008a1b8de96d2e5b6bc02d379db03a877d34d/library/std/src/../../backtrace/src/backtrace/libunwind.rs:116:5
[INFO] [stdout]    1:     0x614573728c4a - std::backtrace_rs::backtrace::trace_unsynchronized::h3aa55355dd6c54a6
[INFO] [stdout]                                at /rustc/202008a1b8de96d2e5b6bc02d379db03a877d34d/library/std/src/../../backtrace/src/backtrace/mod.rs:66:5
[INFO] [stdout]    2:     0x614573728c4a - std::sys::backtrace::_print_fmt::h8588b0f62410823f
[INFO] [stdout]                                at /rustc/202008a1b8de96d2e5b6bc02d379db03a877d34d/library/std/src/sys/backtrace.rs:66:9
[INFO] [stdout]    3:     0x614573728c4a - <std::sys::backtrace::BacktraceLock::print::DisplayBacktrace as core::fmt::Display>::fmt::h98c26ac25ffe89bb
[INFO] [stdout]                                at /rustc/202008a1b8de96d2e5b6bc02d379db03a877d34d/library/std/src/sys/backtrace.rs:39:26
[INFO] [stdout]    4:     0x614573750d73 - core::fmt::rt::Argument::fmt::hf95377f4aebd453b
[INFO] [stdout]                                at /rustc/202008a1b8de96d2e5b6bc02d379db03a877d34d/library/core/src/fmt/rt.rs:177:76
[INFO] [stdout]    5:     0x614573750d73 - core::fmt::write::h0dd5f6e2238c7982
[INFO] [stdout]                                at /rustc/202008a1b8de96d2e5b6bc02d379db03a877d34d/library/core/src/fmt/mod.rs:1189:21
[INFO] [stdout]    6:     0x614573725733 - std::io::Write::write_fmt::h03bb0ca26e6faf8c
[INFO] [stdout]                                at /rustc/202008a1b8de96d2e5b6bc02d379db03a877d34d/library/std/src/io/mod.rs:1884:15
[INFO] [stdout]    7:     0x614573728a92 - std::sys::backtrace::BacktraceLock::print::h5c19c1c038ee186d
[INFO] [stdout]                                at /rustc/202008a1b8de96d2e5b6bc02d379db03a877d34d/library/std/src/sys/backtrace.rs:42:9
[INFO] [stdout]    8:     0x61457372a14d - std::panicking::default_hook::{{closure}}::h77172f079a1fcb13
[INFO] [stdout]                                at /rustc/202008a1b8de96d2e5b6bc02d379db03a877d34d/library/std/src/panicking.rs:268:22
[INFO] [stdout]    9:     0x614573729f57 - std::panicking::default_hook::he5f8e3b203ccddba
[INFO] [stdout]                                at /rustc/202008a1b8de96d2e5b6bc02d379db03a877d34d/library/std/src/panicking.rs:292:9
[INFO] [stdout]   10:     0x6145733fe157 - <alloc::boxed::Box<F,A> as core::ops::function::Fn<Args>>::call::h7a3c7b4a1ae77f2f
[INFO] [stdout]                                at /rustc/202008a1b8de96d2e5b6bc02d379db03a877d34d/library/alloc/src/boxed.rs:1986:9
[INFO] [stdout]   11:     0x6145733fe157 - test::test_main::{{closure}}::hf0d3b69ae9b353d1
[INFO] [stdout]                                at /rustc/202008a1b8de96d2e5b6bc02d379db03a877d34d/library/test/src/lib.rs:134:21
[INFO] [stdout]   12:     0x61457372a7f8 - <alloc::boxed::Box<F,A> as core::ops::function::Fn<Args>>::call::h6332e82e7b189abd
[INFO] [stdout]                                at /rustc/202008a1b8de96d2e5b6bc02d379db03a877d34d/library/alloc/src/boxed.rs:1986:9
[INFO] [stdout]   13:     0x61457372a7f8 - std::panicking::rust_panic_with_hook::h53863d4e9018df39
[INFO] [stdout]                                at /rustc/202008a1b8de96d2e5b6bc02d379db03a877d34d/library/std/src/panicking.rs:809:13
[INFO] [stdout]   14:     0x61457372a5ba - std::panicking::begin_panic_handler::{{closure}}::h67280e6fa0757873
[INFO] [stdout]                                at /rustc/202008a1b8de96d2e5b6bc02d379db03a877d34d/library/std/src/panicking.rs:674:13
[INFO] [stdout]   15:     0x614573729129 - std::sys::backtrace::__rust_end_short_backtrace::h1dac3f54d6fbbeb2
[INFO] [stdout]                                at /rustc/202008a1b8de96d2e5b6bc02d379db03a877d34d/library/std/src/sys/backtrace.rs:170:18
[INFO] [stdout]   16:     0x61457372a24c - rust_begin_unwind
[INFO] [stdout]                                at /rustc/202008a1b8de96d2e5b6bc02d379db03a877d34d/library/std/src/panicking.rs:665:5
[INFO] [stdout]   17:     0x6145733bb230 - core::panicking::panic_fmt::h6792bd1b2bf01041
[INFO] [stdout]                                at /rustc/202008a1b8de96d2e5b6bc02d379db03a877d34d/library/core/src/panicking.rs:76:14
[INFO] [stdout]   18:     0x61457340c643 - core::panicking::panic_display::hcdad8b837cfa3d86
[INFO] [stdout]                                at /rustc/202008a1b8de96d2e5b6bc02d379db03a877d34d/library/core/src/panicking.rs:269:5
[INFO] [stdout]   19:     0x61457341b6de - assert_cmd::assert::AssertError::panic::panic_cold_display::hcf7a20a838da9ee1
[INFO] [stdout]                                at /rustc/202008a1b8de96d2e5b6bc02d379db03a877d34d/library/core/src/panic.rs:100:13
[INFO] [stdout]   20:     0x61457341afd7 - assert_cmd::assert::AssertError::panic::h2d06785c599df0c1
[INFO] [stdout]                                at /opt/rustwide/cargo-home/registry/src/index.crates.io-6f17d22bba15001f/assert_cmd-2.0.14/src/assert.rs:1033:9
[INFO] [stdout]   21:     0x61457341ee57 - core::ops::function::FnOnce::call_once::hddf19f1112d4dcec
[INFO] [stdout]                                at /rustc/202008a1b8de96d2e5b6bc02d379db03a877d34d/library/core/src/ops/function.rs:250:5
[INFO] [stdout]   22:     0x61457340bf20 - core::result::Result<T,E>::unwrap_or_else::h05148370054c0176
[INFO] [stdout]                                at /rustc/202008a1b8de96d2e5b6bc02d379db03a877d34d/library/core/src/result.rs:1458:23
[INFO] [stdout]   23:     0x6145733bcb75 - assert_cmd::assert::Assert::stdout::h0c74408cf2e37d78
[INFO] [stdout]                                at /opt/rustwide/cargo-home/registry/src/index.crates.io-6f17d22bba15001f/assert_cmd-2.0.14/src/assert.rs:364:9
[INFO] [stdout]   24:     0x6145733c20aa - cargo_prosa::project::hcda1acc7d4b95a51
[INFO] [stdout]                                at /opt/rustwide/workdir/tests/cargo-prosa.rs:50:5
[INFO] [stdout]   25:     0x6145733c1947 - cargo_prosa::project::{{closure}}::h9bb4e9e72f4d52cb
[INFO] [stdout]                                at /opt/rustwide/workdir/tests/cargo-prosa.rs:26:17
[INFO] [stdout]   26:     0x6145733bec46 - core::ops::function::FnOnce::call_once::hcfab74aaad338d82
[INFO] [stdout]                                at /rustc/202008a1b8de96d2e5b6bc02d379db03a877d34d/library/core/src/ops/function.rs:250:5
[INFO] [stdout]   27:     0x614573402c7b - core::ops::function::FnOnce::call_once::h871bf86719ec9aa4
[INFO] [stdout]                                at /rustc/202008a1b8de96d2e5b6bc02d379db03a877d34d/library/core/src/ops/function.rs:250:5
[INFO] [stdout]   28:     0x614573402c7b - test::__rust_begin_short_backtrace::h2167df1e2b7d76fd
[INFO] [stdout]                                at /rustc/202008a1b8de96d2e5b6bc02d379db03a877d34d/library/test/src/lib.rs:632:18
[INFO] [stdout]   29:     0x614573402668 - test::run_test_in_process::{{closure}}::h15d92f75a3adfb79
[INFO] [stdout]                                at /rustc/202008a1b8de96d2e5b6bc02d379db03a877d34d/library/test/src/lib.rs:655:60
[INFO] [stdout]   30:     0x614573402668 - <core::panic::unwind_safe::AssertUnwindSafe<F> as core::ops::function::FnOnce<()>>::call_once::hb6c8955835a8dbbb
[INFO] [stdout]                                at /rustc/202008a1b8de96d2e5b6bc02d379db03a877d34d/library/core/src/panic/unwind_safe.rs:272:9
[INFO] [stdout]   31:     0x614573402668 - std::panicking::try::do_call::hc79d0fc888a0bd30
[INFO] [stdout]                                at /rustc/202008a1b8de96d2e5b6bc02d379db03a877d34d/library/std/src/panicking.rs:557:40
[INFO] [stdout]   32:     0x614573402668 - std::panicking::try::hb8a7878e3a8589d6
[INFO] [stdout]                                at /rustc/202008a1b8de96d2e5b6bc02d379db03a877d34d/library/std/src/panicking.rs:520:19
[INFO] [stdout]   33:     0x614573402668 - std::panic::catch_unwind::hb8e4600ff0ff5cfa
[INFO] [stdout]                                at /rustc/202008a1b8de96d2e5b6bc02d379db03a877d34d/library/std/src/panic.rs:358:14
[INFO] [stdout]   34:     0x614573402668 - test::run_test_in_process::hc2900b0b18688dd6
[INFO] [stdout]                                at /rustc/202008a1b8de96d2e5b6bc02d379db03a877d34d/library/test/src/lib.rs:655:27
[INFO] [stdout]   35:     0x614573402668 - test::run_test::{{closure}}::hac2a9cb07be3d48d
[INFO] [stdout]                                at /rustc/202008a1b8de96d2e5b6bc02d379db03a877d34d/library/test/src/lib.rs:576:43
[INFO] [stdout]   36:     0x6145733c610a - test::run_test::{{closure}}::h4a5b729e66a38cd8
[INFO] [stdout]                                at /rustc/202008a1b8de96d2e5b6bc02d379db03a877d34d/library/test/src/lib.rs:606:41
[INFO] [stdout]   37:     0x6145733c610a - std::sys::backtrace::__rust_begin_short_backtrace::h0496fb742492f573
[INFO] [stdout]                                at /rustc/202008a1b8de96d2e5b6bc02d379db03a877d34d/library/std/src/sys/backtrace.rs:154:18
[INFO] [stdout]   38:     0x6145733c9a84 - std::thread::Builder::spawn_unchecked_::{{closure}}::{{closure}}::hbb6d257c550a54bd
[INFO] [stdout]                                at /rustc/202008a1b8de96d2e5b6bc02d379db03a877d34d/library/std/src/thread/mod.rs:561:17
[INFO] [stdout]   39:     0x6145733c9a84 - <core::panic::unwind_safe::AssertUnwindSafe<F> as core::ops::function::FnOnce<()>>::call_once::h46696fe4a6832328
[INFO] [stdout]                                at /rustc/202008a1b8de96d2e5b6bc02d379db03a877d34d/library/core/src/panic/unwind_safe.rs:272:9
[INFO] [stdout]   40:     0x6145733c9a84 - std::panicking::try::do_call::h2625a51b667bfb64
[INFO] [stdout]                                at /rustc/202008a1b8de96d2e5b6bc02d379db03a877d34d/library/std/src/panicking.rs:557:40
[INFO] [stdout]   41:     0x6145733c9a84 - std::panicking::try::hb956a59a1973aa4c
[INFO] [stdout]                                at /rustc/202008a1b8de96d2e5b6bc02d379db03a877d34d/library/std/src/panicking.rs:520:19
[INFO] [stdout]   42:     0x6145733c9a84 - std::panic::catch_unwind::h64f3b9d1067ef6a0
[INFO] [stdout]                                at /rustc/202008a1b8de96d2e5b6bc02d379db03a877d34d/library/std/src/panic.rs:358:14
[INFO] [stdout]   43:     0x6145733c9a84 - std::thread::Builder::spawn_unchecked_::{{closure}}::h42b2841295b6c0b2
[INFO] [stdout]                                at /rustc/202008a1b8de96d2e5b6bc02d379db03a877d34d/library/std/src/thread/mod.rs:559:30
[INFO] [stdout]   44:     0x6145733c9a84 - core::ops::function::FnOnce::call_once{{vtable.shim}}::h6127de71b8124639
[INFO] [stdout]                                at /rustc/202008a1b8de96d2e5b6bc02d379db03a877d34d/library/core/src/ops/function.rs:250:5
[INFO] [stdout]   45:     0x61457372fd8b - <alloc::boxed::Box<F,A> as core::ops::function::FnOnce<Args>>::call_once::h42f0ba71002a1b2c
[INFO] [stdout]                                at /rustc/202008a1b8de96d2e5b6bc02d379db03a877d34d/library/alloc/src/boxed.rs:1972:9
[INFO] [stdout]   46:     0x61457372fd8b - <alloc::boxed::Box<F,A> as core::ops::function::FnOnce<Args>>::call_once::had9e47d7a3dcecb8
[INFO] [stdout]                                at /rustc/202008a1b8de96d2e5b6bc02d379db03a877d34d/library/alloc/src/boxed.rs:1972:9
[INFO] [stdout]   47:     0x61457372fd8b - std::sys::pal::unix::thread::Thread::new::thread_start::h48cf765408f6f5f2
[INFO] [stdout]                                at /rustc/202008a1b8de96d2e5b6bc02d379db03a877d34d/library/std/src/sys/pal/unix/thread.rs:105:17
[INFO] [stdout]   48:     0x79f5d0dc1ac3 - <unknown>
[INFO] [stdout]   49:     0x79f5d0e52a04 - clone
[INFO] [stdout]   50:                0x0 - <unknown>
[INFO] [stdout] 
[INFO] [stdout] 
[INFO] [stdout] failures:
[INFO] [stdout]     project
[INFO] [stdout] 
[INFO] [stdout] test result: FAILED. 1 passed; 1 failed; 0 ignored; 0 measured; 0 filtered out; finished in 113.14s
[INFO] [stdout] 
[INFO] [stderr] error: test failed, to rerun pass `--test cargo-prosa`
[INFO] running `Command { std: "docker" "inspect" "8f476abd4af947ee15965794acf72134c2585e3bab02c8a8dfa54513f3dbcd41", kill_on_drop: false }`
[INFO] running `Command { std: "docker" "rm" "-f" "8f476abd4af947ee15965794acf72134c2585e3bab02c8a8dfa54513f3dbcd41", kill_on_drop: false }`
[INFO] [stdout] 8f476abd4af947ee15965794acf72134c2585e3bab02c8a8dfa54513f3dbcd41
