[INFO] fetching crate cargo-benchcmp 0.4.5...
[INFO] testing cargo-benchcmp-0.4.5 against 1.83.0 for beta-1.84.0-4-retry
[INFO] extracting crate cargo-benchcmp 0.4.5 into /workspace/builds/worker-4-tc1/source
[INFO] validating manifest of crates.io crate cargo-benchcmp 0.4.5 on toolchain 1.83.0
[INFO] running `Command { std: CARGO_HOME="/workspace/cargo-home" RUSTUP_HOME="/workspace/rustup-home" "/workspace/cargo-home/bin/cargo" "+1.83.0" "metadata" "--manifest-path" "Cargo.toml" "--no-deps", kill_on_drop: false }`
[INFO] started tweaking crates.io crate cargo-benchcmp 0.4.5
[INFO] removed 0 missing tests
[INFO] finished tweaking crates.io crate cargo-benchcmp 0.4.5
[INFO] tweaked toml for crates.io crate cargo-benchcmp 0.4.5 written to /workspace/builds/worker-4-tc1/source/Cargo.toml
[INFO] crate crates.io crate cargo-benchcmp 0.4.5 already has a lockfile, it will not be regenerated
[INFO] running `Command { std: CARGO_HOME="/workspace/cargo-home" RUSTUP_HOME="/workspace/rustup-home" "/workspace/cargo-home/bin/cargo" "+1.83.0" "fetch" "--manifest-path" "Cargo.toml", kill_on_drop: false }`
[INFO] [stderr] warning: no edition set: defaulting to the 2015 edition while the latest is 2021
[INFO] running `Command { std: "docker" "create" "-v" "/var/lib/crater-agent-workspace/builds/worker-4-tc1/target:/opt/rustwide/target:rw,Z" "-v" "/var/lib/crater-agent-workspace/builds/worker-4-tc1/source:/opt/rustwide/workdir:ro,Z" "-v" "/var/lib/crater-agent-workspace/cargo-home:/opt/rustwide/cargo-home:ro,Z" "-v" "/var/lib/crater-agent-workspace/rustup-home:/opt/rustwide/rustup-home:ro,Z" "-e" "SOURCE_DIR=/opt/rustwide/workdir" "-e" "CARGO_TARGET_DIR=/opt/rustwide/target" "-e" "CARGO_HOME=/opt/rustwide/cargo-home" "-e" "RUSTUP_HOME=/opt/rustwide/rustup-home" "-w" "/opt/rustwide/workdir" "-m" "1610612736" "--user" "0:0" "--network" "none" "ghcr.io/rust-lang/crates-build-env/linux@sha256:f3a9d4ad9d972b27faf3965f35b62e55ba32bbce8f20bc8fe909558a86702fde" "/opt/rustwide/cargo-home/bin/cargo" "+1.83.0" "metadata" "--no-deps" "--format-version=1", kill_on_drop: false }`
[INFO] [stdout] 2adb7a495c9386ee2fec7de5ea5703e8647241fb7b33e016eeaee8bf8ddd7bb8
[INFO] running `Command { std: "docker" "start" "-a" "2adb7a495c9386ee2fec7de5ea5703e8647241fb7b33e016eeaee8bf8ddd7bb8", kill_on_drop: false }`
[INFO] running `Command { std: "docker" "inspect" "2adb7a495c9386ee2fec7de5ea5703e8647241fb7b33e016eeaee8bf8ddd7bb8", kill_on_drop: false }`
[INFO] running `Command { std: "docker" "rm" "-f" "2adb7a495c9386ee2fec7de5ea5703e8647241fb7b33e016eeaee8bf8ddd7bb8", kill_on_drop: false }`
[INFO] [stdout] 2adb7a495c9386ee2fec7de5ea5703e8647241fb7b33e016eeaee8bf8ddd7bb8
[INFO] running `Command { std: "docker" "create" "-v" "/var/lib/crater-agent-workspace/builds/worker-4-tc1/target:/opt/rustwide/target:rw,Z" "-v" "/var/lib/crater-agent-workspace/builds/worker-4-tc1/source:/opt/rustwide/workdir:ro,Z" "-v" "/var/lib/crater-agent-workspace/cargo-home:/opt/rustwide/cargo-home:ro,Z" "-v" "/var/lib/crater-agent-workspace/rustup-home:/opt/rustwide/rustup-home:ro,Z" "-e" "SOURCE_DIR=/opt/rustwide/workdir" "-e" "CARGO_TARGET_DIR=/opt/rustwide/target" "-e" "CARGO_INCREMENTAL=0" "-e" "RUST_BACKTRACE=full" "-e" "RUSTFLAGS=--cap-lints=warn" "-e" "RUSTDOCFLAGS=--cap-lints=warn" "-e" "CARGO_HOME=/opt/rustwide/cargo-home" "-e" "RUSTUP_HOME=/opt/rustwide/rustup-home" "-w" "/opt/rustwide/workdir" "-m" "1610612736" "--user" "0:0" "--network" "none" "ghcr.io/rust-lang/crates-build-env/linux@sha256:f3a9d4ad9d972b27faf3965f35b62e55ba32bbce8f20bc8fe909558a86702fde" "/opt/rustwide/cargo-home/bin/cargo" "+1.83.0" "build" "--frozen" "--message-format=json", kill_on_drop: false }`
[INFO] [stdout] cac7cd1d7ce180c3a130ee250d605899072e6d4ac7dc9d6992b0e86ee3c4c5f3
[INFO] running `Command { std: "docker" "start" "-a" "cac7cd1d7ce180c3a130ee250d605899072e6d4ac7dc9d6992b0e86ee3c4c5f3", kill_on_drop: false }`
[INFO] [stderr] warning: no edition set: defaulting to the 2015 edition while the latest is 2021
[INFO] [stderr]    Compiling libc v0.2.158
[INFO] [stderr]    Compiling proc-macro2 v1.0.86
[INFO] [stderr]    Compiling unicode-ident v1.0.12
[INFO] [stderr]    Compiling memchr v2.7.4
[INFO] [stderr]    Compiling cfg-if v1.0.0
[INFO] [stderr]    Compiling serde v1.0.209
[INFO] [stderr]    Compiling regex-syntax v0.8.4
[INFO] [stderr]    Compiling lazy_static v1.5.0
[INFO] [stderr]    Compiling strsim v0.10.0
[INFO] [stderr]    Compiling unicode-width v0.1.13
[INFO] [stderr]    Compiling encode_unicode v1.0.0
[INFO] [stderr]    Compiling aho-corasick v1.1.3
[INFO] [stderr]    Compiling quote v1.0.37
[INFO] [stderr]    Compiling dirs-sys-next v0.1.2
[INFO] [stderr]    Compiling is-terminal v0.4.13
[INFO] [stderr]    Compiling syn v2.0.76
[INFO] [stderr]    Compiling dirs-next v2.0.0
[INFO] [stderr]    Compiling term v0.7.0
[INFO] [stderr]    Compiling prettytable-rs v0.10.0
[INFO] [stderr]    Compiling regex-automata v0.4.7
[INFO] [stderr]    Compiling serde_derive v1.0.209
[INFO] [stderr]    Compiling regex v1.10.6
[INFO] [stderr]    Compiling docopt v1.1.1
[INFO] [stderr]    Compiling cargo-benchcmp v0.4.5 (/opt/rustwide/workdir)
[INFO] [stdout] warning: use of deprecated macro `try`: use the `?` operator instead
[INFO] [stdout]    --> src/main.rs:102:23
[INFO] [stdout]     |
[INFO] [stdout] 102 |         let benches = try!(self.parse_benchmarks()).paired();
[INFO] [stdout]     |                       ^^^
[INFO] [stdout]     |
[INFO] [stdout]     = note: `#[warn(deprecated)]` on by default
[INFO] [stdout] 
[INFO] [stdout] 
[INFO] [stdout] warning: use of deprecated macro `try`: use the `?` operator instead
[INFO] [stdout]    --> src/main.rs:139:25
[INFO] [stdout]     |
[INFO] [stdout] 139 |                         try!(output.print(&mut io::stdout()));
[INFO] [stdout]     |                         ^^^
[INFO] [stdout] 
[INFO] [stdout] 
[INFO] [stdout] warning: use of deprecated macro `try`: use the `?` operator instead
[INFO] [stdout]    --> src/main.rs:142:25
[INFO] [stdout]     |
[INFO] [stdout] 142 |                         try!(output.print_tty(true));
[INFO] [stdout]     |                         ^^^
[INFO] [stdout] 
[INFO] [stdout] 
[INFO] [stdout] warning: use of deprecated macro `try`: use the `?` operator instead
[INFO] [stdout]    --> src/main.rs:211:31
[INFO] [stdout]     |
[INFO] [stdout] 211 |                 let benches = try!(Args::parse_buffer(stdin_lock));
[INFO] [stdout]     |                               ^^^
[INFO] [stdout] 
[INFO] [stdout] 
[INFO] [stdout] warning: use of deprecated macro `try`: use the `?` operator instead
[INFO] [stdout]    --> src/main.rs:224:21
[INFO] [stdout]     |
[INFO] [stdout] 224 |         let b_old = try!(Args::parse_buffer(io::BufReader::new(try!(open_file(&self.arg_old)))));
[INFO] [stdout]     |                     ^^^
[INFO] [stdout] 
[INFO] [stdout] 
[INFO] [stdout] warning: use of deprecated macro `try`: use the `?` operator instead
[INFO] [stdout]    --> src/main.rs:224:64
[INFO] [stdout]     |
[INFO] [stdout] 224 |         let b_old = try!(Args::parse_buffer(io::BufReader::new(try!(open_file(&self.arg_old)))));
[INFO] [stdout]     |                                                                ^^^
[INFO] [stdout] 
[INFO] [stdout] 
[INFO] [stdout] warning: use of deprecated macro `try`: use the `?` operator instead
[INFO] [stdout]    --> src/main.rs:225:21
[INFO] [stdout]     |
[INFO] [stdout] 225 |         let b_new = try!(Args::parse_buffer(io::BufReader::new(try!(open_file(&self.arg_new)))));
[INFO] [stdout]     |                     ^^^
[INFO] [stdout] 
[INFO] [stdout] 
[INFO] [stdout] warning: use of deprecated macro `try`: use the `?` operator instead
[INFO] [stdout]    --> src/main.rs:225:64
[INFO] [stdout]     |
[INFO] [stdout] 225 |         let b_new = try!(Args::parse_buffer(io::BufReader::new(try!(open_file(&self.arg_new)))));
[INFO] [stdout]     |                                                                ^^^
[INFO] [stdout] 
[INFO] [stdout] 
[INFO] [stdout] warning: use of deprecated macro `try`: use the `?` operator instead
[INFO] [stdout]    --> src/main.rs:235:23
[INFO] [stdout]     |
[INFO] [stdout] 235 |         let benches = try!(Args::parse_buffer(io::BufReader::new(try!(File::open(file)))));
[INFO] [stdout]     |                       ^^^
[INFO] [stdout] 
[INFO] [stdout] 
[INFO] [stdout] warning: use of deprecated macro `try`: use the `?` operator instead
[INFO] [stdout]    --> src/main.rs:235:66
[INFO] [stdout]     |
[INFO] [stdout] 235 |         let benches = try!(Args::parse_buffer(io::BufReader::new(try!(File::open(file)))));
[INFO] [stdout]     |                                                                  ^^^
[INFO] [stdout] 
[INFO] [stdout] 
[INFO] [stdout] warning: use of deprecated macro `try`: use the `?` operator instead
[INFO] [stdout]    --> src/main.rs:244:32
[INFO] [stdout]     |
[INFO] [stdout] 244 |             if let Ok(bench) = try!(result).parse() {
[INFO] [stdout]     |                                ^^^
[INFO] [stdout] 
[INFO] [stdout] 
[INFO] [stdout] warning: trait objects without an explicit `dyn` are deprecated
[INFO] [stdout]   --> src/error.rs:27:32
[INFO] [stdout]    |
[INFO] [stdout] 27 |     fn cause(&self) -> Option<&error::Error> {
[INFO] [stdout]    |                                ^^^^^^^^^^^^
[INFO] [stdout]    |
[INFO] [stdout]    = warning: this is accepted in the current edition (Rust 2015) but is a hard error in Rust 2021!
[INFO] [stdout]    = note: for more information, see <https://doc.rust-lang.org/nightly/edition-guide/rust-2021/warnings-promoted-to-error.html>
[INFO] [stdout]    = note: `#[warn(bare_trait_objects)]` on by default
[INFO] [stdout] help: if this is a dyn-compatible trait, use `dyn`
[INFO] [stdout]    |
[INFO] [stdout] 27 |     fn cause(&self) -> Option<&dyn error::Error> {
[INFO] [stdout]    |                                +++
[INFO] [stdout] 
[INFO] [stdout] 
[INFO] [stdout] warning: use of deprecated method `std::error::Error::description`: use the Display impl or to_string()
[INFO] [stdout]   --> src/error.rs:21:42
[INFO] [stdout]    |
[INFO] [stdout] 21 |             Error::Regex(ref err) => err.description(),
[INFO] [stdout]    |                                          ^^^^^^^^^^^
[INFO] [stdout] 
[INFO] [stdout] 
[INFO] [stdout] warning: use of deprecated method `std::error::Error::description`: use the Display impl or to_string()
[INFO] [stdout]   --> src/error.rs:22:39
[INFO] [stdout]    |
[INFO] [stdout] 22 |             Error::Io(ref err) => err.description(),
[INFO] [stdout]    |                                       ^^^^^^^^^^^
[INFO] [stdout] 
[INFO] [stdout] 
[INFO] [stdout] warning: use of deprecated method `std::error::Error::description`: use the Display impl or to_string()
[INFO] [stdout]   --> src/error.rs:23:52
[INFO] [stdout]    |
[INFO] [stdout] 23 |             Error::OpenFile { ref err, .. } => err.description(),
[INFO] [stdout]    |                                                    ^^^^^^^^^^^
[INFO] [stdout] 
[INFO] [stdout] 
[INFO] [stderr]     Finished `dev` profile [unoptimized + debuginfo] target(s) in 18.04s
[INFO] running `Command { std: "docker" "inspect" "cac7cd1d7ce180c3a130ee250d605899072e6d4ac7dc9d6992b0e86ee3c4c5f3", kill_on_drop: false }`
[INFO] running `Command { std: "docker" "rm" "-f" "cac7cd1d7ce180c3a130ee250d605899072e6d4ac7dc9d6992b0e86ee3c4c5f3", kill_on_drop: false }`
[INFO] [stdout] cac7cd1d7ce180c3a130ee250d605899072e6d4ac7dc9d6992b0e86ee3c4c5f3
[INFO] running `Command { std: "docker" "create" "-v" "/var/lib/crater-agent-workspace/builds/worker-4-tc1/target:/opt/rustwide/target:rw,Z" "-v" "/var/lib/crater-agent-workspace/builds/worker-4-tc1/source:/opt/rustwide/workdir:ro,Z" "-v" "/var/lib/crater-agent-workspace/cargo-home:/opt/rustwide/cargo-home:ro,Z" "-v" "/var/lib/crater-agent-workspace/rustup-home:/opt/rustwide/rustup-home:ro,Z" "-e" "SOURCE_DIR=/opt/rustwide/workdir" "-e" "CARGO_TARGET_DIR=/opt/rustwide/target" "-e" "CARGO_INCREMENTAL=0" "-e" "RUST_BACKTRACE=full" "-e" "RUSTFLAGS=--cap-lints=warn" "-e" "RUSTDOCFLAGS=--cap-lints=warn" "-e" "CARGO_HOME=/opt/rustwide/cargo-home" "-e" "RUSTUP_HOME=/opt/rustwide/rustup-home" "-w" "/opt/rustwide/workdir" "-m" "1610612736" "--user" "0:0" "--network" "none" "ghcr.io/rust-lang/crates-build-env/linux@sha256:f3a9d4ad9d972b27faf3965f35b62e55ba32bbce8f20bc8fe909558a86702fde" "/opt/rustwide/cargo-home/bin/cargo" "+1.83.0" "test" "--frozen" "--no-run" "--message-format=json", kill_on_drop: false }`
[INFO] [stdout] 3defb62c53ef114deb199768caa85eb776868d93e3615d2a75a6b6c08d1756b8
[INFO] running `Command { std: "docker" "start" "-a" "3defb62c53ef114deb199768caa85eb776868d93e3615d2a75a6b6c08d1756b8", kill_on_drop: false }`
[INFO] [stderr] warning: no edition set: defaulting to the 2015 edition while the latest is 2021
[INFO] [stderr]    Compiling getrandom v0.1.16
[INFO] [stderr]    Compiling byteorder v1.5.0
[INFO] [stderr]    Compiling log v0.4.22
[INFO] [stderr]    Compiling zerocopy-derive v0.7.35
[INFO] [stdout] warning: use of deprecated macro `try`: use the `?` operator instead
[INFO] [stdout]    --> src/main.rs:102:23
[INFO] [stdout]     |
[INFO] [stdout] 102 |         let benches = try!(self.parse_benchmarks()).paired();
[INFO] [stdout]     |                       ^^^
[INFO] [stdout]     |
[INFO] [stdout]     = note: `#[warn(deprecated)]` on by default
[INFO] [stdout] 
[INFO] [stdout] 
[INFO] [stdout] warning: use of deprecated macro `try`: use the `?` operator instead
[INFO] [stdout]    --> src/main.rs:139:25
[INFO] [stdout]     |
[INFO] [stdout] 139 |                         try!(output.print(&mut io::stdout()));
[INFO] [stdout]     |                         ^^^
[INFO] [stdout] 
[INFO] [stdout] 
[INFO] [stdout] warning: use of deprecated macro `try`: use the `?` operator instead
[INFO] [stdout]    --> src/main.rs:142:25
[INFO] [stdout]     |
[INFO] [stdout] 142 |                         try!(output.print_tty(true));
[INFO] [stdout]     |                         ^^^
[INFO] [stdout] 
[INFO] [stdout] 
[INFO] [stdout] warning: use of deprecated macro `try`: use the `?` operator instead
[INFO] [stdout]    --> src/main.rs:211:31
[INFO] [stdout]     |
[INFO] [stdout] 211 |                 let benches = try!(Args::parse_buffer(stdin_lock));
[INFO] [stdout]     |                               ^^^
[INFO] [stdout] 
[INFO] [stdout] 
[INFO] [stdout] warning: use of deprecated macro `try`: use the `?` operator instead
[INFO] [stdout]    --> src/main.rs:224:21
[INFO] [stdout]     |
[INFO] [stdout] 224 |         let b_old = try!(Args::parse_buffer(io::BufReader::new(try!(open_file(&self.arg_old)))));
[INFO] [stdout]     |                     ^^^
[INFO] [stdout] 
[INFO] [stdout] 
[INFO] [stdout] warning: use of deprecated macro `try`: use the `?` operator instead
[INFO] [stdout]    --> src/main.rs:224:64
[INFO] [stdout]     |
[INFO] [stdout] 224 |         let b_old = try!(Args::parse_buffer(io::BufReader::new(try!(open_file(&self.arg_old)))));
[INFO] [stdout]     |                                                                ^^^
[INFO] [stdout] 
[INFO] [stdout] 
[INFO] [stdout] warning: use of deprecated macro `try`: use the `?` operator instead
[INFO] [stdout]    --> src/main.rs:225:21
[INFO] [stdout]     |
[INFO] [stdout] 225 |         let b_new = try!(Args::parse_buffer(io::BufReader::new(try!(open_file(&self.arg_new)))));
[INFO] [stdout]     |                     ^^^
[INFO] [stdout] 
[INFO] [stdout] 
[INFO] [stdout] warning: use of deprecated macro `try`: use the `?` operator instead
[INFO] [stdout]    --> src/main.rs:225:64
[INFO] [stdout]     |
[INFO] [stdout] 225 |         let b_new = try!(Args::parse_buffer(io::BufReader::new(try!(open_file(&self.arg_new)))));
[INFO] [stdout]     |                                                                ^^^
[INFO] [stdout] 
[INFO] [stdout] 
[INFO] [stdout] warning: use of deprecated macro `try`: use the `?` operator instead
[INFO] [stdout]    --> src/main.rs:235:23
[INFO] [stdout]     |
[INFO] [stdout] 235 |         let benches = try!(Args::parse_buffer(io::BufReader::new(try!(File::open(file)))));
[INFO] [stdout]     |                       ^^^
[INFO] [stdout] 
[INFO] [stdout] 
[INFO] [stdout] warning: use of deprecated macro `try`: use the `?` operator instead
[INFO] [stdout]    --> src/main.rs:235:66
[INFO] [stdout]     |
[INFO] [stdout] 235 |         let benches = try!(Args::parse_buffer(io::BufReader::new(try!(File::open(file)))));
[INFO] [stdout]     |                                                                  ^^^
[INFO] [stdout] 
[INFO] [stdout] 
[INFO] [stdout] warning: use of deprecated macro `try`: use the `?` operator instead
[INFO] [stdout]    --> src/main.rs:244:32
[INFO] [stdout]     |
[INFO] [stdout] 244 |             if let Ok(bench) = try!(result).parse() {
[INFO] [stdout]     |                                ^^^
[INFO] [stdout] 
[INFO] [stdout] 
[INFO] [stdout] warning: trait objects without an explicit `dyn` are deprecated
[INFO] [stdout]   --> src/error.rs:27:32
[INFO] [stdout]    |
[INFO] [stdout] 27 |     fn cause(&self) -> Option<&error::Error> {
[INFO] [stdout]    |                                ^^^^^^^^^^^^
[INFO] [stdout]    |
[INFO] [stdout]    = warning: this is accepted in the current edition (Rust 2015) but is a hard error in Rust 2021!
[INFO] [stdout]    = note: for more information, see <https://doc.rust-lang.org/nightly/edition-guide/rust-2021/warnings-promoted-to-error.html>
[INFO] [stdout]    = note: `#[warn(bare_trait_objects)]` on by default
[INFO] [stdout] help: if this is a dyn-compatible trait, use `dyn`
[INFO] [stdout]    |
[INFO] [stdout] 27 |     fn cause(&self) -> Option<&dyn error::Error> {
[INFO] [stdout]    |                                +++
[INFO] [stdout] 
[INFO] [stdout] 
[INFO] [stdout] warning: use of deprecated method `std::error::Error::description`: use the Display impl or to_string()
[INFO] [stdout]   --> src/error.rs:21:42
[INFO] [stdout]    |
[INFO] [stdout] 21 |             Error::Regex(ref err) => err.description(),
[INFO] [stdout]    |                                          ^^^^^^^^^^^
[INFO] [stdout] 
[INFO] [stdout] 
[INFO] [stdout] warning: use of deprecated method `std::error::Error::description`: use the Display impl or to_string()
[INFO] [stdout]   --> src/error.rs:22:39
[INFO] [stdout]    |
[INFO] [stdout] 22 |             Error::Io(ref err) => err.description(),
[INFO] [stdout]    |                                       ^^^^^^^^^^^
[INFO] [stdout] 
[INFO] [stdout] 
[INFO] [stdout] warning: use of deprecated method `std::error::Error::description`: use the Display impl or to_string()
[INFO] [stdout]   --> src/error.rs:23:52
[INFO] [stdout]    |
[INFO] [stdout] 23 |             Error::OpenFile { ref err, .. } => err.description(),
[INFO] [stdout]    |                                                    ^^^^^^^^^^^
[INFO] [stdout] 
[INFO] [stdout] 
[INFO] [stderr]    Compiling env_logger v0.7.1
[INFO] [stderr]    Compiling rand_core v0.5.1
[INFO] [stderr]    Compiling zerocopy v0.7.35
[INFO] [stderr]    Compiling ppv-lite86 v0.2.20
[INFO] [stderr]    Compiling rand_chacha v0.2.2
[INFO] [stderr]    Compiling rand v0.7.3
[INFO] [stderr]    Compiling quickcheck v0.9.2
[INFO] [stderr]    Compiling cargo-benchcmp v0.4.5 (/opt/rustwide/workdir)
[INFO] [stdout] warning: panic message is not a string literal
[INFO] [stdout]    --> tests/integration.rs:107:35
[INFO] [stdout]     |
[INFO] [stdout] 107 |           assert!(status.success(), format!(
[INFO] [stdout]     |  ___________________________________^
[INFO] [stdout] 108 | |             "expected command to succeed, but it failed.\nexit code: {}\nstdout: {}\nstderr:{}\n",
[INFO] [stdout] 109 | |             status.code().unwrap(),
[INFO] [stdout] 110 | |             self.stdout,
[INFO] [stdout] 111 | |             self.stderr,
[INFO] [stdout] 112 | |         ));
[INFO] [stdout]     | |_________^
[INFO] [stdout]     |
[INFO] [stdout]     = note: this usage of `assert!()` is deprecated; it will be a hard error in Rust 2021
[INFO] [stdout]     = note: for more information, see <https://doc.rust-lang.org/nightly/edition-guide/rust-2021/panic-macro-consistency.html>
[INFO] [stdout]     = note: the `assert!()` macro supports formatting, so there's no need for the `format!()` macro here
[INFO] [stdout]     = note: `#[warn(non_fmt_panics)]` on by default
[INFO] [stdout] help: remove the `format!(..)` macro call
[INFO] [stdout]     |
[INFO] [stdout] 107 ~         assert!(status.success(), 
[INFO] [stdout] 108 |             "expected command to succeed, but it failed.\nexit code: {}\nstdout: {}\nstderr:{}\n",
[INFO] [stdout] ...
[INFO] [stdout] 111 |             self.stderr,
[INFO] [stdout] 112 ~         );
[INFO] [stdout]     |
[INFO] [stdout] 
[INFO] [stdout] 
[INFO] [stdout] warning: panic message is not a string literal
[INFO] [stdout]    --> tests/integration.rs:118:41
[INFO] [stdout]     |
[INFO] [stdout] 118 |         assert!(self.stdout.is_empty(), format!("expected no stdout, got {}", self.stdout));
[INFO] [stdout]     |                                         ^^^^^^^^^^^^^^^^^^^^^^^^^^^^^^^^^^^^^^^^^^^^^^^^^^
[INFO] [stdout]     |
[INFO] [stdout]     = note: this usage of `assert!()` is deprecated; it will be a hard error in Rust 2021
[INFO] [stdout]     = note: for more information, see <https://doc.rust-lang.org/nightly/edition-guide/rust-2021/panic-macro-consistency.html>
[INFO] [stdout]     = note: the `assert!()` macro supports formatting, so there's no need for the `format!()` macro here
[INFO] [stdout] help: remove the `format!(..)` macro call
[INFO] [stdout]     |
[INFO] [stdout] 118 -         assert!(self.stdout.is_empty(), format!("expected no stdout, got {}", self.stdout));
[INFO] [stdout] 118 +         assert!(self.stdout.is_empty(), "expected no stdout, got {}", self.stdout);
[INFO] [stdout]     |
[INFO] [stdout] 
[INFO] [stdout] 
[INFO] [stdout] warning: panic message is not a string literal
[INFO] [stdout]    --> tests/integration.rs:124:41
[INFO] [stdout]     |
[INFO] [stdout] 124 |         assert!(self.stderr.is_empty(), format!("expected no stderr, got {}", self.stderr));
[INFO] [stdout]     |                                         ^^^^^^^^^^^^^^^^^^^^^^^^^^^^^^^^^^^^^^^^^^^^^^^^^^
[INFO] [stdout]     |
[INFO] [stdout]     = note: this usage of `assert!()` is deprecated; it will be a hard error in Rust 2021
[INFO] [stdout]     = note: for more information, see <https://doc.rust-lang.org/nightly/edition-guide/rust-2021/panic-macro-consistency.html>
[INFO] [stdout]     = note: the `assert!()` macro supports formatting, so there's no need for the `format!()` macro here
[INFO] [stdout] help: remove the `format!(..)` macro call
[INFO] [stdout]     |
[INFO] [stdout] 124 -         assert!(self.stderr.is_empty(), format!("expected no stderr, got {}", self.stderr));
[INFO] [stdout] 124 +         assert!(self.stderr.is_empty(), "expected no stderr, got {}", self.stderr);
[INFO] [stdout]     |
[INFO] [stdout] 
[INFO] [stdout] 
[INFO] [stdout] warning: use of deprecated macro `try`: use the `?` operator instead
[INFO] [stdout]    --> src/main.rs:102:23
[INFO] [stdout]     |
[INFO] [stdout] 102 |         let benches = try!(self.parse_benchmarks()).paired();
[INFO] [stdout]     |                       ^^^
[INFO] [stdout]     |
[INFO] [stdout]     = note: `#[warn(deprecated)]` on by default
[INFO] [stdout] 
[INFO] [stdout] 
[INFO] [stdout] warning: use of deprecated macro `try`: use the `?` operator instead
[INFO] [stdout]    --> src/main.rs:139:25
[INFO] [stdout]     |
[INFO] [stdout] 139 |                         try!(output.print(&mut io::stdout()));
[INFO] [stdout]     |                         ^^^
[INFO] [stdout] 
[INFO] [stdout] 
[INFO] [stdout] warning: use of deprecated macro `try`: use the `?` operator instead
[INFO] [stdout]    --> src/main.rs:142:25
[INFO] [stdout]     |
[INFO] [stdout] 142 |                         try!(output.print_tty(true));
[INFO] [stdout]     |                         ^^^
[INFO] [stdout] 
[INFO] [stdout] 
[INFO] [stdout] warning: use of deprecated macro `try`: use the `?` operator instead
[INFO] [stdout]    --> src/main.rs:211:31
[INFO] [stdout]     |
[INFO] [stdout] 211 |                 let benches = try!(Args::parse_buffer(stdin_lock));
[INFO] [stdout]     |                               ^^^
[INFO] [stdout] 
[INFO] [stdout] 
[INFO] [stdout] warning: use of deprecated macro `try`: use the `?` operator instead
[INFO] [stdout]    --> src/main.rs:224:21
[INFO] [stdout]     |
[INFO] [stdout] 224 |         let b_old = try!(Args::parse_buffer(io::BufReader::new(try!(open_file(&self.arg_old)))));
[INFO] [stdout]     |                     ^^^
[INFO] [stdout] 
[INFO] [stdout] 
[INFO] [stdout] warning: use of deprecated macro `try`: use the `?` operator instead
[INFO] [stdout]    --> src/main.rs:224:64
[INFO] [stdout]     |
[INFO] [stdout] 224 |         let b_old = try!(Args::parse_buffer(io::BufReader::new(try!(open_file(&self.arg_old)))));
[INFO] [stdout]     |                                                                ^^^
[INFO] [stdout] 
[INFO] [stdout] 
[INFO] [stdout] warning: use of deprecated macro `try`: use the `?` operator instead
[INFO] [stdout]    --> src/main.rs:225:21
[INFO] [stdout]     |
[INFO] [stdout] 225 |         let b_new = try!(Args::parse_buffer(io::BufReader::new(try!(open_file(&self.arg_new)))));
[INFO] [stdout]     |                     ^^^
[INFO] [stdout] 
[INFO] [stdout] 
[INFO] [stdout] warning: use of deprecated macro `try`: use the `?` operator instead
[INFO] [stdout]    --> src/main.rs:225:64
[INFO] [stdout]     |
[INFO] [stdout] 225 |         let b_new = try!(Args::parse_buffer(io::BufReader::new(try!(open_file(&self.arg_new)))));
[INFO] [stdout]     |                                                                ^^^
[INFO] [stdout] 
[INFO] [stdout] 
[INFO] [stdout] warning: use of deprecated macro `try`: use the `?` operator instead
[INFO] [stdout]    --> src/main.rs:235:23
[INFO] [stdout]     |
[INFO] [stdout] 235 |         let benches = try!(Args::parse_buffer(io::BufReader::new(try!(File::open(file)))));
[INFO] [stdout]     |                       ^^^
[INFO] [stdout] 
[INFO] [stdout] 
[INFO] [stdout] warning: use of deprecated macro `try`: use the `?` operator instead
[INFO] [stdout]    --> src/main.rs:235:66
[INFO] [stdout]     |
[INFO] [stdout] 235 |         let benches = try!(Args::parse_buffer(io::BufReader::new(try!(File::open(file)))));
[INFO] [stdout]     |                                                                  ^^^
[INFO] [stdout] 
[INFO] [stdout] 
[INFO] [stdout] warning: use of deprecated macro `try`: use the `?` operator instead
[INFO] [stdout]    --> src/main.rs:244:32
[INFO] [stdout]     |
[INFO] [stdout] 244 |             if let Ok(bench) = try!(result).parse() {
[INFO] [stdout]     |                                ^^^
[INFO] [stdout] 
[INFO] [stdout] 
[INFO] [stdout] warning: trait objects without an explicit `dyn` are deprecated
[INFO] [stdout]   --> src/error.rs:27:32
[INFO] [stdout]    |
[INFO] [stdout] 27 |     fn cause(&self) -> Option<&error::Error> {
[INFO] [stdout]    |                                ^^^^^^^^^^^^
[INFO] [stdout]    |
[INFO] [stdout]    = warning: this is accepted in the current edition (Rust 2015) but is a hard error in Rust 2021!
[INFO] [stdout]    = note: for more information, see <https://doc.rust-lang.org/nightly/edition-guide/rust-2021/warnings-promoted-to-error.html>
[INFO] [stdout]    = note: `#[warn(bare_trait_objects)]` on by default
[INFO] [stdout] help: if this is a dyn-compatible trait, use `dyn`
[INFO] [stdout]    |
[INFO] [stdout] 27 |     fn cause(&self) -> Option<&dyn error::Error> {
[INFO] [stdout]    |                                +++
[INFO] [stdout] 
[INFO] [stdout] 
[INFO] [stdout] warning: use of deprecated method `std::error::Error::description`: use the Display impl or to_string()
[INFO] [stdout]   --> src/error.rs:21:42
[INFO] [stdout]    |
[INFO] [stdout] 21 |             Error::Regex(ref err) => err.description(),
[INFO] [stdout]    |                                          ^^^^^^^^^^^
[INFO] [stdout] 
[INFO] [stdout] 
[INFO] [stdout] warning: use of deprecated method `std::error::Error::description`: use the Display impl or to_string()
[INFO] [stdout]   --> src/error.rs:22:39
[INFO] [stdout]    |
[INFO] [stdout] 22 |             Error::Io(ref err) => err.description(),
[INFO] [stdout]    |                                       ^^^^^^^^^^^
[INFO] [stdout] 
[INFO] [stdout] 
[INFO] [stdout] warning: use of deprecated method `std::error::Error::description`: use the Display impl or to_string()
[INFO] [stdout]   --> src/error.rs:23:52
[INFO] [stdout]    |
[INFO] [stdout] 23 |             Error::OpenFile { ref err, .. } => err.description(),
[INFO] [stdout]    |                                                    ^^^^^^^^^^^
[INFO] [stdout] 
[INFO] [stdout] 
[INFO] [stderr]     Finished `test` profile [unoptimized + debuginfo] target(s) in 8.18s
[INFO] running `Command { std: "docker" "inspect" "3defb62c53ef114deb199768caa85eb776868d93e3615d2a75a6b6c08d1756b8", kill_on_drop: false }`
[INFO] running `Command { std: "docker" "rm" "-f" "3defb62c53ef114deb199768caa85eb776868d93e3615d2a75a6b6c08d1756b8", kill_on_drop: false }`
[INFO] [stdout] 3defb62c53ef114deb199768caa85eb776868d93e3615d2a75a6b6c08d1756b8
[INFO] running `Command { std: "docker" "create" "-v" "/var/lib/crater-agent-workspace/builds/worker-4-tc1/target:/opt/rustwide/target:rw,Z" "-v" "/var/lib/crater-agent-workspace/builds/worker-4-tc1/source:/opt/rustwide/workdir:ro,Z" "-v" "/var/lib/crater-agent-workspace/cargo-home:/opt/rustwide/cargo-home:ro,Z" "-v" "/var/lib/crater-agent-workspace/rustup-home:/opt/rustwide/rustup-home:ro,Z" "-e" "SOURCE_DIR=/opt/rustwide/workdir" "-e" "CARGO_TARGET_DIR=/opt/rustwide/target" "-e" "CARGO_INCREMENTAL=0" "-e" "RUST_BACKTRACE=full" "-e" "RUSTFLAGS=--cap-lints=warn" "-e" "RUSTDOCFLAGS=--cap-lints=warn" "-e" "CARGO_HOME=/opt/rustwide/cargo-home" "-e" "RUSTUP_HOME=/opt/rustwide/rustup-home" "-w" "/opt/rustwide/workdir" "-m" "1610612736" "--user" "0:0" "--network" "none" "ghcr.io/rust-lang/crates-build-env/linux@sha256:f3a9d4ad9d972b27faf3965f35b62e55ba32bbce8f20bc8fe909558a86702fde" "/opt/rustwide/cargo-home/bin/cargo" "+1.83.0" "test" "--frozen", kill_on_drop: false }`
[INFO] [stdout] 3d513cc204ffcf7808b7c049cd04892020bccaaa35e18bc246f9d9c1caac1f4f
[INFO] running `Command { std: "docker" "start" "-a" "3d513cc204ffcf7808b7c049cd04892020bccaaa35e18bc246f9d9c1caac1f4f", kill_on_drop: false }`
[INFO] [stderr] warning: no edition set: defaulting to the 2015 edition while the latest is 2021
[INFO] [stderr] warning: panic message is not a string literal
[INFO] [stderr]    --> tests/integration.rs:107:35
[INFO] [stderr]     |
[INFO] [stderr] 107 |           assert!(status.success(), format!(
[INFO] [stderr]     |  ___________________________________^
[INFO] [stderr] 108 | |             "expected command to succeed, but it failed.\nexit code: {}\nstdout: {}\nstderr:{}\n",
[INFO] [stderr] 109 | |             status.code().unwrap(),
[INFO] [stderr] 110 | |             self.stdout,
[INFO] [stderr] 111 | |             self.stderr,
[INFO] [stderr] 112 | |         ));
[INFO] [stderr]     | |_________^
[INFO] [stderr]     |
[INFO] [stderr]     = note: this usage of `assert!()` is deprecated; it will be a hard error in Rust 2021
[INFO] [stderr]     = note: for more information, see <https://doc.rust-lang.org/nightly/edition-guide/rust-2021/panic-macro-consistency.html>
[INFO] [stderr]     = note: the `assert!()` macro supports formatting, so there's no need for the `format!()` macro here
[INFO] [stderr]     = note: `#[warn(non_fmt_panics)]` on by default
[INFO] [stderr] help: remove the `format!(..)` macro call
[INFO] [stderr]     |
[INFO] [stderr] 107 ~         assert!(status.success(), 
[INFO] [stderr] 108 |             "expected command to succeed, but it failed.\nexit code: {}\nstdout: {}\nstderr:{}\n",
[INFO] [stderr] ...
[INFO] [stderr] 111 |             self.stderr,
[INFO] [stderr] 112 ~         );
[INFO] [stderr]     |
[INFO] [stderr] 
[INFO] [stderr] warning: panic message is not a string literal
[INFO] [stderr]    --> tests/integration.rs:118:41
[INFO] [stderr]     |
[INFO] [stderr] 118 |         assert!(self.stdout.is_empty(), format!("expected no stdout, got {}", self.stdout));
[INFO] [stderr]     |                                         ^^^^^^^^^^^^^^^^^^^^^^^^^^^^^^^^^^^^^^^^^^^^^^^^^^
[INFO] [stderr]     |
[INFO] [stderr]     = note: this usage of `assert!()` is deprecated; it will be a hard error in Rust 2021
[INFO] [stderr]     = note: for more information, see <https://doc.rust-lang.org/nightly/edition-guide/rust-2021/panic-macro-consistency.html>
[INFO] [stderr]     = note: the `assert!()` macro supports formatting, so there's no need for the `format!()` macro here
[INFO] [stderr] help: remove the `format!(..)` macro call
[INFO] [stderr]     |
[INFO] [stderr] 118 -         assert!(self.stdout.is_empty(), format!("expected no stdout, got {}", self.stdout));
[INFO] [stderr] 118 +         assert!(self.stdout.is_empty(), "expected no stdout, got {}", self.stdout);
[INFO] [stderr]     |
[INFO] [stderr] 
[INFO] [stderr] warning: panic message is not a string literal
[INFO] [stderr]    --> tests/integration.rs:124:41
[INFO] [stderr]     |
[INFO] [stderr] 124 |         assert!(self.stderr.is_empty(), format!("expected no stderr, got {}", self.stderr));
[INFO] [stderr]     |                                         ^^^^^^^^^^^^^^^^^^^^^^^^^^^^^^^^^^^^^^^^^^^^^^^^^^
[INFO] [stderr]     |
[INFO] [stderr]     = note: this usage of `assert!()` is deprecated; it will be a hard error in Rust 2021
[INFO] [stderr]     = note: for more information, see <https://doc.rust-lang.org/nightly/edition-guide/rust-2021/panic-macro-consistency.html>
[INFO] [stderr]     = note: the `assert!()` macro supports formatting, so there's no need for the `format!()` macro here
[INFO] [stderr] help: remove the `format!(..)` macro call
[INFO] [stderr]     |
[INFO] [stderr] 124 -         assert!(self.stderr.is_empty(), format!("expected no stderr, got {}", self.stderr));
[INFO] [stderr] 124 +         assert!(self.stderr.is_empty(), "expected no stderr, got {}", self.stderr);
[INFO] [stderr]     |
[INFO] [stderr] 
[INFO] [stderr] warning: `cargo-benchcmp` (test "integration") generated 3 warnings (run `cargo fix --test "integration"` to apply 3 suggestions)
[INFO] [stderr] warning: use of deprecated macro `try`: use the `?` operator instead
[INFO] [stderr]    --> src/main.rs:102:23
[INFO] [stderr]     |
[INFO] [stderr] 102 |         let benches = try!(self.parse_benchmarks()).paired();
[INFO] [stderr]     |                       ^^^
[INFO] [stderr]     |
[INFO] [stderr]     = note: `#[warn(deprecated)]` on by default
[INFO] [stderr] 
[INFO] [stderr] warning: use of deprecated macro `try`: use the `?` operator instead
[INFO] [stderr]    --> src/main.rs:139:25
[INFO] [stderr]     |
[INFO] [stderr] 139 |                         try!(output.print(&mut io::stdout()));
[INFO] [stderr]     |                         ^^^
[INFO] [stderr] 
[INFO] [stderr] warning: use of deprecated macro `try`: use the `?` operator instead
[INFO] [stderr]    --> src/main.rs:142:25
[INFO] [stderr]     |
[INFO] [stderr] 142 |                         try!(output.print_tty(true));
[INFO] [stderr]     |                         ^^^
[INFO] [stderr] 
[INFO] [stderr] warning: use of deprecated macro `try`: use the `?` operator instead
[INFO] [stderr]    --> src/main.rs:211:31
[INFO] [stderr]     |
[INFO] [stderr] 211 |                 let benches = try!(Args::parse_buffer(stdin_lock));
[INFO] [stderr]     |                               ^^^
[INFO] [stderr] 
[INFO] [stderr] warning: use of deprecated macro `try`: use the `?` operator instead
[INFO] [stderr]    --> src/main.rs:224:21
[INFO] [stderr]     |
[INFO] [stderr] 224 |         let b_old = try!(Args::parse_buffer(io::BufReader::new(try!(open_file(&self.arg_old)))));
[INFO] [stderr]     |                     ^^^
[INFO] [stderr] 
[INFO] [stderr] warning: use of deprecated macro `try`: use the `?` operator instead
[INFO] [stderr]    --> src/main.rs:224:64
[INFO] [stderr]     |
[INFO] [stderr] 224 |         let b_old = try!(Args::parse_buffer(io::BufReader::new(try!(open_file(&self.arg_old)))));
[INFO] [stderr]     |                                                                ^^^
[INFO] [stderr] 
[INFO] [stderr] warning: use of deprecated macro `try`: use the `?` operator instead
[INFO] [stderr]    --> src/main.rs:225:21
[INFO] [stderr]     |
[INFO] [stderr] 225 |         let b_new = try!(Args::parse_buffer(io::BufReader::new(try!(open_file(&self.arg_new)))));
[INFO] [stderr]     |                     ^^^
[INFO] [stderr] 
[INFO] [stderr] warning: use of deprecated macro `try`: use the `?` operator instead
[INFO] [stderr]    --> src/main.rs:225:64
[INFO] [stderr]     |
[INFO] [stderr] 225 |         let b_new = try!(Args::parse_buffer(io::BufReader::new(try!(open_file(&self.arg_new)))));
[INFO] [stderr]     |                                                                ^^^
[INFO] [stderr] 
[INFO] [stderr] warning: use of deprecated macro `try`: use the `?` operator instead
[INFO] [stderr]    --> src/main.rs:235:23
[INFO] [stderr]     |
[INFO] [stderr] 235 |         let benches = try!(Args::parse_buffer(io::BufReader::new(try!(File::open(file)))));
[INFO] [stderr]     |                       ^^^
[INFO] [stderr] 
[INFO] [stderr] warning: use of deprecated macro `try`: use the `?` operator instead
[INFO] [stderr]    --> src/main.rs:235:66
[INFO] [stderr]     |
[INFO] [stderr] 235 |         let benches = try!(Args::parse_buffer(io::BufReader::new(try!(File::open(file)))));
[INFO] [stderr]     |                                                                  ^^^
[INFO] [stderr] 
[INFO] [stderr] warning: use of deprecated macro `try`: use the `?` operator instead
[INFO] [stderr]    --> src/main.rs:244:32
[INFO] [stderr]     |
[INFO] [stderr] 244 |             if let Ok(bench) = try!(result).parse() {
[INFO] [stderr]     |                                ^^^
[INFO] [stderr] 
[INFO] [stderr] warning: trait objects without an explicit `dyn` are deprecated
[INFO] [stderr]   --> src/error.rs:27:32
[INFO] [stderr]    |
[INFO] [stderr] 27 |     fn cause(&self) -> Option<&error::Error> {
[INFO] [stderr]    |                                ^^^^^^^^^^^^
[INFO] [stderr]    |
[INFO] [stderr]    = warning: this is accepted in the current edition (Rust 2015) but is a hard error in Rust 2021!
[INFO] [stderr]    = note: for more information, see <https://doc.rust-lang.org/nightly/edition-guide/rust-2021/warnings-promoted-to-error.html>
[INFO] [stderr]    = note: `#[warn(bare_trait_objects)]` on by default
[INFO] [stderr] help: if this is a dyn-compatible trait, use `dyn`
[INFO] [stderr]    |
[INFO] [stderr] 27 |     fn cause(&self) -> Option<&dyn error::Error> {
[INFO] [stderr]    |                                +++
[INFO] [stderr] 
[INFO] [stderr] warning: use of deprecated method `std::error::Error::description`: use the Display impl or to_string()
[INFO] [stderr]   --> src/error.rs:21:42
[INFO] [stderr]    |
[INFO] [stderr] 21 |             Error::Regex(ref err) => err.description(),
[INFO] [stderr]    |                                          ^^^^^^^^^^^
[INFO] [stderr] 
[INFO] [stderr] warning: use of deprecated method `std::error::Error::description`: use the Display impl or to_string()
[INFO] [stderr]   --> src/error.rs:22:39
[INFO] [stderr]    |
[INFO] [stderr] 22 |             Error::Io(ref err) => err.description(),
[INFO] [stderr]    |                                       ^^^^^^^^^^^
[INFO] [stderr] 
[INFO] [stderr] warning: use of deprecated method `std::error::Error::description`: use the Display impl or to_string()
[INFO] [stderr]   --> src/error.rs:23:52
[INFO] [stderr]    |
[INFO] [stderr] 23 |             Error::OpenFile { ref err, .. } => err.description(),
[INFO] [stderr]    |                                                    ^^^^^^^^^^^
[INFO] [stderr] 
[INFO] [stderr] warning: `cargo-benchcmp` (bin "cargo-benchcmp" test) generated 15 warnings (run `cargo fix --bin "cargo-benchcmp" --tests` to apply 1 suggestion)
[INFO] [stderr] warning: `cargo-benchcmp` (bin "cargo-benchcmp") generated 15 warnings (15 duplicates)
[INFO] [stderr]     Finished `test` profile [unoptimized + debuginfo] target(s) in 0.05s
[INFO] [stderr]      Running unittests src/main.rs (/opt/rustwide/target/debug/deps/cargo_benchcmp-52642617f99d4caa)
[INFO] [stdout] 
[INFO] [stdout] running 17 tests
[INFO] [stdout] test benchmark::tests::commafy::comma_every_three ... ok
[INFO] [stdout] test benchmark::tests::commafy::number_matches ... ok
[INFO] [stdout] test tests::names::empty_gives_old ... ok
[INFO] [stdout] test tests::names::empty_gives_new ... ok
[INFO] [stdout] test tests::names::non_path_gives_originals ... ok
[INFO] [stdout] test benchmark::tests::benchmark::reparse ... ok
[INFO] [stdout] test benchmark::tests::overlap::missing_correct ... ok
[INFO] [stdout] test benchmark::tests::overlap::result_from_vecs ... ok
[INFO] [stdout] test benchmark::tests::overlap::overlap_correct ... ok
[INFO] [stdout] test tests::names::same_path_gives_originals ... ok
[INFO] [stdout] test tests::names::shortest_difference ... ok
[INFO] [stdout] test tests::split_benchmarks::dropped_non_prefix ... ok
[INFO] [stdout] test tests::split_benchmarks::from_original ... ok
[INFO] [stdout] test tests::split_benchmarks::non_overlapping ... ok
[INFO] [stdout] test tests::names::gives_suffixes ... ok
[INFO] [stdout] test tests::names::symmetric_operation ... ok
[INFO] [stdout] test tests::names::difference_preserving ... ok
[INFO] [stdout] 
[INFO] [stdout] test result: ok. 17 passed; 0 failed; 0 ignored; 0 measured; 0 filtered out; finished in 0.60s
[INFO] [stdout] 
[INFO] [stderr]      Running tests/integration.rs (/opt/rustwide/target/debug/deps/integration-853292ad02423eb8)
[INFO] [stdout] 
[INFO] [stdout] running 18 tests
[INFO] [stdout] test different_input ... ok
[INFO] [stdout] test stdin ... ok
[INFO] [stdout] test within_threshold_1_comparing_4_5 ... ok
[INFO] [stdout] test empty_results ... ok
[INFO] [stdout] test invalid_arguments ... ok
[INFO] [stdout] test within_threshold_3_comparing_6_7_improvements ... ok
[INFO] [stdout] test version ... ok
[INFO] [stdout] test same_input ... ok
[INFO] [stdout] test zero_improvements ... ok
[INFO] [stdout] test same_input_fractional ... ok
[INFO] [stdout] test within_threshold_12_comparing_6_7 ... ok
[INFO] [stdout] test different_input_selections ... ok
[INFO] [stdout] test zero_improvements_threshold ... ok
[INFO] [stdout] test non_overlapping_input ... ok
[INFO] [stdout] test zero_regressions ... ok
[INFO] [stdout] test different_input_colored ... FAILED
[INFO] [stdout] test within_threshold_4_comparing_6_7_regressions ... ok
[INFO] [stdout] test zero_regressions_threshold ... ok
[INFO] [stdout] 
[INFO] [stdout] failures:
[INFO] [stdout] 
[INFO] [stdout] ---- different_input_colored stdout ----
[INFO] [stdout] thread 'different_input_colored' panicked at tests/integration.rs:130:9:
[INFO] [stdout] assertion `left == right` failed: stdout does not match expected
[INFO] [stdout]   left: " name                                bench_output_2.txt ns/iter  bench_output_3.txt ns/iter  diff ns/iter  diff %  speedup \n ac_one_byte                         349 (28653 MB/s)            354 (28248 MB/s)                       5   1.43%   x 0.99 \n ac_one_prefix_byte_every_match      112,957 (88 MB/s)           150,581 (66 MB/s)                 37,624  33.31%   x 0.75 \n ac_one_prefix_byte_no_match         350 (28571 MB/s)            354 (28248 MB/s)                       4   1.14%   x 0.99 \n ac_one_prefix_byte_random           16,096 (621 MB/s)           20,273 (493 MB/s)                  4,177  25.95%   x 0.79 \n ac_ten_bytes                        58,588 (170 MB/s)           108,092 (92 MB/s)                 49,504  84.50%   x 0.54 \n ac_ten_diff_prefix                  58,601 (170 MB/s)           108,082 (92 MB/s)                 49,481  84.44%   x 0.54 \n ac_ten_one_prefix_byte_every_match  112,920 (88 MB/s)           150,561 (66 MB/s)                 37,641  33.33%   x 0.75 \n ac_ten_one_prefix_byte_no_match     350 (28571 MB/s)            354 (28248 MB/s)                       4   1.14%   x 0.99 \n ac_ten_one_prefix_byte_random       19,181 (521 MB/s)           23,684 (422 MB/s)                  4,503  23.48%   x 0.81 \n ac_two_bytes                        3,125 (3200 MB/s)           3,138 (3186 MB/s)                     13   0.42%   x 1.00 \n ac_two_diff_prefix                  3,124 (3201 MB/s)           3,138 (3186 MB/s)                     14   0.45%   x 1.00 \n ac_two_one_prefix_byte_every_match  112,934 (88 MB/s)           150,571 (66 MB/s)                 37,637  33.33%   x 0.75 \n ac_two_one_prefix_byte_no_match     350 (28571 MB/s)            354 (28248 MB/s)                       4   1.14%   x 0.99 \n ac_two_one_prefix_byte_random       16,511 (605 MB/s)           21,009 (476 MB/s)                  4,498  27.24%   x 0.79 \n"
[INFO] [stdout]  right: " \u{1b}[1mname                              \u{1b}(B\u{1b}[m  \u{1b}[1mbench_output_2.txt ns/iter\u{1b}(B\u{1b}[m  \u{1b}[1mbench_output_3.txt ns/iter\u{1b}(B\u{1b}[m  \u{1b}[1mdiff ns/iter\u{1b}(B\u{1b}[m  \u{1b}[1mdiff %\u{1b}(B\u{1b}[m  \u{1b}[1mspeedup\u{1b}(B\u{1b}[m \n \u{1b}[31mac_one_byte                       \u{1b}(B\u{1b}[m  \u{1b}[31m349 (28653 MB/s)          \u{1b}(B\u{1b}[m  \u{1b}[31m354 (28248 MB/s)          \u{1b}(B\u{1b}[m  \u{1b}[31m           5\u{1b}(B\u{1b}[m  \u{1b}[31m 1.43%\u{1b}(B\u{1b}[m  \u{1b}[31m x 0.99\u{1b}(B\u{1b}[m \n \u{1b}[31mac_one_prefix_byte_every_match    \u{1b}(B\u{1b}[m  \u{1b}[31m112,957 (88 MB/s)         \u{1b}(B\u{1b}[m  \u{1b}[31m150,581 (66 MB/s)         \u{1b}(B\u{1b}[m  \u{1b}[31m      37,624\u{1b}(B\u{1b}[m  \u{1b}[31m33.31%\u{1b}(B\u{1b}[m  \u{1b}[31m x 0.75\u{1b}(B\u{1b}[m \n \u{1b}[31mac_one_prefix_byte_no_match       \u{1b}(B\u{1b}[m  \u{1b}[31m350 (28571 MB/s)          \u{1b}(B\u{1b}[m  \u{1b}[31m354 (28248 MB/s)          \u{1b}(B\u{1b}[m  \u{1b}[31m           4\u{1b}(B\u{1b}[m  \u{1b}[31m 1.14%\u{1b}(B\u{1b}[m  \u{1b}[31m x 0.99\u{1b}(B\u{1b}[m \n \u{1b}[31mac_one_prefix_byte_random         \u{1b}(B\u{1b}[m  \u{1b}[31m16,096 (621 MB/s)         \u{1b}(B\u{1b}[m  \u{1b}[31m20,273 (493 MB/s)         \u{1b}(B\u{1b}[m  \u{1b}[31m       4,177\u{1b}(B\u{1b}[m  \u{1b}[31m25.95%\u{1b}(B\u{1b}[m  \u{1b}[31m x 0.79\u{1b}(B\u{1b}[m \n \u{1b}[31mac_ten_bytes                      \u{1b}(B\u{1b}[m  \u{1b}[31m58,588 (170 MB/s)         \u{1b}(B\u{1b}[m  \u{1b}[31m108,092 (92 MB/s)         \u{1b}(B\u{1b}[m  \u{1b}[31m      49,504\u{1b}(B\u{1b}[m  \u{1b}[31m84.50%\u{1b}(B\u{1b}[m  \u{1b}[31m x 0.54\u{1b}(B\u{1b}[m \n \u{1b}[31mac_ten_diff_prefix                \u{1b}(B\u{1b}[m  \u{1b}[31m58,601 (170 MB/s)         \u{1b}(B\u{1b}[m  \u{1b}[31m108,082 (92 MB/s)         \u{1b}(B\u{1b}[m  \u{1b}[31m      49,481\u{1b}(B\u{1b}[m  \u{1b}[31m84.44%\u{1b}(B\u{1b}[m  \u{1b}[31m x 0.54\u{1b}(B\u{1b}[m \n \u{1b}[31mac_ten_one_prefix_byte_every_match\u{1b}(B\u{1b}[m  \u{1b}[31m112,920 (88 MB/s)         \u{1b}(B\u{1b}[m  \u{1b}[31m150,561 (66 MB/s)         \u{1b}(B\u{1b}[m  \u{1b}[31m      37,641\u{1b}(B\u{1b}[m  \u{1b}[31m33.33%\u{1b}(B\u{1b}[m  \u{1b}[31m x 0.75\u{1b}(B\u{1b}[m \n \u{1b}[31mac_ten_one_prefix_byte_no_match   \u{1b}(B\u{1b}[m  \u{1b}[31m350 (28571 MB/s)          \u{1b}(B\u{1b}[m  \u{1b}[31m354 (28248 MB/s)          \u{1b}(B\u{1b}[m  \u{1b}[31m           4\u{1b}(B\u{1b}[m  \u{1b}[31m 1.14%\u{1b}(B\u{1b}[m  \u{1b}[31m x 0.99\u{1b}(B\u{1b}[m \n \u{1b}[31mac_ten_one_prefix_byte_random     \u{1b}(B\u{1b}[m  \u{1b}[31m19,181 (521 MB/s)         \u{1b}(B\u{1b}[m  \u{1b}[31m23,684 (422 MB/s)         \u{1b}(B\u{1b}[m  \u{1b}[31m       4,503\u{1b}(B\u{1b}[m  \u{1b}[31m23.48%\u{1b}(B\u{1b}[m  \u{1b}[31m x 0.81\u{1b}(B\u{1b}[m \n \u{1b}[31mac_two_bytes                      \u{1b}(B\u{1b}[m  \u{1b}[31m3,125 (3200 MB/s)         \u{1b}(B\u{1b}[m  \u{1b}[31m3,138 (3186 MB/s)         \u{1b}(B\u{1b}[m  \u{1b}[31m          13\u{1b}(B\u{1b}[m  \u{1b}[31m 0.42%\u{1b}(B\u{1b}[m  \u{1b}[31m x 1.00\u{1b}(B\u{1b}[m \n \u{1b}[31mac_two_diff_prefix                \u{1b}(B\u{1b}[m  \u{1b}[31m3,124 (3201 MB/s)         \u{1b}(B\u{1b}[m  \u{1b}[31m3,138 (3186 MB/s)         \u{1b}(B\u{1b}[m  \u{1b}[31m          14\u{1b}(B\u{1b}[m  \u{1b}[31m 0.45%\u{1b}(B\u{1b}[m  \u{1b}[31m x 1.00\u{1b}(B\u{1b}[m \n \u{1b}[31mac_two_one_prefix_byte_every_match\u{1b}(B\u{1b}[m  \u{1b}[31m112,934 (88 MB/s)         \u{1b}(B\u{1b}[m  \u{1b}[31m150,571 (66 MB/s)         \u{1b}(B\u{1b}[m  \u{1b}[31m      37,637\u{1b}(B\u{1b}[m  \u{1b}[31m33.33%\u{1b}(B\u{1b}[m  \u{1b}[31m x 0.75\u{1b}(B\u{1b}[m \n \u{1b}[31mac_two_one_prefix_byte_no_match   \u{1b}(B\u{1b}[m  \u{1b}[31m350 (28571 MB/s)          \u{1b}(B\u{1b}[m  \u{1b}[31m354 (28248 MB/s)          \u{1b}(B\u{1b}[m  \u{1b}[31m           4\u{1b}(B\u{1b}[m  \u{1b}[31m 1.14%\u{1b}(B\u{1b}[m  \u{1b}[31m x 0.99\u{1b}(B\u{1b}[m \n \u{1b}[31mac_two_one_prefix_byte_random     \u{1b}(B\u{1b}[m  \u{1b}[31m16,511 (605 MB/s)         \u{1b}(B\u{1b}[m  \u{1b}[31m21,009 (476 MB/s)         \u{1b}(B\u{1b}[m  \u{1b}[31m       4,498\u{1b}(B\u{1b}[m  \u{1b}[31m27.24%\u{1b}(B\u{1b}[m  \u{1b}[31m x 0.79\u{1b}(B\u{1b}[m \n"
[INFO] [stdout] stack backtrace:
[INFO] [stdout]    0:     0x62b1c4e5280a - std::backtrace_rs::backtrace::libunwind::trace::h5a5b8284f2d0c266
[INFO] [stdout]                                at /rustc/90b35a6239c3d8bdabc530a6a0816f7ff89a0aaf/library/std/src/../../backtrace/src/backtrace/libunwind.rs:116:5
[INFO] [stdout]    1:     0x62b1c4e5280a - std::backtrace_rs::backtrace::trace_unsynchronized::h76d4f1c9b0b875e3
[INFO] [stdout]                                at /rustc/90b35a6239c3d8bdabc530a6a0816f7ff89a0aaf/library/std/src/../../backtrace/src/backtrace/mod.rs:66:5
[INFO] [stdout]    2:     0x62b1c4e5280a - std::sys::backtrace::_print_fmt::hc4546b8364a537c6
[INFO] [stdout]                                at /rustc/90b35a6239c3d8bdabc530a6a0816f7ff89a0aaf/library/std/src/sys/backtrace.rs:66:9
[INFO] [stdout]    3:     0x62b1c4e5280a - <std::sys::backtrace::BacktraceLock::print::DisplayBacktrace as core::fmt::Display>::fmt::h5b6bd5631a6d1f6b
[INFO] [stdout]                                at /rustc/90b35a6239c3d8bdabc530a6a0816f7ff89a0aaf/library/std/src/sys/backtrace.rs:39:26
[INFO] [stdout]    4:     0x62b1c4e77e33 - core::fmt::rt::Argument::fmt::h270f6602a2b96f62
[INFO] [stdout]                                at /rustc/90b35a6239c3d8bdabc530a6a0816f7ff89a0aaf/library/core/src/fmt/rt.rs:177:76
[INFO] [stdout]    5:     0x62b1c4e77e33 - core::fmt::write::h7550c97b06c86515
[INFO] [stdout]                                at /rustc/90b35a6239c3d8bdabc530a6a0816f7ff89a0aaf/library/core/src/fmt/mod.rs:1186:21
[INFO] [stdout]    6:     0x62b1c4e4f5b3 - std::io::Write::write_fmt::h509ff860e5956e5e
[INFO] [stdout]                                at /rustc/90b35a6239c3d8bdabc530a6a0816f7ff89a0aaf/library/std/src/io/mod.rs:1839:15
[INFO] [stdout]    7:     0x62b1c4e52652 - std::sys::backtrace::BacktraceLock::print::h2395ccd2c84ba3aa
[INFO] [stdout]                                at /rustc/90b35a6239c3d8bdabc530a6a0816f7ff89a0aaf/library/std/src/sys/backtrace.rs:42:9
[INFO] [stdout]    8:     0x62b1c4e53c6a - std::panicking::default_hook::{{closure}}::he19d4c7230e07961
[INFO] [stdout]                                at /rustc/90b35a6239c3d8bdabc530a6a0816f7ff89a0aaf/library/std/src/panicking.rs:268:22
[INFO] [stdout]    9:     0x62b1c4e53a74 - std::panicking::default_hook::hf614597d3c67bbdb
[INFO] [stdout]                                at /rustc/90b35a6239c3d8bdabc530a6a0816f7ff89a0aaf/library/std/src/panicking.rs:292:9
[INFO] [stdout]   10:     0x62b1c4e1ecd9 - <alloc::boxed::Box<F,A> as core::ops::function::Fn<Args>>::call::h39b51ce4599c23d1
[INFO] [stdout]                                at /rustc/90b35a6239c3d8bdabc530a6a0816f7ff89a0aaf/library/alloc/src/boxed.rs:2468:9
[INFO] [stdout]   11:     0x62b1c4e1ecd9 - test::test_main::{{closure}}::he977ae839a582784
[INFO] [stdout]                                at /rustc/90b35a6239c3d8bdabc530a6a0816f7ff89a0aaf/library/test/src/lib.rs:133:21
[INFO] [stdout]   12:     0x62b1c4e54308 - <alloc::boxed::Box<F,A> as core::ops::function::Fn<Args>>::call::h9455091b6b06f9fb
[INFO] [stdout]                                at /rustc/90b35a6239c3d8bdabc530a6a0816f7ff89a0aaf/library/alloc/src/boxed.rs:2468:9
[INFO] [stdout]   13:     0x62b1c4e54308 - std::panicking::rust_panic_with_hook::h8942133a8b252070
[INFO] [stdout]                                at /rustc/90b35a6239c3d8bdabc530a6a0816f7ff89a0aaf/library/std/src/panicking.rs:809:13
[INFO] [stdout]   14:     0x62b1c4e540ca - std::panicking::begin_panic_handler::{{closure}}::hb5f5963570096b29
[INFO] [stdout]                                at /rustc/90b35a6239c3d8bdabc530a6a0816f7ff89a0aaf/library/std/src/panicking.rs:674:13
[INFO] [stdout]   15:     0x62b1c4e52ce9 - std::sys::backtrace::__rust_end_short_backtrace::h6208cedc1922feda
[INFO] [stdout]                                at /rustc/90b35a6239c3d8bdabc530a6a0816f7ff89a0aaf/library/std/src/sys/backtrace.rs:170:18
[INFO] [stdout]   16:     0x62b1c4e53d5c - rust_begin_unwind
[INFO] [stdout]                                at /rustc/90b35a6239c3d8bdabc530a6a0816f7ff89a0aaf/library/std/src/panicking.rs:665:5
[INFO] [stdout]   17:     0x62b1c4ddaa60 - core::panicking::panic_fmt::h0c3082644d1bf418
[INFO] [stdout]                                at /rustc/90b35a6239c3d8bdabc530a6a0816f7ff89a0aaf/library/core/src/panicking.rs:74:14
[INFO] [stdout]   18:     0x62b1c4ddad8b - core::panicking::assert_failed_inner::h2ddf1fcc067fa858
[INFO] [stdout]   19:     0x62b1c4dde6f0 - core::panicking::assert_failed::h8315a106ee95805b
[INFO] [stdout]                                at /rustc/90b35a6239c3d8bdabc530a6a0816f7ff89a0aaf/library/core/src/panicking.rs:367:5
[INFO] [stdout]   20:     0x62b1c4de1503 - integration::CommandUnderTest::stdout_is::hc5ab173c798ce2d3
[INFO] [stdout]                                at /opt/rustwide/workdir/tests/integration.rs:130:9
[INFO] [stdout]   21:     0x62b1c4de1d4a - integration::different_input_colored::h90dff610026ca79f
[INFO] [stdout]                                at /opt/rustwide/workdir/tests/integration.rs:195:5
[INFO] [stdout]   22:     0x62b1c4de1c97 - integration::different_input_colored::{{closure}}::hfa6e3f7d9f1f2683
[INFO] [stdout]                                at /opt/rustwide/workdir/tests/integration.rs:194:29
[INFO] [stdout]   23:     0x62b1c4ddd106 - core::ops::function::FnOnce::call_once::h1cee310f683f09e6
[INFO] [stdout]                                at /rustc/90b35a6239c3d8bdabc530a6a0816f7ff89a0aaf/library/core/src/ops/function.rs:250:5
[INFO] [stdout]   24:     0x62b1c4e2369b - core::ops::function::FnOnce::call_once::h109cf8051a59b34e
[INFO] [stdout]                                at /rustc/90b35a6239c3d8bdabc530a6a0816f7ff89a0aaf/library/core/src/ops/function.rs:250:5
[INFO] [stdout]   25:     0x62b1c4e2369b - test::__rust_begin_short_backtrace::hf4fff89d377446ba
[INFO] [stdout]                                at /rustc/90b35a6239c3d8bdabc530a6a0816f7ff89a0aaf/library/test/src/lib.rs:621:18
[INFO] [stdout]   26:     0x62b1c4e22ed7 - test::run_test_in_process::{{closure}}::h0e39181dd7ee5a43
[INFO] [stdout]                                at /rustc/90b35a6239c3d8bdabc530a6a0816f7ff89a0aaf/library/test/src/lib.rs:644:60
[INFO] [stdout]   27:     0x62b1c4e22ed7 - <core::panic::unwind_safe::AssertUnwindSafe<F> as core::ops::function::FnOnce<()>>::call_once::hc5a66a30f0bdfd1f
[INFO] [stdout]                                at /rustc/90b35a6239c3d8bdabc530a6a0816f7ff89a0aaf/library/core/src/panic/unwind_safe.rs:272:9
[INFO] [stdout]   28:     0x62b1c4e22ed7 - std::panicking::try::do_call::h873b7cf639554a5e
[INFO] [stdout]                                at /rustc/90b35a6239c3d8bdabc530a6a0816f7ff89a0aaf/library/std/src/panicking.rs:557:40
[INFO] [stdout]   29:     0x62b1c4e22ed7 - std::panicking::try::hdb19862fad9c8bd1
[INFO] [stdout]                                at /rustc/90b35a6239c3d8bdabc530a6a0816f7ff89a0aaf/library/std/src/panicking.rs:520:19
[INFO] [stdout]   30:     0x62b1c4e22ed7 - std::panic::catch_unwind::h281fe732d236d260
[INFO] [stdout]                                at /rustc/90b35a6239c3d8bdabc530a6a0816f7ff89a0aaf/library/std/src/panic.rs:358:14
[INFO] [stdout]   31:     0x62b1c4e22ed7 - test::run_test_in_process::h949b6df8457ed338
[INFO] [stdout]                                at /rustc/90b35a6239c3d8bdabc530a6a0816f7ff89a0aaf/library/test/src/lib.rs:644:27
[INFO] [stdout]   32:     0x62b1c4e22ed7 - test::run_test::{{closure}}::h52c556a6d4740e10
[INFO] [stdout]                                at /rustc/90b35a6239c3d8bdabc530a6a0816f7ff89a0aaf/library/test/src/lib.rs:565:43
[INFO] [stdout]   33:     0x62b1c4de81b4 - test::run_test::{{closure}}::h4237f6381c45ccb9
[INFO] [stdout]                                at /rustc/90b35a6239c3d8bdabc530a6a0816f7ff89a0aaf/library/test/src/lib.rs:595:41
[INFO] [stdout]   34:     0x62b1c4de81b4 - std::sys::backtrace::__rust_begin_short_backtrace::h505c97a579eca628
[INFO] [stdout]                                at /rustc/90b35a6239c3d8bdabc530a6a0816f7ff89a0aaf/library/std/src/sys/backtrace.rs:154:18
[INFO] [stdout]   35:     0x62b1c4deb87e - std::thread::Builder::spawn_unchecked_::{{closure}}::{{closure}}::h9e86b2e2bc107ea3
[INFO] [stdout]                                at /rustc/90b35a6239c3d8bdabc530a6a0816f7ff89a0aaf/library/std/src/thread/mod.rs:538:17
[INFO] [stdout]   36:     0x62b1c4deb87e - <core::panic::unwind_safe::AssertUnwindSafe<F> as core::ops::function::FnOnce<()>>::call_once::h8b06ddb275ff4a25
[INFO] [stdout]                                at /rustc/90b35a6239c3d8bdabc530a6a0816f7ff89a0aaf/library/core/src/panic/unwind_safe.rs:272:9
[INFO] [stdout]   37:     0x62b1c4deb87e - std::panicking::try::do_call::hb26ecd7cd9a9355d
[INFO] [stdout]                                at /rustc/90b35a6239c3d8bdabc530a6a0816f7ff89a0aaf/library/std/src/panicking.rs:557:40
[INFO] [stdout]   38:     0x62b1c4deb87e - std::panicking::try::h8ddeca9d705f9069
[INFO] [stdout]                                at /rustc/90b35a6239c3d8bdabc530a6a0816f7ff89a0aaf/library/std/src/panicking.rs:520:19
[INFO] [stdout]   39:     0x62b1c4deb87e - std::panic::catch_unwind::h49e1c33078844c46
[INFO] [stdout]                                at /rustc/90b35a6239c3d8bdabc530a6a0816f7ff89a0aaf/library/std/src/panic.rs:358:14
[INFO] [stdout]   40:     0x62b1c4deb87e - std::thread::Builder::spawn_unchecked_::{{closure}}::h6073db6ff56ad35d
[INFO] [stdout]                                at /rustc/90b35a6239c3d8bdabc530a6a0816f7ff89a0aaf/library/std/src/thread/mod.rs:537:30
[INFO] [stdout]   41:     0x62b1c4deb87e - core::ops::function::FnOnce::call_once{{vtable.shim}}::h2c5a5f3779c774f1
[INFO] [stdout]                                at /rustc/90b35a6239c3d8bdabc530a6a0816f7ff89a0aaf/library/core/src/ops/function.rs:250:5
[INFO] [stdout]   42:     0x62b1c4e581fb - <alloc::boxed::Box<F,A> as core::ops::function::FnOnce<Args>>::call_once::hf75717d9f28faebf
[INFO] [stdout]                                at /rustc/90b35a6239c3d8bdabc530a6a0816f7ff89a0aaf/library/alloc/src/boxed.rs:2454:9
[INFO] [stdout]   43:     0x62b1c4e581fb - <alloc::boxed::Box<F,A> as core::ops::function::FnOnce<Args>>::call_once::h7bd883a5f3c5f3c1
[INFO] [stdout]                                at /rustc/90b35a6239c3d8bdabc530a6a0816f7ff89a0aaf/library/alloc/src/boxed.rs:2454:9
[INFO] [stdout]   44:     0x62b1c4e581fb - std::sys::pal::unix::thread::Thread::new::thread_start::hcc78f3943333fa94
[INFO] [stdout]                                at /rustc/90b35a6239c3d8bdabc530a6a0816f7ff89a0aaf/library/std/src/sys/pal/unix/thread.rs:105:17
[INFO] [stdout]   45:     0x72e8afa20ac3 - <unknown>
[INFO] [stdout]   46:     0x72e8afab1a04 - clone
[INFO] [stdout]   47:                0x0 - <unknown>
[INFO] [stdout] 
[INFO] [stdout] 
[INFO] [stdout] failures:
[INFO] [stdout]     different_input_colored
[INFO] [stdout] 
[INFO] [stdout] test result: FAILED. 17 passed; 1 failed; 0 ignored; 0 measured; 0 filtered out; finished in 0.38s
[INFO] [stdout] 
[INFO] [stderr] error: test failed, to rerun pass `--test integration`
[INFO] running `Command { std: "docker" "inspect" "3d513cc204ffcf7808b7c049cd04892020bccaaa35e18bc246f9d9c1caac1f4f", kill_on_drop: false }`
[INFO] running `Command { std: "docker" "rm" "-f" "3d513cc204ffcf7808b7c049cd04892020bccaaa35e18bc246f9d9c1caac1f4f", kill_on_drop: false }`
[INFO] [stdout] 3d513cc204ffcf7808b7c049cd04892020bccaaa35e18bc246f9d9c1caac1f4f
