[INFO] fetching crate cargo-afl 0.15.13...
[INFO] testing cargo-afl-0.15.13 against beta-2024-12-08 for beta-1.84.0-4-retry
[INFO] extracting crate cargo-afl 0.15.13 into /workspace/builds/worker-3-tc2/source
[INFO] validating manifest of crates.io crate cargo-afl 0.15.13 on toolchain beta-2024-12-08
[INFO] running `Command { std: CARGO_HOME="/workspace/cargo-home" RUSTUP_HOME="/workspace/rustup-home" "/workspace/cargo-home/bin/cargo" "+beta-2024-12-08" "metadata" "--manifest-path" "Cargo.toml" "--no-deps", kill_on_drop: false }`
[INFO] started tweaking crates.io crate cargo-afl 0.15.13
[INFO] removed 0 missing tests
[INFO] finished tweaking crates.io crate cargo-afl 0.15.13
[INFO] tweaked toml for crates.io crate cargo-afl 0.15.13 written to /workspace/builds/worker-3-tc2/source/Cargo.toml
[INFO] crate crates.io crate cargo-afl 0.15.13 already has a lockfile, it will not be regenerated
[INFO] running `Command { std: CARGO_HOME="/workspace/cargo-home" RUSTUP_HOME="/workspace/rustup-home" "/workspace/cargo-home/bin/cargo" "+beta-2024-12-08" "fetch" "--manifest-path" "Cargo.toml", kill_on_drop: false }`
[INFO] [stderr]     Blocking waiting for file lock on package cache
[INFO] [stderr]     Blocking waiting for file lock on package cache
[INFO] running `Command { std: "docker" "create" "-v" "/var/lib/crater-agent-workspace/builds/worker-3-tc2/target:/opt/rustwide/target:rw,Z" "-v" "/var/lib/crater-agent-workspace/builds/worker-3-tc2/source:/opt/rustwide/workdir:ro,Z" "-v" "/var/lib/crater-agent-workspace/cargo-home:/opt/rustwide/cargo-home:ro,Z" "-v" "/var/lib/crater-agent-workspace/rustup-home:/opt/rustwide/rustup-home:ro,Z" "-e" "SOURCE_DIR=/opt/rustwide/workdir" "-e" "CARGO_TARGET_DIR=/opt/rustwide/target" "-e" "CARGO_HOME=/opt/rustwide/cargo-home" "-e" "RUSTUP_HOME=/opt/rustwide/rustup-home" "-w" "/opt/rustwide/workdir" "-m" "1610612736" "--user" "0:0" "--network" "none" "ghcr.io/rust-lang/crates-build-env/linux@sha256:f3a9d4ad9d972b27faf3965f35b62e55ba32bbce8f20bc8fe909558a86702fde" "/opt/rustwide/cargo-home/bin/cargo" "+beta-2024-12-08" "metadata" "--no-deps" "--format-version=1", kill_on_drop: false }`
[INFO] [stdout] d3b0849e1f3497d483687bb87d3bccb8ca4a784a846b188557f2273c0023f1fa
[INFO] running `Command { std: "docker" "start" "-a" "d3b0849e1f3497d483687bb87d3bccb8ca4a784a846b188557f2273c0023f1fa", kill_on_drop: false }`
[INFO] running `Command { std: "docker" "inspect" "d3b0849e1f3497d483687bb87d3bccb8ca4a784a846b188557f2273c0023f1fa", kill_on_drop: false }`
[INFO] running `Command { std: "docker" "rm" "-f" "d3b0849e1f3497d483687bb87d3bccb8ca4a784a846b188557f2273c0023f1fa", kill_on_drop: false }`
[INFO] [stdout] d3b0849e1f3497d483687bb87d3bccb8ca4a784a846b188557f2273c0023f1fa
[INFO] running `Command { std: "docker" "create" "-v" "/var/lib/crater-agent-workspace/builds/worker-3-tc2/target:/opt/rustwide/target:rw,Z" "-v" "/var/lib/crater-agent-workspace/builds/worker-3-tc2/source:/opt/rustwide/workdir:ro,Z" "-v" "/var/lib/crater-agent-workspace/cargo-home:/opt/rustwide/cargo-home:ro,Z" "-v" "/var/lib/crater-agent-workspace/rustup-home:/opt/rustwide/rustup-home:ro,Z" "-e" "SOURCE_DIR=/opt/rustwide/workdir" "-e" "CARGO_TARGET_DIR=/opt/rustwide/target" "-e" "CARGO_INCREMENTAL=0" "-e" "RUST_BACKTRACE=full" "-e" "RUSTFLAGS=--cap-lints=warn" "-e" "RUSTDOCFLAGS=--cap-lints=warn" "-e" "CARGO_HOME=/opt/rustwide/cargo-home" "-e" "RUSTUP_HOME=/opt/rustwide/rustup-home" "-w" "/opt/rustwide/workdir" "-m" "1610612736" "--user" "0:0" "--network" "none" "ghcr.io/rust-lang/crates-build-env/linux@sha256:f3a9d4ad9d972b27faf3965f35b62e55ba32bbce8f20bc8fe909558a86702fde" "/opt/rustwide/cargo-home/bin/cargo" "+beta-2024-12-08" "build" "--frozen" "--message-format=json", kill_on_drop: false }`
[INFO] [stdout] 5221475a0eb7f56c19de73101a7f761e11e62b2329a53532ff03b9875b56686e
[INFO] running `Command { std: "docker" "start" "-a" "5221475a0eb7f56c19de73101a7f761e11e62b2329a53532ff03b9875b56686e", kill_on_drop: false }`
[INFO] [stderr]    Compiling utf8parse v0.2.2
[INFO] [stderr]    Compiling colorchoice v1.0.3
[INFO] [stderr]    Compiling anstyle v1.0.10
[INFO] [stderr]    Compiling anstyle-query v1.1.2
[INFO] [stderr]    Compiling is_terminal_polyfill v1.70.1
[INFO] [stderr]    Compiling clap_lex v0.7.4
[INFO] [stderr]    Compiling libc v0.2.167
[INFO] [stderr]    Compiling strsim v0.11.1
[INFO] [stderr]    Compiling semver v1.0.23
[INFO] [stderr]    Compiling adler2 v2.0.0
[INFO] [stderr]    Compiling heck v0.5.0
[INFO] [stderr]    Compiling rustix v0.38.41
[INFO] [stderr]    Compiling gimli v0.31.1
[INFO] [stderr]    Compiling cfg-if v1.0.0
[INFO] [stderr]    Compiling memchr v2.7.4
[INFO] [stderr]    Compiling syn v2.0.90
[INFO] [stderr]    Compiling linux-raw-sys v0.4.14
[INFO] [stderr]    Compiling anstyle-parse v0.2.6
[INFO] [stderr]    Compiling miniz_oxide v0.8.0
[INFO] [stderr]    Compiling anyhow v1.0.94
[INFO] [stderr]    Compiling rustc-demangle v0.1.24
[INFO] [stderr]    Compiling bitflags v2.6.0
[INFO] [stderr]    Compiling anstream v0.6.18
[INFO] [stderr]    Compiling fastrand v2.2.0
[INFO] [stderr]    Compiling once_cell v1.20.2
[INFO] [stderr]    Compiling home v0.5.9
[INFO] [stderr]    Compiling xdg v2.5.2
[INFO] [stderr]    Compiling clap_builder v4.5.23
[INFO] [stderr]    Compiling object v0.36.5
[INFO] [stderr]    Compiling rustc_version v0.4.1
[INFO] [stderr]    Compiling addr2line v0.24.2
[INFO] [stderr]    Compiling tempfile v3.14.0
[INFO] [stderr]    Compiling clap_derive v4.5.18
[INFO] [stderr]    Compiling backtrace v0.3.74
[INFO] [stderr]    Compiling clap v4.5.23
[INFO] [stderr]    Compiling cargo-afl v0.15.13 (/opt/rustwide/workdir)
[INFO] [stderr]     Finished `dev` profile [unoptimized + debuginfo] target(s) in 19.44s
[INFO] running `Command { std: "docker" "inspect" "5221475a0eb7f56c19de73101a7f761e11e62b2329a53532ff03b9875b56686e", kill_on_drop: false }`
[INFO] running `Command { std: "docker" "rm" "-f" "5221475a0eb7f56c19de73101a7f761e11e62b2329a53532ff03b9875b56686e", kill_on_drop: false }`
[INFO] [stdout] 5221475a0eb7f56c19de73101a7f761e11e62b2329a53532ff03b9875b56686e
[INFO] running `Command { std: "docker" "create" "-v" "/var/lib/crater-agent-workspace/builds/worker-3-tc2/target:/opt/rustwide/target:rw,Z" "-v" "/var/lib/crater-agent-workspace/builds/worker-3-tc2/source:/opt/rustwide/workdir:ro,Z" "-v" "/var/lib/crater-agent-workspace/cargo-home:/opt/rustwide/cargo-home:ro,Z" "-v" "/var/lib/crater-agent-workspace/rustup-home:/opt/rustwide/rustup-home:ro,Z" "-e" "SOURCE_DIR=/opt/rustwide/workdir" "-e" "CARGO_TARGET_DIR=/opt/rustwide/target" "-e" "CARGO_INCREMENTAL=0" "-e" "RUST_BACKTRACE=full" "-e" "RUSTFLAGS=--cap-lints=warn" "-e" "RUSTDOCFLAGS=--cap-lints=warn" "-e" "CARGO_HOME=/opt/rustwide/cargo-home" "-e" "RUSTUP_HOME=/opt/rustwide/rustup-home" "-w" "/opt/rustwide/workdir" "-m" "1610612736" "--user" "0:0" "--network" "none" "ghcr.io/rust-lang/crates-build-env/linux@sha256:f3a9d4ad9d972b27faf3965f35b62e55ba32bbce8f20bc8fe909558a86702fde" "/opt/rustwide/cargo-home/bin/cargo" "+beta-2024-12-08" "test" "--frozen" "--no-run" "--message-format=json", kill_on_drop: false }`
[INFO] [stdout] d82c6cf95e8bc90273562a44d7e80a0eab99695a3248ff7bfd8eb121249444f8
[INFO] running `Command { std: "docker" "start" "-a" "d82c6cf95e8bc90273562a44d7e80a0eab99695a3248ff7bfd8eb121249444f8", kill_on_drop: false }`
[INFO] [stderr]    Compiling memchr v2.7.4
[INFO] [stderr]    Compiling libc v0.2.167
[INFO] [stderr]    Compiling autocfg v1.4.0
[INFO] [stderr]    Compiling regex-syntax v0.8.5
[INFO] [stderr]    Compiling doc-comment v0.3.3
[INFO] [stderr]    Compiling predicates-core v1.0.8
[INFO] [stderr]    Compiling difflib v0.4.0
[INFO] [stderr]    Compiling normalize-line-endings v0.3.0
[INFO] [stderr]    Compiling assert_cmd v2.0.16
[INFO] [stderr]    Compiling termtree v0.4.1
[INFO] [stderr]    Compiling ctor v0.2.9
[INFO] [stderr]    Compiling predicates-tree v1.0.11
[INFO] [stderr]    Compiling num-traits v0.2.19
[INFO] [stderr]    Compiling aho-corasick v1.1.3
[INFO] [stderr]    Compiling object v0.36.5
[INFO] [stderr]    Compiling wait-timeout v0.2.0
[INFO] [stderr]    Compiling float-cmp v0.9.0
[INFO] [stderr]    Compiling regex-automata v0.4.9
[INFO] [stderr]    Compiling backtrace v0.3.74
[INFO] [stderr]    Compiling anyhow v1.0.94
[INFO] [stderr]    Compiling cargo-afl v0.15.13 (/opt/rustwide/workdir)
[INFO] [stderr]    Compiling regex v1.11.1
[INFO] [stderr]    Compiling bstr v1.11.0
[INFO] [stderr]    Compiling predicates v3.1.2
[INFO] [stderr]     Finished `test` profile [unoptimized + debuginfo] target(s) in 25.50s
[INFO] running `Command { std: "docker" "inspect" "d82c6cf95e8bc90273562a44d7e80a0eab99695a3248ff7bfd8eb121249444f8", kill_on_drop: false }`
[INFO] running `Command { std: "docker" "rm" "-f" "d82c6cf95e8bc90273562a44d7e80a0eab99695a3248ff7bfd8eb121249444f8", kill_on_drop: false }`
[INFO] [stdout] d82c6cf95e8bc90273562a44d7e80a0eab99695a3248ff7bfd8eb121249444f8
[INFO] running `Command { std: "docker" "create" "-v" "/var/lib/crater-agent-workspace/builds/worker-3-tc2/target:/opt/rustwide/target:rw,Z" "-v" "/var/lib/crater-agent-workspace/builds/worker-3-tc2/source:/opt/rustwide/workdir:ro,Z" "-v" "/var/lib/crater-agent-workspace/cargo-home:/opt/rustwide/cargo-home:ro,Z" "-v" "/var/lib/crater-agent-workspace/rustup-home:/opt/rustwide/rustup-home:ro,Z" "-e" "SOURCE_DIR=/opt/rustwide/workdir" "-e" "CARGO_TARGET_DIR=/opt/rustwide/target" "-e" "CARGO_INCREMENTAL=0" "-e" "RUST_BACKTRACE=full" "-e" "RUSTFLAGS=--cap-lints=warn" "-e" "RUSTDOCFLAGS=--cap-lints=warn" "-e" "CARGO_HOME=/opt/rustwide/cargo-home" "-e" "RUSTUP_HOME=/opt/rustwide/rustup-home" "-w" "/opt/rustwide/workdir" "-m" "1610612736" "--user" "0:0" "--network" "none" "ghcr.io/rust-lang/crates-build-env/linux@sha256:f3a9d4ad9d972b27faf3965f35b62e55ba32bbce8f20bc8fe909558a86702fde" "/opt/rustwide/cargo-home/bin/cargo" "+beta-2024-12-08" "test" "--frozen", kill_on_drop: false }`
[INFO] [stdout] 77fd82bf9c370e710ed19b106fdb89c0e451f15fb1eb791df7598ffab65f86b2
[INFO] running `Command { std: "docker" "start" "-a" "77fd82bf9c370e710ed19b106fdb89c0e451f15fb1eb791df7598ffab65f86b2", kill_on_drop: false }`
[INFO] [stderr]     Finished `test` profile [unoptimized + debuginfo] target(s) in 0.14s
[INFO] [stderr]      Running unittests src/main.rs (/opt/rustwide/target/debug/deps/cargo_afl-f470718a8443513a)
[INFO] [stdout] 
[INFO] [stdout] running 11 tests
[INFO] [stdout] test tests::invalid_utf8_is_invalid ... ok
[INFO] [stdout] test tests::external_subcommands_allow_invalid_utf8 ... ok
[INFO] [stdout] test tests::subcommands_allow_invalid_utf8 ... ok
[INFO] [stdout] test tests::subcommands_allow_hyphen_values ... ok
[INFO] [stdout] test tests::test_app ... ok
[INFO] [stdout] test tests::afl_required_else_help ... ok
[INFO] [stdout] test tests::display_name ... ok
[INFO] [stdout] test tests::subcommand_required_else_help ... ok
[INFO] [stdout] test tests::subcommands_help_flag_disabled ... FAILED
[INFO] [stdout] test tests::subcommands_help_subcommand_disabled ... ok
[INFO] [stdout] test tests::subcommands_version_flag_disabled ... ok
[INFO] [stdout] 
[INFO] [stdout] failures:
[INFO] [stdout] 
[INFO] [stdout] ---- tests::subcommands_help_flag_disabled stdout ----
[INFO] [stdout] thread 'tests::subcommands_help_flag_disabled' panicked at src/main.rs:540:9:
[INFO] [stdout] addseeds failed
[INFO] [stdout] stack backtrace:
[INFO] [stdout]    0:     0x5c361f5f006a - std::backtrace_rs::backtrace::libunwind::trace::h8810477743020387
[INFO] [stdout]                                at /rustc/202008a1b8de96d2e5b6bc02d379db03a877d34d/library/std/src/../../backtrace/src/backtrace/libunwind.rs:116:5
[INFO] [stdout]    1:     0x5c361f5f006a - std::backtrace_rs::backtrace::trace_unsynchronized::h3aa55355dd6c54a6
[INFO] [stdout]                                at /rustc/202008a1b8de96d2e5b6bc02d379db03a877d34d/library/std/src/../../backtrace/src/backtrace/mod.rs:66:5
[INFO] [stdout]    2:     0x5c361f5f006a - std::sys::backtrace::_print_fmt::h8588b0f62410823f
[INFO] [stdout]                                at /rustc/202008a1b8de96d2e5b6bc02d379db03a877d34d/library/std/src/sys/backtrace.rs:66:9
[INFO] [stdout]    3:     0x5c361f5f006a - <std::sys::backtrace::BacktraceLock::print::DisplayBacktrace as core::fmt::Display>::fmt::h98c26ac25ffe89bb
[INFO] [stdout]                                at /rustc/202008a1b8de96d2e5b6bc02d379db03a877d34d/library/std/src/sys/backtrace.rs:39:26
[INFO] [stdout]    4:     0x5c361f616e73 - core::fmt::rt::Argument::fmt::hf95377f4aebd453b
[INFO] [stdout]                                at /rustc/202008a1b8de96d2e5b6bc02d379db03a877d34d/library/core/src/fmt/rt.rs:177:76
[INFO] [stdout]    5:     0x5c361f616e73 - core::fmt::write::h0dd5f6e2238c7982
[INFO] [stdout]                                at /rustc/202008a1b8de96d2e5b6bc02d379db03a877d34d/library/core/src/fmt/mod.rs:1189:21
[INFO] [stdout]    6:     0x5c361f5ec783 - std::io::Write::write_fmt::h03bb0ca26e6faf8c
[INFO] [stdout]                                at /rustc/202008a1b8de96d2e5b6bc02d379db03a877d34d/library/std/src/io/mod.rs:1884:15
[INFO] [stdout]    7:     0x5c361f5efeb2 - std::sys::backtrace::BacktraceLock::print::h5c19c1c038ee186d
[INFO] [stdout]                                at /rustc/202008a1b8de96d2e5b6bc02d379db03a877d34d/library/std/src/sys/backtrace.rs:42:9
[INFO] [stdout]    8:     0x5c361f5f14ed - std::panicking::default_hook::{{closure}}::h77172f079a1fcb13
[INFO] [stdout]                                at /rustc/202008a1b8de96d2e5b6bc02d379db03a877d34d/library/std/src/panicking.rs:268:22
[INFO] [stdout]    9:     0x5c361f5f12f7 - std::panicking::default_hook::he5f8e3b203ccddba
[INFO] [stdout]                                at /rustc/202008a1b8de96d2e5b6bc02d379db03a877d34d/library/std/src/panicking.rs:292:9
[INFO] [stdout]   10:     0x5c361f484297 - <alloc::boxed::Box<F,A> as core::ops::function::Fn<Args>>::call::h7a3c7b4a1ae77f2f
[INFO] [stdout]                                at /rustc/202008a1b8de96d2e5b6bc02d379db03a877d34d/library/alloc/src/boxed.rs:1986:9
[INFO] [stdout]   11:     0x5c361f484297 - test::test_main::{{closure}}::hf0d3b69ae9b353d1
[INFO] [stdout]                                at /rustc/202008a1b8de96d2e5b6bc02d379db03a877d34d/library/test/src/lib.rs:134:21
[INFO] [stdout]   12:     0x5c361f5f1b98 - <alloc::boxed::Box<F,A> as core::ops::function::Fn<Args>>::call::h6332e82e7b189abd
[INFO] [stdout]                                at /rustc/202008a1b8de96d2e5b6bc02d379db03a877d34d/library/alloc/src/boxed.rs:1986:9
[INFO] [stdout]   13:     0x5c361f5f1b98 - std::panicking::rust_panic_with_hook::h53863d4e9018df39
[INFO] [stdout]                                at /rustc/202008a1b8de96d2e5b6bc02d379db03a877d34d/library/std/src/panicking.rs:809:13
[INFO] [stdout]   14:     0x5c361f5f195a - std::panicking::begin_panic_handler::{{closure}}::h67280e6fa0757873
[INFO] [stdout]                                at /rustc/202008a1b8de96d2e5b6bc02d379db03a877d34d/library/std/src/panicking.rs:674:13
[INFO] [stdout]   15:     0x5c361f5f0549 - std::sys::backtrace::__rust_end_short_backtrace::h1dac3f54d6fbbeb2
[INFO] [stdout]                                at /rustc/202008a1b8de96d2e5b6bc02d379db03a877d34d/library/std/src/sys/backtrace.rs:170:18
[INFO] [stdout]   16:     0x5c361f5f15ec - rust_begin_unwind
[INFO] [stdout]                                at /rustc/202008a1b8de96d2e5b6bc02d379db03a877d34d/library/std/src/panicking.rs:665:5
[INFO] [stdout]   17:     0x5c361f405c30 - core::panicking::panic_fmt::h6792bd1b2bf01041
[INFO] [stdout]                                at /rustc/202008a1b8de96d2e5b6bc02d379db03a877d34d/library/core/src/panicking.rs:76:14
[INFO] [stdout]   18:     0x5c361f427e23 - core::panicking::panic_display::hf9893c491a89d1a0
[INFO] [stdout]                                at /rustc/202008a1b8de96d2e5b6bc02d379db03a877d34d/library/core/src/panicking.rs:269:5
[INFO] [stdout]   19:     0x5c361f41ae7a - cargo_afl::tests::assert_success::panic_cold_display::h1995a7441a0151f7
[INFO] [stdout]                                at /rustc/202008a1b8de96d2e5b6bc02d379db03a877d34d/library/core/src/panic.rs:100:13
[INFO] [stdout]   20:     0x5c361f4173ca - cargo_afl::tests::assert_success::h4b6332dbf32e0bc9
[INFO] [stdout]                                at /opt/rustwide/workdir/src/main.rs:540:9
[INFO] [stdout]   21:     0x5c361f41a23f - cargo_afl::tests::subcommands_help_flag_disabled::h29b871bad27fbf85
[INFO] [stdout]                                at /opt/rustwide/workdir/src/main.rs:502:17
[INFO] [stdout]   22:     0x5c361f419b37 - cargo_afl::tests::subcommands_help_flag_disabled::{{closure}}::h5c386186f69343ff
[INFO] [stdout]                                at /opt/rustwide/workdir/src/main.rs:491:40
[INFO] [stdout]   23:     0x5c361f425d16 - core::ops::function::FnOnce::call_once::h5b25ca0a8479eea0
[INFO] [stdout]                                at /rustc/202008a1b8de96d2e5b6bc02d379db03a877d34d/library/core/src/ops/function.rs:250:5
[INFO] [stdout]   24:     0x5c361f488dbb - core::ops::function::FnOnce::call_once::h871bf86719ec9aa4
[INFO] [stdout]                                at /rustc/202008a1b8de96d2e5b6bc02d379db03a877d34d/library/core/src/ops/function.rs:250:5
[INFO] [stdout]   25:     0x5c361f488dbb - test::__rust_begin_short_backtrace::h2167df1e2b7d76fd
[INFO] [stdout]                                at /rustc/202008a1b8de96d2e5b6bc02d379db03a877d34d/library/test/src/lib.rs:632:18
[INFO] [stdout]   26:     0x5c361f4887a8 - test::run_test_in_process::{{closure}}::h15d92f75a3adfb79
[INFO] [stdout]                                at /rustc/202008a1b8de96d2e5b6bc02d379db03a877d34d/library/test/src/lib.rs:655:60
[INFO] [stdout]   27:     0x5c361f4887a8 - <core::panic::unwind_safe::AssertUnwindSafe<F> as core::ops::function::FnOnce<()>>::call_once::hb6c8955835a8dbbb
[INFO] [stdout]                                at /rustc/202008a1b8de96d2e5b6bc02d379db03a877d34d/library/core/src/panic/unwind_safe.rs:272:9
[INFO] [stdout]   28:     0x5c361f4887a8 - std::panicking::try::do_call::hc79d0fc888a0bd30
[INFO] [stdout]                                at /rustc/202008a1b8de96d2e5b6bc02d379db03a877d34d/library/std/src/panicking.rs:557:40
[INFO] [stdout]   29:     0x5c361f4887a8 - std::panicking::try::hb8a7878e3a8589d6
[INFO] [stdout]                                at /rustc/202008a1b8de96d2e5b6bc02d379db03a877d34d/library/std/src/panicking.rs:520:19
[INFO] [stdout]   30:     0x5c361f4887a8 - std::panic::catch_unwind::hb8e4600ff0ff5cfa
[INFO] [stdout]                                at /rustc/202008a1b8de96d2e5b6bc02d379db03a877d34d/library/std/src/panic.rs:358:14
[INFO] [stdout]   31:     0x5c361f4887a8 - test::run_test_in_process::hc2900b0b18688dd6
[INFO] [stdout]                                at /rustc/202008a1b8de96d2e5b6bc02d379db03a877d34d/library/test/src/lib.rs:655:27
[INFO] [stdout]   32:     0x5c361f4887a8 - test::run_test::{{closure}}::hac2a9cb07be3d48d
[INFO] [stdout]                                at /rustc/202008a1b8de96d2e5b6bc02d379db03a877d34d/library/test/src/lib.rs:576:43
[INFO] [stdout]   33:     0x5c361f44c24a - test::run_test::{{closure}}::h4a5b729e66a38cd8
[INFO] [stdout]                                at /rustc/202008a1b8de96d2e5b6bc02d379db03a877d34d/library/test/src/lib.rs:606:41
[INFO] [stdout]   34:     0x5c361f44c24a - std::sys::backtrace::__rust_begin_short_backtrace::h0496fb742492f573
[INFO] [stdout]                                at /rustc/202008a1b8de96d2e5b6bc02d379db03a877d34d/library/std/src/sys/backtrace.rs:154:18
[INFO] [stdout]   35:     0x5c361f44fbc4 - std::thread::Builder::spawn_unchecked_::{{closure}}::{{closure}}::hbb6d257c550a54bd
[INFO] [stdout]                                at /rustc/202008a1b8de96d2e5b6bc02d379db03a877d34d/library/std/src/thread/mod.rs:561:17
[INFO] [stdout]   36:     0x5c361f44fbc4 - <core::panic::unwind_safe::AssertUnwindSafe<F> as core::ops::function::FnOnce<()>>::call_once::h46696fe4a6832328
[INFO] [stdout]                                at /rustc/202008a1b8de96d2e5b6bc02d379db03a877d34d/library/core/src/panic/unwind_safe.rs:272:9
[INFO] [stdout]   37:     0x5c361f44fbc4 - std::panicking::try::do_call::h2625a51b667bfb64
[INFO] [stdout]                                at /rustc/202008a1b8de96d2e5b6bc02d379db03a877d34d/library/std/src/panicking.rs:557:40
[INFO] [stdout]   38:     0x5c361f44fbc4 - std::panicking::try::hb956a59a1973aa4c
[INFO] [stdout]                                at /rustc/202008a1b8de96d2e5b6bc02d379db03a877d34d/library/std/src/panicking.rs:520:19
[INFO] [stdout]   39:     0x5c361f44fbc4 - std::panic::catch_unwind::h64f3b9d1067ef6a0
[INFO] [stdout]                                at /rustc/202008a1b8de96d2e5b6bc02d379db03a877d34d/library/std/src/panic.rs:358:14
[INFO] [stdout]   40:     0x5c361f44fbc4 - std::thread::Builder::spawn_unchecked_::{{closure}}::h42b2841295b6c0b2
[INFO] [stdout]                                at /rustc/202008a1b8de96d2e5b6bc02d379db03a877d34d/library/std/src/thread/mod.rs:559:30
[INFO] [stdout]   41:     0x5c361f44fbc4 - core::ops::function::FnOnce::call_once{{vtable.shim}}::h6127de71b8124639
[INFO] [stdout]                                at /rustc/202008a1b8de96d2e5b6bc02d379db03a877d34d/library/core/src/ops/function.rs:250:5
[INFO] [stdout]   42:     0x5c361f5f625b - <alloc::boxed::Box<F,A> as core::ops::function::FnOnce<Args>>::call_once::h42f0ba71002a1b2c
[INFO] [stdout]                                at /rustc/202008a1b8de96d2e5b6bc02d379db03a877d34d/library/alloc/src/boxed.rs:1972:9
[INFO] [stdout]   43:     0x5c361f5f625b - <alloc::boxed::Box<F,A> as core::ops::function::FnOnce<Args>>::call_once::had9e47d7a3dcecb8
[INFO] [stdout]                                at /rustc/202008a1b8de96d2e5b6bc02d379db03a877d34d/library/alloc/src/boxed.rs:1972:9
[INFO] [stdout]   44:     0x5c361f5f625b - std::sys::pal::unix::thread::Thread::new::thread_start::h48cf765408f6f5f2
[INFO] [stdout]                                at /rustc/202008a1b8de96d2e5b6bc02d379db03a877d34d/library/std/src/sys/pal/unix/thread.rs:105:17
[INFO] [stdout]   45:     0x7912642f6ac3 - <unknown>
[INFO] [stdout]   46:     0x791264387a04 - clone
[INFO] [stdout]   47:                0x0 - <unknown>
[INFO] [stdout] 
[INFO] [stdout] 
[INFO] [stdout] failures:
[INFO] [stdout]     tests::subcommands_help_flag_disabled
[INFO] [stdout] 
[INFO] [stdout] test result: FAILED. 10 passed; 1 failed; 0 ignored; 0 measured; 0 filtered out; finished in 4.66s
[INFO] [stdout] 
[INFO] [stderr] error: test failed, to rerun pass `--bin cargo-afl`
[INFO] running `Command { std: "docker" "inspect" "77fd82bf9c370e710ed19b106fdb89c0e451f15fb1eb791df7598ffab65f86b2", kill_on_drop: false }`
[INFO] running `Command { std: "docker" "rm" "-f" "77fd82bf9c370e710ed19b106fdb89c0e451f15fb1eb791df7598ffab65f86b2", kill_on_drop: false }`
[INFO] [stdout] 77fd82bf9c370e710ed19b106fdb89c0e451f15fb1eb791df7598ffab65f86b2
