[INFO] fetching crate cardparse 0.1.0...
[INFO] testing cardparse-0.1.0 against beta-2024-12-08 for beta-1.84.0-4-retry
[INFO] extracting crate cardparse 0.1.0 into /workspace/builds/worker-5-tc2/source
[INFO] validating manifest of crates.io crate cardparse 0.1.0 on toolchain beta-2024-12-08
[INFO] running `Command { std: CARGO_HOME="/workspace/cargo-home" RUSTUP_HOME="/workspace/rustup-home" "/workspace/cargo-home/bin/cargo" "+beta-2024-12-08" "metadata" "--manifest-path" "Cargo.toml" "--no-deps", kill_on_drop: false }`
[INFO] started tweaking crates.io crate cardparse 0.1.0
[INFO] finished tweaking crates.io crate cardparse 0.1.0
[INFO] tweaked toml for crates.io crate cardparse 0.1.0 written to /workspace/builds/worker-5-tc2/source/Cargo.toml
[INFO] running `Command { std: CARGO_HOME="/workspace/cargo-home" RUSTUP_HOME="/workspace/rustup-home" "/workspace/cargo-home/bin/cargo" "+beta-2024-12-08" "generate-lockfile" "--manifest-path" "Cargo.toml", kill_on_drop: false }`
[INFO] [stderr]     Updating crates.io index
[INFO] [stderr]     Blocking waiting for file lock on package cache
[INFO] [stderr]      Locking 56 packages to latest compatible versions
[INFO] running `Command { std: CARGO_HOME="/workspace/cargo-home" RUSTUP_HOME="/workspace/rustup-home" "/workspace/cargo-home/bin/cargo" "+beta-2024-12-08" "fetch" "--manifest-path" "Cargo.toml", kill_on_drop: false }`
[INFO] running `Command { std: "docker" "create" "-v" "/var/lib/crater-agent-workspace/builds/worker-5-tc2/target:/opt/rustwide/target:rw,Z" "-v" "/var/lib/crater-agent-workspace/builds/worker-5-tc2/source:/opt/rustwide/workdir:ro,Z" "-v" "/var/lib/crater-agent-workspace/cargo-home:/opt/rustwide/cargo-home:ro,Z" "-v" "/var/lib/crater-agent-workspace/rustup-home:/opt/rustwide/rustup-home:ro,Z" "-e" "SOURCE_DIR=/opt/rustwide/workdir" "-e" "CARGO_TARGET_DIR=/opt/rustwide/target" "-e" "CARGO_HOME=/opt/rustwide/cargo-home" "-e" "RUSTUP_HOME=/opt/rustwide/rustup-home" "-w" "/opt/rustwide/workdir" "-m" "1610612736" "--user" "0:0" "--network" "none" "ghcr.io/rust-lang/crates-build-env/linux@sha256:f3a9d4ad9d972b27faf3965f35b62e55ba32bbce8f20bc8fe909558a86702fde" "/opt/rustwide/cargo-home/bin/cargo" "+beta-2024-12-08" "metadata" "--no-deps" "--format-version=1", kill_on_drop: false }`
[INFO] [stdout] 8f915187d11208a347be8277ff19f1217453424f9353300a8f926eb53d271d1b
[INFO] running `Command { std: "docker" "start" "-a" "8f915187d11208a347be8277ff19f1217453424f9353300a8f926eb53d271d1b", kill_on_drop: false }`
[INFO] running `Command { std: "docker" "inspect" "8f915187d11208a347be8277ff19f1217453424f9353300a8f926eb53d271d1b", kill_on_drop: false }`
[INFO] running `Command { std: "docker" "rm" "-f" "8f915187d11208a347be8277ff19f1217453424f9353300a8f926eb53d271d1b", kill_on_drop: false }`
[INFO] [stdout] 8f915187d11208a347be8277ff19f1217453424f9353300a8f926eb53d271d1b
[INFO] running `Command { std: "docker" "create" "-v" "/var/lib/crater-agent-workspace/builds/worker-5-tc2/target:/opt/rustwide/target:rw,Z" "-v" "/var/lib/crater-agent-workspace/builds/worker-5-tc2/source:/opt/rustwide/workdir:ro,Z" "-v" "/var/lib/crater-agent-workspace/cargo-home:/opt/rustwide/cargo-home:ro,Z" "-v" "/var/lib/crater-agent-workspace/rustup-home:/opt/rustwide/rustup-home:ro,Z" "-e" "SOURCE_DIR=/opt/rustwide/workdir" "-e" "CARGO_TARGET_DIR=/opt/rustwide/target" "-e" "CARGO_INCREMENTAL=0" "-e" "RUST_BACKTRACE=full" "-e" "RUSTFLAGS=--cap-lints=warn" "-e" "RUSTDOCFLAGS=--cap-lints=warn" "-e" "CARGO_HOME=/opt/rustwide/cargo-home" "-e" "RUSTUP_HOME=/opt/rustwide/rustup-home" "-w" "/opt/rustwide/workdir" "-m" "1610612736" "--user" "0:0" "--network" "none" "ghcr.io/rust-lang/crates-build-env/linux@sha256:f3a9d4ad9d972b27faf3965f35b62e55ba32bbce8f20bc8fe909558a86702fde" "/opt/rustwide/cargo-home/bin/cargo" "+beta-2024-12-08" "build" "--frozen" "--message-format=json", kill_on_drop: false }`
[INFO] [stdout] 5bbce9641ad3e4e8c5eb7440f1cd6b14802170711a18ec073c7f0ce5254c1bbd
[INFO] running `Command { std: "docker" "start" "-a" "5bbce9641ad3e4e8c5eb7440f1cd6b14802170711a18ec073c7f0ce5254c1bbd", kill_on_drop: false }`
[INFO] [stderr]    Compiling syn v1.0.109
[INFO] [stderr]    Compiling serde_json v1.0.133
[INFO] [stderr]    Compiling semver v1.0.24
[INFO] [stderr]    Compiling rustix v0.38.42
[INFO] [stderr]    Compiling camino v1.1.9
[INFO] [stderr]    Compiling bitflags v2.6.0
[INFO] [stderr]    Compiling ryu v1.0.18
[INFO] [stderr]    Compiling linux-raw-sys v0.4.14
[INFO] [stderr]    Compiling itoa v1.0.14
[INFO] [stderr]    Compiling pulldown-cmark v0.9.6
[INFO] [stderr]    Compiling serde v1.0.216
[INFO] [stderr]    Compiling error-chain v0.12.4
[INFO] [stderr]    Compiling libc v0.2.168
[INFO] [stderr]    Compiling fastrand v2.3.0
[INFO] [stderr]    Compiling unicode-xid v0.2.6
[INFO] [stderr]    Compiling syn v2.0.90
[INFO] [stderr]    Compiling gimli v0.31.1
[INFO] [stderr]    Compiling adler2 v2.0.0
[INFO] [stderr]    Compiling once_cell v1.20.2
[INFO] [stderr]    Compiling failure_derive v0.1.8
[INFO] [stderr]    Compiling unicase v2.8.0
[INFO] [stderr]    Compiling miniz_oxide v0.8.0
[INFO] [stderr]    Compiling object v0.36.5
[INFO] [stderr]    Compiling rustc-demangle v0.1.24
[INFO] [stderr]    Compiling glob v0.3.1
[INFO] [stderr]    Compiling bytecount v0.6.8
[INFO] [stderr]    Compiling serde_derive v1.0.216
[INFO] [stderr]    Compiling addr2line v0.24.2
[INFO] [stderr]    Compiling synstructure v0.12.6
[INFO] [stderr]    Compiling tempfile v3.14.0
[INFO] [stderr]    Compiling backtrace v0.3.74
[INFO] [stderr]    Compiling failure v0.1.8
[INFO] [stderr]    Compiling cardparse_derive v0.1.0
[INFO] [stderr]    Compiling cargo-platform v0.1.9
[INFO] [stderr]    Compiling cargo_metadata v0.14.2
[INFO] [stderr]    Compiling skeptic v0.13.7
[INFO] [stderr]    Compiling cardparse v0.1.0 (/opt/rustwide/workdir)
[INFO] [stdout] warning: non-local `impl` definition, `impl` blocks should be written at the same level as their item
[INFO] [stdout]  --> src/lib.rs:4:16
[INFO] [stdout]   |
[INFO] [stdout] 4 | #[derive(Debug,Fail)]
[INFO] [stdout]   |                ^---
[INFO] [stdout]   |                |
[INFO] [stdout]   |                `Fail` is not local
[INFO] [stdout]   |                move the `impl` block outside of this constant `_DERIVE_failure_Fail_FOR_ParseError`
[INFO] [stdout] 5 | pub enum ParseError {
[INFO] [stdout]   |          ---------- `ParseError` is not local
[INFO] [stdout]   |
[INFO] [stdout]   = note: the derive macro `Fail` defines the non-local `impl`, and may need to be changed
[INFO] [stdout]   = note: the derive macro `Fail` may come from an old version of the `failure_derive` crate, try updating your dependency with `cargo update -p failure_derive`
[INFO] [stdout]   = note: an `impl` is never scoped, even when it is nested inside an item, as it may impact type checking outside of that item, which can be the case if neither the trait or the self type are at the same nesting level as the `impl`
[INFO] [stdout]   = note: items in an anonymous const item (`const _: () = { ... }`) are treated as in the same scope as the anonymous const's declaration for the purpose of this lint
[INFO] [stdout]   = note: `#[warn(non_local_definitions)]` on by default
[INFO] [stdout]   = note: this warning originates in the derive macro `Fail` (in Nightly builds, run with -Z macro-backtrace for more info)
[INFO] [stdout] 
[INFO] [stdout] 
[INFO] [stdout] warning: non-local `impl` definition, `impl` blocks should be written at the same level as their item
[INFO] [stdout]  --> src/lib.rs:4:16
[INFO] [stdout]   |
[INFO] [stdout] 4 | #[derive(Debug,Fail)]
[INFO] [stdout]   |                ^---
[INFO] [stdout]   |                |
[INFO] [stdout]   |                `Display` is not local
[INFO] [stdout]   |                move the `impl` block outside of this constant `_DERIVE_failure_core_fmt_Display_FOR_ParseError`
[INFO] [stdout] 5 | pub enum ParseError {
[INFO] [stdout]   |          ---------- `ParseError` is not local
[INFO] [stdout]   |
[INFO] [stdout]   = note: the derive macro `Fail` defines the non-local `impl`, and may need to be changed
[INFO] [stdout]   = note: the derive macro `Fail` may come from an old version of the `failure_derive` crate, try updating your dependency with `cargo update -p failure_derive`
[INFO] [stdout]   = note: an `impl` is never scoped, even when it is nested inside an item, as it may impact type checking outside of that item, which can be the case if neither the trait or the self type are at the same nesting level as the `impl`
[INFO] [stdout]   = note: items in an anonymous const item (`const _: () = { ... }`) are treated as in the same scope as the anonymous const's declaration for the purpose of this lint
[INFO] [stdout]   = note: this warning originates in the derive macro `Fail` (in Nightly builds, run with -Z macro-backtrace for more info)
[INFO] [stdout] 
[INFO] [stdout] 
[INFO] [stderr]     Finished `dev` profile [unoptimized + debuginfo] target(s) in 22.92s
[INFO] running `Command { std: "docker" "inspect" "5bbce9641ad3e4e8c5eb7440f1cd6b14802170711a18ec073c7f0ce5254c1bbd", kill_on_drop: false }`
[INFO] running `Command { std: "docker" "rm" "-f" "5bbce9641ad3e4e8c5eb7440f1cd6b14802170711a18ec073c7f0ce5254c1bbd", kill_on_drop: false }`
[INFO] [stdout] 5bbce9641ad3e4e8c5eb7440f1cd6b14802170711a18ec073c7f0ce5254c1bbd
[INFO] running `Command { std: "docker" "create" "-v" "/var/lib/crater-agent-workspace/builds/worker-5-tc2/target:/opt/rustwide/target:rw,Z" "-v" "/var/lib/crater-agent-workspace/builds/worker-5-tc2/source:/opt/rustwide/workdir:ro,Z" "-v" "/var/lib/crater-agent-workspace/cargo-home:/opt/rustwide/cargo-home:ro,Z" "-v" "/var/lib/crater-agent-workspace/rustup-home:/opt/rustwide/rustup-home:ro,Z" "-e" "SOURCE_DIR=/opt/rustwide/workdir" "-e" "CARGO_TARGET_DIR=/opt/rustwide/target" "-e" "CARGO_INCREMENTAL=0" "-e" "RUST_BACKTRACE=full" "-e" "RUSTFLAGS=--cap-lints=warn" "-e" "RUSTDOCFLAGS=--cap-lints=warn" "-e" "CARGO_HOME=/opt/rustwide/cargo-home" "-e" "RUSTUP_HOME=/opt/rustwide/rustup-home" "-w" "/opt/rustwide/workdir" "-m" "1610612736" "--user" "0:0" "--network" "none" "ghcr.io/rust-lang/crates-build-env/linux@sha256:f3a9d4ad9d972b27faf3965f35b62e55ba32bbce8f20bc8fe909558a86702fde" "/opt/rustwide/cargo-home/bin/cargo" "+beta-2024-12-08" "test" "--frozen" "--no-run" "--message-format=json", kill_on_drop: false }`
[INFO] [stdout] 175c7ca569133c23dfd7c2f693744bf6a936a5ac93ea4a370619a8465c9a63c5
[INFO] running `Command { std: "docker" "start" "-a" "175c7ca569133c23dfd7c2f693744bf6a936a5ac93ea4a370619a8465c9a63c5", kill_on_drop: false }`
[INFO] [stderr]    Compiling linux-raw-sys v0.4.14
[INFO] [stderr]    Compiling rustix v0.38.42
[INFO] [stderr]    Compiling serde_json v1.0.133
[INFO] [stderr]    Compiling camino v1.1.9
[INFO] [stderr]    Compiling semver v1.0.24
[INFO] [stderr]    Compiling pulldown-cmark v0.9.6
[INFO] [stderr]    Compiling unicase v2.8.0
[INFO] [stderr]    Compiling error-chain v0.12.4
[INFO] [stderr]    Compiling once_cell v1.20.2
[INFO] [stderr]    Compiling same-file v1.0.6
[INFO] [stderr]    Compiling bytecount v0.6.8
[INFO] [stderr]    Compiling glob v0.3.1
[INFO] [stderr]    Compiling serde v1.0.216
[INFO] [stderr]    Compiling walkdir v2.5.0
[INFO] [stderr]    Compiling tempfile v3.14.0
[INFO] [stderr]    Compiling cargo-platform v0.1.9
[INFO] [stderr]    Compiling cargo_metadata v0.14.2
[INFO] [stderr]    Compiling skeptic v0.13.7
[INFO] [stderr]    Compiling cardparse v0.1.0 (/opt/rustwide/workdir)
[INFO] [stdout] warning: non-local `impl` definition, `impl` blocks should be written at the same level as their item
[INFO] [stdout]  --> src/lib.rs:4:16
[INFO] [stdout]   |
[INFO] [stdout] 4 | #[derive(Debug,Fail)]
[INFO] [stdout]   |                ^---
[INFO] [stdout]   |                |
[INFO] [stdout]   |                `Fail` is not local
[INFO] [stdout]   |                move the `impl` block outside of this constant `_DERIVE_failure_Fail_FOR_ParseError`
[INFO] [stdout] 5 | pub enum ParseError {
[INFO] [stdout]   |          ---------- `ParseError` is not local
[INFO] [stdout]   |
[INFO] [stdout]   = note: the derive macro `Fail` defines the non-local `impl`, and may need to be changed
[INFO] [stdout]   = note: the derive macro `Fail` may come from an old version of the `failure_derive` crate, try updating your dependency with `cargo update -p failure_derive`
[INFO] [stdout]   = note: an `impl` is never scoped, even when it is nested inside an item, as it may impact type checking outside of that item, which can be the case if neither the trait or the self type are at the same nesting level as the `impl`
[INFO] [stdout]   = note: items in an anonymous const item (`const _: () = { ... }`) are treated as in the same scope as the anonymous const's declaration for the purpose of this lint
[INFO] [stdout]   = note: `#[warn(non_local_definitions)]` on by default
[INFO] [stdout]   = note: this warning originates in the derive macro `Fail` (in Nightly builds, run with -Z macro-backtrace for more info)
[INFO] [stdout] 
[INFO] [stdout] 
[INFO] [stdout] warning: non-local `impl` definition, `impl` blocks should be written at the same level as their item
[INFO] [stdout]  --> src/lib.rs:4:16
[INFO] [stdout]   |
[INFO] [stdout] 4 | #[derive(Debug,Fail)]
[INFO] [stdout]   |                ^---
[INFO] [stdout]   |                |
[INFO] [stdout]   |                `Display` is not local
[INFO] [stdout]   |                move the `impl` block outside of this constant `_DERIVE_failure_core_fmt_Display_FOR_ParseError`
[INFO] [stdout] 5 | pub enum ParseError {
[INFO] [stdout]   |          ---------- `ParseError` is not local
[INFO] [stdout]   |
[INFO] [stdout]   = note: the derive macro `Fail` defines the non-local `impl`, and may need to be changed
[INFO] [stdout]   = note: the derive macro `Fail` may come from an old version of the `failure_derive` crate, try updating your dependency with `cargo update -p failure_derive`
[INFO] [stdout]   = note: an `impl` is never scoped, even when it is nested inside an item, as it may impact type checking outside of that item, which can be the case if neither the trait or the self type are at the same nesting level as the `impl`
[INFO] [stdout]   = note: items in an anonymous const item (`const _: () = { ... }`) are treated as in the same scope as the anonymous const's declaration for the purpose of this lint
[INFO] [stdout]   = note: this warning originates in the derive macro `Fail` (in Nightly builds, run with -Z macro-backtrace for more info)
[INFO] [stdout] 
[INFO] [stdout] 
[INFO] [stdout] warning: non-local `impl` definition, `impl` blocks should be written at the same level as their item
[INFO] [stdout]  --> src/lib.rs:4:16
[INFO] [stdout]   |
[INFO] [stdout] 4 | #[derive(Debug,Fail)]
[INFO] [stdout]   |                ^---
[INFO] [stdout]   |                |
[INFO] [stdout]   |                `Fail` is not local
[INFO] [stdout]   |                move the `impl` block outside of this constant `_DERIVE_failure_Fail_FOR_ParseError`
[INFO] [stdout] 5 | pub enum ParseError {
[INFO] [stdout]   |          ---------- `ParseError` is not local
[INFO] [stdout]   |
[INFO] [stdout]   = note: the derive macro `Fail` defines the non-local `impl`, and may need to be changed
[INFO] [stdout]   = note: the derive macro `Fail` may come from an old version of the `failure_derive` crate, try updating your dependency with `cargo update -p failure_derive`
[INFO] [stdout]   = note: an `impl` is never scoped, even when it is nested inside an item, as it may impact type checking outside of that item, which can be the case if neither the trait or the self type are at the same nesting level as the `impl`
[INFO] [stdout]   = note: items in an anonymous const item (`const _: () = { ... }`) are treated as in the same scope as the anonymous const's declaration for the purpose of this lint
[INFO] [stdout]   = note: `#[warn(non_local_definitions)]` on by default
[INFO] [stdout]   = note: this warning originates in the derive macro `Fail` (in Nightly builds, run with -Z macro-backtrace for more info)
[INFO] [stdout] 
[INFO] [stdout] 
[INFO] [stdout] warning: non-local `impl` definition, `impl` blocks should be written at the same level as their item
[INFO] [stdout]  --> src/lib.rs:4:16
[INFO] [stdout]   |
[INFO] [stdout] 4 | #[derive(Debug,Fail)]
[INFO] [stdout]   |                ^---
[INFO] [stdout]   |                |
[INFO] [stdout]   |                `Display` is not local
[INFO] [stdout]   |                move the `impl` block outside of this constant `_DERIVE_failure_core_fmt_Display_FOR_ParseError`
[INFO] [stdout] 5 | pub enum ParseError {
[INFO] [stdout]   |          ---------- `ParseError` is not local
[INFO] [stdout]   |
[INFO] [stdout]   = note: the derive macro `Fail` defines the non-local `impl`, and may need to be changed
[INFO] [stdout]   = note: the derive macro `Fail` may come from an old version of the `failure_derive` crate, try updating your dependency with `cargo update -p failure_derive`
[INFO] [stdout]   = note: an `impl` is never scoped, even when it is nested inside an item, as it may impact type checking outside of that item, which can be the case if neither the trait or the self type are at the same nesting level as the `impl`
[INFO] [stdout]   = note: items in an anonymous const item (`const _: () = { ... }`) are treated as in the same scope as the anonymous const's declaration for the purpose of this lint
[INFO] [stdout]   = note: this warning originates in the derive macro `Fail` (in Nightly builds, run with -Z macro-backtrace for more info)
[INFO] [stdout] 
[INFO] [stdout] 
[INFO] [stderr]     Finished `test` profile [unoptimized + debuginfo] target(s) in 11.39s
[INFO] running `Command { std: "docker" "inspect" "175c7ca569133c23dfd7c2f693744bf6a936a5ac93ea4a370619a8465c9a63c5", kill_on_drop: false }`
[INFO] running `Command { std: "docker" "rm" "-f" "175c7ca569133c23dfd7c2f693744bf6a936a5ac93ea4a370619a8465c9a63c5", kill_on_drop: false }`
[INFO] [stdout] 175c7ca569133c23dfd7c2f693744bf6a936a5ac93ea4a370619a8465c9a63c5
[INFO] running `Command { std: "docker" "create" "-v" "/var/lib/crater-agent-workspace/builds/worker-5-tc2/target:/opt/rustwide/target:rw,Z" "-v" "/var/lib/crater-agent-workspace/builds/worker-5-tc2/source:/opt/rustwide/workdir:ro,Z" "-v" "/var/lib/crater-agent-workspace/cargo-home:/opt/rustwide/cargo-home:ro,Z" "-v" "/var/lib/crater-agent-workspace/rustup-home:/opt/rustwide/rustup-home:ro,Z" "-e" "SOURCE_DIR=/opt/rustwide/workdir" "-e" "CARGO_TARGET_DIR=/opt/rustwide/target" "-e" "CARGO_INCREMENTAL=0" "-e" "RUST_BACKTRACE=full" "-e" "RUSTFLAGS=--cap-lints=warn" "-e" "RUSTDOCFLAGS=--cap-lints=warn" "-e" "CARGO_HOME=/opt/rustwide/cargo-home" "-e" "RUSTUP_HOME=/opt/rustwide/rustup-home" "-w" "/opt/rustwide/workdir" "-m" "1610612736" "--user" "0:0" "--network" "none" "ghcr.io/rust-lang/crates-build-env/linux@sha256:f3a9d4ad9d972b27faf3965f35b62e55ba32bbce8f20bc8fe909558a86702fde" "/opt/rustwide/cargo-home/bin/cargo" "+beta-2024-12-08" "test" "--frozen", kill_on_drop: false }`
[INFO] [stdout] 47f9b2c222265d0c8ff32e099acb4c6af5a6c9ecf4baaf3da64cf3ee115b4696
[INFO] running `Command { std: "docker" "start" "-a" "47f9b2c222265d0c8ff32e099acb4c6af5a6c9ecf4baaf3da64cf3ee115b4696", kill_on_drop: false }`
[INFO] [stderr] warning: non-local `impl` definition, `impl` blocks should be written at the same level as their item
[INFO] [stderr]  --> src/lib.rs:4:16
[INFO] [stderr]   |
[INFO] [stderr] 4 | #[derive(Debug,Fail)]
[INFO] [stderr]   |                ^---
[INFO] [stderr]   |                |
[INFO] [stderr]   |                `Fail` is not local
[INFO] [stderr]   |                move the `impl` block outside of this constant `_DERIVE_failure_Fail_FOR_ParseError`
[INFO] [stderr] 5 | pub enum ParseError {
[INFO] [stderr]   |          ---------- `ParseError` is not local
[INFO] [stderr]   |
[INFO] [stderr]   = note: the derive macro `Fail` defines the non-local `impl`, and may need to be changed
[INFO] [stderr]   = note: the derive macro `Fail` may come from an old version of the `failure_derive` crate, try updating your dependency with `cargo update -p failure_derive`
[INFO] [stderr]   = note: an `impl` is never scoped, even when it is nested inside an item, as it may impact type checking outside of that item, which can be the case if neither the trait or the self type are at the same nesting level as the `impl`
[INFO] [stderr]   = note: items in an anonymous const item (`const _: () = { ... }`) are treated as in the same scope as the anonymous const's declaration for the purpose of this lint
[INFO] [stderr]   = note: `#[warn(non_local_definitions)]` on by default
[INFO] [stderr]   = note: this warning originates in the derive macro `Fail` (in Nightly builds, run with -Z macro-backtrace for more info)
[INFO] [stderr] 
[INFO] [stderr] warning: non-local `impl` definition, `impl` blocks should be written at the same level as their item
[INFO] [stderr]  --> src/lib.rs:4:16
[INFO] [stderr]   |
[INFO] [stderr] 4 | #[derive(Debug,Fail)]
[INFO] [stderr]   |                ^---
[INFO] [stderr]   |                |
[INFO] [stderr]   |                `Display` is not local
[INFO] [stderr]   |                move the `impl` block outside of this constant `_DERIVE_failure_core_fmt_Display_FOR_ParseError`
[INFO] [stderr] 5 | pub enum ParseError {
[INFO] [stderr]   |          ---------- `ParseError` is not local
[INFO] [stderr]   |
[INFO] [stderr]   = note: the derive macro `Fail` defines the non-local `impl`, and may need to be changed
[INFO] [stderr]   = note: the derive macro `Fail` may come from an old version of the `failure_derive` crate, try updating your dependency with `cargo update -p failure_derive`
[INFO] [stderr]   = note: an `impl` is never scoped, even when it is nested inside an item, as it may impact type checking outside of that item, which can be the case if neither the trait or the self type are at the same nesting level as the `impl`
[INFO] [stderr]   = note: items in an anonymous const item (`const _: () = { ... }`) are treated as in the same scope as the anonymous const's declaration for the purpose of this lint
[INFO] [stderr]   = note: this warning originates in the derive macro `Fail` (in Nightly builds, run with -Z macro-backtrace for more info)
[INFO] [stderr] 
[INFO] [stderr] warning: `cardparse` (lib) generated 2 warnings
[INFO] [stderr] warning: `cardparse` (lib test) generated 2 warnings (2 duplicates)
[INFO] [stderr]     Finished `test` profile [unoptimized + debuginfo] target(s) in 0.06s
[INFO] [stderr]      Running unittests src/lib.rs (/opt/rustwide/target/debug/deps/cardparse-f7f14e2ffe296049)
[INFO] [stdout] 
[INFO] [stdout] running 3 tests
[INFO] [stdout] test test::simple_test ... ok
[INFO] [stderr]      Running tests/skeptic.rs (/opt/rustwide/target/debug/deps/skeptic-3ba138a28dd2d4ba)
[INFO] [stdout] test test::first_no_end_failure_test ... ok
[INFO] [stdout] test test::first_no_end_test ... ok
[INFO] [stdout] 
[INFO] [stdout] test result: ok. 3 passed; 0 failed; 0 ignored; 0 measured; 0 filtered out; finished in 0.00s
[INFO] [stdout] 
[INFO] [stdout] 
[INFO] [stdout] running 1 test
[INFO] [stdout] test readme_sect_cardparse_line_10 ... FAILED
[INFO] [stdout] 
[INFO] [stdout] failures:
[INFO] [stdout] 
[INFO] [stdout] ---- readme_sect_cardparse_line_10 stdout ----
[INFO] [stdout] error[E0433]: failed to resolve: use of undeclared crate or module `cardparse`
[INFO] [stdout]  --> /tmp/rust-skepticr2x1a7/test.rs:2:5
[INFO] [stdout]   |
[INFO] [stdout] 2 | use cardparse::prelude::*;
[INFO] [stdout]   |     ^^^^^^^^^ use of undeclared crate or module `cardparse`
[INFO] [stdout] 
[INFO] [stdout] error[E0433]: failed to resolve: use of undeclared crate or module `cardparse`
[INFO] [stdout]  --> /tmp/rust-skepticr2x1a7/test.rs:9:10
[INFO] [stdout]   |
[INFO] [stdout] 9 | #[derive(cardparse::CardParse)]
[INFO] [stdout]   |          ^^^^^^^^^ use of undeclared crate or module `cardparse`
[INFO] [stdout] 
[INFO] [stdout] error: cannot find attribute `location` in this scope
[INFO] [stdout]   --> /tmp/rust-skepticr2x1a7/test.rs:14:7
[INFO] [stdout]    |
[INFO] [stdout] 14 |     #[location(line=1,start=1,max=24)]
[INFO] [stdout]    |       ^^^^^^^^
[INFO] [stdout] 
[INFO] [stdout] error: cannot find attribute `location` in this scope
[INFO] [stdout]   --> /tmp/rust-skepticr2x1a7/test.rs:16:7
[INFO] [stdout]    |
[INFO] [stdout] 16 |     #[location(line=2,start=1,end=1)]
[INFO] [stdout]    |       ^^^^^^^^
[INFO] [stdout] 
[INFO] [stdout] error: cannot find attribute `location` in this scope
[INFO] [stdout]   --> /tmp/rust-skepticr2x1a7/test.rs:18:7
[INFO] [stdout]    |
[INFO] [stdout] 18 |     #[location(line=2,start=3,end=7)]
[INFO] [stdout]    |       ^^^^^^^^
[INFO] [stdout] 
[INFO] [stdout] error: cannot find attribute `location` in this scope
[INFO] [stdout]   --> /tmp/rust-skepticr2x1a7/test.rs:20:7
[INFO] [stdout]    |
[INFO] [stdout] 20 |     #[location(line=2,start=8,end=8)]
[INFO] [stdout]    |       ^^^^^^^^
[INFO] [stdout] 
[INFO] [stdout] error: cannot find attribute `location` in this scope
[INFO] [stdout]   --> /tmp/rust-skepticr2x1a7/test.rs:22:7
[INFO] [stdout]    |
[INFO] [stdout] 22 |     #[location(line=2,start=10,end=11)]
[INFO] [stdout]    |       ^^^^^^^^
[INFO] [stdout] 
[INFO] [stdout] error: cannot find attribute `location` in this scope
[INFO] [stdout]   --> /tmp/rust-skepticr2x1a7/test.rs:24:7
[INFO] [stdout]    |
[INFO] [stdout] 24 |     #[location(line=2,start=12,end=14)]
[INFO] [stdout]    |       ^^^^^^^^
[INFO] [stdout] 
[INFO] [stdout] error: cannot find attribute `location` in this scope
[INFO] [stdout]   --> /tmp/rust-skepticr2x1a7/test.rs:26:7
[INFO] [stdout]    |
[INFO] [stdout] 26 |     #[location(line=2,start=15,end=17)]
[INFO] [stdout]    |       ^^^^^^^^
[INFO] [stdout] 
[INFO] [stdout] error: cannot find attribute `location` in this scope
[INFO] [stdout]   --> /tmp/rust-skepticr2x1a7/test.rs:28:7
[INFO] [stdout]    |
[INFO] [stdout] 28 |     #[location(line=2,start=19,end=20)]
[INFO] [stdout]    |       ^^^^^^^^
[INFO] [stdout] 
[INFO] [stdout] error: cannot find attribute `location` in this scope
[INFO] [stdout]   --> /tmp/rust-skepticr2x1a7/test.rs:30:7
[INFO] [stdout]    |
[INFO] [stdout] 30 |     #[location(line=2,start=21,end=32)]
[INFO] [stdout]    |       ^^^^^^^^
[INFO] [stdout] 
[INFO] [stdout] error: cannot find attribute `location` in this scope
[INFO] [stdout]   --> /tmp/rust-skepticr2x1a7/test.rs:32:7
[INFO] [stdout]    |
[INFO] [stdout] 32 |     #[location(line=2,start=34,end=43)]
[INFO] [stdout]    |       ^^^^^^^^
[INFO] [stdout] 
[INFO] [stdout] error: cannot find attribute `location` in this scope
[INFO] [stdout]   --> /tmp/rust-skepticr2x1a7/test.rs:34:7
[INFO] [stdout]    |
[INFO] [stdout] 34 |     #[location(line=2,start=45,end=52)]
[INFO] [stdout]    |       ^^^^^^^^
[INFO] [stdout] 
[INFO] [stdout] error: cannot find attribute `location` in this scope
[INFO] [stdout]   --> /tmp/rust-skepticr2x1a7/test.rs:36:7
[INFO] [stdout]    |
[INFO] [stdout] 36 |     #[location(line=2,start=54,end=61)]
[INFO] [stdout]    |       ^^^^^^^^
[INFO] [stdout] 
[INFO] [stdout] error: cannot find attribute `location` in this scope
[INFO] [stdout]   --> /tmp/rust-skepticr2x1a7/test.rs:38:7
[INFO] [stdout]    |
[INFO] [stdout] 38 |     #[location(line=2,start=63,end=63)]
[INFO] [stdout]    |       ^^^^^^^^
[INFO] [stdout] 
[INFO] [stdout] error: cannot find attribute `location` in this scope
[INFO] [stdout]   --> /tmp/rust-skepticr2x1a7/test.rs:40:7
[INFO] [stdout]    |
[INFO] [stdout] 40 |     #[location(line=2,start=65,end=68)]
[INFO] [stdout]    |       ^^^^^^^^
[INFO] [stdout] 
[INFO] [stdout] error: cannot find attribute `location` in this scope
[INFO] [stdout]   --> /tmp/rust-skepticr2x1a7/test.rs:42:7
[INFO] [stdout]    |
[INFO] [stdout] 42 |     #[location(line=2,start=69,end=69)]
[INFO] [stdout]    |       ^^^^^^^^
[INFO] [stdout] 
[INFO] [stdout] error: cannot find attribute `location` in this scope
[INFO] [stdout]   --> /tmp/rust-skepticr2x1a7/test.rs:44:7
[INFO] [stdout]    |
[INFO] [stdout] 44 |     #[location(line=3,start=01,end=01)]
[INFO] [stdout]    |       ^^^^^^^^
[INFO] [stdout] 
[INFO] [stdout] error: cannot find attribute `location` in this scope
[INFO] [stdout]   --> /tmp/rust-skepticr2x1a7/test.rs:46:7
[INFO] [stdout]    |
[INFO] [stdout] 46 |     #[location(line=3,start=03,end=07)]
[INFO] [stdout]    |       ^^^^^^^^
[INFO] [stdout] 
[INFO] [stdout] error: cannot find attribute `location` in this scope
[INFO] [stdout]   --> /tmp/rust-skepticr2x1a7/test.rs:48:7
[INFO] [stdout]    |
[INFO] [stdout] 48 |     #[location(line=3,start=09,end=16)]
[INFO] [stdout]    |       ^^^^^^^^
[INFO] [stdout] 
[INFO] [stdout] error: cannot find attribute `location` in this scope
[INFO] [stdout]   --> /tmp/rust-skepticr2x1a7/test.rs:50:7
[INFO] [stdout]    |
[INFO] [stdout] 50 |     #[location(line=3,start=18,end=25)]
[INFO] [stdout]    |       ^^^^^^^^
[INFO] [stdout] 
[INFO] [stdout] error: cannot find attribute `location` in this scope
[INFO] [stdout]   --> /tmp/rust-skepticr2x1a7/test.rs:52:7
[INFO] [stdout]    |
[INFO] [stdout] 52 |     #[location(line=3,start=27,end=33)]
[INFO] [stdout]    |       ^^^^^^^^
[INFO] [stdout] 
[INFO] [stdout] error: cannot find attribute `location` in this scope
[INFO] [stdout]   --> /tmp/rust-skepticr2x1a7/test.rs:54:7
[INFO] [stdout]    |
[INFO] [stdout] 54 |     #[location(line=3,start=35,end=42)]
[INFO] [stdout]    |       ^^^^^^^^
[INFO] [stdout] 
[INFO] [stdout] error: cannot find attribute `location` in this scope
[INFO] [stdout]   --> /tmp/rust-skepticr2x1a7/test.rs:56:7
[INFO] [stdout]    |
[INFO] [stdout] 56 |     #[location(line=3,start=44,end=51)]
[INFO] [stdout]    |       ^^^^^^^^
[INFO] [stdout] 
[INFO] [stdout] error: cannot find attribute `location` in this scope
[INFO] [stdout]   --> /tmp/rust-skepticr2x1a7/test.rs:58:7
[INFO] [stdout]    |
[INFO] [stdout] 58 |     #[location(line=3,start=53,end=63)]
[INFO] [stdout]    |       ^^^^^^^^
[INFO] [stdout] 
[INFO] [stdout] error: cannot find attribute `location` in this scope
[INFO] [stdout]   --> /tmp/rust-skepticr2x1a7/test.rs:60:7
[INFO] [stdout]    |
[INFO] [stdout] 60 |     #[location(line=3,start=64,end=68)]
[INFO] [stdout]    |       ^^^^^^^^
[INFO] [stdout] 
[INFO] [stdout] error: cannot find attribute `location` in this scope
[INFO] [stdout]   --> /tmp/rust-skepticr2x1a7/test.rs:62:7
[INFO] [stdout]    |
[INFO] [stdout] 62 |     #[location(line=3,start=69,end=69)]
[INFO] [stdout]    |       ^^^^^^^^
[INFO] [stdout] 
[INFO] [stdout] error[E0599]: no function or associated item named `cardparse` found for struct `TwoLineElement` in the current scope
[INFO] [stdout]   --> /tmp/rust-skepticr2x1a7/test.rs:67:30
[INFO] [stdout]    |
[INFO] [stdout] 10 | struct TwoLineElement {
[INFO] [stdout]    | --------------------- function or associated item `cardparse` not found for this struct
[INFO] [stdout] ...
[INFO] [stdout] 67 |    let tle = TwoLineElement::cardparse(TLE_STRING).unwrap();
[INFO] [stdout]    |                              ^^^^^^^^^ function or associated item not found in `TwoLineElement`
[INFO] [stdout] 
[INFO] [stdout] error: aborting due to 28 previous errors
[INFO] [stdout] 
[INFO] [stdout] Some errors have detailed explanations: E0433, E0599.
[INFO] [stdout] For more information about an error, try `rustc --explain E0433`.
[INFO] [stdout] thread 'readme_sect_cardparse_line_10' panicked at /opt/rustwide/cargo-home/registry/src/index.crates.io-6f17d22bba15001f/skeptic-0.13.7/src/rt.rs:127:9:
[INFO] [stdout] Command failed:
[INFO] [stdout] "rustc" "/tmp/rust-skepticr2x1a7/test.rs" "--verbose" "--crate-type=bin" "--edition=2021" "-L" "/opt/rustwide/target/debug" "-L" "/opt/rustwide/target/debug/deps" "--target" "x86_64-unknown-linux-gnu" "-o" "/tmp/rust-skepticr2x1a7/out.exe"
[INFO] [stdout] stack backtrace:
[INFO] [stdout]    0:     0x63fabbd1edea - std::backtrace_rs::backtrace::libunwind::trace::h8810477743020387
[INFO] [stdout]                                at /rustc/202008a1b8de96d2e5b6bc02d379db03a877d34d/library/std/src/../../backtrace/src/backtrace/libunwind.rs:116:5
[INFO] [stdout]    1:     0x63fabbd1edea - std::backtrace_rs::backtrace::trace_unsynchronized::h3aa55355dd6c54a6
[INFO] [stdout]                                at /rustc/202008a1b8de96d2e5b6bc02d379db03a877d34d/library/std/src/../../backtrace/src/backtrace/mod.rs:66:5
[INFO] [stdout]    2:     0x63fabbd1edea - std::sys::backtrace::_print_fmt::h8588b0f62410823f
[INFO] [stdout]                                at /rustc/202008a1b8de96d2e5b6bc02d379db03a877d34d/library/std/src/sys/backtrace.rs:66:9
[INFO] [stdout]    3:     0x63fabbd1edea - <std::sys::backtrace::BacktraceLock::print::DisplayBacktrace as core::fmt::Display>::fmt::h98c26ac25ffe89bb
[INFO] [stdout]                                at /rustc/202008a1b8de96d2e5b6bc02d379db03a877d34d/library/std/src/sys/backtrace.rs:39:26
[INFO] [stdout]    4:     0x63fabbd46633 - core::fmt::rt::Argument::fmt::hf95377f4aebd453b
[INFO] [stdout]                                at /rustc/202008a1b8de96d2e5b6bc02d379db03a877d34d/library/core/src/fmt/rt.rs:177:76
[INFO] [stdout]    5:     0x63fabbd46633 - core::fmt::write::h0dd5f6e2238c7982
[INFO] [stdout]                                at /rustc/202008a1b8de96d2e5b6bc02d379db03a877d34d/library/core/src/fmt/mod.rs:1189:21
[INFO] [stdout]    6:     0x63fabbd1bb83 - std::io::Write::write_fmt::h03bb0ca26e6faf8c
[INFO] [stdout]                                at /rustc/202008a1b8de96d2e5b6bc02d379db03a877d34d/library/std/src/io/mod.rs:1884:15
[INFO] [stdout]    7:     0x63fabbd1ec32 - std::sys::backtrace::BacktraceLock::print::h5c19c1c038ee186d
[INFO] [stdout]                                at /rustc/202008a1b8de96d2e5b6bc02d379db03a877d34d/library/std/src/sys/backtrace.rs:42:9
[INFO] [stdout]    8:     0x63fabbd202ed - std::panicking::default_hook::{{closure}}::h77172f079a1fcb13
[INFO] [stdout]                                at /rustc/202008a1b8de96d2e5b6bc02d379db03a877d34d/library/std/src/panicking.rs:268:22
[INFO] [stdout]    9:     0x63fabbd200f7 - std::panicking::default_hook::he5f8e3b203ccddba
[INFO] [stdout]                                at /rustc/202008a1b8de96d2e5b6bc02d379db03a877d34d/library/std/src/panicking.rs:292:9
[INFO] [stdout]   10:     0x63fabbc16b07 - <alloc::boxed::Box<F,A> as core::ops::function::Fn<Args>>::call::h7a3c7b4a1ae77f2f
[INFO] [stdout]                                at /rustc/202008a1b8de96d2e5b6bc02d379db03a877d34d/library/alloc/src/boxed.rs:1986:9
[INFO] [stdout]   11:     0x63fabbc16b07 - test::test_main::{{closure}}::hf0d3b69ae9b353d1
[INFO] [stdout]                                at /rustc/202008a1b8de96d2e5b6bc02d379db03a877d34d/library/test/src/lib.rs:134:21
[INFO] [stdout]   12:     0x63fabbd20998 - <alloc::boxed::Box<F,A> as core::ops::function::Fn<Args>>::call::h6332e82e7b189abd
[INFO] [stdout]                                at /rustc/202008a1b8de96d2e5b6bc02d379db03a877d34d/library/alloc/src/boxed.rs:1986:9
[INFO] [stdout]   13:     0x63fabbd20998 - std::panicking::rust_panic_with_hook::h53863d4e9018df39
[INFO] [stdout]                                at /rustc/202008a1b8de96d2e5b6bc02d379db03a877d34d/library/std/src/panicking.rs:809:13
[INFO] [stdout]   14:     0x63fabbd2075a - std::panicking::begin_panic_handler::{{closure}}::h67280e6fa0757873
[INFO] [stdout]                                at /rustc/202008a1b8de96d2e5b6bc02d379db03a877d34d/library/std/src/panicking.rs:674:13
[INFO] [stdout]   15:     0x63fabbd1f2c9 - std::sys::backtrace::__rust_end_short_backtrace::h1dac3f54d6fbbeb2
[INFO] [stdout]                                at /rustc/202008a1b8de96d2e5b6bc02d379db03a877d34d/library/std/src/sys/backtrace.rs:170:18
[INFO] [stdout]   16:     0x63fabbd203ec - rust_begin_unwind
[INFO] [stdout]                                at /rustc/202008a1b8de96d2e5b6bc02d379db03a877d34d/library/std/src/panicking.rs:665:5
[INFO] [stdout]   17:     0x63fabbbdc1a0 - core::panicking::panic_fmt::h6792bd1b2bf01041
[INFO] [stdout]                                at /rustc/202008a1b8de96d2e5b6bc02d379db03a877d34d/library/core/src/panicking.rs:76:14
[INFO] [stdout]   18:     0x63fabbc241d1 - skeptic::rt::interpret_output::h873629070ecc64ba
[INFO] [stdout]                                at /opt/rustwide/cargo-home/registry/src/index.crates.io-6f17d22bba15001f/skeptic-0.13.7/src/rt.rs:127:9
[INFO] [stdout]   19:     0x63fabbc23187 - skeptic::rt::handle_test::h33c7d37ae62107c4
[INFO] [stdout]                                at /opt/rustwide/cargo-home/registry/src/index.crates.io-6f17d22bba15001f/skeptic-0.13.7/src/rt.rs:111:5
[INFO] [stdout]   20:     0x63fabbc223e6 - skeptic::rt::run_test::ha1d76590e2d5fb7e
[INFO] [stdout]                                at /opt/rustwide/cargo-home/registry/src/index.crates.io-6f17d22bba15001f/skeptic-0.13.7/src/rt.rs:25:5
[INFO] [stdout]   21:     0x63fabbbdd22e - skeptic::readme_sect_cardparse_line_10::h46a9d5a6d1e14c9f
[INFO] [stdout]                                at /opt/rustwide/target/debug/build/cardparse-5df8240f4479d78b/out/skeptic-tests.rs:73:5
[INFO] [stdout]   22:     0x63fabbbdd147 - skeptic::readme_sect_cardparse_line_10::{{closure}}::hc22717e16dbd6ab5
[INFO] [stdout]                                at /opt/rustwide/target/debug/build/cardparse-5df8240f4479d78b/out/skeptic-tests.rs:2:43
[INFO] [stdout]   23:     0x63fabbbdcbe6 - core::ops::function::FnOnce::call_once::h02e67f26ea694546
[INFO] [stdout]                                at /rustc/202008a1b8de96d2e5b6bc02d379db03a877d34d/library/core/src/ops/function.rs:250:5
[INFO] [stdout]   24:     0x63fabbc1b62b - core::ops::function::FnOnce::call_once::h871bf86719ec9aa4
[INFO] [stdout]                                at /rustc/202008a1b8de96d2e5b6bc02d379db03a877d34d/library/core/src/ops/function.rs:250:5
[INFO] [stdout]   25:     0x63fabbc1b62b - test::__rust_begin_short_backtrace::h2167df1e2b7d76fd
[INFO] [stdout]                                at /rustc/202008a1b8de96d2e5b6bc02d379db03a877d34d/library/test/src/lib.rs:632:18
[INFO] [stdout]   26:     0x63fabbc1b018 - test::run_test_in_process::{{closure}}::h15d92f75a3adfb79
[INFO] [stdout]                                at /rustc/202008a1b8de96d2e5b6bc02d379db03a877d34d/library/test/src/lib.rs:655:60
[INFO] [stdout]   27:     0x63fabbc1b018 - <core::panic::unwind_safe::AssertUnwindSafe<F> as core::ops::function::FnOnce<()>>::call_once::hb6c8955835a8dbbb
[INFO] [stdout]                                at /rustc/202008a1b8de96d2e5b6bc02d379db03a877d34d/library/core/src/panic/unwind_safe.rs:272:9
[INFO] [stdout]   28:     0x63fabbc1b018 - std::panicking::try::do_call::hc79d0fc888a0bd30
[INFO] [stdout]                                at /rustc/202008a1b8de96d2e5b6bc02d379db03a877d34d/library/std/src/panicking.rs:557:40
[INFO] [stdout]   29:     0x63fabbc1b018 - std::panicking::try::hb8a7878e3a8589d6
[INFO] [stdout]                                at /rustc/202008a1b8de96d2e5b6bc02d379db03a877d34d/library/std/src/panicking.rs:520:19
[INFO] [stdout]   30:     0x63fabbc1b018 - std::panic::catch_unwind::hb8e4600ff0ff5cfa
[INFO] [stdout]                                at /rustc/202008a1b8de96d2e5b6bc02d379db03a877d34d/library/std/src/panic.rs:358:14
[INFO] [stdout]   31:     0x63fabbc1b018 - test::run_test_in_process::hc2900b0b18688dd6
[INFO] [stdout]                                at /rustc/202008a1b8de96d2e5b6bc02d379db03a877d34d/library/test/src/lib.rs:655:27
[INFO] [stdout]   32:     0x63fabbc1b018 - test::run_test::{{closure}}::hac2a9cb07be3d48d
[INFO] [stdout]                                at /rustc/202008a1b8de96d2e5b6bc02d379db03a877d34d/library/test/src/lib.rs:576:43
[INFO] [stdout]   33:     0x63fabbbdeaba - test::run_test::{{closure}}::h4a5b729e66a38cd8
[INFO] [stdout]                                at /rustc/202008a1b8de96d2e5b6bc02d379db03a877d34d/library/test/src/lib.rs:606:41
[INFO] [stdout]   34:     0x63fabbbdeaba - std::sys::backtrace::__rust_begin_short_backtrace::h0496fb742492f573
[INFO] [stdout]                                at /rustc/202008a1b8de96d2e5b6bc02d379db03a877d34d/library/std/src/sys/backtrace.rs:154:18
[INFO] [stdout]   35:     0x63fabbbe2434 - std::thread::Builder::spawn_unchecked_::{{closure}}::{{closure}}::hbb6d257c550a54bd
[INFO] [stdout]                                at /rustc/202008a1b8de96d2e5b6bc02d379db03a877d34d/library/std/src/thread/mod.rs:561:17
[INFO] [stdout]   36:     0x63fabbbe2434 - <core::panic::unwind_safe::AssertUnwindSafe<F> as core::ops::function::FnOnce<()>>::call_once::h46696fe4a6832328
[INFO] [stdout]                                at /rustc/202008a1b8de96d2e5b6bc02d379db03a877d34d/library/core/src/panic/unwind_safe.rs:272:9
[INFO] [stdout]   37:     0x63fabbbe2434 - std::panicking::try::do_call::h2625a51b667bfb64
[INFO] [stdout]                                at /rustc/202008a1b8de96d2e5b6bc02d379db03a877d34d/library/std/src/panicking.rs:557:40
[INFO] [stdout]   38:     0x63fabbbe2434 - std::panicking::try::hb956a59a1973aa4c
[INFO] [stdout]                                at /rustc/202008a1b8de96d2e5b6bc02d379db03a877d34d/library/std/src/panicking.rs:520:19
[INFO] [stdout]   39:     0x63fabbbe2434 - std::panic::catch_unwind::h64f3b9d1067ef6a0
[INFO] [stdout]                                at /rustc/202008a1b8de96d2e5b6bc02d379db03a877d34d/library/std/src/panic.rs:358:14
[INFO] [stdout]   40:     0x63fabbbe2434 - std::thread::Builder::spawn_unchecked_::{{closure}}::h42b2841295b6c0b2
[INFO] [stdout]                                at /rustc/202008a1b8de96d2e5b6bc02d379db03a877d34d/library/std/src/thread/mod.rs:559:30
[INFO] [stdout]   41:     0x63fabbbe2434 - core::ops::function::FnOnce::call_once{{vtable.shim}}::h6127de71b8124639
[INFO] [stdout]                                at /rustc/202008a1b8de96d2e5b6bc02d379db03a877d34d/library/core/src/ops/function.rs:250:5
[INFO] [stdout]   42:     0x63fabbd260db - <alloc::boxed::Box<F,A> as core::ops::function::FnOnce<Args>>::call_once::h42f0ba71002a1b2c
[INFO] [stdout]                                at /rustc/202008a1b8de96d2e5b6bc02d379db03a877d34d/library/alloc/src/boxed.rs:1972:9
[INFO] [stdout]   43:     0x63fabbd260db - <alloc::boxed::Box<F,A> as core::ops::function::FnOnce<Args>>::call_once::had9e47d7a3dcecb8
[INFO] [stdout]                                at /rustc/202008a1b8de96d2e5b6bc02d379db03a877d34d/library/alloc/src/boxed.rs:1972:9
[INFO] [stdout]   44:     0x63fabbd260db - std::sys::pal::unix::thread::Thread::new::thread_start::h48cf765408f6f5f2
[INFO] [stdout]                                at /rustc/202008a1b8de96d2e5b6bc02d379db03a877d34d/library/std/src/sys/pal/unix/thread.rs:105:17
[INFO] [stdout]   45:     0x765d27804ac3 - <unknown>
[INFO] [stdout]   46:     0x765d27895a04 - clone
[INFO] [stdout]   47:                0x0 - <unknown>
[INFO] [stdout] 
[INFO] [stdout] 
[INFO] [stdout] failures:
[INFO] [stdout]     readme_sect_cardparse_line_10
[INFO] [stdout] 
[INFO] [stdout] test result: FAILED. 0 passed; 1 failed; 0 ignored; 0 measured; 0 filtered out; finished in 0.48s
[INFO] [stdout] 
[INFO] [stderr] error: test failed, to rerun pass `--test skeptic`
[INFO] running `Command { std: "docker" "inspect" "47f9b2c222265d0c8ff32e099acb4c6af5a6c9ecf4baaf3da64cf3ee115b4696", kill_on_drop: false }`
[INFO] running `Command { std: "docker" "rm" "-f" "47f9b2c222265d0c8ff32e099acb4c6af5a6c9ecf4baaf3da64cf3ee115b4696", kill_on_drop: false }`
[INFO] [stdout] 47f9b2c222265d0c8ff32e099acb4c6af5a6c9ecf4baaf3da64cf3ee115b4696
