[INFO] fetching crate cardpack 0.5.2...
[INFO] testing cardpack-0.5.2 against 1.83.0 for beta-1.84.0-4-retry
[INFO] extracting crate cardpack 0.5.2 into /workspace/builds/worker-6-tc1/source
[INFO] validating manifest of crates.io crate cardpack 0.5.2 on toolchain 1.83.0
[INFO] running `Command { std: CARGO_HOME="/workspace/cargo-home" RUSTUP_HOME="/workspace/rustup-home" "/workspace/cargo-home/bin/cargo" "+1.83.0" "metadata" "--manifest-path" "Cargo.toml" "--no-deps", kill_on_drop: false }`
[INFO] started tweaking crates.io crate cardpack 0.5.2
[INFO] finished tweaking crates.io crate cardpack 0.5.2
[INFO] tweaked toml for crates.io crate cardpack 0.5.2 written to /workspace/builds/worker-6-tc1/source/Cargo.toml
[INFO] crate crates.io crate cardpack 0.5.2 already has a lockfile, it will not be regenerated
[INFO] running `Command { std: CARGO_HOME="/workspace/cargo-home" RUSTUP_HOME="/workspace/rustup-home" "/workspace/cargo-home/bin/cargo" "+1.83.0" "fetch" "--manifest-path" "Cargo.toml", kill_on_drop: false }`
[INFO] [stderr]     Blocking waiting for file lock on package cache
[INFO] [stderr]     Blocking waiting for file lock on package cache
[INFO] [stderr]  Downloading crates ...
[INFO] [stderr]   Downloaded term-table v1.4.0
[INFO] [stderr]   Downloaded fluent-templates v0.10.1
[INFO] [stderr]   Downloaded rstest v0.22.0
[INFO] [stderr]   Downloaded rstest_macros v0.22.0
[INFO] [stderr]   Downloaded fluent-template-macros v0.10.1
[INFO] running `Command { std: "docker" "create" "-v" "/var/lib/crater-agent-workspace/builds/worker-6-tc1/target:/opt/rustwide/target:rw,Z" "-v" "/var/lib/crater-agent-workspace/builds/worker-6-tc1/source:/opt/rustwide/workdir:ro,Z" "-v" "/var/lib/crater-agent-workspace/cargo-home:/opt/rustwide/cargo-home:ro,Z" "-v" "/var/lib/crater-agent-workspace/rustup-home:/opt/rustwide/rustup-home:ro,Z" "-e" "SOURCE_DIR=/opt/rustwide/workdir" "-e" "CARGO_TARGET_DIR=/opt/rustwide/target" "-e" "CARGO_HOME=/opt/rustwide/cargo-home" "-e" "RUSTUP_HOME=/opt/rustwide/rustup-home" "-w" "/opt/rustwide/workdir" "-m" "1610612736" "--user" "0:0" "--network" "none" "ghcr.io/rust-lang/crates-build-env/linux@sha256:f3a9d4ad9d972b27faf3965f35b62e55ba32bbce8f20bc8fe909558a86702fde" "/opt/rustwide/cargo-home/bin/cargo" "+1.83.0" "metadata" "--no-deps" "--format-version=1", kill_on_drop: false }`
[INFO] [stdout] 180d30b58fb733365a3054d7a6bb0941a8fa6bc33992c8632e98127f78c168df
[INFO] running `Command { std: "docker" "start" "-a" "180d30b58fb733365a3054d7a6bb0941a8fa6bc33992c8632e98127f78c168df", kill_on_drop: false }`
[INFO] running `Command { std: "docker" "inspect" "180d30b58fb733365a3054d7a6bb0941a8fa6bc33992c8632e98127f78c168df", kill_on_drop: false }`
[INFO] running `Command { std: "docker" "rm" "-f" "180d30b58fb733365a3054d7a6bb0941a8fa6bc33992c8632e98127f78c168df", kill_on_drop: false }`
[INFO] [stdout] 180d30b58fb733365a3054d7a6bb0941a8fa6bc33992c8632e98127f78c168df
[INFO] running `Command { std: "docker" "create" "-v" "/var/lib/crater-agent-workspace/builds/worker-6-tc1/target:/opt/rustwide/target:rw,Z" "-v" "/var/lib/crater-agent-workspace/builds/worker-6-tc1/source:/opt/rustwide/workdir:ro,Z" "-v" "/var/lib/crater-agent-workspace/cargo-home:/opt/rustwide/cargo-home:ro,Z" "-v" "/var/lib/crater-agent-workspace/rustup-home:/opt/rustwide/rustup-home:ro,Z" "-e" "SOURCE_DIR=/opt/rustwide/workdir" "-e" "CARGO_TARGET_DIR=/opt/rustwide/target" "-e" "CARGO_INCREMENTAL=0" "-e" "RUST_BACKTRACE=full" "-e" "RUSTFLAGS=--cap-lints=warn" "-e" "RUSTDOCFLAGS=--cap-lints=warn" "-e" "CARGO_HOME=/opt/rustwide/cargo-home" "-e" "RUSTUP_HOME=/opt/rustwide/rustup-home" "-w" "/opt/rustwide/workdir" "-m" "1610612736" "--user" "0:0" "--network" "none" "ghcr.io/rust-lang/crates-build-env/linux@sha256:f3a9d4ad9d972b27faf3965f35b62e55ba32bbce8f20bc8fe909558a86702fde" "/opt/rustwide/cargo-home/bin/cargo" "+1.83.0" "build" "--frozen" "--message-format=json", kill_on_drop: false }`
[INFO] [stdout] a7617705f7da79561a393ecac6f3835a1e2f4d2c60d857653653480d71e14aa5
[INFO] running `Command { std: "docker" "start" "-a" "a7617705f7da79561a393ecac6f3835a1e2f4d2c60d857653653480d71e14aa5", kill_on_drop: false }`
[INFO] [stderr]    Compiling proc-macro2 v1.0.79
[INFO] [stderr]    Compiling unicode-ident v1.0.12
[INFO] [stderr]    Compiling memchr v2.7.2
[INFO] [stderr]    Compiling proc-macro-hack v0.5.20+deprecated
[INFO] [stderr]    Compiling libc v0.2.153
[INFO] [stderr]    Compiling crossbeam-utils v0.8.19
[INFO] [stderr]    Compiling autocfg v1.2.0
[INFO] [stderr]    Compiling cfg-if v1.0.0
[INFO] [stderr]    Compiling log v0.4.22
[INFO] [stderr]    Compiling regex-syntax v0.8.3
[INFO] [stderr]    Compiling scopeguard v1.2.0
[INFO] [stderr]    Compiling same-file v1.0.6
[INFO] [stderr]    Compiling thiserror v1.0.58
[INFO] [stderr]    Compiling rustc-hash v1.1.0
[INFO] [stderr]    Compiling self_cell v1.0.3
[INFO] [stderr]    Compiling type-map v0.4.0
[INFO] [stderr]    Compiling self_cell v0.10.3
[INFO] [stderr]    Compiling once_cell v1.19.0
[INFO] [stderr]    Compiling lazy_static v1.4.0
[INFO] [stderr]    Compiling futures-sink v0.3.30
[INFO] [stderr]    Compiling walkdir v2.5.0
[INFO] [stderr]    Compiling smallvec v1.13.2
[INFO] [stderr]    Compiling futures-core v0.3.30
[INFO] [stderr]    Compiling ppv-lite86 v0.2.17
[INFO] [stderr]    Compiling unicode-width v0.1.11
[INFO] [stderr]    Compiling colored v2.1.0
[INFO] [stderr]    Compiling lock_api v0.4.11
[INFO] [stderr]    Compiling aho-corasick v1.1.3
[INFO] [stderr]    Compiling bstr v1.9.1
[INFO] [stderr]    Compiling spin v0.9.8
[INFO] [stderr]    Compiling crossbeam-epoch v0.9.18
[INFO] [stderr]    Compiling quote v1.0.36
[INFO] [stderr]    Compiling flume v0.11.0
[INFO] [stderr]    Compiling getrandom v0.2.14
[INFO] [stderr]    Compiling syn v2.0.58
[INFO] [stderr]    Compiling rand_core v0.6.4
[INFO] [stderr]    Compiling nanorand v0.7.0
[INFO] [stderr]    Compiling crossbeam-deque v0.8.5
[INFO] [stderr]    Compiling rand_chacha v0.3.1
[INFO] [stderr]    Compiling rand v0.8.5
[INFO] [stderr]    Compiling regex-automata v0.4.6
[INFO] [stderr]    Compiling displaydoc v0.2.4
[INFO] [stderr]    Compiling thiserror-impl v1.0.58
[INFO] [stderr]    Compiling globset v0.4.14
[INFO] [stderr]    Compiling regex v1.10.4
[INFO] [stderr]    Compiling ignore v0.4.22
[INFO] [stderr]    Compiling tinystr v0.7.5
[INFO] [stderr]    Compiling unic-langid-impl v0.9.5
[INFO] [stderr]    Compiling term-table v1.4.0
[INFO] [stderr]    Compiling unic-langid-macros-impl v0.9.5
[INFO] [stderr]    Compiling fluent-syntax v0.11.0
[INFO] [stderr]    Compiling unic-langid-macros v0.9.5
[INFO] [stderr]    Compiling unic-langid v0.9.5
[INFO] [stderr]    Compiling fluent-langneg v0.13.0
[INFO] [stderr]    Compiling intl_pluralrules v7.0.2
[INFO] [stderr]    Compiling intl-memoizer v0.5.1
[INFO] [stderr]    Compiling fluent-template-macros v0.10.1
[INFO] [stderr]    Compiling fluent-bundle v0.15.2
[INFO] [stderr]    Compiling fluent-templates v0.10.1
[INFO] [stderr]    Compiling cardpack v0.5.2 (/opt/rustwide/workdir)
[INFO] [stderr]     Finished `dev` profile [unoptimized + debuginfo] target(s) in 29.50s
[INFO] running `Command { std: "docker" "inspect" "a7617705f7da79561a393ecac6f3835a1e2f4d2c60d857653653480d71e14aa5", kill_on_drop: false }`
[INFO] running `Command { std: "docker" "rm" "-f" "a7617705f7da79561a393ecac6f3835a1e2f4d2c60d857653653480d71e14aa5", kill_on_drop: false }`
[INFO] [stdout] a7617705f7da79561a393ecac6f3835a1e2f4d2c60d857653653480d71e14aa5
[INFO] running `Command { std: "docker" "create" "-v" "/var/lib/crater-agent-workspace/builds/worker-6-tc1/target:/opt/rustwide/target:rw,Z" "-v" "/var/lib/crater-agent-workspace/builds/worker-6-tc1/source:/opt/rustwide/workdir:ro,Z" "-v" "/var/lib/crater-agent-workspace/cargo-home:/opt/rustwide/cargo-home:ro,Z" "-v" "/var/lib/crater-agent-workspace/rustup-home:/opt/rustwide/rustup-home:ro,Z" "-e" "SOURCE_DIR=/opt/rustwide/workdir" "-e" "CARGO_TARGET_DIR=/opt/rustwide/target" "-e" "CARGO_INCREMENTAL=0" "-e" "RUST_BACKTRACE=full" "-e" "RUSTFLAGS=--cap-lints=warn" "-e" "RUSTDOCFLAGS=--cap-lints=warn" "-e" "CARGO_HOME=/opt/rustwide/cargo-home" "-e" "RUSTUP_HOME=/opt/rustwide/rustup-home" "-w" "/opt/rustwide/workdir" "-m" "1610612736" "--user" "0:0" "--network" "none" "ghcr.io/rust-lang/crates-build-env/linux@sha256:f3a9d4ad9d972b27faf3965f35b62e55ba32bbce8f20bc8fe909558a86702fde" "/opt/rustwide/cargo-home/bin/cargo" "+1.83.0" "test" "--frozen" "--no-run" "--message-format=json", kill_on_drop: false }`
[INFO] [stdout] f32b41c9016c12219014cbe9f5286a60ed21e3193f28207a1d37def93500d585
[INFO] running `Command { std: "docker" "start" "-a" "f32b41c9016c12219014cbe9f5286a60ed21e3193f28207a1d37def93500d585", kill_on_drop: false }`
[INFO] [stderr]    Compiling syn v2.0.58
[INFO] [stderr]    Compiling futures-core v0.3.30
[INFO] [stderr]    Compiling futures-sink v0.3.30
[INFO] [stderr]    Compiling semver v1.0.22
[INFO] [stderr]    Compiling hashbrown v0.14.5
[INFO] [stderr]    Compiling slab v0.4.9
[INFO] [stderr]    Compiling equivalent v1.0.1
[INFO] [stderr]    Compiling toml_datetime v0.6.8
[INFO] [stderr]    Compiling winnow v0.5.40
[INFO] [stderr]    Compiling futures-io v0.3.30
[INFO] [stderr]    Compiling pin-utils v0.1.0
[INFO] [stderr]    Compiling pin-project-lite v0.2.14
[INFO] [stderr]    Compiling futures-task v0.3.30
[INFO] [stderr]    Compiling glob v0.3.1
[INFO] [stderr]    Compiling relative-path v1.9.2
[INFO] [stderr]    Compiling futures-timer v3.0.3
[INFO] [stderr]    Compiling futures-channel v0.3.30
[INFO] [stderr]    Compiling flume v0.11.0
[INFO] [stderr]    Compiling rustc_version v0.4.0
[INFO] [stderr]    Compiling rstest_macros v0.22.0
[INFO] [stderr]    Compiling indexmap v2.4.0
[INFO] [stderr]    Compiling toml_edit v0.21.1
[INFO] [stderr]    Compiling proc-macro-crate v3.1.0
[INFO] [stderr]    Compiling displaydoc v0.2.4
[INFO] [stderr]    Compiling thiserror-impl v1.0.58
[INFO] [stderr]    Compiling futures-macro v0.3.30
[INFO] [stderr]    Compiling futures-util v0.3.30
[INFO] [stderr]    Compiling tinystr v0.7.5
[INFO] [stderr]    Compiling unic-langid-impl v0.9.5
[INFO] [stderr]    Compiling thiserror v1.0.58
[INFO] [stderr]    Compiling fluent-syntax v0.11.0
[INFO] [stderr]    Compiling unic-langid-macros-impl v0.9.5
[INFO] [stderr]    Compiling unic-langid-macros v0.9.5
[INFO] [stderr]    Compiling unic-langid v0.9.5
[INFO] [stderr]    Compiling intl_pluralrules v7.0.2
[INFO] [stderr]    Compiling intl-memoizer v0.5.1
[INFO] [stderr]    Compiling fluent-langneg v0.13.0
[INFO] [stderr]    Compiling fluent-template-macros v0.10.1
[INFO] [stderr]    Compiling fluent-bundle v0.15.2
[INFO] [stderr]    Compiling futures-executor v0.3.30
[INFO] [stderr]    Compiling futures v0.3.30
[INFO] [stderr]    Compiling rstest v0.22.0
[INFO] [stderr]    Compiling fluent-templates v0.10.1
[INFO] [stderr]    Compiling cardpack v0.5.2 (/opt/rustwide/workdir)
[INFO] [stderr]     Finished `test` profile [unoptimized + debuginfo] target(s) in 24.30s
[INFO] running `Command { std: "docker" "inspect" "f32b41c9016c12219014cbe9f5286a60ed21e3193f28207a1d37def93500d585", kill_on_drop: false }`
[INFO] running `Command { std: "docker" "rm" "-f" "f32b41c9016c12219014cbe9f5286a60ed21e3193f28207a1d37def93500d585", kill_on_drop: false }`
[INFO] [stdout] f32b41c9016c12219014cbe9f5286a60ed21e3193f28207a1d37def93500d585
[INFO] running `Command { std: "docker" "create" "-v" "/var/lib/crater-agent-workspace/builds/worker-6-tc1/target:/opt/rustwide/target:rw,Z" "-v" "/var/lib/crater-agent-workspace/builds/worker-6-tc1/source:/opt/rustwide/workdir:ro,Z" "-v" "/var/lib/crater-agent-workspace/cargo-home:/opt/rustwide/cargo-home:ro,Z" "-v" "/var/lib/crater-agent-workspace/rustup-home:/opt/rustwide/rustup-home:ro,Z" "-e" "SOURCE_DIR=/opt/rustwide/workdir" "-e" "CARGO_TARGET_DIR=/opt/rustwide/target" "-e" "CARGO_INCREMENTAL=0" "-e" "RUST_BACKTRACE=full" "-e" "RUSTFLAGS=--cap-lints=warn" "-e" "RUSTDOCFLAGS=--cap-lints=warn" "-e" "CARGO_HOME=/opt/rustwide/cargo-home" "-e" "RUSTUP_HOME=/opt/rustwide/rustup-home" "-w" "/opt/rustwide/workdir" "-m" "1610612736" "--user" "0:0" "--network" "none" "ghcr.io/rust-lang/crates-build-env/linux@sha256:f3a9d4ad9d972b27faf3965f35b62e55ba32bbce8f20bc8fe909558a86702fde" "/opt/rustwide/cargo-home/bin/cargo" "+1.83.0" "test" "--frozen", kill_on_drop: false }`
[INFO] [stdout] 147c7293286c54180fdf4681bef4d52f76c4989b6e0cfa77cd9a5156bf21d0a0
[INFO] running `Command { std: "docker" "start" "-a" "147c7293286c54180fdf4681bef4d52f76c4989b6e0cfa77cd9a5156bf21d0a0", kill_on_drop: false }`
[INFO] [stderr]     Finished `test` profile [unoptimized + debuginfo] target(s) in 0.16s
[INFO] [stderr]      Running unittests src/lib.rs (/opt/rustwide/target/debug/deps/cardpack-8e1d85290ad2f5c7)
[INFO] [stdout] 
[INFO] [stdout] running 264 tests
[INFO] [stdout] test cards::card::card_tests::named__long ... ok
[INFO] [stdout] test cards::card::card_tests::named__default_weight ... ok
[INFO] [stdout] test cards::card::card_tests::named__index ... ok
[INFO] [stdout] test cards::card::card_tests::named__name ... ok
[INFO] [stdout] test cards::card::card_tests::is_valid__false ... ok
[INFO] [stdout] test cards::card::card_tests::index ... ok
[INFO] [stdout] test cards::card::card_tests::new ... ok
[INFO] [stdout] test cards::card::card_tests::new_from_structs ... ok
[INFO] [stdout] test cards::card::card_tests::card_cell ... ok
[INFO] [stdout] test cards::card::card_tests::to_rank_weight ... ok
[INFO] [stdout] test cards::card::card_tests::shift_weight_left ... ok
[INFO] [stdout] test cards::card::card_tests::default ... ok
[INFO] [stdout] test cards::card::card_tests::symbol ... ok
[INFO] [stdout] test cards::card::card_tests::is_valid ... ok
[INFO] [stdout] test cards::card::card_tests::to_rank_weight_deuce ... ok
[INFO] [stdout] test cards::card::card_tests::symbol_colorized ... ok
[INFO] [stdout] test cards::card::card_tests::count ... ok
[INFO] [stdout] test cards::decks::bridge::bridge_tests::next ... ok
[INFO] [stdout] test cards::decks::bridge::bridge_tests::splice_suit_in ... ok
[INFO] [stdout] test cards::decks::bridge::bridge_tests::hand_to_pbn_deal_segment__unbalanced ... ok
[INFO] [stdout] test cards::decks::bridge::bridge_tests::split_on_direction ... ok
[INFO] [stdout] test cards::decks::standard52::standard52_tests::card_from_index::case_2 ... ok
[INFO] [stdout] test cards::decks::standard52::standard52_tests::card_from_index::case_5 ... ok
[INFO] [stdout] test cards::decks::standard52::standard52_tests::card_from_index::case_1 ... ok
[INFO] [stdout] test cards::decks::bridge::bridge_tests::is_valid ... ok
[INFO] [stdout] test cards::decks::standard52::standard52_tests::card_from_index::case_3 ... ok
[INFO] [stdout] test cards::decks::bridge::bridge_tests::is_valid_ne ... ok
[INFO] [stdout] test cards::decks::bridge::bridge_tests::to ... ok
[INFO] [stdout] test cards::decks::standard52::standard52_tests::card_from_index::case_6 ... ok
[INFO] [stdout] test cards::decks::standard52::standard52_tests::card_from_index__invalid_index::case_3 ... ok
[INFO] [stdout] test cards::decks::standard52::standard52_tests::card_from_index::case_7 ... ok
[INFO] [stdout] test cards::decks::standard52::standard52_tests::card_from_string::case_1 ... ok
[INFO] [stdout] test cards::decks::standard52::standard52_tests::card_from_index::case_8 ... ok
[INFO] [stdout] test cards::decks::standard52::standard52_tests::card_from_index::case_9 ... ok
[INFO] [stdout] test cards::decks::standard52::standard52_tests::card_from_string::case_3 ... ok
[INFO] [stdout] test cards::decks::standard52::standard52_tests::card_from_index__invalid_index::case_1 ... ok
[INFO] [stdout] test cards::decks::standard52::standard52_tests::card_from_index__invalid_index::case_2 ... ok
[INFO] [stdout] test cards::decks::standard52::standard52_tests::card_from_index__invalid_index::case_4 ... ok
[INFO] [stdout] test cards::decks::standard52::standard52_tests::card_from_index__invalid_index::case_5 ... ok
[INFO] [stdout] test cards::decks::standard52::standard52_tests::card_from_index__invalid_index::case_6 ... ok
[INFO] [stdout] test cards::decks::standard52::standard52_tests::card_from_string::case_4 ... ok
[INFO] [stdout] test cards::decks::standard52::standard52_tests::card_from_string::case_6 ... ok
[INFO] [stdout] test cards::decks::standard52::standard52_tests::card_from_index::case_4 ... ok
[INFO] [stdout] test cards::decks::standard52::standard52_tests::card_from_string::case_8 ... ok
[INFO] [stdout] test cards::decks::standard52::standard52_tests::card_from_string::case_2 ... ok
[INFO] [stdout] test cards::decks::standard52::standard52_tests::card_from_string::case_9 ... ok
[INFO] [stdout] test cards::decks::standard52::standard52_tests::card_from_string__invalid_index::case_2 ... ok
[INFO] [stdout] test cards::decks::standard52::standard52_tests::card_from_string::case_5 ... ok
[INFO] [stdout] test cards::decks::standard52::standard52_tests::card_from_string__invalid_index::case_4 ... ok
[INFO] [stdout] test cards::decks::standard52::standard52_tests::card_from_string::case_7 ... ok
[INFO] [stdout] test cards::decks::standard52::standard52_tests::card_from_string__invalid_index::case_5 ... ok
[INFO] [stdout] test cards::decks::standard52::standard52_tests::card_from_string__invalid_index::case_6 ... ok
[INFO] [stdout] test cards::decks::standard52::standard52_tests::from_index__invalid_index__invalid_index_error ... ok
[INFO] [stdout] test cards::decks::standard52::standard52_tests::card_from_string__invalid_index::case_3 ... ok
[INFO] [stdout] test cards::decks::standard52::standard52_tests::card_from_string__invalid_index::case_1 ... ok
[INFO] [stdout] test cards::decks::standard52::standard52_tests::from_index_shuffled ... ok
[INFO] [stdout] test cards::decks::standard52::standard52_tests::from_index ... ok
[INFO] [stdout] test cards::decks::standard52::standard52_tests::is_complete__french_deck_with_jokers__false ... ok
[INFO] [stdout] test cards::decks::standard52::standard52_tests::from_index_shuffled__symbol_index ... ok
[INFO] [stdout] test cards::decks::standard52::standard52_tests::is_complete__missing_cards__false ... ok
[INFO] [stdout] test cards::decks::standard52::standard52_tests::from_index__invalid ... ok
[INFO] [stdout] test cards::decks::standard52::standard52_tests::is_flush::case_1 ... ok
[INFO] [stdout] test cards::decks::standard52::standard52_tests::is_flush::case_2 ... ok
[INFO] [stdout] test cards::decks::standard52::standard52_tests::is_flush__false::case_1 ... ok
[INFO] [stdout] test cards::decks::standard52::standard52_tests::is_complete ... ok
[INFO] [stdout] test cards::decks::standard52::standard52_tests::pile_from_index ... ok
[INFO] [stdout] test cards::decks::standard52::standard52_tests::pile_from_index__invalid_index__invalid_index_error ... ok
[INFO] [stdout] test cards::decks::standard52::standard52_tests::rank_str_from_index ... ok
[INFO] [stdout] test cards::decks::standard52::standard52_tests::to_a_flush::case_1 ... ok
[INFO] [stdout] test cards::decks::standard52::standard52_tests::sort_by_suit ... ok
[INFO] [stdout] test cards::decks::standard52::standard52_tests::suit_char_from_index ... ok
[INFO] [stdout] test cards::decks::standard52_set::pile_set_tests::is_empty ... ok
[INFO] [stdout] test cards::decks::standard52_set::pile_set_tests::contains_by_index ... ok
[INFO] [stdout] test cards::decks::standard52_set::pile_set_tests::insert ... ok
[INFO] [stdout] test cards::decks::standard52_set::pile_set_tests::contains ... ok
[INFO] [stdout] test cards::decks::standard52_set::pile_set_tests::get ... ok
[INFO] [stdout] test cards::decks::standard52::standard52_tests::to_symbol_index ... ok
[INFO] [stdout] test cards::decks::standard52::standard52_tests::is_flush__false::case_2 ... ok
[INFO] [stdout] test cards::decks::standard52_set::pile_set_tests::is_empty__not_empty ... ok
[INFO] [stdout] test cards::decks::standard52_set::pile_set_tests::insert_by_index ... ok
[INFO] [stdout] test cards::decks::standard52::standard52_tests::to_index_str ... ok
[INFO] [stdout] test cards::decks::bridge::bridge_tests::from_pbn_deal__unsorted ... ok
[INFO] [stdout] test cards::decks::standard52::standard52_tests::to_index ... ok
[INFO] [stdout] test cards::decks::standard52_set::pile_set_tests::len ... ok
[INFO] [stdout] test cards::decks::standard52_set::pile_set_tests::remove ... ok
[INFO] [stdout] test cards::decks::standard52_set::pile_set_tests::remove_by_index ... ok
[INFO] [stdout] test cards::decks::bridge::bridge_tests::to_pbn_deal ... ok
[INFO] [stdout] test cards::decks::standard52_set::pile_set_tests::new ... ok
[INFO] [stdout] test cards::pack::card_deck_tests::is_complete_ne ... ok
[INFO] [stdout] test cards::decks::standard52_set::pile_set_tests::take ... ok
[INFO] [stdout] test cards::pile::pile_tests::card_by_index ... ok
[INFO] [stdout] test cards::decks::standard52_set::pile_set_tests::standard52 ... ok
[INFO] [stdout] test cards::pack::card_deck_tests::is_complete ... ok
[INFO] [stdout] test cards::pile::pile_tests::append ... ok
[INFO] [stdout] test cards::decks::standard52_set::pile_set_tests::take_by_index ... ok
[INFO] [stdout] test cards::pile::pile_tests::cards ... ok
[INFO] [stdout] test cards::pile::pile_tests::contains ... ok
[INFO] [stdout] test cards::pile::pile_tests::cards_by_suit ... ok
[INFO] [stdout] test cards::decks::bridge::bridge_tests::from_pbn_deal__west ... ok
[INFO] [stdout] test cards::decks::standard52_set::pile_set_tests::to_pile ... ok
[INFO] [stdout] test cards::pile::pile_tests::draw ... ok
[INFO] [stdout] test cards::pile::pile_tests::draw__empty_deck ... ok
[INFO] [stdout] test cards::pile::pile_tests::first__empty_deck ... ok
[INFO] [stdout] test cards::pile::pile_tests::get ... ok
[INFO] [stdout] test cards::decks::bridge::bridge_tests::hand_to_pbn_deal_segment ... ok
[INFO] [stdout] test cards::pile::pile_tests::get_random ... ok
[INFO] [stdout] test cards::pile::pile_tests::last ... ok
[INFO] [stdout] test cards::pile::pile_tests::len ... ok
[INFO] [stdout] test cards::pile::pile_tests::draw__index_too_high ... ok
[INFO] [stdout] test cards::pile::pile_tests::card_by_index__ne ... ok
[INFO] [stdout] test cards::decks::bridge::bridge_tests::from_to_pbn_deal ... ok
[INFO] [stdout] test cards::pile::pile_tests::len__french_deck_with_jokers ... ok
[INFO] [stdout] test cards::pile::pile_tests::draw_first ... ok
[INFO] [stdout] test cards::pile::pile_tests::draw_last__empty_deck ... ok
[INFO] [stdout] test cards::pile::pile_tests::contains_all ... ok
[INFO] [stdout] test cards::pile::pile_tests::map_by_suit ... ok
[INFO] [stdout] test cards::pile::pile_tests::draw_first__empty_deck ... ok
[INFO] [stdout] test cards::pile::pile_tests::contains_all__ne ... ok
[INFO] [stdout] test cards::pile::pile_tests::rank_indexes ... ok
[INFO] [stdout] test cards::pile::pile_tests::rank_indexes__shuffled ... ok
[INFO] [stdout] test cards::pile::pile_tests::map_by_rank_count ... ok
[INFO] [stdout] test cards::pile::pile_tests::pile_by_rank ... ok
[INFO] [stdout] test cards::pile::pile_tests::pile_by_index_ne ... ok
[INFO] [stdout] test cards::decks::bridge::bridge_tests::from_pbn_deal ... ok
[INFO] [stdout] test cards::pile::pile_tests::draw_last ... ok
[INFO] [stdout] test cards::pile::pile_tests::new_from_vector ... ok
[INFO] [stdout] test cards::pile::pile_tests::prepend ... ok
[INFO] [stdout] test cards::pile::pile_tests::pile_on ... ok
[INFO] [stdout] test cards::pile::pile_tests::first ... ok
[INFO] [stdout] test cards::pile::pile_tests::position ... ok
[INFO] [stdout] test cards::pile::pile_tests::convert_to_rank_sort ... ok
[INFO] [stdout] test cards::pile::pile_tests::remove_card ... ok
[INFO] [stdout] test cards::pile::pile_tests::ranks ... ok
[INFO] [stdout] test cards::pile::pile_tests::short_index_by_suit ... ok
[INFO] [stdout] test cards::pile::pile_tests::short_deck ... ok
[INFO] [stdout] test cards::pile::pile_tests::rank_indexes_with_separator ... ok
[INFO] [stdout] test cards::pile::pile_tests::short_suit_indexes_to_string ... ok
[INFO] [stdout] test cards::pile::pile_tests::remove ... ok
[INFO] [stdout] test cards::pile::pile_tests::pile_by_index ... ok
[INFO] [stdout] test cards::pile::pile_tests::short_suit_indexes ... ok
[INFO] [stdout] test cards::pile::pile_tests::shuffle_in_place ... ok
[INFO] [stdout] test cards::pile::pile_tests::sig_index ... ok
[INFO] [stdout] test cards::pile::pile_tests::sig_generate_from_strings ... ok
[INFO] [stdout] test cards::pile::pile_tests::shuffle ... ok
[INFO] [stdout] test cards::pile::pile_tests::sig_symbol_index ... ok
[INFO] [stdout] test cards::pile::pile_tests::spades_deck ... ok
[INFO] [stdout] test cards::pile::pile_tests::sort_by_frequency__full_house ... ok
[INFO] [stdout] test cards::pile::pile_tests::suits ... ok
[INFO] [stdout] test cards::pile::pile_tests::sort_by_frequency__straight ... ok
[INFO] [stdout] test cards::pile::pile_tests::sort_by_frequency__two_pair ... ok
[INFO] [stdout] test cards::rank::rank_tests::display ... ok
[INFO] [stdout] test cards::rank::rank_tests::fmt_binary ... ok
[INFO] [stdout] test cards::pile::pile_tests::to_string ... ok
[INFO] [stdout] test cards::pile::pile_tests::to_index ... ok
[INFO] [stdout] test cards::pile::pile_tests::to_symbol_index ... ok
[INFO] [stdout] test cards::pile::pile_tests::to_index_str ... ok
[INFO] [stdout] test cards::rank::rank_tests::default ... ok
[INFO] [stdout] test cards::rank::rank_tests::from_french_deck_char::case_04 ... ok
[INFO] [stdout] test cards::rank::rank_tests::from_french_deck_char::case_07 ... ok
[INFO] [stdout] test cards::rank::rank_tests::from_french_deck_char::case_02 ... ok
[INFO] [stdout] test cards::rank::rank_tests::from_french_deck_char::case_03 ... ok
[INFO] [stdout] test cards::rank::rank_tests::from_french_deck_char::case_08 ... ok
[INFO] [stdout] test cards::rank::rank_tests::from_french_deck_char::case_06 ... ok
[INFO] [stdout] test cards::rank::rank_tests::from_french_deck_char::case_09 ... ok
[INFO] [stdout] test cards::rank::rank_tests::from_french_deck_char::case_05 ... ok
[INFO] [stdout] test cards::rank::rank_tests::from_french_deck_char::case_10 ... ok
[INFO] [stdout] test cards::rank::rank_tests::from_french_deck_char::case_11 ... ok
[INFO] [stdout] test cards::rank::rank_tests::from_french_deck_char::case_12 ... ok
[INFO] [stdout] test cards::rank::rank_tests::from_french_deck_char::case_13 ... ok
[INFO] [stdout] test cards::rank::rank_tests::from_french_deck_char::case_14 ... ok
[INFO] [stdout] test cards::rank::rank_tests::from_french_deck_char::case_15 ... ok
[INFO] [stdout] test cards::rank::rank_tests::from_french_deck_char::case_16 ... ok
[INFO] [stdout] test cards::rank::rank_tests::from_french_deck_char::case_17 ... ok
[INFO] [stdout] test cards::rank::rank_tests::from_french_deck_char::case_18 ... ok
[INFO] [stdout] test cards::rank::rank_tests::from_french_deck_char::case_19 ... ok
[INFO] [stdout] test cards::rank::rank_tests::from_french_deck_char::case_01 ... ok
[INFO] [stdout] test cards::rank::rank_tests::from_french_deck_char::case_20 ... ok
[INFO] [stdout] test cards::rank::rank_tests::from_french_deck_char::case_21 ... ok
[INFO] [stdout] test cards::rank::rank_tests::from_french_deck_index::case_01 ... ok
[INFO] [stdout] test cards::rank::rank_tests::from_french_deck_index::case_02 ... ok
[INFO] [stdout] test cards::rank::rank_tests::from_french_deck_index::case_04 ... ok
[INFO] [stdout] test cards::rank::rank_tests::from_french_deck_index::case_05 ... ok
[INFO] [stdout] test cards::rank::rank_tests::from_french_deck_index::case_06 ... ok
[INFO] [stdout] test cards::rank::rank_tests::from_french_deck_index::case_08 ... ok
[INFO] [stdout] test cards::rank::rank_tests::from_french_deck_index::case_09 ... ok
[INFO] [stdout] test cards::rank::rank_tests::from_french_deck_index::case_10 ... ok
[INFO] [stdout] test cards::rank::rank_tests::from_french_deck_index::case_03 ... ok
[INFO] [stdout] test cards::rank::rank_tests::from_french_deck_index::case_11 ... ok
[INFO] [stdout] test cards::rank::rank_tests::from_french_deck_index::case_12 ... ok
[INFO] [stdout] test cards::rank::rank_tests::from_french_deck_index::case_13 ... ok
[INFO] [stdout] test cards::rank::rank_tests::from_french_deck_index::case_14 ... ok
[INFO] [stdout] test cards::rank::rank_tests::from_french_deck_index::case_15 ... ok
[INFO] [stdout] test cards::rank::rank_tests::from_french_deck_index::case_18 ... ok
[INFO] [stdout] test cards::rank::rank_tests::from_french_deck_index::case_17 ... ok
[INFO] [stdout] test cards::rank::rank_tests::from_french_deck_index::case_20 ... ok
[INFO] [stdout] test cards::rank::rank_tests::from_french_deck_index::case_22 ... ok
[INFO] [stdout] test cards::rank::rank_tests::from_french_deck_index::case_23 ... ok
[INFO] [stdout] test cards::rank::rank_tests::from_french_deck_index::case_07 ... ok
[INFO] [stdout] test cards::rank::rank_tests::from_french_deck_index::case_24 ... ok
[INFO] [stdout] test cards::rank::rank_tests::generate_canasta_ranks ... ok
[INFO] [stdout] test cards::rank::rank_tests::generate_euchre_ranks ... ok
[INFO] [stdout] test cards::rank::rank_tests::from_french_deck_index::case_16 ... ok
[INFO] [stdout] test cards::rank::rank_tests::generate_minor_arcana_ranks ... ok
[INFO] [stdout] test cards::rank::rank_tests::from_french_deck_index::case_25 ... ok
[INFO] [stdout] test cards::rank::rank_tests::from_french_deck_index::case_21 ... ok
[INFO] [stdout] test cards::rank::rank_tests::generate_pinochle_ranks ... ok
[INFO] [stdout] test cards::rank::rank_tests::generate_french_ranks ... ok
[INFO] [stdout] test cards::rank::rank_tests::generate_short_deck_ranks ... ok
[INFO] [stdout] test cards::rank::rank_tests::generate_major_arcana_ranks ... ok
[INFO] [stdout] test cards::pile::pile_tests::sort ... ok
[INFO] [stdout] test cards::rank::rank_tests::from_french_deck_index::case_19 ... ok
[INFO] [stdout] test cards::rank::rank_tests::get_index ... ok
[INFO] [stdout] test cards::rank::rank_tests::get_long ... ok
[INFO] [stdout] test cards::rank::rank_tests::partial_eq ... ok
[INFO] [stdout] test cards::rank::rank_tests::to_string ... ok
[INFO] [stdout] test cards::suit::suit_tests::binary_signature ... ok
[INFO] [stdout] test cards::suit::suit_tests::binary_signature_revised ... ok
[INFO] [stdout] test cards::suit::suit_tests::default ... ok
[INFO] [stdout] test cards::suit::suit_tests::from_french_deck_index::case_01 ... ok
[INFO] [stdout] test cards::suit::suit_tests::display ... ok
[INFO] [stdout] test cards::suit::suit_tests::from_french_deck_index::case_04 ... ok
[INFO] [stdout] test cards::suit::suit_tests::from_french_deck_index::case_05 ... ok
[INFO] [stdout] test cards::suit::suit_tests::from_french_deck_index::case_06 ... ok
[INFO] [stdout] test cards::suit::suit_tests::from_french_deck_index::case_07 ... ok
[INFO] [stdout] test cards::rank::rank_tests::new ... ok
[INFO] [stdout] test cards::rank::rank_tests::revise_value ... ok
[INFO] [stdout] test cards::rank::rank_tests::to_vec ... ok
[INFO] [stdout] test cards::suit::suit_tests::from_french_deck_index::case_08 ... ok
[INFO] [stdout] test cards::rank::rank_tests::new__tarot ... ok
[INFO] [stdout] test cards::suit::suit_tests::from_french_deck_index::case_02 ... ok
[INFO] [stdout] test cards::suit::suit_tests::from_french_deck_index::case_03 ... ok
[INFO] [stdout] test cards::suit::suit_tests::from_french_deck_index::case_09 ... ok
[INFO] [stdout] test cards::suit::suit_tests::from_french_deck_index::case_10 ... ok
[INFO] [stdout] test cards::suit::suit_tests::from_french_deck_index::case_11 ... ok
[INFO] [stdout] test cards::suit::suit_tests::from_french_deck_index::case_12 ... ok
[INFO] [stdout] test cards::suit::suit_tests::from_french_deck_index::case_13 ... ok
[INFO] [stdout] test cards::suit::suit_tests::from_french_deck_index::case_14 ... ok
[INFO] [stdout] test cards::suit::suit_tests::from_french_deck_index::case_15 ... ok
[INFO] [stdout] test cards::suit::suit_tests::from_french_deck_index::case_16 ... ok
[INFO] [stdout] test cards::suit::suit_tests::from_french_deck_index::case_17 ... ok
[INFO] [stdout] test cards::suit::suit_tests::generate_arcana_suits ... ok
[INFO] [stdout] test cards::suit::suit_tests::generate_french_suits ... ok
[INFO] [stdout] test cards::suit::suit_tests::get_long ... ok
[INFO] [stdout] test cards::suit::suit_tests::to_vec ... ok
[INFO] [stdout] test fluent::fluent_name::fluent_tests::fluent_name_tests::fluent_value ... ok
[INFO] [stdout] test fluent::fluent_name::fluent_tests::fluent_name_tests::index ... ok
[INFO] [stdout] test cards::suit::suit_tests::partial_eq ... ok
[INFO] [stdout] test cards::suit::suit_tests::revise_value ... ok
[INFO] [stdout] test fluent::fluent_name::fluent_tests::fluent_name_tests::long_default ... ok
[INFO] [stdout] test fluent::fluent_name::fluent_tests::fluent_name_tests::long ... ok
[INFO] [stdout] test cards::suit::suit_tests::new__invalid ... ok
[INFO] [stdout] test cards::suit::suit_tests::new_with_value ... ok
[INFO] [stdout] test fluent::fluent_name::fluent_tests::fluent_name_tests::index_default ... ok
[INFO] [stdout] test fluent::fluent_name::fluent_tests::fluent_name_tests::new__empty_string ... ok
[INFO] [stdout] test fluent::fluent_name::fluent_tests::fluent_name_tests::default_weight ... ok
[INFO] [stdout] test fluent::fluent_name::fluent_tests::fluent_name_tests::new ... ok
[INFO] [stdout] test fluent::fluent_name::fluent_tests::fluent_name_tests::new__blank_string ... ok
[INFO] [stdout] test fluent::fluent_name::fluent_tests::fluent_name_tests::name ... ok
[INFO] [stdout] test cards::suit::suit_tests::get_short ... ok
[INFO] [stderr]    Doc-tests cardpack
[INFO] [stdout] test cards::suit::suit_tests::new ... ok
[INFO] [stdout] test fluent::fluent_name::fluent_tests::fluent_name_tests::default_weight__ne ... ok
[INFO] [stdout] test cards::suit::suit_tests::to_string_by_locale ... ok
[INFO] [stdout] test cards::suit::suit_tests::get_symbol ... ok
[INFO] [stdout] test cards::suit::suit_tests::to_string ... ok
[INFO] [stdout] 
[INFO] [stdout] test result: ok. 264 passed; 0 failed; 0 ignored; 0 measured; 0 filtered out; finished in 0.17s
[INFO] [stdout] 
[INFO] [stdout] 
[INFO] [stdout] running 15 tests
[INFO] [stdout] test src/fluent/named.rs - fluent::named::Named::index (line 37) ... FAILED
[INFO] [stdout] test src/cards/pack.rs - cards::pack::Pack (line 10) ... FAILED
[INFO] [stdout] test src/fluent/named.rs - fluent::named::Named::index_default (line 52) ... FAILED
[INFO] [stdout] test src/cards/pile.rs - cards::pile::Pile::convert_to_rank_weighted (line 466) ... FAILED
[INFO] [stdout] test src/cards/pile.rs - cards::pile::Pile (line 19) ... FAILED
[INFO] [stdout] test src/cards/rank.rs - cards::rank::Rank::new (line 109) ... ok
[INFO] [stdout] test src/cards/rank.rs - cards::rank::Rank (line 64) ... ok
[INFO] [stdout] test src/cards/rank.rs - cards::rank::Rank (line 88) ... ok
[INFO] [stdout] test src/cards/rank.rs - cards::rank::Rank::new_with_weight (line 126) ... ok
[INFO] [stdout] test src/cards/rank.rs - cards::rank::Rank::from_array (line 149) ... ok
[INFO] [stdout] test src/cards/rank.rs - cards::rank::Rank (line 82) ... ok
[INFO] [stdout] test src/cards/rank.rs - cards::rank::Rank (line 281) ... ok
[INFO] [stdout] test src/cards/rank.rs - cards::rank::Rank (line 75) ... ok
[INFO] [stdout] test src/cards/pile.rs - cards::pile::Pile::pile_up (line 47) ... ok
[INFO] [stdout] test src/fluent/named.rs - fluent::named::Named::long (line 67) ... ok
[INFO] [stdout] 
[INFO] [stdout] failures:
[INFO] [stdout] 
[INFO] [stdout] ---- src/fluent/named.rs - fluent::named::Named::index (line 37) stdout ----
[INFO] [stdout] error: linking with `cc` failed: exit status: 1
[INFO] [stdout]   |
[INFO] [stdout]   = note: LC_ALL="C" PATH="/opt/rustwide/rustup-home/toolchains/1.83.0-x86_64-unknown-linux-gnu/lib/rustlib/x86_64-unknown-linux-gnu/bin:/opt/rustwide/cargo-home/bin:/usr/local/sbin:/usr/local/bin:/usr/sbin:/usr/bin:/sbin:/bin" VSLANG="1033" "cc" "-m64" "/tmp/rustcHmrVEA/symbols.o" "/tmp/rustdoctestu0lniu/rust_out.rust_out.cb03291d53e4e161-cgu.0.rcgu.o" "/tmp/rustdoctestu0lniu/rust_out.1s7umcihpz0t7nkz1uc2ifee9.rcgu.o" "-Wl,--as-needed" "-Wl,-Bstatic" "/opt/rustwide/target/debug/deps/libcardpack-edfdaa43073e9150.rlib" "/opt/rustwide/target/debug/deps/libfluent_templates-9bd8db0cd3120a21.rlib" "/opt/rustwide/target/debug/deps/libignore-28c24028bc169c72.rlib" "/opt/rustwide/target/debug/deps/libwalkdir-1dd1923acd2c1bf5.rlib" "/opt/rustwide/target/debug/deps/libsame_file-5669399e58eccd84.rlib" "/opt/rustwide/target/debug/deps/libcrossbeam_deque-f5ddb3927b30fcae.rlib" "/opt/rustwide/target/debug/deps/libcrossbeam_epoch-03dcb83679638d3a.rlib" "/opt/rustwide/target/debug/deps/libcrossbeam_utils-9b9268c2ec835999.rlib" "/opt/rustwide/target/debug/deps/libglobset-a9c5515db1eae405.rlib" "/opt/rustwide/target/debug/deps/libbstr-a796080987bed783.rlib" "/opt/rustwide/target/debug/deps/libflume-fe56d85f41e37963.rlib" "/opt/rustwide/target/debug/deps/libfutures_sink-9c57e814a3f8913c.rlib" "/opt/rustwide/target/debug/deps/libfutures_core-b58580d38974c896.rlib" "/opt/rustwide/target/debug/deps/libnanorand-631b772540ad9b5b.rlib" "/opt/rustwide/target/debug/deps/libspin-214aabf62567652f.rlib" "/opt/rustwide/target/debug/deps/liblock_api-3ff76740e95841fc.rlib" "/opt/rustwide/target/debug/deps/libscopeguard-d59b845c07f126eb.rlib" "/opt/rustwide/target/debug/deps/liblog-2579a5a2dbce8c4d.rlib" "/opt/rustwide/target/debug/deps/libonce_cell-dd4734ba15c3811e.rlib" "/opt/rustwide/target/debug/deps/libfluent_bundle-aa4f1b8625ec8128.rlib" "/opt/rustwide/target/debug/deps/libsmallvec-27682ff183e60130.rlib" "/opt/rustwide/target/debug/deps/libfluent_langneg-32fbc5bea72e6863.rlib" "/opt/rustwide/target/debug/deps/libintl_pluralrules-bda6ccde1382cd38.rlib" "/opt/rustwide/target/debug/deps/libself_cell-8710c9fc0ee5b733.rlib" "/opt/rustwide/target/debug/deps/libself_cell-936f072490cbf497.rlib" "/opt/rustwide/target/debug/deps/libintl_memoizer-4bc3bf9bf7b814ba.rlib" "/opt/rustwide/target/debug/deps/libtype_map-3ab4211f5a418758.rlib" "/opt/rustwide/target/debug/deps/libfluent_syntax-02c369275f78769c.rlib" "/opt/rustwide/target/debug/deps/libthiserror-624e1cf88b7349ff.rlib" "/opt/rustwide/target/debug/deps/librustc_hash-c9f1ca6ac0c62e13.rlib" "/opt/rustwide/target/debug/deps/libterm_table-fadc0654a270b5ab.rlib" "/opt/rustwide/target/debug/deps/libregex-ec4b279bfa1d4ad7.rlib" "/opt/rustwide/target/debug/deps/libregex_automata-aaf3636c699c178c.rlib" "/opt/rustwide/target/debug/deps/libaho_corasick-e81f2722e1f4876a.rlib" "/opt/rustwide/target/debug/deps/libmemchr-d5b7adbc9aef9799.rlib" "/opt/rustwide/target/debug/deps/libregex_syntax-172dc71ee2a618e4.rlib" "/opt/rustwide/target/debug/deps/libunicode_width-c6f4711509928587.rlib" "/opt/rustwide/target/debug/deps/libunic_langid-642ae5568532c870.rlib" "/opt/rustwide/target/debug/deps/libunic_langid_macros-585e7a9b07d78d1f.rlib" "/opt/rustwide/target/debug/deps/libunic_langid_impl-3d504967a514e6e3.rlib" "/opt/rustwide/target/debug/deps/libtinystr-556b656ddf68ad4b.rlib" "/opt/rustwide/target/debug/deps/libcolored-1603b20fef273f41.rlib" "/opt/rustwide/target/debug/deps/liblazy_static-8c0bb59ebbb3df6c.rlib" "/opt/rustwide/target/debug/deps/librand-b57bd8a7a420f3fb.rlib" "/opt/rustwide/target/debug/deps/librand_chacha-56f89ace93be227f.rlib" "/opt/rustwide/target/debug/deps/libppv_lite86-c663305ef3ec04ad.rlib" "/opt/rustwide/target/debug/deps/librand_core-36ea4631f63fd458.rlib" "/opt/rustwide/target/debug/deps/libgetrandom-512c9411917f226a.rlib" "/opt/rustwide/target/debug/deps/liblibc-3b88e3c04ae72039.rlib" "/opt/rustwide/target/debug/deps/libcfg_if-8217498f8667ada9.rlib" "/opt/rustwide/rustup-home/toolchains/1.83.0-x86_64-unknown-linux-gnu/lib/rustlib/x86_64-unknown-linux-gnu/lib/libstd-ca74a2d9c5166d9f.rlib" "/opt/rustwide/rustup-home/toolchains/1.83.0-x86_64-unknown-linux-gnu/lib/rustlib/x86_64-unknown-linux-gnu/lib/libpanic_unwind-e31ab23316ed5080.rlib" "/opt/rustwide/rustup-home/toolchains/1.83.0-x86_64-unknown-linux-gnu/lib/rustlib/x86_64-unknown-linux-gnu/lib/libobject-27dc4aa955912662.rlib" "/opt/rustwide/rustup-home/toolchains/1.83.0-x86_64-unknown-linux-gnu/lib/rustlib/x86_64-unknown-linux-gnu/lib/libmemchr-bd0d6cccce077b99.rlib" "/opt/rustwide/rustup-home/toolchains/1.83.0-x86_64-unknown-linux-gnu/lib/rustlib/x86_64-unknown-linux-gnu/lib/libaddr2line-8d001680935b5e3c.rlib" "/opt/rustwide/rustup-home/toolchains/1.83.0-x86_64-unknown-linux-gnu/lib/rustlib/x86_64-unknown-linux-gnu/lib/libgimli-ba8ce71964f984f4.rlib" "/opt/rustwide/rustup-home/toolchains/1.83.0-x86_64-unknown-linux-gnu/lib/rustlib/x86_64-unknown-linux-gnu/lib/librustc_demangle-99a73526abcec14b.rlib" "/opt/rustwide/rustup-home/toolchains/1.83.0-x86_64-unknown-linux-gnu/lib/rustlib/x86_64-unknown-linux-gnu/lib/libstd_detect-63ac0d22cff92579.rlib" "/opt/rustwide/rustup-home/toolchains/1.83.0-x86_64-unknown-linux-gnu/lib/rustlib/x86_64-unknown-linux-gnu/lib/libhashbrown-9057355c92c922d5.rlib" "/opt/rustwide/rustup-home/toolchains/1.83.0-x86_64-unknown-linux-gnu/lib/rustlib/x86_64-unknown-linux-gnu/lib/librustc_std_workspace_alloc-358be9bc1f6bab04.rlib" "/opt/rustwide/rustup-home/toolchains/1.83.0-x86_64-unknown-linux-gnu/lib/rustlib/x86_64-unknown-linux-gnu/lib/libminiz_oxide-aca15549d5bff974.rlib" "/opt/rustwide/rustup-home/toolchains/1.83.0-x86_64-unknown-linux-gnu/lib/rustlib/x86_64-unknown-linux-gnu/lib/libadler-8251d2cef7072448.rlib" "/opt/rustwide/rustup-home/toolchains/1.83.0-x86_64-unknown-linux-gnu/lib/rustlib/x86_64-unknown-linux-gnu/lib/libunwind-7d50b86011c66411.rlib" "/opt/rustwide/rustup-home/toolchains/1.83.0-x86_64-unknown-linux-gnu/lib/rustlib/x86_64-unknown-linux-gnu/lib/libcfg_if-51ea098fce5006bf.rlib" "/opt/rustwide/rustup-home/toolchains/1.83.0-x86_64-unknown-linux-gnu/lib/rustlib/x86_64-unknown-linux-gnu/lib/liblibc-5a14e0d0b712e731.rlib" "/opt/rustwide/rustup-home/toolchains/1.83.0-x86_64-unknown-linux-gnu/lib/rustlib/x86_64-unknown-linux-gnu/lib/liballoc-8b83dbf3a7b8f999.rlib" "/opt/rustwide/rustup-home/toolchains/1.83.0-x86_64-unknown-linux-gnu/lib/rustlib/x86_64-unknown-linux-gnu/lib/librustc_std_workspace_core-c6fd227bdc7b39ff.rlib" "/opt/rustwide/rustup-home/toolchains/1.83.0-x86_64-unknown-linux-gnu/lib/rustlib/x86_64-unknown-linux-gnu/lib/libcore-959d3389fa3da8a5.rlib" "/opt/rustwide/rustup-home/toolchains/1.83.0-x86_64-unknown-linux-gnu/lib/rustlib/x86_64-unknown-linux-gnu/lib/libcompiler_builtins-abe05db089cc2c62.rlib" "-Wl,-Bdynamic" "-lc" "-lm" "-lrt" "-lpthread" "-lgcc_s" "-lutil" "-lrt" "-lpthread" "-lm" "-ldl" "-lc" "-Wl,--eh-frame-hdr" "-Wl,-z,noexecstack" "-L" "/opt/rustwide/rustup-home/toolchains/1.83.0-x86_64-unknown-linux-gnu/lib/rustlib/x86_64-unknown-linux-gnu/lib" "-o" "/tmp/rustdoctestu0lniu/rust_out" "-Wl,--gc-sections" "-pie" "-Wl,-z,relro,-z,now" "-nodefaultlibs"
[INFO] [stdout]   = note: collect2: fatal error: ld terminated with signal 9 [Killed]
[INFO] [stdout]           compilation terminated.
[INFO] [stdout]           
[INFO] [stdout] 
[INFO] [stdout] error: aborting due to 1 previous error
[INFO] [stdout] 
[INFO] [stdout] Couldn't compile the test.
[INFO] [stdout] ---- src/cards/pack.rs - cards::pack::Pack (line 10) stdout ----
[INFO] [stdout] error: linking with `cc` failed: exit status: 1
[INFO] [stdout]   |
[INFO] [stdout]   = note: LC_ALL="C" PATH="/opt/rustwide/rustup-home/toolchains/1.83.0-x86_64-unknown-linux-gnu/lib/rustlib/x86_64-unknown-linux-gnu/bin:/opt/rustwide/cargo-home/bin:/usr/local/sbin:/usr/local/bin:/usr/sbin:/usr/bin:/sbin:/bin" VSLANG="1033" "cc" "-m64" "/tmp/rustcPHqcGQ/symbols.o" "/tmp/rustdoctests4AyUQ/rust_out.rust_out.cb03291d53e4e161-cgu.0.rcgu.o" "/tmp/rustdoctests4AyUQ/rust_out.1s7umcihpz0t7nkz1uc2ifee9.rcgu.o" "-Wl,--as-needed" "-Wl,-Bstatic" "/opt/rustwide/target/debug/deps/libcardpack-edfdaa43073e9150.rlib" "/opt/rustwide/target/debug/deps/libfluent_templates-9bd8db0cd3120a21.rlib" "/opt/rustwide/target/debug/deps/libignore-28c24028bc169c72.rlib" "/opt/rustwide/target/debug/deps/libwalkdir-1dd1923acd2c1bf5.rlib" "/opt/rustwide/target/debug/deps/libsame_file-5669399e58eccd84.rlib" "/opt/rustwide/target/debug/deps/libcrossbeam_deque-f5ddb3927b30fcae.rlib" "/opt/rustwide/target/debug/deps/libcrossbeam_epoch-03dcb83679638d3a.rlib" "/opt/rustwide/target/debug/deps/libcrossbeam_utils-9b9268c2ec835999.rlib" "/opt/rustwide/target/debug/deps/libglobset-a9c5515db1eae405.rlib" "/opt/rustwide/target/debug/deps/libbstr-a796080987bed783.rlib" "/opt/rustwide/target/debug/deps/libflume-fe56d85f41e37963.rlib" "/opt/rustwide/target/debug/deps/libfutures_sink-9c57e814a3f8913c.rlib" "/opt/rustwide/target/debug/deps/libfutures_core-b58580d38974c896.rlib" "/opt/rustwide/target/debug/deps/libnanorand-631b772540ad9b5b.rlib" "/opt/rustwide/target/debug/deps/libspin-214aabf62567652f.rlib" "/opt/rustwide/target/debug/deps/liblock_api-3ff76740e95841fc.rlib" "/opt/rustwide/target/debug/deps/libscopeguard-d59b845c07f126eb.rlib" "/opt/rustwide/target/debug/deps/liblog-2579a5a2dbce8c4d.rlib" "/opt/rustwide/target/debug/deps/libonce_cell-dd4734ba15c3811e.rlib" "/opt/rustwide/target/debug/deps/libfluent_bundle-aa4f1b8625ec8128.rlib" "/opt/rustwide/target/debug/deps/libsmallvec-27682ff183e60130.rlib" "/opt/rustwide/target/debug/deps/libfluent_langneg-32fbc5bea72e6863.rlib" "/opt/rustwide/target/debug/deps/libintl_pluralrules-bda6ccde1382cd38.rlib" "/opt/rustwide/target/debug/deps/libself_cell-8710c9fc0ee5b733.rlib" "/opt/rustwide/target/debug/deps/libself_cell-936f072490cbf497.rlib" "/opt/rustwide/target/debug/deps/libintl_memoizer-4bc3bf9bf7b814ba.rlib" "/opt/rustwide/target/debug/deps/libtype_map-3ab4211f5a418758.rlib" "/opt/rustwide/target/debug/deps/libfluent_syntax-02c369275f78769c.rlib" "/opt/rustwide/target/debug/deps/libthiserror-624e1cf88b7349ff.rlib" "/opt/rustwide/target/debug/deps/librustc_hash-c9f1ca6ac0c62e13.rlib" "/opt/rustwide/target/debug/deps/libterm_table-fadc0654a270b5ab.rlib" "/opt/rustwide/target/debug/deps/libregex-ec4b279bfa1d4ad7.rlib" "/opt/rustwide/target/debug/deps/libregex_automata-aaf3636c699c178c.rlib" "/opt/rustwide/target/debug/deps/libaho_corasick-e81f2722e1f4876a.rlib" "/opt/rustwide/target/debug/deps/libmemchr-d5b7adbc9aef9799.rlib" "/opt/rustwide/target/debug/deps/libregex_syntax-172dc71ee2a618e4.rlib" "/opt/rustwide/target/debug/deps/libunicode_width-c6f4711509928587.rlib" "/opt/rustwide/target/debug/deps/libunic_langid-642ae5568532c870.rlib" "/opt/rustwide/target/debug/deps/libunic_langid_macros-585e7a9b07d78d1f.rlib" "/opt/rustwide/target/debug/deps/libunic_langid_impl-3d504967a514e6e3.rlib" "/opt/rustwide/target/debug/deps/libtinystr-556b656ddf68ad4b.rlib" "/opt/rustwide/target/debug/deps/libcolored-1603b20fef273f41.rlib" "/opt/rustwide/target/debug/deps/liblazy_static-8c0bb59ebbb3df6c.rlib" "/opt/rustwide/target/debug/deps/librand-b57bd8a7a420f3fb.rlib" "/opt/rustwide/target/debug/deps/librand_chacha-56f89ace93be227f.rlib" "/opt/rustwide/target/debug/deps/libppv_lite86-c663305ef3ec04ad.rlib" "/opt/rustwide/target/debug/deps/librand_core-36ea4631f63fd458.rlib" "/opt/rustwide/target/debug/deps/libgetrandom-512c9411917f226a.rlib" "/opt/rustwide/target/debug/deps/liblibc-3b88e3c04ae72039.rlib" "/opt/rustwide/target/debug/deps/libcfg_if-8217498f8667ada9.rlib" "/opt/rustwide/rustup-home/toolchains/1.83.0-x86_64-unknown-linux-gnu/lib/rustlib/x86_64-unknown-linux-gnu/lib/libstd-ca74a2d9c5166d9f.rlib" "/opt/rustwide/rustup-home/toolchains/1.83.0-x86_64-unknown-linux-gnu/lib/rustlib/x86_64-unknown-linux-gnu/lib/libpanic_unwind-e31ab23316ed5080.rlib" "/opt/rustwide/rustup-home/toolchains/1.83.0-x86_64-unknown-linux-gnu/lib/rustlib/x86_64-unknown-linux-gnu/lib/libobject-27dc4aa955912662.rlib" "/opt/rustwide/rustup-home/toolchains/1.83.0-x86_64-unknown-linux-gnu/lib/rustlib/x86_64-unknown-linux-gnu/lib/libmemchr-bd0d6cccce077b99.rlib" "/opt/rustwide/rustup-home/toolchains/1.83.0-x86_64-unknown-linux-gnu/lib/rustlib/x86_64-unknown-linux-gnu/lib/libaddr2line-8d001680935b5e3c.rlib" "/opt/rustwide/rustup-home/toolchains/1.83.0-x86_64-unknown-linux-gnu/lib/rustlib/x86_64-unknown-linux-gnu/lib/libgimli-ba8ce71964f984f4.rlib" "/opt/rustwide/rustup-home/toolchains/1.83.0-x86_64-unknown-linux-gnu/lib/rustlib/x86_64-unknown-linux-gnu/lib/librustc_demangle-99a73526abcec14b.rlib" "/opt/rustwide/rustup-home/toolchains/1.83.0-x86_64-unknown-linux-gnu/lib/rustlib/x86_64-unknown-linux-gnu/lib/libstd_detect-63ac0d22cff92579.rlib" "/opt/rustwide/rustup-home/toolchains/1.83.0-x86_64-unknown-linux-gnu/lib/rustlib/x86_64-unknown-linux-gnu/lib/libhashbrown-9057355c92c922d5.rlib" "/opt/rustwide/rustup-home/toolchains/1.83.0-x86_64-unknown-linux-gnu/lib/rustlib/x86_64-unknown-linux-gnu/lib/librustc_std_workspace_alloc-358be9bc1f6bab04.rlib" "/opt/rustwide/rustup-home/toolchains/1.83.0-x86_64-unknown-linux-gnu/lib/rustlib/x86_64-unknown-linux-gnu/lib/libminiz_oxide-aca15549d5bff974.rlib" "/opt/rustwide/rustup-home/toolchains/1.83.0-x86_64-unknown-linux-gnu/lib/rustlib/x86_64-unknown-linux-gnu/lib/libadler-8251d2cef7072448.rlib" "/opt/rustwide/rustup-home/toolchains/1.83.0-x86_64-unknown-linux-gnu/lib/rustlib/x86_64-unknown-linux-gnu/lib/libunwind-7d50b86011c66411.rlib" "/opt/rustwide/rustup-home/toolchains/1.83.0-x86_64-unknown-linux-gnu/lib/rustlib/x86_64-unknown-linux-gnu/lib/libcfg_if-51ea098fce5006bf.rlib" "/opt/rustwide/rustup-home/toolchains/1.83.0-x86_64-unknown-linux-gnu/lib/rustlib/x86_64-unknown-linux-gnu/lib/liblibc-5a14e0d0b712e731.rlib" "/opt/rustwide/rustup-home/toolchains/1.83.0-x86_64-unknown-linux-gnu/lib/rustlib/x86_64-unknown-linux-gnu/lib/liballoc-8b83dbf3a7b8f999.rlib" "/opt/rustwide/rustup-home/toolchains/1.83.0-x86_64-unknown-linux-gnu/lib/rustlib/x86_64-unknown-linux-gnu/lib/librustc_std_workspace_core-c6fd227bdc7b39ff.rlib" "/opt/rustwide/rustup-home/toolchains/1.83.0-x86_64-unknown-linux-gnu/lib/rustlib/x86_64-unknown-linux-gnu/lib/libcore-959d3389fa3da8a5.rlib" "/opt/rustwide/rustup-home/toolchains/1.83.0-x86_64-unknown-linux-gnu/lib/rustlib/x86_64-unknown-linux-gnu/lib/libcompiler_builtins-abe05db089cc2c62.rlib" "-Wl,-Bdynamic" "-lc" "-lm" "-lrt" "-lpthread" "-lgcc_s" "-lutil" "-lrt" "-lpthread" "-lm" "-ldl" "-lc" "-Wl,--eh-frame-hdr" "-Wl,-z,noexecstack" "-L" "/opt/rustwide/rustup-home/toolchains/1.83.0-x86_64-unknown-linux-gnu/lib/rustlib/x86_64-unknown-linux-gnu/lib" "-o" "/tmp/rustdoctests4AyUQ/rust_out" "-Wl,--gc-sections" "-pie" "-Wl,-z,relro,-z,now" "-nodefaultlibs"
[INFO] [stdout]   = note: collect2: fatal error: ld terminated with signal 9 [Killed]
[INFO] [stdout]           compilation terminated.
[INFO] [stdout]           
[INFO] [stdout] 
[INFO] [stdout] error: aborting due to 1 previous error
[INFO] [stdout] 
[INFO] [stdout] Couldn't compile the test.
[INFO] [stdout] ---- src/fluent/named.rs - fluent::named::Named::index_default (line 52) stdout ----
[INFO] [stdout] error: linking with `cc` failed: exit status: 1
[INFO] [stdout]   |
[INFO] [stdout]   = note: LC_ALL="C" PATH="/opt/rustwide/rustup-home/toolchains/1.83.0-x86_64-unknown-linux-gnu/lib/rustlib/x86_64-unknown-linux-gnu/bin:/opt/rustwide/cargo-home/bin:/usr/local/sbin:/usr/local/bin:/usr/sbin:/usr/bin:/sbin:/bin" VSLANG="1033" "cc" "-m64" "/tmp/rustcECFAgn/symbols.o" "/tmp/rustdoctestY0fmXY/rust_out.rust_out.cb03291d53e4e161-cgu.0.rcgu.o" "/tmp/rustdoctestY0fmXY/rust_out.1s7umcihpz0t7nkz1uc2ifee9.rcgu.o" "-Wl,--as-needed" "-Wl,-Bstatic" "/opt/rustwide/target/debug/deps/libcardpack-edfdaa43073e9150.rlib" "/opt/rustwide/target/debug/deps/libfluent_templates-9bd8db0cd3120a21.rlib" "/opt/rustwide/target/debug/deps/libignore-28c24028bc169c72.rlib" "/opt/rustwide/target/debug/deps/libwalkdir-1dd1923acd2c1bf5.rlib" "/opt/rustwide/target/debug/deps/libsame_file-5669399e58eccd84.rlib" "/opt/rustwide/target/debug/deps/libcrossbeam_deque-f5ddb3927b30fcae.rlib" "/opt/rustwide/target/debug/deps/libcrossbeam_epoch-03dcb83679638d3a.rlib" "/opt/rustwide/target/debug/deps/libcrossbeam_utils-9b9268c2ec835999.rlib" "/opt/rustwide/target/debug/deps/libglobset-a9c5515db1eae405.rlib" "/opt/rustwide/target/debug/deps/libbstr-a796080987bed783.rlib" "/opt/rustwide/target/debug/deps/libflume-fe56d85f41e37963.rlib" "/opt/rustwide/target/debug/deps/libfutures_sink-9c57e814a3f8913c.rlib" "/opt/rustwide/target/debug/deps/libfutures_core-b58580d38974c896.rlib" "/opt/rustwide/target/debug/deps/libnanorand-631b772540ad9b5b.rlib" "/opt/rustwide/target/debug/deps/libspin-214aabf62567652f.rlib" "/opt/rustwide/target/debug/deps/liblock_api-3ff76740e95841fc.rlib" "/opt/rustwide/target/debug/deps/libscopeguard-d59b845c07f126eb.rlib" "/opt/rustwide/target/debug/deps/liblog-2579a5a2dbce8c4d.rlib" "/opt/rustwide/target/debug/deps/libonce_cell-dd4734ba15c3811e.rlib" "/opt/rustwide/target/debug/deps/libfluent_bundle-aa4f1b8625ec8128.rlib" "/opt/rustwide/target/debug/deps/libsmallvec-27682ff183e60130.rlib" "/opt/rustwide/target/debug/deps/libfluent_langneg-32fbc5bea72e6863.rlib" "/opt/rustwide/target/debug/deps/libintl_pluralrules-bda6ccde1382cd38.rlib" "/opt/rustwide/target/debug/deps/libself_cell-8710c9fc0ee5b733.rlib" "/opt/rustwide/target/debug/deps/libself_cell-936f072490cbf497.rlib" "/opt/rustwide/target/debug/deps/libintl_memoizer-4bc3bf9bf7b814ba.rlib" "/opt/rustwide/target/debug/deps/libtype_map-3ab4211f5a418758.rlib" "/opt/rustwide/target/debug/deps/libfluent_syntax-02c369275f78769c.rlib" "/opt/rustwide/target/debug/deps/libthiserror-624e1cf88b7349ff.rlib" "/opt/rustwide/target/debug/deps/librustc_hash-c9f1ca6ac0c62e13.rlib" "/opt/rustwide/target/debug/deps/libterm_table-fadc0654a270b5ab.rlib" "/opt/rustwide/target/debug/deps/libregex-ec4b279bfa1d4ad7.rlib" "/opt/rustwide/target/debug/deps/libregex_automata-aaf3636c699c178c.rlib" "/opt/rustwide/target/debug/deps/libaho_corasick-e81f2722e1f4876a.rlib" "/opt/rustwide/target/debug/deps/libmemchr-d5b7adbc9aef9799.rlib" "/opt/rustwide/target/debug/deps/libregex_syntax-172dc71ee2a618e4.rlib" "/opt/rustwide/target/debug/deps/libunicode_width-c6f4711509928587.rlib" "/opt/rustwide/target/debug/deps/libunic_langid-642ae5568532c870.rlib" "/opt/rustwide/target/debug/deps/libunic_langid_macros-585e7a9b07d78d1f.rlib" "/opt/rustwide/target/debug/deps/libunic_langid_impl-3d504967a514e6e3.rlib" "/opt/rustwide/target/debug/deps/libtinystr-556b656ddf68ad4b.rlib" "/opt/rustwide/target/debug/deps/libcolored-1603b20fef273f41.rlib" "/opt/rustwide/target/debug/deps/liblazy_static-8c0bb59ebbb3df6c.rlib" "/opt/rustwide/target/debug/deps/librand-b57bd8a7a420f3fb.rlib" "/opt/rustwide/target/debug/deps/librand_chacha-56f89ace93be227f.rlib" "/opt/rustwide/target/debug/deps/libppv_lite86-c663305ef3ec04ad.rlib" "/opt/rustwide/target/debug/deps/librand_core-36ea4631f63fd458.rlib" "/opt/rustwide/target/debug/deps/libgetrandom-512c9411917f226a.rlib" "/opt/rustwide/target/debug/deps/liblibc-3b88e3c04ae72039.rlib" "/opt/rustwide/target/debug/deps/libcfg_if-8217498f8667ada9.rlib" "/opt/rustwide/rustup-home/toolchains/1.83.0-x86_64-unknown-linux-gnu/lib/rustlib/x86_64-unknown-linux-gnu/lib/libstd-ca74a2d9c5166d9f.rlib" "/opt/rustwide/rustup-home/toolchains/1.83.0-x86_64-unknown-linux-gnu/lib/rustlib/x86_64-unknown-linux-gnu/lib/libpanic_unwind-e31ab23316ed5080.rlib" "/opt/rustwide/rustup-home/toolchains/1.83.0-x86_64-unknown-linux-gnu/lib/rustlib/x86_64-unknown-linux-gnu/lib/libobject-27dc4aa955912662.rlib" "/opt/rustwide/rustup-home/toolchains/1.83.0-x86_64-unknown-linux-gnu/lib/rustlib/x86_64-unknown-linux-gnu/lib/libmemchr-bd0d6cccce077b99.rlib" "/opt/rustwide/rustup-home/toolchains/1.83.0-x86_64-unknown-linux-gnu/lib/rustlib/x86_64-unknown-linux-gnu/lib/libaddr2line-8d001680935b5e3c.rlib" "/opt/rustwide/rustup-home/toolchains/1.83.0-x86_64-unknown-linux-gnu/lib/rustlib/x86_64-unknown-linux-gnu/lib/libgimli-ba8ce71964f984f4.rlib" "/opt/rustwide/rustup-home/toolchains/1.83.0-x86_64-unknown-linux-gnu/lib/rustlib/x86_64-unknown-linux-gnu/lib/librustc_demangle-99a73526abcec14b.rlib" "/opt/rustwide/rustup-home/toolchains/1.83.0-x86_64-unknown-linux-gnu/lib/rustlib/x86_64-unknown-linux-gnu/lib/libstd_detect-63ac0d22cff92579.rlib" "/opt/rustwide/rustup-home/toolchains/1.83.0-x86_64-unknown-linux-gnu/lib/rustlib/x86_64-unknown-linux-gnu/lib/libhashbrown-9057355c92c922d5.rlib" "/opt/rustwide/rustup-home/toolchains/1.83.0-x86_64-unknown-linux-gnu/lib/rustlib/x86_64-unknown-linux-gnu/lib/librustc_std_workspace_alloc-358be9bc1f6bab04.rlib" "/opt/rustwide/rustup-home/toolchains/1.83.0-x86_64-unknown-linux-gnu/lib/rustlib/x86_64-unknown-linux-gnu/lib/libminiz_oxide-aca15549d5bff974.rlib" "/opt/rustwide/rustup-home/toolchains/1.83.0-x86_64-unknown-linux-gnu/lib/rustlib/x86_64-unknown-linux-gnu/lib/libadler-8251d2cef7072448.rlib" "/opt/rustwide/rustup-home/toolchains/1.83.0-x86_64-unknown-linux-gnu/lib/rustlib/x86_64-unknown-linux-gnu/lib/libunwind-7d50b86011c66411.rlib" "/opt/rustwide/rustup-home/toolchains/1.83.0-x86_64-unknown-linux-gnu/lib/rustlib/x86_64-unknown-linux-gnu/lib/libcfg_if-51ea098fce5006bf.rlib" "/opt/rustwide/rustup-home/toolchains/1.83.0-x86_64-unknown-linux-gnu/lib/rustlib/x86_64-unknown-linux-gnu/lib/liblibc-5a14e0d0b712e731.rlib" "/opt/rustwide/rustup-home/toolchains/1.83.0-x86_64-unknown-linux-gnu/lib/rustlib/x86_64-unknown-linux-gnu/lib/liballoc-8b83dbf3a7b8f999.rlib" "/opt/rustwide/rustup-home/toolchains/1.83.0-x86_64-unknown-linux-gnu/lib/rustlib/x86_64-unknown-linux-gnu/lib/librustc_std_workspace_core-c6fd227bdc7b39ff.rlib" "/opt/rustwide/rustup-home/toolchains/1.83.0-x86_64-unknown-linux-gnu/lib/rustlib/x86_64-unknown-linux-gnu/lib/libcore-959d3389fa3da8a5.rlib" "/opt/rustwide/rustup-home/toolchains/1.83.0-x86_64-unknown-linux-gnu/lib/rustlib/x86_64-unknown-linux-gnu/lib/libcompiler_builtins-abe05db089cc2c62.rlib" "-Wl,-Bdynamic" "-lc" "-lm" "-lrt" "-lpthread" "-lgcc_s" "-lutil" "-lrt" "-lpthread" "-lm" "-ldl" "-lc" "-Wl,--eh-frame-hdr" "-Wl,-z,noexecstack" "-L" "/opt/rustwide/rustup-home/toolchains/1.83.0-x86_64-unknown-linux-gnu/lib/rustlib/x86_64-unknown-linux-gnu/lib" "-o" "/tmp/rustdoctestY0fmXY/rust_out" "-Wl,--gc-sections" "-pie" "-Wl,-z,relro,-z,now" "-nodefaultlibs"
[INFO] [stdout]   = note: collect2: fatal error: ld terminated with signal 9 [Killed]
[INFO] [stdout]           compilation terminated.
[INFO] [stdout]           
[INFO] [stdout] 
[INFO] [stdout] error: aborting due to 1 previous error
[INFO] [stdout] 
[INFO] [stdout] Couldn't compile the test.
[INFO] [stdout] ---- src/cards/pile.rs - cards::pile::Pile::convert_to_rank_weighted (line 466) stdout ----
[INFO] [stdout] error: linking with `cc` failed: exit status: 1
[INFO] [stdout]   |
[INFO] [stdout]   = note: LC_ALL="C" PATH="/opt/rustwide/rustup-home/toolchains/1.83.0-x86_64-unknown-linux-gnu/lib/rustlib/x86_64-unknown-linux-gnu/bin:/opt/rustwide/cargo-home/bin:/usr/local/sbin:/usr/local/bin:/usr/sbin:/usr/bin:/sbin:/bin" VSLANG="1033" "cc" "-m64" "/tmp/rustcK6YAgf/symbols.o" "/tmp/rustdoctestGiefqU/rust_out.rust_out.cb03291d53e4e161-cgu.0.rcgu.o" "/tmp/rustdoctestGiefqU/rust_out.1s7umcihpz0t7nkz1uc2ifee9.rcgu.o" "-Wl,--as-needed" "-Wl,-Bstatic" "/opt/rustwide/target/debug/deps/libcardpack-edfdaa43073e9150.rlib" "/opt/rustwide/target/debug/deps/libfluent_templates-9bd8db0cd3120a21.rlib" "/opt/rustwide/target/debug/deps/libignore-28c24028bc169c72.rlib" "/opt/rustwide/target/debug/deps/libwalkdir-1dd1923acd2c1bf5.rlib" "/opt/rustwide/target/debug/deps/libsame_file-5669399e58eccd84.rlib" "/opt/rustwide/target/debug/deps/libcrossbeam_deque-f5ddb3927b30fcae.rlib" "/opt/rustwide/target/debug/deps/libcrossbeam_epoch-03dcb83679638d3a.rlib" "/opt/rustwide/target/debug/deps/libcrossbeam_utils-9b9268c2ec835999.rlib" "/opt/rustwide/target/debug/deps/libglobset-a9c5515db1eae405.rlib" "/opt/rustwide/target/debug/deps/libbstr-a796080987bed783.rlib" "/opt/rustwide/target/debug/deps/libflume-fe56d85f41e37963.rlib" "/opt/rustwide/target/debug/deps/libfutures_sink-9c57e814a3f8913c.rlib" "/opt/rustwide/target/debug/deps/libfutures_core-b58580d38974c896.rlib" "/opt/rustwide/target/debug/deps/libnanorand-631b772540ad9b5b.rlib" "/opt/rustwide/target/debug/deps/libspin-214aabf62567652f.rlib" "/opt/rustwide/target/debug/deps/liblock_api-3ff76740e95841fc.rlib" "/opt/rustwide/target/debug/deps/libscopeguard-d59b845c07f126eb.rlib" "/opt/rustwide/target/debug/deps/liblog-2579a5a2dbce8c4d.rlib" "/opt/rustwide/target/debug/deps/libonce_cell-dd4734ba15c3811e.rlib" "/opt/rustwide/target/debug/deps/libfluent_bundle-aa4f1b8625ec8128.rlib" "/opt/rustwide/target/debug/deps/libsmallvec-27682ff183e60130.rlib" "/opt/rustwide/target/debug/deps/libfluent_langneg-32fbc5bea72e6863.rlib" "/opt/rustwide/target/debug/deps/libintl_pluralrules-bda6ccde1382cd38.rlib" "/opt/rustwide/target/debug/deps/libself_cell-8710c9fc0ee5b733.rlib" "/opt/rustwide/target/debug/deps/libself_cell-936f072490cbf497.rlib" "/opt/rustwide/target/debug/deps/libintl_memoizer-4bc3bf9bf7b814ba.rlib" "/opt/rustwide/target/debug/deps/libtype_map-3ab4211f5a418758.rlib" "/opt/rustwide/target/debug/deps/libfluent_syntax-02c369275f78769c.rlib" "/opt/rustwide/target/debug/deps/libthiserror-624e1cf88b7349ff.rlib" "/opt/rustwide/target/debug/deps/librustc_hash-c9f1ca6ac0c62e13.rlib" "/opt/rustwide/target/debug/deps/libterm_table-fadc0654a270b5ab.rlib" "/opt/rustwide/target/debug/deps/libregex-ec4b279bfa1d4ad7.rlib" "/opt/rustwide/target/debug/deps/libregex_automata-aaf3636c699c178c.rlib" "/opt/rustwide/target/debug/deps/libaho_corasick-e81f2722e1f4876a.rlib" "/opt/rustwide/target/debug/deps/libmemchr-d5b7adbc9aef9799.rlib" "/opt/rustwide/target/debug/deps/libregex_syntax-172dc71ee2a618e4.rlib" "/opt/rustwide/target/debug/deps/libunicode_width-c6f4711509928587.rlib" "/opt/rustwide/target/debug/deps/libunic_langid-642ae5568532c870.rlib" "/opt/rustwide/target/debug/deps/libunic_langid_macros-585e7a9b07d78d1f.rlib" "/opt/rustwide/target/debug/deps/libunic_langid_impl-3d504967a514e6e3.rlib" "/opt/rustwide/target/debug/deps/libtinystr-556b656ddf68ad4b.rlib" "/opt/rustwide/target/debug/deps/libcolored-1603b20fef273f41.rlib" "/opt/rustwide/target/debug/deps/liblazy_static-8c0bb59ebbb3df6c.rlib" "/opt/rustwide/target/debug/deps/librand-b57bd8a7a420f3fb.rlib" "/opt/rustwide/target/debug/deps/librand_chacha-56f89ace93be227f.rlib" "/opt/rustwide/target/debug/deps/libppv_lite86-c663305ef3ec04ad.rlib" "/opt/rustwide/target/debug/deps/librand_core-36ea4631f63fd458.rlib" "/opt/rustwide/target/debug/deps/libgetrandom-512c9411917f226a.rlib" "/opt/rustwide/target/debug/deps/liblibc-3b88e3c04ae72039.rlib" "/opt/rustwide/target/debug/deps/libcfg_if-8217498f8667ada9.rlib" "/opt/rustwide/rustup-home/toolchains/1.83.0-x86_64-unknown-linux-gnu/lib/rustlib/x86_64-unknown-linux-gnu/lib/libstd-ca74a2d9c5166d9f.rlib" "/opt/rustwide/rustup-home/toolchains/1.83.0-x86_64-unknown-linux-gnu/lib/rustlib/x86_64-unknown-linux-gnu/lib/libpanic_unwind-e31ab23316ed5080.rlib" "/opt/rustwide/rustup-home/toolchains/1.83.0-x86_64-unknown-linux-gnu/lib/rustlib/x86_64-unknown-linux-gnu/lib/libobject-27dc4aa955912662.rlib" "/opt/rustwide/rustup-home/toolchains/1.83.0-x86_64-unknown-linux-gnu/lib/rustlib/x86_64-unknown-linux-gnu/lib/libmemchr-bd0d6cccce077b99.rlib" "/opt/rustwide/rustup-home/toolchains/1.83.0-x86_64-unknown-linux-gnu/lib/rustlib/x86_64-unknown-linux-gnu/lib/libaddr2line-8d001680935b5e3c.rlib" "/opt/rustwide/rustup-home/toolchains/1.83.0-x86_64-unknown-linux-gnu/lib/rustlib/x86_64-unknown-linux-gnu/lib/libgimli-ba8ce71964f984f4.rlib" "/opt/rustwide/rustup-home/toolchains/1.83.0-x86_64-unknown-linux-gnu/lib/rustlib/x86_64-unknown-linux-gnu/lib/librustc_demangle-99a73526abcec14b.rlib" "/opt/rustwide/rustup-home/toolchains/1.83.0-x86_64-unknown-linux-gnu/lib/rustlib/x86_64-unknown-linux-gnu/lib/libstd_detect-63ac0d22cff92579.rlib" "/opt/rustwide/rustup-home/toolchains/1.83.0-x86_64-unknown-linux-gnu/lib/rustlib/x86_64-unknown-linux-gnu/lib/libhashbrown-9057355c92c922d5.rlib" "/opt/rustwide/rustup-home/toolchains/1.83.0-x86_64-unknown-linux-gnu/lib/rustlib/x86_64-unknown-linux-gnu/lib/librustc_std_workspace_alloc-358be9bc1f6bab04.rlib" "/opt/rustwide/rustup-home/toolchains/1.83.0-x86_64-unknown-linux-gnu/lib/rustlib/x86_64-unknown-linux-gnu/lib/libminiz_oxide-aca15549d5bff974.rlib" "/opt/rustwide/rustup-home/toolchains/1.83.0-x86_64-unknown-linux-gnu/lib/rustlib/x86_64-unknown-linux-gnu/lib/libadler-8251d2cef7072448.rlib" "/opt/rustwide/rustup-home/toolchains/1.83.0-x86_64-unknown-linux-gnu/lib/rustlib/x86_64-unknown-linux-gnu/lib/libunwind-7d50b86011c66411.rlib" "/opt/rustwide/rustup-home/toolchains/1.83.0-x86_64-unknown-linux-gnu/lib/rustlib/x86_64-unknown-linux-gnu/lib/libcfg_if-51ea098fce5006bf.rlib" "/opt/rustwide/rustup-home/toolchains/1.83.0-x86_64-unknown-linux-gnu/lib/rustlib/x86_64-unknown-linux-gnu/lib/liblibc-5a14e0d0b712e731.rlib" "/opt/rustwide/rustup-home/toolchains/1.83.0-x86_64-unknown-linux-gnu/lib/rustlib/x86_64-unknown-linux-gnu/lib/liballoc-8b83dbf3a7b8f999.rlib" "/opt/rustwide/rustup-home/toolchains/1.83.0-x86_64-unknown-linux-gnu/lib/rustlib/x86_64-unknown-linux-gnu/lib/librustc_std_workspace_core-c6fd227bdc7b39ff.rlib" "/opt/rustwide/rustup-home/toolchains/1.83.0-x86_64-unknown-linux-gnu/lib/rustlib/x86_64-unknown-linux-gnu/lib/libcore-959d3389fa3da8a5.rlib" "/opt/rustwide/rustup-home/toolchains/1.83.0-x86_64-unknown-linux-gnu/lib/rustlib/x86_64-unknown-linux-gnu/lib/libcompiler_builtins-abe05db089cc2c62.rlib" "-Wl,-Bdynamic" "-lc" "-lm" "-lrt" "-lpthread" "-lgcc_s" "-lutil" "-lrt" "-lpthread" "-lm" "-ldl" "-lc" "-Wl,--eh-frame-hdr" "-Wl,-z,noexecstack" "-L" "/opt/rustwide/rustup-home/toolchains/1.83.0-x86_64-unknown-linux-gnu/lib/rustlib/x86_64-unknown-linux-gnu/lib" "-o" "/tmp/rustdoctestGiefqU/rust_out" "-Wl,--gc-sections" "-pie" "-Wl,-z,relro,-z,now" "-nodefaultlibs"
[INFO] [stdout]   = note: collect2: fatal error: ld terminated with signal 9 [Killed]
[INFO] [stdout]           compilation terminated.
[INFO] [stdout]           
[INFO] [stdout] 
[INFO] [stdout] error: aborting due to 1 previous error
[INFO] [stdout] 
[INFO] [stdout] Couldn't compile the test.
[INFO] [stdout] ---- src/cards/pile.rs - cards::pile::Pile (line 19) stdout ----
[INFO] [stdout] error: linking with `cc` failed: exit status: 1
[INFO] [stdout]   |
[INFO] [stdout]   = note: LC_ALL="C" PATH="/opt/rustwide/rustup-home/toolchains/1.83.0-x86_64-unknown-linux-gnu/lib/rustlib/x86_64-unknown-linux-gnu/bin:/opt/rustwide/cargo-home/bin:/usr/local/sbin:/usr/local/bin:/usr/sbin:/usr/bin:/sbin:/bin" VSLANG="1033" "cc" "-m64" "/tmp/rustcNSym2B/symbols.o" "/tmp/rustdoctest4ERyPV/rust_out.rust_out.cb03291d53e4e161-cgu.0.rcgu.o" "/tmp/rustdoctest4ERyPV/rust_out.1s7umcihpz0t7nkz1uc2ifee9.rcgu.o" "-Wl,--as-needed" "-Wl,-Bstatic" "/opt/rustwide/target/debug/deps/libcardpack-edfdaa43073e9150.rlib" "/opt/rustwide/target/debug/deps/libfluent_templates-9bd8db0cd3120a21.rlib" "/opt/rustwide/target/debug/deps/libignore-28c24028bc169c72.rlib" "/opt/rustwide/target/debug/deps/libwalkdir-1dd1923acd2c1bf5.rlib" "/opt/rustwide/target/debug/deps/libsame_file-5669399e58eccd84.rlib" "/opt/rustwide/target/debug/deps/libcrossbeam_deque-f5ddb3927b30fcae.rlib" "/opt/rustwide/target/debug/deps/libcrossbeam_epoch-03dcb83679638d3a.rlib" "/opt/rustwide/target/debug/deps/libcrossbeam_utils-9b9268c2ec835999.rlib" "/opt/rustwide/target/debug/deps/libglobset-a9c5515db1eae405.rlib" "/opt/rustwide/target/debug/deps/libbstr-a796080987bed783.rlib" "/opt/rustwide/target/debug/deps/libflume-fe56d85f41e37963.rlib" "/opt/rustwide/target/debug/deps/libfutures_sink-9c57e814a3f8913c.rlib" "/opt/rustwide/target/debug/deps/libfutures_core-b58580d38974c896.rlib" "/opt/rustwide/target/debug/deps/libnanorand-631b772540ad9b5b.rlib" "/opt/rustwide/target/debug/deps/libspin-214aabf62567652f.rlib" "/opt/rustwide/target/debug/deps/liblock_api-3ff76740e95841fc.rlib" "/opt/rustwide/target/debug/deps/libscopeguard-d59b845c07f126eb.rlib" "/opt/rustwide/target/debug/deps/liblog-2579a5a2dbce8c4d.rlib" "/opt/rustwide/target/debug/deps/libonce_cell-dd4734ba15c3811e.rlib" "/opt/rustwide/target/debug/deps/libfluent_bundle-aa4f1b8625ec8128.rlib" "/opt/rustwide/target/debug/deps/libsmallvec-27682ff183e60130.rlib" "/opt/rustwide/target/debug/deps/libfluent_langneg-32fbc5bea72e6863.rlib" "/opt/rustwide/target/debug/deps/libintl_pluralrules-bda6ccde1382cd38.rlib" "/opt/rustwide/target/debug/deps/libself_cell-8710c9fc0ee5b733.rlib" "/opt/rustwide/target/debug/deps/libself_cell-936f072490cbf497.rlib" "/opt/rustwide/target/debug/deps/libintl_memoizer-4bc3bf9bf7b814ba.rlib" "/opt/rustwide/target/debug/deps/libtype_map-3ab4211f5a418758.rlib" "/opt/rustwide/target/debug/deps/libfluent_syntax-02c369275f78769c.rlib" "/opt/rustwide/target/debug/deps/libthiserror-624e1cf88b7349ff.rlib" "/opt/rustwide/target/debug/deps/librustc_hash-c9f1ca6ac0c62e13.rlib" "/opt/rustwide/target/debug/deps/libterm_table-fadc0654a270b5ab.rlib" "/opt/rustwide/target/debug/deps/libregex-ec4b279bfa1d4ad7.rlib" "/opt/rustwide/target/debug/deps/libregex_automata-aaf3636c699c178c.rlib" "/opt/rustwide/target/debug/deps/libaho_corasick-e81f2722e1f4876a.rlib" "/opt/rustwide/target/debug/deps/libmemchr-d5b7adbc9aef9799.rlib" "/opt/rustwide/target/debug/deps/libregex_syntax-172dc71ee2a618e4.rlib" "/opt/rustwide/target/debug/deps/libunicode_width-c6f4711509928587.rlib" "/opt/rustwide/target/debug/deps/libunic_langid-642ae5568532c870.rlib" "/opt/rustwide/target/debug/deps/libunic_langid_macros-585e7a9b07d78d1f.rlib" "/opt/rustwide/target/debug/deps/libunic_langid_impl-3d504967a514e6e3.rlib" "/opt/rustwide/target/debug/deps/libtinystr-556b656ddf68ad4b.rlib" "/opt/rustwide/target/debug/deps/libcolored-1603b20fef273f41.rlib" "/opt/rustwide/target/debug/deps/liblazy_static-8c0bb59ebbb3df6c.rlib" "/opt/rustwide/target/debug/deps/librand-b57bd8a7a420f3fb.rlib" "/opt/rustwide/target/debug/deps/librand_chacha-56f89ace93be227f.rlib" "/opt/rustwide/target/debug/deps/libppv_lite86-c663305ef3ec04ad.rlib" "/opt/rustwide/target/debug/deps/librand_core-36ea4631f63fd458.rlib" "/opt/rustwide/target/debug/deps/libgetrandom-512c9411917f226a.rlib" "/opt/rustwide/target/debug/deps/liblibc-3b88e3c04ae72039.rlib" "/opt/rustwide/target/debug/deps/libcfg_if-8217498f8667ada9.rlib" "/opt/rustwide/rustup-home/toolchains/1.83.0-x86_64-unknown-linux-gnu/lib/rustlib/x86_64-unknown-linux-gnu/lib/libstd-ca74a2d9c5166d9f.rlib" "/opt/rustwide/rustup-home/toolchains/1.83.0-x86_64-unknown-linux-gnu/lib/rustlib/x86_64-unknown-linux-gnu/lib/libpanic_unwind-e31ab23316ed5080.rlib" "/opt/rustwide/rustup-home/toolchains/1.83.0-x86_64-unknown-linux-gnu/lib/rustlib/x86_64-unknown-linux-gnu/lib/libobject-27dc4aa955912662.rlib" "/opt/rustwide/rustup-home/toolchains/1.83.0-x86_64-unknown-linux-gnu/lib/rustlib/x86_64-unknown-linux-gnu/lib/libmemchr-bd0d6cccce077b99.rlib" "/opt/rustwide/rustup-home/toolchains/1.83.0-x86_64-unknown-linux-gnu/lib/rustlib/x86_64-unknown-linux-gnu/lib/libaddr2line-8d001680935b5e3c.rlib" "/opt/rustwide/rustup-home/toolchains/1.83.0-x86_64-unknown-linux-gnu/lib/rustlib/x86_64-unknown-linux-gnu/lib/libgimli-ba8ce71964f984f4.rlib" "/opt/rustwide/rustup-home/toolchains/1.83.0-x86_64-unknown-linux-gnu/lib/rustlib/x86_64-unknown-linux-gnu/lib/librustc_demangle-99a73526abcec14b.rlib" "/opt/rustwide/rustup-home/toolchains/1.83.0-x86_64-unknown-linux-gnu/lib/rustlib/x86_64-unknown-linux-gnu/lib/libstd_detect-63ac0d22cff92579.rlib" "/opt/rustwide/rustup-home/toolchains/1.83.0-x86_64-unknown-linux-gnu/lib/rustlib/x86_64-unknown-linux-gnu/lib/libhashbrown-9057355c92c922d5.rlib" "/opt/rustwide/rustup-home/toolchains/1.83.0-x86_64-unknown-linux-gnu/lib/rustlib/x86_64-unknown-linux-gnu/lib/librustc_std_workspace_alloc-358be9bc1f6bab04.rlib" "/opt/rustwide/rustup-home/toolchains/1.83.0-x86_64-unknown-linux-gnu/lib/rustlib/x86_64-unknown-linux-gnu/lib/libminiz_oxide-aca15549d5bff974.rlib" "/opt/rustwide/rustup-home/toolchains/1.83.0-x86_64-unknown-linux-gnu/lib/rustlib/x86_64-unknown-linux-gnu/lib/libadler-8251d2cef7072448.rlib" "/opt/rustwide/rustup-home/toolchains/1.83.0-x86_64-unknown-linux-gnu/lib/rustlib/x86_64-unknown-linux-gnu/lib/libunwind-7d50b86011c66411.rlib" "/opt/rustwide/rustup-home/toolchains/1.83.0-x86_64-unknown-linux-gnu/lib/rustlib/x86_64-unknown-linux-gnu/lib/libcfg_if-51ea098fce5006bf.rlib" "/opt/rustwide/rustup-home/toolchains/1.83.0-x86_64-unknown-linux-gnu/lib/rustlib/x86_64-unknown-linux-gnu/lib/liblibc-5a14e0d0b712e731.rlib" "/opt/rustwide/rustup-home/toolchains/1.83.0-x86_64-unknown-linux-gnu/lib/rustlib/x86_64-unknown-linux-gnu/lib/liballoc-8b83dbf3a7b8f999.rlib" "/opt/rustwide/rustup-home/toolchains/1.83.0-x86_64-unknown-linux-gnu/lib/rustlib/x86_64-unknown-linux-gnu/lib/librustc_std_workspace_core-c6fd227bdc7b39ff.rlib" "/opt/rustwide/rustup-home/toolchains/1.83.0-x86_64-unknown-linux-gnu/lib/rustlib/x86_64-unknown-linux-gnu/lib/libcore-959d3389fa3da8a5.rlib" "/opt/rustwide/rustup-home/toolchains/1.83.0-x86_64-unknown-linux-gnu/lib/rustlib/x86_64-unknown-linux-gnu/lib/libcompiler_builtins-abe05db089cc2c62.rlib" "-Wl,-Bdynamic" "-lc" "-lm" "-lrt" "-lpthread" "-lgcc_s" "-lutil" "-lrt" "-lpthread" "-lm" "-ldl" "-lc" "-Wl,--eh-frame-hdr" "-Wl,-z,noexecstack" "-L" "/opt/rustwide/rustup-home/toolchains/1.83.0-x86_64-unknown-linux-gnu/lib/rustlib/x86_64-unknown-linux-gnu/lib" "-o" "/tmp/rustdoctest4ERyPV/rust_out" "-Wl,--gc-sections" "-pie" "-Wl,-z,relro,-z,now" "-nodefaultlibs"
[INFO] [stdout]   = note: collect2: fatal error: ld terminated with signal 9 [Killed]
[INFO] [stdout]           compilation terminated.
[INFO] [stdout]           
[INFO] [stdout] 
[INFO] [stdout] error: aborting due to 1 previous error
[INFO] [stdout] 
[INFO] [stdout] Couldn't compile the test.
[INFO] [stdout] 
[INFO] [stdout] failures:
[INFO] [stdout]     src/cards/pack.rs - cards::pack::Pack (line 10)
[INFO] [stdout]     src/cards/pile.rs - cards::pile::Pile (line 19)
[INFO] [stdout]     src/cards/pile.rs - cards::pile::Pile::convert_to_rank_weighted (line 466)
[INFO] [stdout]     src/fluent/named.rs - fluent::named::Named::index (line 37)
[INFO] [stdout]     src/fluent/named.rs - fluent::named::Named::index_default (line 52)
[INFO] [stdout] 
[INFO] [stdout] test result: FAILED. 10 passed; 5 failed; 0 ignored; 0 measured; 0 filtered out; finished in 7.53s
[INFO] [stdout] 
[INFO] [stderr] error: doctest failed, to rerun pass `--doc`
[INFO] running `Command { std: "docker" "inspect" "147c7293286c54180fdf4681bef4d52f76c4989b6e0cfa77cd9a5156bf21d0a0", kill_on_drop: false }`
[INFO] running `Command { std: "docker" "rm" "-f" "147c7293286c54180fdf4681bef4d52f76c4989b6e0cfa77cd9a5156bf21d0a0", kill_on_drop: false }`
[INFO] [stdout] 147c7293286c54180fdf4681bef4d52f76c4989b6e0cfa77cd9a5156bf21d0a0
