[INFO] fetching crate carbono 0.1.1...
[INFO] testing carbono-0.1.1 against beta-2024-12-08 for beta-1.84.0-4-retry
[INFO] extracting crate carbono 0.1.1 into /workspace/builds/worker-6-tc2/source
[INFO] validating manifest of crates.io crate carbono 0.1.1 on toolchain beta-2024-12-08
[INFO] running `Command { std: CARGO_HOME="/workspace/cargo-home" RUSTUP_HOME="/workspace/rustup-home" "/workspace/cargo-home/bin/cargo" "+beta-2024-12-08" "metadata" "--manifest-path" "Cargo.toml" "--no-deps", kill_on_drop: false }`
[INFO] started tweaking crates.io crate carbono 0.1.1
[INFO] finished tweaking crates.io crate carbono 0.1.1
[INFO] tweaked toml for crates.io crate carbono 0.1.1 written to /workspace/builds/worker-6-tc2/source/Cargo.toml
[INFO] running `Command { std: CARGO_HOME="/workspace/cargo-home" RUSTUP_HOME="/workspace/rustup-home" "/workspace/cargo-home/bin/cargo" "+beta-2024-12-08" "generate-lockfile" "--manifest-path" "Cargo.toml", kill_on_drop: false }`
[INFO] [stderr]     Updating crates.io index
[INFO] [stderr]      Locking 36 packages to latest compatible versions
[INFO] running `Command { std: CARGO_HOME="/workspace/cargo-home" RUSTUP_HOME="/workspace/rustup-home" "/workspace/cargo-home/bin/cargo" "+beta-2024-12-08" "fetch" "--manifest-path" "Cargo.toml", kill_on_drop: false }`
[INFO] running `Command { std: "docker" "create" "-v" "/var/lib/crater-agent-workspace/builds/worker-6-tc2/target:/opt/rustwide/target:rw,Z" "-v" "/var/lib/crater-agent-workspace/builds/worker-6-tc2/source:/opt/rustwide/workdir:ro,Z" "-v" "/var/lib/crater-agent-workspace/cargo-home:/opt/rustwide/cargo-home:ro,Z" "-v" "/var/lib/crater-agent-workspace/rustup-home:/opt/rustwide/rustup-home:ro,Z" "-e" "SOURCE_DIR=/opt/rustwide/workdir" "-e" "CARGO_TARGET_DIR=/opt/rustwide/target" "-e" "CARGO_HOME=/opt/rustwide/cargo-home" "-e" "RUSTUP_HOME=/opt/rustwide/rustup-home" "-w" "/opt/rustwide/workdir" "-m" "1610612736" "--user" "0:0" "--network" "none" "ghcr.io/rust-lang/crates-build-env/linux@sha256:f3a9d4ad9d972b27faf3965f35b62e55ba32bbce8f20bc8fe909558a86702fde" "/opt/rustwide/cargo-home/bin/cargo" "+beta-2024-12-08" "metadata" "--no-deps" "--format-version=1", kill_on_drop: false }`
[INFO] [stdout] 19a870ae5379d691430dc6b2e56d8927715f43c5a154b4587827c8cfcb87cbd2
[INFO] running `Command { std: "docker" "start" "-a" "19a870ae5379d691430dc6b2e56d8927715f43c5a154b4587827c8cfcb87cbd2", kill_on_drop: false }`
[INFO] running `Command { std: "docker" "inspect" "19a870ae5379d691430dc6b2e56d8927715f43c5a154b4587827c8cfcb87cbd2", kill_on_drop: false }`
[INFO] running `Command { std: "docker" "rm" "-f" "19a870ae5379d691430dc6b2e56d8927715f43c5a154b4587827c8cfcb87cbd2", kill_on_drop: false }`
[INFO] [stdout] 19a870ae5379d691430dc6b2e56d8927715f43c5a154b4587827c8cfcb87cbd2
[INFO] running `Command { std: "docker" "create" "-v" "/var/lib/crater-agent-workspace/builds/worker-6-tc2/target:/opt/rustwide/target:rw,Z" "-v" "/var/lib/crater-agent-workspace/builds/worker-6-tc2/source:/opt/rustwide/workdir:ro,Z" "-v" "/var/lib/crater-agent-workspace/cargo-home:/opt/rustwide/cargo-home:ro,Z" "-v" "/var/lib/crater-agent-workspace/rustup-home:/opt/rustwide/rustup-home:ro,Z" "-e" "SOURCE_DIR=/opt/rustwide/workdir" "-e" "CARGO_TARGET_DIR=/opt/rustwide/target" "-e" "CARGO_INCREMENTAL=0" "-e" "RUST_BACKTRACE=full" "-e" "RUSTFLAGS=--cap-lints=warn" "-e" "RUSTDOCFLAGS=--cap-lints=warn" "-e" "CARGO_HOME=/opt/rustwide/cargo-home" "-e" "RUSTUP_HOME=/opt/rustwide/rustup-home" "-w" "/opt/rustwide/workdir" "-m" "1610612736" "--user" "0:0" "--network" "none" "ghcr.io/rust-lang/crates-build-env/linux@sha256:f3a9d4ad9d972b27faf3965f35b62e55ba32bbce8f20bc8fe909558a86702fde" "/opt/rustwide/cargo-home/bin/cargo" "+beta-2024-12-08" "build" "--frozen" "--message-format=json", kill_on_drop: false }`
[INFO] [stdout] 31637e52e490c0f2c505352aef97ae2c98e22623dbb77af554ed440bf9e8ffcb
[INFO] running `Command { std: "docker" "start" "-a" "31637e52e490c0f2c505352aef97ae2c98e22623dbb77af554ed440bf9e8ffcb", kill_on_drop: false }`
[INFO] [stderr]    Compiling autocfg v1.4.0
[INFO] [stderr]    Compiling iana-time-zone v0.1.61
[INFO] [stderr]    Compiling num-traits v0.2.19
[INFO] [stderr]    Compiling chrono v0.4.39
[INFO] [stderr]    Compiling chronoutil v0.2.7
[INFO] [stderr]    Compiling carbono v0.1.1 (/opt/rustwide/workdir)
[INFO] [stderr]     Finished `dev` profile [unoptimized + debuginfo] target(s) in 3.63s
[INFO] running `Command { std: "docker" "inspect" "31637e52e490c0f2c505352aef97ae2c98e22623dbb77af554ed440bf9e8ffcb", kill_on_drop: false }`
[INFO] running `Command { std: "docker" "rm" "-f" "31637e52e490c0f2c505352aef97ae2c98e22623dbb77af554ed440bf9e8ffcb", kill_on_drop: false }`
[INFO] [stdout] 31637e52e490c0f2c505352aef97ae2c98e22623dbb77af554ed440bf9e8ffcb
[INFO] running `Command { std: "docker" "create" "-v" "/var/lib/crater-agent-workspace/builds/worker-6-tc2/target:/opt/rustwide/target:rw,Z" "-v" "/var/lib/crater-agent-workspace/builds/worker-6-tc2/source:/opt/rustwide/workdir:ro,Z" "-v" "/var/lib/crater-agent-workspace/cargo-home:/opt/rustwide/cargo-home:ro,Z" "-v" "/var/lib/crater-agent-workspace/rustup-home:/opt/rustwide/rustup-home:ro,Z" "-e" "SOURCE_DIR=/opt/rustwide/workdir" "-e" "CARGO_TARGET_DIR=/opt/rustwide/target" "-e" "CARGO_INCREMENTAL=0" "-e" "RUST_BACKTRACE=full" "-e" "RUSTFLAGS=--cap-lints=warn" "-e" "RUSTDOCFLAGS=--cap-lints=warn" "-e" "CARGO_HOME=/opt/rustwide/cargo-home" "-e" "RUSTUP_HOME=/opt/rustwide/rustup-home" "-w" "/opt/rustwide/workdir" "-m" "1610612736" "--user" "0:0" "--network" "none" "ghcr.io/rust-lang/crates-build-env/linux@sha256:f3a9d4ad9d972b27faf3965f35b62e55ba32bbce8f20bc8fe909558a86702fde" "/opt/rustwide/cargo-home/bin/cargo" "+beta-2024-12-08" "test" "--frozen" "--no-run" "--message-format=json", kill_on_drop: false }`
[INFO] [stdout] afcf4c03a6ea51498824b492e80eae7cadfe78b3147e7fe49e8d52b919ef1c80
[INFO] running `Command { std: "docker" "start" "-a" "afcf4c03a6ea51498824b492e80eae7cadfe78b3147e7fe49e8d52b919ef1c80", kill_on_drop: false }`
[INFO] [stderr]    Compiling carbono v0.1.1 (/opt/rustwide/workdir)
[INFO] [stderr]     Finished `test` profile [unoptimized + debuginfo] target(s) in 0.59s
[INFO] running `Command { std: "docker" "inspect" "afcf4c03a6ea51498824b492e80eae7cadfe78b3147e7fe49e8d52b919ef1c80", kill_on_drop: false }`
[INFO] running `Command { std: "docker" "rm" "-f" "afcf4c03a6ea51498824b492e80eae7cadfe78b3147e7fe49e8d52b919ef1c80", kill_on_drop: false }`
[INFO] [stdout] afcf4c03a6ea51498824b492e80eae7cadfe78b3147e7fe49e8d52b919ef1c80
[INFO] running `Command { std: "docker" "create" "-v" "/var/lib/crater-agent-workspace/builds/worker-6-tc2/target:/opt/rustwide/target:rw,Z" "-v" "/var/lib/crater-agent-workspace/builds/worker-6-tc2/source:/opt/rustwide/workdir:ro,Z" "-v" "/var/lib/crater-agent-workspace/cargo-home:/opt/rustwide/cargo-home:ro,Z" "-v" "/var/lib/crater-agent-workspace/rustup-home:/opt/rustwide/rustup-home:ro,Z" "-e" "SOURCE_DIR=/opt/rustwide/workdir" "-e" "CARGO_TARGET_DIR=/opt/rustwide/target" "-e" "CARGO_INCREMENTAL=0" "-e" "RUST_BACKTRACE=full" "-e" "RUSTFLAGS=--cap-lints=warn" "-e" "RUSTDOCFLAGS=--cap-lints=warn" "-e" "CARGO_HOME=/opt/rustwide/cargo-home" "-e" "RUSTUP_HOME=/opt/rustwide/rustup-home" "-w" "/opt/rustwide/workdir" "-m" "1610612736" "--user" "0:0" "--network" "none" "ghcr.io/rust-lang/crates-build-env/linux@sha256:f3a9d4ad9d972b27faf3965f35b62e55ba32bbce8f20bc8fe909558a86702fde" "/opt/rustwide/cargo-home/bin/cargo" "+beta-2024-12-08" "test" "--frozen", kill_on_drop: false }`
[INFO] [stdout] 56a79c46c199183ccaf9d999870107a72f72a9c329ca6e632ffbad665234f6da
[INFO] running `Command { std: "docker" "start" "-a" "56a79c46c199183ccaf9d999870107a72f72a9c329ca6e632ffbad665234f6da", kill_on_drop: false }`
[INFO] [stderr]     Finished `test` profile [unoptimized + debuginfo] target(s) in 0.02s
[INFO] [stderr]      Running unittests src/lib.rs (/opt/rustwide/target/debug/deps/carbono-9094cfdbbc1334e3)
[INFO] [stdout] 
[INFO] [stdout] running 42 tests
[INFO] [stdout] test alter::day::tests::it_can_add_days ... ok
[INFO] [stdout] test alter::day::tests::it_can_subtract_a_day ... ok
[INFO] [stdout] test alter::day::tests::it_can_subtract_days ... ok
[INFO] [stdout] test alter::end::tests::it_can_move_to_the_end_of_the_day ... ok
[INFO] [stdout] test alter::end::tests::it_can_move_to_the_end_of_the_hour ... ok
[INFO] [stdout] test alter::end::tests::it_can_move_to_the_end_of_the_minute ... ok
[INFO] [stdout] test alter::end::tests::it_can_move_to_the_end_of_the_month ... ok
[INFO] [stdout] test alter::day::tests::it_can_add_a_day ... ok
[INFO] [stdout] test alter::end::tests::it_can_move_to_the_end_of_the_month_february_with_leap_year ... ok
[INFO] [stdout] test alter::end::tests::it_can_move_to_the_end_of_the_month_february_without_leap_year ... ok
[INFO] [stdout] test alter::end::tests::it_can_move_to_the_end_of_the_year ... ok
[INFO] [stdout] test alter::hour::tests::it_can_add_an_hour ... ok
[INFO] [stdout] test alter::hour::tests::it_can_add_hours ... ok
[INFO] [stdout] test alter::hour::tests::it_can_subtract_an_hour ... ok
[INFO] [stdout] test alter::hour::tests::it_can_subtract_hours ... ok
[INFO] [stdout] test alter::minute::tests::it_can_add_a_minute ... ok
[INFO] [stdout] test alter::minute::tests::it_can_add_minutes ... ok
[INFO] [stdout] test alter::minute::tests::it_can_subtract_a_minute ... ok
[INFO] [stdout] test alter::minute::tests::it_can_subtract_minutes ... ok
[INFO] [stdout] test alter::month::tests::it_can_add_a_month ... ok
[INFO] [stdout] test alter::month::tests::it_can_add_months ... ok
[INFO] [stdout] test alter::month::tests::it_can_subtract_a_month ... ok
[INFO] [stdout] test alter::month::tests::it_can_subtract_months ... ok
[INFO] [stdout] test alter::second::tests::it_can_add_a_second ... ok
[INFO] [stdout] test alter::second::tests::it_can_add_seconds ... ok
[INFO] [stdout] test alter::second::tests::it_can_subtract_a_second ... ok
[INFO] [stdout] test alter::start::tests::it_can_move_to_the_start_of_the_day ... ok
[INFO] [stdout] test alter::start::tests::it_can_move_to_the_start_of_the_hour ... ok
[INFO] [stdout] test alter::start::tests::it_can_move_to_the_start_of_the_minute ... ok
[INFO] [stdout] test alter::start::tests::it_can_move_to_the_start_of_the_month ... ok
[INFO] [stdout] test alter::start::tests::it_can_move_to_the_start_of_the_year ... ok
[INFO] [stdout] test alter::week::tests::it_can_add_a_week ... ok
[INFO] [stdout] test alter::week::tests::it_can_subtract_a_week ... ok
[INFO] [stdout] test alter::year::tests::it_can_subtract_years ... ok
[INFO] [stdout] test tests::it_can_create_an_object_with_the_current_datetime ... ok
[INFO] [stdout] test alter::year::tests::it_can_subtract_a_year ... ok
[INFO] [stdout] test alter::year::tests::it_can_add_a_year ... ok
[INFO] [stdout] test tests::it_can_create_an_object_with_a_custom_datetime ... ok
[INFO] [stdout] test alter::second::tests::it_can_subtract_seconds ... ok
[INFO] [stdout] test alter::year::tests::it_can_add_years ... ok
[INFO] [stdout] test alter::week::tests::it_can_subtract_weeks ... ok
[INFO] [stdout] test alter::week::tests::it_can_add_weeks ... ok
[INFO] [stdout] 
[INFO] [stdout] test result: ok. 42 passed; 0 failed; 0 ignored; 0 measured; 0 filtered out; finished in 0.01s
[INFO] [stdout] 
[INFO] [stderr]    Doc-tests carbono
[INFO] [stdout] 
[INFO] [stdout] running 1 test
[INFO] [stdout] test src/lib.rs - (line 12) ... FAILED
[INFO] [stdout] 
[INFO] [stdout] failures:
[INFO] [stdout] 
[INFO] [stdout] ---- src/lib.rs - (line 12) stdout ----
[INFO] [stdout] Test executable failed (exit status: 101).
[INFO] [stdout] 
[INFO] [stdout] stdout:
[INFO] [stdout] 2024-12-15 02:48:33.112531140 UTC
[INFO] [stdout] 
[INFO] [stdout] stderr:
[INFO] [stdout] thread 'main' panicked at src/lib.rs:11:5:
[INFO] [stdout] assertion `left == right` failed
[INFO] [stdout]   left: 1734230913
[INFO] [stdout]  right: 1671107400
[INFO] [stdout] stack backtrace:
[INFO] [stdout]    0:     0x61654be8c4da - std::backtrace_rs::backtrace::libunwind::trace::h8810477743020387
[INFO] [stdout]                                at /rustc/202008a1b8de96d2e5b6bc02d379db03a877d34d/library/std/src/../../backtrace/src/backtrace/libunwind.rs:116:5
[INFO] [stdout]    1:     0x61654be8c4da - std::backtrace_rs::backtrace::trace_unsynchronized::h3aa55355dd6c54a6
[INFO] [stdout]                                at /rustc/202008a1b8de96d2e5b6bc02d379db03a877d34d/library/std/src/../../backtrace/src/backtrace/mod.rs:66:5
[INFO] [stdout]    2:     0x61654be8c4da - std::sys::backtrace::_print_fmt::h8588b0f62410823f
[INFO] [stdout]                                at /rustc/202008a1b8de96d2e5b6bc02d379db03a877d34d/library/std/src/sys/backtrace.rs:66:9
[INFO] [stdout]    3:     0x61654be8c4da - <std::sys::backtrace::BacktraceLock::print::DisplayBacktrace as core::fmt::Display>::fmt::h98c26ac25ffe89bb
[INFO] [stdout]                                at /rustc/202008a1b8de96d2e5b6bc02d379db03a877d34d/library/std/src/sys/backtrace.rs:39:26
[INFO] [stdout]    4:     0x61654bea8413 - core::fmt::rt::Argument::fmt::hf95377f4aebd453b
[INFO] [stdout]                                at /rustc/202008a1b8de96d2e5b6bc02d379db03a877d34d/library/core/src/fmt/rt.rs:177:76
[INFO] [stdout]    5:     0x61654bea8413 - core::fmt::write::h0dd5f6e2238c7982
[INFO] [stdout]                                at /rustc/202008a1b8de96d2e5b6bc02d379db03a877d34d/library/core/src/fmt/mod.rs:1189:21
[INFO] [stdout]    6:     0x61654be8a123 - std::io::Write::write_fmt::hc00bff0a88e08857
[INFO] [stdout]                                at /rustc/202008a1b8de96d2e5b6bc02d379db03a877d34d/library/std/src/io/mod.rs:1884:15
[INFO] [stdout]    7:     0x61654be8c322 - std::sys::backtrace::BacktraceLock::print::h5c19c1c038ee186d
[INFO] [stdout]                                at /rustc/202008a1b8de96d2e5b6bc02d379db03a877d34d/library/std/src/sys/backtrace.rs:42:9
[INFO] [stdout]    8:     0x61654be8d2ec - std::panicking::default_hook::{{closure}}::h77172f079a1fcb13
[INFO] [stdout]                                at /rustc/202008a1b8de96d2e5b6bc02d379db03a877d34d/library/std/src/panicking.rs:268:22
[INFO] [stdout]    9:     0x61654be8d132 - std::panicking::default_hook::he5f8e3b203ccddba
[INFO] [stdout]                                at /rustc/202008a1b8de96d2e5b6bc02d379db03a877d34d/library/std/src/panicking.rs:295:9
[INFO] [stdout]   10:     0x61654be8d8c7 - std::panicking::rust_panic_with_hook::h53863d4e9018df39
[INFO] [stdout]                                at /rustc/202008a1b8de96d2e5b6bc02d379db03a877d34d/library/std/src/panicking.rs:801:13
[INFO] [stdout]   11:     0x61654be8d75a - std::panicking::begin_panic_handler::{{closure}}::h67280e6fa0757873
[INFO] [stdout]                                at /rustc/202008a1b8de96d2e5b6bc02d379db03a877d34d/library/std/src/panicking.rs:674:13
[INFO] [stdout]   12:     0x61654be8c9b9 - std::sys::backtrace::__rust_end_short_backtrace::h1dac3f54d6fbbeb2
[INFO] [stdout]                                at /rustc/202008a1b8de96d2e5b6bc02d379db03a877d34d/library/std/src/sys/backtrace.rs:170:18
[INFO] [stdout]   13:     0x61654be8d3ec - rust_begin_unwind
[INFO] [stdout]                                at /rustc/202008a1b8de96d2e5b6bc02d379db03a877d34d/library/std/src/panicking.rs:665:5
[INFO] [stdout]   14:     0x61654be5c220 - core::panicking::panic_fmt::h6792bd1b2bf01041
[INFO] [stdout]                                at /rustc/202008a1b8de96d2e5b6bc02d379db03a877d34d/library/core/src/panicking.rs:76:14
[INFO] [stdout]   15:     0x61654be5c512 - core::panicking::assert_failed_inner::hf2c17e6d30928787
[INFO] [stdout]   16:     0x61654be5cf69 - core::panicking::assert_failed::hfa737dc7eb0bbd1b
[INFO] [stdout]   17:     0x61654be5d255 - rust_out::main::h57eefffa92e38ed0
[INFO] [stdout]   18:     0x61654be5cc53 - core::ops::function::FnOnce::call_once::hcb3872443a25b5b7
[INFO] [stdout]   19:     0x61654be5caa6 - std::sys::backtrace::__rust_begin_short_backtrace::hb8f53f53663d2e9e
[INFO] [stdout]   20:     0x61654be5ca89 - std::rt::lang_start::{{closure}}::h0d6bdb8cb611c7e9
[INFO] [stdout]   21:     0x61654be87d27 - core::ops::function::impls::<impl core::ops::function::FnOnce<A> for &F>::call_once::hba2470d01d3f5e41
[INFO] [stdout]                                at /rustc/202008a1b8de96d2e5b6bc02d379db03a877d34d/library/core/src/ops/function.rs:284:13
[INFO] [stdout]   22:     0x61654be87d27 - std::panicking::try::do_call::hc063fb73159aab72
[INFO] [stdout]                                at /rustc/202008a1b8de96d2e5b6bc02d379db03a877d34d/library/std/src/panicking.rs:557:40
[INFO] [stdout]   23:     0x61654be87d27 - std::panicking::try::h2767c6d245d3a3bb
[INFO] [stdout]                                at /rustc/202008a1b8de96d2e5b6bc02d379db03a877d34d/library/std/src/panicking.rs:520:19
[INFO] [stdout]   24:     0x61654be87d27 - std::panic::catch_unwind::h061c6ef75790da63
[INFO] [stdout]                                at /rustc/202008a1b8de96d2e5b6bc02d379db03a877d34d/library/std/src/panic.rs:358:14
[INFO] [stdout]   25:     0x61654be87d27 - std::rt::lang_start_internal::{{closure}}::h5c5e35b11a4b8c4e
[INFO] [stdout]                                at /rustc/202008a1b8de96d2e5b6bc02d379db03a877d34d/library/std/src/rt.rs:174:48
[INFO] [stdout]   26:     0x61654be87d27 - std::panicking::try::do_call::h705e99690a8109cc
[INFO] [stdout]                                at /rustc/202008a1b8de96d2e5b6bc02d379db03a877d34d/library/std/src/panicking.rs:557:40
[INFO] [stdout]   27:     0x61654be87d27 - std::panicking::try::he5f4452754ed9a34
[INFO] [stdout]                                at /rustc/202008a1b8de96d2e5b6bc02d379db03a877d34d/library/std/src/panicking.rs:520:19
[INFO] [stdout]   28:     0x61654be87d27 - std::panic::catch_unwind::h5db61b3bcbe883e5
[INFO] [stdout]                                at /rustc/202008a1b8de96d2e5b6bc02d379db03a877d34d/library/std/src/panic.rs:358:14
[INFO] [stdout]   29:     0x61654be87d27 - std::rt::lang_start_internal::h81da9b59bab665c6
[INFO] [stdout]                                at /rustc/202008a1b8de96d2e5b6bc02d379db03a877d34d/library/std/src/rt.rs:174:20
[INFO] [stdout]   30:     0x61654be5ca67 - std::rt::lang_start::h2798034e47ddebf9
[INFO] [stdout]   31:     0x61654be5df65 - main
[INFO] [stdout]   32:     0x7a56e969dd90 - <unknown>
[INFO] [stdout]   33:     0x7a56e969de40 - __libc_start_main
[INFO] [stdout]   34:     0x61654be5c975 - _start
[INFO] [stdout]   35:                0x0 - <unknown>
[INFO] [stdout] 
[INFO] [stdout] 
[INFO] [stdout] 
[INFO] [stdout] failures:
[INFO] [stdout]     src/lib.rs - (line 12)
[INFO] [stdout] 
[INFO] [stdout] test result: FAILED. 0 passed; 1 failed; 0 ignored; 0 measured; 0 filtered out; finished in 0.32s
[INFO] [stdout] 
[INFO] [stderr] error: doctest failed, to rerun pass `--doc`
[INFO] running `Command { std: "docker" "inspect" "56a79c46c199183ccaf9d999870107a72f72a9c329ca6e632ffbad665234f6da", kill_on_drop: false }`
[INFO] running `Command { std: "docker" "rm" "-f" "56a79c46c199183ccaf9d999870107a72f72a9c329ca6e632ffbad665234f6da", kill_on_drop: false }`
[INFO] [stdout] 56a79c46c199183ccaf9d999870107a72f72a9c329ca6e632ffbad665234f6da
