[INFO] fetching crate carapace 0.2.0...
[INFO] testing carapace-0.2.0 against 1.83.0 for beta-1.84.0-4-retry
[INFO] extracting crate carapace 0.2.0 into /workspace/builds/worker-1-tc1/source
[INFO] validating manifest of crates.io crate carapace 0.2.0 on toolchain 1.83.0
[INFO] running `Command { std: CARGO_HOME="/workspace/cargo-home" RUSTUP_HOME="/workspace/rustup-home" "/workspace/cargo-home/bin/cargo" "+1.83.0" "metadata" "--manifest-path" "Cargo.toml" "--no-deps", kill_on_drop: false }`
[INFO] started tweaking crates.io crate carapace 0.2.0
[INFO] finished tweaking crates.io crate carapace 0.2.0
[INFO] tweaked toml for crates.io crate carapace 0.2.0 written to /workspace/builds/worker-1-tc1/source/Cargo.toml
[INFO] crate crates.io crate carapace 0.2.0 already has a lockfile, it will not be regenerated
[INFO] running `Command { std: CARGO_HOME="/workspace/cargo-home" RUSTUP_HOME="/workspace/rustup-home" "/workspace/cargo-home/bin/cargo" "+1.83.0" "fetch" "--manifest-path" "Cargo.toml", kill_on_drop: false }`
[INFO] [stderr]     Updating crates.io index
[INFO] [stderr]  Downloading crates ...
[INFO] [stderr]   Downloaded rlimit v0.5.4
[INFO] [stderr]   Downloaded aligned-utils v1.0.2
[INFO] [stderr]   Downloaded path-dedot v3.0.8
[INFO] [stderr]   Downloaded tracing-attributes v0.1.14
[INFO] [stderr]   Downloaded path-absolutize v3.0.7
[INFO] [stderr]   Downloaded seccomp-sys v0.1.3
[INFO] running `Command { std: "docker" "create" "-v" "/var/lib/crater-agent-workspace/builds/worker-1-tc1/target:/opt/rustwide/target:rw,Z" "-v" "/var/lib/crater-agent-workspace/builds/worker-1-tc1/source:/opt/rustwide/workdir:ro,Z" "-v" "/var/lib/crater-agent-workspace/cargo-home:/opt/rustwide/cargo-home:ro,Z" "-v" "/var/lib/crater-agent-workspace/rustup-home:/opt/rustwide/rustup-home:ro,Z" "-e" "SOURCE_DIR=/opt/rustwide/workdir" "-e" "CARGO_TARGET_DIR=/opt/rustwide/target" "-e" "CARGO_HOME=/opt/rustwide/cargo-home" "-e" "RUSTUP_HOME=/opt/rustwide/rustup-home" "-w" "/opt/rustwide/workdir" "-m" "1610612736" "--user" "0:0" "--network" "none" "ghcr.io/rust-lang/crates-build-env/linux@sha256:f3a9d4ad9d972b27faf3965f35b62e55ba32bbce8f20bc8fe909558a86702fde" "/opt/rustwide/cargo-home/bin/cargo" "+1.83.0" "metadata" "--no-deps" "--format-version=1", kill_on_drop: false }`
[INFO] [stdout] 6783ec08b680e63662f361a8c5c90bde1def53fbc2a2e348c9095be65d75f0b2
[INFO] running `Command { std: "docker" "start" "-a" "6783ec08b680e63662f361a8c5c90bde1def53fbc2a2e348c9095be65d75f0b2", kill_on_drop: false }`
[INFO] running `Command { std: "docker" "inspect" "6783ec08b680e63662f361a8c5c90bde1def53fbc2a2e348c9095be65d75f0b2", kill_on_drop: false }`
[INFO] running `Command { std: "docker" "rm" "-f" "6783ec08b680e63662f361a8c5c90bde1def53fbc2a2e348c9095be65d75f0b2", kill_on_drop: false }`
[INFO] [stdout] 6783ec08b680e63662f361a8c5c90bde1def53fbc2a2e348c9095be65d75f0b2
[INFO] running `Command { std: "docker" "create" "-v" "/var/lib/crater-agent-workspace/builds/worker-1-tc1/target:/opt/rustwide/target:rw,Z" "-v" "/var/lib/crater-agent-workspace/builds/worker-1-tc1/source:/opt/rustwide/workdir:ro,Z" "-v" "/var/lib/crater-agent-workspace/cargo-home:/opt/rustwide/cargo-home:ro,Z" "-v" "/var/lib/crater-agent-workspace/rustup-home:/opt/rustwide/rustup-home:ro,Z" "-e" "SOURCE_DIR=/opt/rustwide/workdir" "-e" "CARGO_TARGET_DIR=/opt/rustwide/target" "-e" "CARGO_INCREMENTAL=0" "-e" "RUST_BACKTRACE=full" "-e" "RUSTFLAGS=--cap-lints=warn" "-e" "RUSTDOCFLAGS=--cap-lints=warn" "-e" "CARGO_HOME=/opt/rustwide/cargo-home" "-e" "RUSTUP_HOME=/opt/rustwide/rustup-home" "-w" "/opt/rustwide/workdir" "-m" "1610612736" "--user" "0:0" "--network" "none" "ghcr.io/rust-lang/crates-build-env/linux@sha256:f3a9d4ad9d972b27faf3965f35b62e55ba32bbce8f20bc8fe909558a86702fde" "/opt/rustwide/cargo-home/bin/cargo" "+1.83.0" "build" "--frozen" "--message-format=json", kill_on_drop: false }`
[INFO] [stdout] b0ea85732262138a160edfb8121f4dabfbd4a3fcea5fd5e56bb34d4cce65be9b
[INFO] running `Command { std: "docker" "start" "-a" "b0ea85732262138a160edfb8121f4dabfbd4a3fcea5fd5e56bb34d4cce65be9b", kill_on_drop: false }`
[INFO] [stderr]    Compiling proc-macro2 v1.0.24
[INFO] [stderr]    Compiling unicode-xid v0.2.1
[INFO] [stderr]    Compiling libc v0.2.88
[INFO] [stderr]    Compiling autocfg v1.0.1
[INFO] [stderr]    Compiling syn v1.0.63
[INFO] [stderr]    Compiling cfg-if v1.0.0
[INFO] [stderr]    Compiling version_check v0.9.2
[INFO] [stderr]    Compiling lazy_static v1.4.0
[INFO] [stderr]    Compiling serde_derive v1.0.124
[INFO] [stderr]    Compiling serde v1.0.124
[INFO] [stderr]    Compiling regex-syntax v0.6.23
[INFO] [stderr]    Compiling log v0.4.14
[INFO] [stderr]    Compiling getrandom v0.2.2
[INFO] [stderr]    Compiling ryu v1.0.5
[INFO] [stderr]    Compiling once_cell v1.7.2
[INFO] [stderr]    Compiling byteorder v1.4.3
[INFO] [stderr]    Compiling pin-project-lite v0.2.6
[INFO] [stderr]    Compiling tracing-core v0.1.17
[INFO] [stderr]    Compiling serde_json v1.0.64
[INFO] [stderr]    Compiling bitflags v1.2.1
[INFO] [stderr]    Compiling itoa v0.4.7
[INFO] [stderr]    Compiling unicode-segmentation v1.7.1
[INFO] [stderr]    Compiling thread_local v1.1.3
[INFO] [stderr]    Compiling proc-macro-error-attr v1.0.4
[INFO] [stderr]    Compiling proc-macro-error v1.0.4
[INFO] [stderr]    Compiling sharded-slab v0.1.1
[INFO] [stderr]    Compiling hashbrown v0.9.1
[INFO] [stderr]    Compiling tracing-log v0.1.2
[INFO] [stderr]    Compiling ansi_term v0.12.1
[INFO] [stderr]    Compiling smallvec v1.6.1
[INFO] [stderr]    Compiling num-traits v0.2.14
[INFO] [stderr]    Compiling num-integer v0.1.44
[INFO] [stderr]    Compiling indexmap v1.6.2
[INFO] [stderr]    Compiling tokio v1.3.0
[INFO] [stderr]    Compiling unicode-width v0.1.8
[INFO] [stderr]    Compiling seccomp-sys v0.1.3
[INFO] [stderr]    Compiling memchr v2.3.4
[INFO] [stderr]    Compiling anyhow v1.0.38
[INFO] [stderr]    Compiling ppv-lite86 v0.2.10
[INFO] [stderr]    Compiling textwrap v0.12.1
[INFO] [stderr]    Compiling quote v1.0.9
[INFO] [stderr]    Compiling heck v0.3.2
[INFO] [stderr]    Compiling path-dedot v3.0.8
[INFO] [stderr]    Compiling strsim v0.10.0
[INFO] [stderr]    Compiling vec_map v0.8.2
[INFO] [stderr]    Compiling os_str_bytes v2.4.0
[INFO] [stderr]    Compiling termcolor v1.1.2
[INFO] [stderr]    Compiling path-absolutize v3.0.7
[INFO] [stderr]    Compiling aligned-utils v1.0.2
[INFO] [stderr]    Compiling dotenv v0.15.0
[INFO] [stderr]    Compiling scopeguard v1.1.0
[INFO] [stderr]    Compiling atty v0.2.14
[INFO] [stderr]    Compiling num_cpus v1.13.0
[INFO] [stderr]    Compiling nix v0.20.0
[INFO] [stderr]    Compiling rlimit v0.5.4
[INFO] [stderr]    Compiling chrono v0.4.19
[INFO] [stderr]    Compiling rand_core v0.6.2
[INFO] [stderr]    Compiling rand_chacha v0.3.0
[INFO] [stderr]    Compiling rand v0.8.3
[INFO] [stderr]    Compiling regex-automata v0.1.9
[INFO] [stderr]    Compiling regex v1.4.4
[INFO] [stderr]    Compiling matchers v0.0.1
[INFO] [stderr]    Compiling tracing-attributes v0.1.14
[INFO] [stderr]    Compiling clap_derive v3.0.0-beta.2
[INFO] [stderr]    Compiling tokio-macros v1.1.0
[INFO] [stderr]    Compiling tracing v0.1.25
[INFO] [stderr]    Compiling clap v3.0.0-beta.2
[INFO] [stderr]    Compiling tracing-serde v0.1.2
[INFO] [stderr]    Compiling tracing-subscriber v0.2.16
[INFO] [stderr]    Compiling tracing-error v0.1.2
[INFO] [stderr]    Compiling carapace v0.2.0 (/opt/rustwide/workdir)
[INFO] [stderr]     Finished `dev` profile [unoptimized + debuginfo] target(s) in 30.80s
[INFO] running `Command { std: "docker" "inspect" "b0ea85732262138a160edfb8121f4dabfbd4a3fcea5fd5e56bb34d4cce65be9b", kill_on_drop: false }`
[INFO] running `Command { std: "docker" "rm" "-f" "b0ea85732262138a160edfb8121f4dabfbd4a3fcea5fd5e56bb34d4cce65be9b", kill_on_drop: false }`
[INFO] [stdout] b0ea85732262138a160edfb8121f4dabfbd4a3fcea5fd5e56bb34d4cce65be9b
[INFO] running `Command { std: "docker" "create" "-v" "/var/lib/crater-agent-workspace/builds/worker-1-tc1/target:/opt/rustwide/target:rw,Z" "-v" "/var/lib/crater-agent-workspace/builds/worker-1-tc1/source:/opt/rustwide/workdir:ro,Z" "-v" "/var/lib/crater-agent-workspace/cargo-home:/opt/rustwide/cargo-home:ro,Z" "-v" "/var/lib/crater-agent-workspace/rustup-home:/opt/rustwide/rustup-home:ro,Z" "-e" "SOURCE_DIR=/opt/rustwide/workdir" "-e" "CARGO_TARGET_DIR=/opt/rustwide/target" "-e" "CARGO_INCREMENTAL=0" "-e" "RUST_BACKTRACE=full" "-e" "RUSTFLAGS=--cap-lints=warn" "-e" "RUSTDOCFLAGS=--cap-lints=warn" "-e" "CARGO_HOME=/opt/rustwide/cargo-home" "-e" "RUSTUP_HOME=/opt/rustwide/rustup-home" "-w" "/opt/rustwide/workdir" "-m" "1610612736" "--user" "0:0" "--network" "none" "ghcr.io/rust-lang/crates-build-env/linux@sha256:f3a9d4ad9d972b27faf3965f35b62e55ba32bbce8f20bc8fe909558a86702fde" "/opt/rustwide/cargo-home/bin/cargo" "+1.83.0" "test" "--frozen" "--no-run" "--message-format=json", kill_on_drop: false }`
[INFO] [stdout] 1b009bb643e99084f7e7c8500f62657aa1e8ff03a6b1590d230706e761b6a5f8
[INFO] running `Command { std: "docker" "start" "-a" "1b009bb643e99084f7e7c8500f62657aa1e8ff03a6b1590d230706e761b6a5f8", kill_on_drop: false }`
[INFO] [stderr]    Compiling carapace v0.2.0 (/opt/rustwide/workdir)
[INFO] [stderr]     Finished `test` profile [unoptimized + debuginfo] target(s) in 2.75s
[INFO] running `Command { std: "docker" "inspect" "1b009bb643e99084f7e7c8500f62657aa1e8ff03a6b1590d230706e761b6a5f8", kill_on_drop: false }`
[INFO] running `Command { std: "docker" "rm" "-f" "1b009bb643e99084f7e7c8500f62657aa1e8ff03a6b1590d230706e761b6a5f8", kill_on_drop: false }`
[INFO] [stdout] 1b009bb643e99084f7e7c8500f62657aa1e8ff03a6b1590d230706e761b6a5f8
[INFO] running `Command { std: "docker" "create" "-v" "/var/lib/crater-agent-workspace/builds/worker-1-tc1/target:/opt/rustwide/target:rw,Z" "-v" "/var/lib/crater-agent-workspace/builds/worker-1-tc1/source:/opt/rustwide/workdir:ro,Z" "-v" "/var/lib/crater-agent-workspace/cargo-home:/opt/rustwide/cargo-home:ro,Z" "-v" "/var/lib/crater-agent-workspace/rustup-home:/opt/rustwide/rustup-home:ro,Z" "-e" "SOURCE_DIR=/opt/rustwide/workdir" "-e" "CARGO_TARGET_DIR=/opt/rustwide/target" "-e" "CARGO_INCREMENTAL=0" "-e" "RUST_BACKTRACE=full" "-e" "RUSTFLAGS=--cap-lints=warn" "-e" "RUSTDOCFLAGS=--cap-lints=warn" "-e" "CARGO_HOME=/opt/rustwide/cargo-home" "-e" "RUSTUP_HOME=/opt/rustwide/rustup-home" "-w" "/opt/rustwide/workdir" "-m" "1610612736" "--user" "0:0" "--network" "none" "ghcr.io/rust-lang/crates-build-env/linux@sha256:f3a9d4ad9d972b27faf3965f35b62e55ba32bbce8f20bc8fe909558a86702fde" "/opt/rustwide/cargo-home/bin/cargo" "+1.83.0" "test" "--frozen", kill_on_drop: false }`
[INFO] [stdout] ef6b32761aabe225512e3134b26579e2aadd2f461f5761707c96bb46e8873a6a
[INFO] running `Command { std: "docker" "start" "-a" "ef6b32761aabe225512e3134b26579e2aadd2f461f5761707c96bb46e8873a6a", kill_on_drop: false }`
[INFO] [stderr]     Finished `test` profile [unoptimized + debuginfo] target(s) in 0.09s
[INFO] [stderr]      Running unittests src/lib.rs (/opt/rustwide/target/debug/deps/carapace-e06a21cb5b15054c)
[INFO] [stdout] 
[INFO] [stdout] running 0 tests
[INFO] [stdout] 
[INFO] [stdout] test result: ok. 0 passed; 0 failed; 0 ignored; 0 measured; 0 filtered out; finished in 0.00s
[INFO] [stdout] 
[INFO] [stderr]      Running unittests src/main.rs (/opt/rustwide/target/debug/deps/carapace-e13c9a44365a6ae0)
[INFO] [stderr]      Running tests/hack.rs (/opt/rustwide/target/debug/deps/hack-501eebaad138f5f6)
[INFO] [stdout] 
[INFO] [stdout] running 0 tests
[INFO] [stdout] 
[INFO] [stdout] test result: ok. 0 passed; 0 failed; 0 ignored; 0 measured; 0 filtered out; finished in 0.00s
[INFO] [stdout] 
[INFO] [stdout] 
[INFO] [stdout] running 5 tests
[INFO] [stdout]   [2m2024-12-15T02:48:45.058667658+00:00 [0m [1;32mhack[0m[32m: [32mt04_includebomb src = tests/assets/includebomb.c, bin = /tmp/carapace_test/t04_includebomb[0m
[INFO] [stdout]     [2;3mat[0m tests/hack.rs:64[2;3m
[INFO] [stdout] [0m
[INFO] [stdout]   [2m2024-12-15T02:48:45.059028178+00:00 [0m [1;35mcarapace::run[0m[35m: [1;35mconfig[0m[35m: SandboxConfig { bin: "/usr/bin/gcc", args: ["-o", "/tmp/carapace_test/t04_includebomb", "tests/assets/includebomb.c"], env: ["PATH"], chroot: None, uid: None, gid: None, stdin: None, stdout: None, stderr: None, stdin_fd: None, stdout_fd: None, stderr_fd: None, real_time_limit: Some(3000), rlimit_cpu: None, rlimit_as: None, rlimit_data: None, rlimit_fsize: None, cg_limit_memory: Some(268435456), cg_limit_max_pids: None, bindmount_rw: [], bindmount_ro: [], mount_proc: None, mount_tmpfs: None, priority: None, seccomp_forbid_ipc: false }[0m
[INFO] [stdout]     [2;3mat[0m src/run.rs:23[2;3m
[INFO] [stdout] [0m    [2;3min[0m carapace::run::[1mrun[0m [2;3mwith[0m nonce=3627760070
[INFO] [stdout] 
[INFO] [stdout]   [2m2024-12-15T02:48:45.059108338+00:00 [0m [1;35mcarapace::cgroup_v1[0m[35m: [35mcreate cgroup, [1;35mname[0m[35m: "carapace_3627760070"[0m
[INFO] [stdout]     [2;3mat[0m src/cgroup_v1.rs:19[2;3m
[INFO] [stdout] [0m    [2;3min[0m carapace::run::[1mrun[0m [2;3mwith[0m nonce=3627760070
[INFO] [stdout] 
[INFO] [stdout]   [2m2024-12-15T02:48:45.059187348+00:00 [0m [1;31mcarapace::run[0m[31m: [1;31merror[0m[31m: fail to create cgroup directory: /sys/fs/cgroup/cpu/carapace_3627760070[0m
[INFO] [stdout]     [2;3mat[0m src/run.rs:19[2;3m
[INFO] [stdout] [0m    [2;3min[0m carapace::run::[1mrun[0m [2;3mwith[0m nonce=3627760070
[INFO] [stdout] 
[INFO] [stdout]   [2m2024-12-15T02:48:45.059247588+00:00 [0m [1;31mhack[0m[31m: [31msandbox error:
[INFO] [stdout] fail to create cgroup directory: /sys/fs/cgroup/cpu/carapace_3627760070
[INFO] [stdout] 
[INFO] [stdout] Caused by:
[INFO] [stdout]     ENOENT: No such file or directory[0m
[INFO] [stdout]     [2;3mat[0m tests/hack.rs:43[2;3m
[INFO] [stdout] [0m
[INFO] [stdout]   [2m2024-12-15T02:48:45.059421478+00:00 [0m [1;32mhack[0m[32m: [32mt05_oom src = tests/assets/oom.c, bin = /tmp/carapace_test/t05_oom[0m
[INFO] [stdout]     [2;3mat[0m tests/hack.rs:79[2;3m
[INFO] [stdout] [0m
[INFO] [stdout]   [2m2024-12-15T02:48:45.059591987+00:00 [0m [1;35mcarapace::run[0m[35m: [1;35mconfig[0m[35m: SandboxConfig { bin: "/usr/bin/gcc", args: ["-o", "/tmp/carapace_test/t05_oom", "tests/assets/oom.c"], env: ["PATH"], chroot: None, uid: None, gid: None, stdin: None, stdout: None, stderr: None, stdin_fd: None, stdout_fd: None, stderr_fd: None, real_time_limit: Some(3000), rlimit_cpu: None, rlimit_as: None, rlimit_data: None, rlimit_fsize: None, cg_limit_memory: Some(268435456), cg_limit_max_pids: None, bindmount_rw: [], bindmount_ro: [], mount_proc: None, mount_tmpfs: None, priority: None, seccomp_forbid_ipc: false }[0m
[INFO] [stdout]     [2;3mat[0m src/run.rs:23[2;3m
[INFO] [stdout] [0m    [2;3min[0m carapace::run::[1mrun[0m [2;3mwith[0m nonce=2197020765
[INFO] [stdout] 
[INFO] [stdout]   [2m2024-12-15T02:48:45.059647207+00:00 [0m [1;35mcarapace::cgroup_v1[0m[35m: [35mcreate cgroup, [1;35mname[0m[35m: "carapace_2197020765"[0m
[INFO] [stdout]     [2;3mat[0m src/cgroup_v1.rs:19[2;3m
[INFO] [stdout] [0m    [2;3min[0m carapace::run::[1mrun[0m [2;3mwith[0m nonce=2197020765
[INFO] [stdout] 
[INFO] [stdout]   [2m2024-12-15T02:48:45.059696987+00:00 [0m [1;31mcarapace::run[0m[31m: [1;31merror[0m[31m: fail to create cgroup directory: /sys/fs/cgroup/cpu/carapace_2197020765[0m
[INFO] [stdout]     [2;3mat[0m src/run.rs:19[2;3m
[INFO] [stdout] [0m    [2;3min[0m carapace::run::[1mrun[0m [2;3mwith[0m nonce=2197020765
[INFO] [stdout] 
[INFO] [stdout]   [2m2024-12-15T02:48:45.059742387+00:00 [0m [1;31mhack[0m[31m: [31msandbox error:
[INFO] [stdout] fail to create cgroup directory: /sys/fs/cgroup/cpu/carapace_2197020765
[INFO] [stdout] 
[INFO] [stdout] Caused by:
[INFO] [stdout]     ENOENT: No such file or directory[0m
[INFO] [stdout]     [2;3mat[0m tests/hack.rs:43[2;3m
[INFO] [stdout] [0m
[INFO] [stdout]   [2m2024-12-15T02:48:45.058703528+00:00 [0m [1;32mhack[0m[32m: [32mt03_forkbomb src = tests/assets/forkbomb.c, bin = /tmp/carapace_test/t03_forkbomb[0m
[INFO] [stdout]     [2;3mat[0m tests/hack.rs:79[2;3m
[INFO] [stdout] [0m
[INFO] [stdout]   [2m2024-12-15T02:48:45.060143118+00:00 [0m [1;35mcarapace::run[0m[35m: [1;35mconfig[0m[35m: SandboxConfig { bin: "/usr/bin/gcc", args: ["-o", "/tmp/carapace_test/t03_forkbomb", "tests/assets/forkbomb.c"], env: ["PATH"], chroot: None, uid: None, gid: None, stdin: None, stdout: None, stderr: None, stdin_fd: None, stdout_fd: None, stderr_fd: None, real_time_limit: Some(3000), rlimit_cpu: None, rlimit_as: None, rlimit_data: None, rlimit_fsize: None, cg_limit_memory: Some(268435456), cg_limit_max_pids: None, bindmount_rw: [], bindmount_ro: [], mount_proc: None, mount_tmpfs: None, priority: None, seccomp_forbid_ipc: false }[0m
[INFO] [stdout]     [2;3mat[0m src/run.rs:23[2;3m
[INFO] [stdout] [0m    [2;3min[0m carapace::run::[1mrun[0m [2;3mwith[0m nonce=1674065141
[INFO] [stdout] 
[INFO] [stdout]   [2m2024-12-15T02:48:45.060195998+00:00 [0m [1;35mcarapace::cgroup_v1[0m[35m: [35mcreate cgroup, [1;35mname[0m[35m: "carapace_1674065141"[0m
[INFO] [stdout]     [2;3mat[0m src/cgroup_v1.rs:19[2;3m
[INFO] [stdout] [0m    [2;3min[0m carapace::run::[1mrun[0m [2;3mwith[0m nonce=1674065141
[INFO] [stdout] 
[INFO] [stdout]   [2m2024-12-15T02:48:45.060245067+00:00 [0m [1;31mcarapace::run[0m[31m: [1;31merror[0m[31m: fail to create cgroup directory: /sys/fs/cgroup/cpu/carapace_1674065141[0m
[INFO] [stdout]     [2;3mat[0m src/run.rs:19[2;3m
[INFO] [stdout] [0m    [2;3min[0m carapace::run::[1mrun[0m [2;3mwith[0m nonce=1674065141
[INFO] [stdout] 
[INFO] [stdout]   [2m2024-12-15T02:48:45.060288927+00:00 [0m [1;31mhack[0m[31m: [31msandbox error:
[INFO] [stdout] fail to create cgroup directory: /sys/fs/cgroup/cpu/carapace_1674065141
[INFO] [stdout] 
[INFO] [stdout] Caused by:
[INFO] [stdout]     ENOENT: No such file or directory[0m
[INFO] [stdout]     [2;3mat[0m tests/hack.rs:43[2;3m
[INFO] [stdout] [0m
[INFO] [stdout]   [2m2024-12-15T02:48:45.061730567+00:00 [0m [1;32mhack[0m[32m: [32mt02_sleep src = tests/assets/sleep.c, bin = /tmp/carapace_test/t02_sleep[0m
[INFO] [stdout]     [2;3mat[0m tests/hack.rs:79[2;3m
[INFO] [stdout] [0m
[INFO] [stdout]   [2m2024-12-15T02:48:45.063632597+00:00 [0m [1;35mcarapace::run[0m[35m: [1;35mconfig[0m[35m: SandboxConfig { bin: "/usr/bin/gcc", args: ["-o", "/tmp/carapace_test/t02_sleep", "tests/assets/sleep.c"], env: ["PATH"], chroot: None, uid: None, gid: None, stdin: None, stdout: None, stderr: None, stdin_fd: None, stdout_fd: None, stderr_fd: None, real_time_limit: Some(3000), rlimit_cpu: None, rlimit_as: None, rlimit_data: None, rlimit_fsize: None, cg_limit_memory: Some(268435456), cg_limit_max_pids: None, bindmount_rw: [], bindmount_ro: [], mount_proc: None, mount_tmpfs: None, priority: None, seccomp_forbid_ipc: false }[0m
[INFO] [stdout]     [2;3mat[0m src/run.rs:23[2;3m
[INFO] [stdout] [0m    [2;3min[0m carapace::run::[1mrun[0m [2;3mwith[0m nonce=3695152068
[INFO] [stdout] 
[INFO] [stdout]   [2m2024-12-15T02:48:45.063734737+00:00 [0m [1;35mcarapace::cgroup_v1[0m[35m: [35mcreate cgroup, [1;35mname[0m[35m: "carapace_3695152068"[0m
[INFO] [stdout]     [2;3mat[0m src/cgroup_v1.rs:19[2;3m
[INFO] [stdout] [0m    [2;3min[0m carapace::run::[1mrun[0m [2;3mwith[0m nonce=3695152068
[INFO] [stdout] 
[INFO] [stdout]   [2m2024-12-15T02:48:45.063829077+00:00 [0m [1;31mcarapace::run[0m[31m: [1;31merror[0m[31m: fail to create cgroup directory: /sys/fs/cgroup/cpu/carapace_3695152068[0m
[INFO] [stdout]     [2;3mat[0m src/run.rs:19[2;3m
[INFO] [stdout] [0m    [2;3min[0m carapace::run::[1mrun[0m [2;3mwith[0m nonce=3695152068
[INFO] [stdout] 
[INFO] [stdout]   [2m2024-12-15T02:48:45.063911967+00:00 [0m [1;31mhack[0m[31m: [31msandbox error:
[INFO] [stdout] fail to create cgroup directory: /sys/fs/cgroup/cpu/carapace_3695152068
[INFO] [stdout] 
[INFO] [stdout] Caused by:
[INFO] [stdout]     ENOENT: No such file or directory[0m
[INFO] [stdout]     [2;3mat[0m tests/hack.rs:43[2;3m
[INFO] [stdout] [0m
[INFO] [stdout] test t02_sleep ... FAILED
[INFO] [stdout]   [2m2024-12-15T02:48:45.076365745+00:00 [0m [1;32mhack[0m[32m: [32mt01_empty src = tests/assets/empty.c, bin = /tmp/carapace_test/t01_empty[0m
[INFO] [stdout]     [2;3mat[0m tests/hack.rs:79[2;3m
[INFO] [stdout] [0m
[INFO] [stdout]   [2m2024-12-15T02:48:45.076610725+00:00 [0m [1;35mcarapace::run[0m[35m: [1;35mconfig[0m[35m: SandboxConfig { bin: "/usr/bin/gcc", args: ["-o", "/tmp/carapace_test/t01_empty", "tests/assets/empty.c"], env: ["PATH"], chroot: None, uid: None, gid: None, stdin: None, stdout: None, stderr: None, stdin_fd: None, stdout_fd: None, stderr_fd: None, real_time_limit: Some(3000), rlimit_cpu: None, rlimit_as: None, rlimit_data: None, rlimit_fsize: None, cg_limit_memory: Some(268435456), cg_limit_max_pids: None, bindmount_rw: [], bindmount_ro: [], mount_proc: None, mount_tmpfs: None, priority: None, seccomp_forbid_ipc: false }[0m
[INFO] [stdout]     [2;3mat[0m src/run.rs:23[2;3m
[INFO] [stdout] [0m    [2;3min[0m carapace::run::[1mrun[0m [2;3mwith[0m nonce=349845664
[INFO] [stdout] 
[INFO] [stdout]   [2m2024-12-15T02:48:45.076681575+00:00 [0m [1;35mcarapace::cgroup_v1[0m[35m: [35mcreate cgroup, [1;35mname[0m[35m: "carapace_349845664"[0m
[INFO] [stdout]     [2;3mat[0m src/cgroup_v1.rs:19[2;3m
[INFO] [stdout] [0m    [2;3min[0m carapace::run::[1mrun[0m [2;3mwith[0m nonce=349845664
[INFO] [stdout] 
[INFO] [stdout]   [2m2024-12-15T02:48:45.076748275+00:00 [0m [1;31mcarapace::run[0m[31m: [1;31merror[0m[31m: fail to create cgroup directory: /sys/fs/cgroup/cpu/carapace_349845664[0m
[INFO] [stdout]     [2;3mat[0m src/run.rs:19[2;3m
[INFO] [stdout] [0m    [2;3min[0m carapace::run::[1mrun[0m [2;3mwith[0m nonce=349845664
[INFO] [stdout] 
[INFO] [stdout]   [2m2024-12-15T02:48:45.076794465+00:00 [0m [1;31mhack[0m[31m: [31msandbox error:
[INFO] [stdout] fail to create cgroup directory: /sys/fs/cgroup/cpu/carapace_349845664
[INFO] [stdout] 
[INFO] [stdout] Caused by:
[INFO] [stdout]     ENOENT: No such file or directory[0m
[INFO] [stdout]     [2;3mat[0m tests/hack.rs:43[2;3m
[INFO] [stdout] [0m
[INFO] [stdout] test t04_includebomb ... FAILED
[INFO] [stdout] test t03_forkbomb ... FAILED
[INFO] [stdout] test t05_oom ... FAILED
[INFO] [stdout] test t01_empty ... FAILED
[INFO] [stdout] 
[INFO] [stdout] failures:
[INFO] [stdout] 
[INFO] [stdout] ---- t02_sleep stdout ----
[INFO] [stdout] Error: fail to create cgroup directory: /sys/fs/cgroup/cpu/carapace_3695152068
[INFO] [stdout] 
[INFO] [stdout] Caused by:
[INFO] [stdout]     ENOENT: No such file or directory
[INFO] [stdout] 
[INFO] [stdout] ---- t04_includebomb stdout ----
[INFO] [stdout] Error: fail to create cgroup directory: /sys/fs/cgroup/cpu/carapace_3627760070
[INFO] [stdout] 
[INFO] [stdout] Caused by:
[INFO] [stdout]     ENOENT: No such file or directory
[INFO] [stdout] 
[INFO] [stdout] ---- t03_forkbomb stdout ----
[INFO] [stdout] Error: fail to create cgroup directory: /sys/fs/cgroup/cpu/carapace_1674065141
[INFO] [stdout] 
[INFO] [stdout] Caused by:
[INFO] [stdout]     ENOENT: No such file or directory
[INFO] [stdout] 
[INFO] [stdout] ---- t05_oom stdout ----
[INFO] [stdout] Error: fail to create cgroup directory: /sys/fs/cgroup/cpu/carapace_2197020765
[INFO] [stdout] 
[INFO] [stdout] Caused by:
[INFO] [stdout]     ENOENT: No such file or directory
[INFO] [stdout] 
[INFO] [stdout] ---- t01_empty stdout ----
[INFO] [stdout] Error: fail to create cgroup directory: /sys/fs/cgroup/cpu/carapace_349845664
[INFO] [stdout] 
[INFO] [stdout] Caused by:
[INFO] [stdout]     ENOENT: No such file or directory
[INFO] [stdout] 
[INFO] [stdout] 
[INFO] [stdout] failures:
[INFO] [stdout]     t01_empty
[INFO] [stdout]     t02_sleep
[INFO] [stdout]     t03_forkbomb
[INFO] [stdout]     t04_includebomb
[INFO] [stdout]     t05_oom
[INFO] [stdout] 
[INFO] [stdout] test result: FAILED. 0 passed; 5 failed; 0 ignored; 0 measured; 0 filtered out; finished in 0.07s
[INFO] [stdout] 
[INFO] [stderr] error: test failed, to rerun pass `--test hack`
[INFO] running `Command { std: "docker" "inspect" "ef6b32761aabe225512e3134b26579e2aadd2f461f5761707c96bb46e8873a6a", kill_on_drop: false }`
[INFO] running `Command { std: "docker" "rm" "-f" "ef6b32761aabe225512e3134b26579e2aadd2f461f5761707c96bb46e8873a6a", kill_on_drop: false }`
[INFO] [stdout] ef6b32761aabe225512e3134b26579e2aadd2f461f5761707c96bb46e8873a6a
