[INFO] fetching crate captures 0.1.0...
[INFO] testing captures-0.1.0 against 1.83.0 for beta-1.84.0-4-retry
[INFO] extracting crate captures 0.1.0 into /workspace/builds/worker-0-tc1/source
[INFO] validating manifest of crates.io crate captures 0.1.0 on toolchain 1.83.0
[INFO] running `Command { std: CARGO_HOME="/workspace/cargo-home" RUSTUP_HOME="/workspace/rustup-home" "/workspace/cargo-home/bin/cargo" "+1.83.0" "metadata" "--manifest-path" "Cargo.toml" "--no-deps", kill_on_drop: false }`
[INFO] started tweaking crates.io crate captures 0.1.0
[INFO] finished tweaking crates.io crate captures 0.1.0
[INFO] tweaked toml for crates.io crate captures 0.1.0 written to /workspace/builds/worker-0-tc1/source/Cargo.toml
[INFO] running `Command { std: CARGO_HOME="/workspace/cargo-home" RUSTUP_HOME="/workspace/rustup-home" "/workspace/cargo-home/bin/cargo" "+1.83.0" "generate-lockfile" "--manifest-path" "Cargo.toml", kill_on_drop: false }`
[INFO] [stderr]     Blocking waiting for file lock on package cache
[INFO] [stderr]     Updating crates.io index
[INFO] [stderr]     Blocking waiting for file lock on package cache
[INFO] [stderr]      Locking 34 packages to latest compatible versions
[INFO] [stderr]       Adding syn v1.0.109 (available: v2.0.90)
[INFO] running `Command { std: CARGO_HOME="/workspace/cargo-home" RUSTUP_HOME="/workspace/rustup-home" "/workspace/cargo-home/bin/cargo" "+1.83.0" "fetch" "--manifest-path" "Cargo.toml", kill_on_drop: false }`
[INFO] running `Command { std: "docker" "create" "-v" "/var/lib/crater-agent-workspace/builds/worker-0-tc1/target:/opt/rustwide/target:rw,Z" "-v" "/var/lib/crater-agent-workspace/builds/worker-0-tc1/source:/opt/rustwide/workdir:ro,Z" "-v" "/var/lib/crater-agent-workspace/cargo-home:/opt/rustwide/cargo-home:ro,Z" "-v" "/var/lib/crater-agent-workspace/rustup-home:/opt/rustwide/rustup-home:ro,Z" "-e" "SOURCE_DIR=/opt/rustwide/workdir" "-e" "CARGO_TARGET_DIR=/opt/rustwide/target" "-e" "CARGO_HOME=/opt/rustwide/cargo-home" "-e" "RUSTUP_HOME=/opt/rustwide/rustup-home" "-w" "/opt/rustwide/workdir" "-m" "1610612736" "--user" "0:0" "--network" "none" "ghcr.io/rust-lang/crates-build-env/linux@sha256:f3a9d4ad9d972b27faf3965f35b62e55ba32bbce8f20bc8fe909558a86702fde" "/opt/rustwide/cargo-home/bin/cargo" "+1.83.0" "metadata" "--no-deps" "--format-version=1", kill_on_drop: false }`
[INFO] [stdout] 2907f6a25d5785fff81d599ab848d8a96b1657629f9a3095e1d9b5d0e23cb477
[INFO] running `Command { std: "docker" "start" "-a" "2907f6a25d5785fff81d599ab848d8a96b1657629f9a3095e1d9b5d0e23cb477", kill_on_drop: false }`
[INFO] running `Command { std: "docker" "inspect" "2907f6a25d5785fff81d599ab848d8a96b1657629f9a3095e1d9b5d0e23cb477", kill_on_drop: false }`
[INFO] running `Command { std: "docker" "rm" "-f" "2907f6a25d5785fff81d599ab848d8a96b1657629f9a3095e1d9b5d0e23cb477", kill_on_drop: false }`
[INFO] [stdout] 2907f6a25d5785fff81d599ab848d8a96b1657629f9a3095e1d9b5d0e23cb477
[INFO] running `Command { std: "docker" "create" "-v" "/var/lib/crater-agent-workspace/builds/worker-0-tc1/target:/opt/rustwide/target:rw,Z" "-v" "/var/lib/crater-agent-workspace/builds/worker-0-tc1/source:/opt/rustwide/workdir:ro,Z" "-v" "/var/lib/crater-agent-workspace/cargo-home:/opt/rustwide/cargo-home:ro,Z" "-v" "/var/lib/crater-agent-workspace/rustup-home:/opt/rustwide/rustup-home:ro,Z" "-e" "SOURCE_DIR=/opt/rustwide/workdir" "-e" "CARGO_TARGET_DIR=/opt/rustwide/target" "-e" "CARGO_INCREMENTAL=0" "-e" "RUST_BACKTRACE=full" "-e" "RUSTFLAGS=--cap-lints=warn" "-e" "RUSTDOCFLAGS=--cap-lints=warn" "-e" "CARGO_HOME=/opt/rustwide/cargo-home" "-e" "RUSTUP_HOME=/opt/rustwide/rustup-home" "-w" "/opt/rustwide/workdir" "-m" "1610612736" "--user" "0:0" "--network" "none" "ghcr.io/rust-lang/crates-build-env/linux@sha256:f3a9d4ad9d972b27faf3965f35b62e55ba32bbce8f20bc8fe909558a86702fde" "/opt/rustwide/cargo-home/bin/cargo" "+1.83.0" "build" "--frozen" "--message-format=json", kill_on_drop: false }`
[INFO] [stdout] 36b39036314ac00ee348813eafcd74fa55233e0c25dc803b321c39e52821ae55
[INFO] running `Command { std: "docker" "start" "-a" "36b39036314ac00ee348813eafcd74fa55233e0c25dc803b321c39e52821ae55", kill_on_drop: false }`
[INFO] [stderr]    Compiling proc-macro2 v1.0.92
[INFO] [stderr]    Compiling unicode-ident v1.0.14
[INFO] [stderr]    Compiling syn v1.0.109
[INFO] [stderr]    Compiling quote v1.0.37
[INFO] [stderr]    Compiling captures v0.1.0 (/opt/rustwide/workdir)
[INFO] [stderr]     Finished `dev` profile [unoptimized + debuginfo] target(s) in 8.39s
[INFO] running `Command { std: "docker" "inspect" "36b39036314ac00ee348813eafcd74fa55233e0c25dc803b321c39e52821ae55", kill_on_drop: false }`
[INFO] running `Command { std: "docker" "rm" "-f" "36b39036314ac00ee348813eafcd74fa55233e0c25dc803b321c39e52821ae55", kill_on_drop: false }`
[INFO] [stdout] 36b39036314ac00ee348813eafcd74fa55233e0c25dc803b321c39e52821ae55
[INFO] running `Command { std: "docker" "create" "-v" "/var/lib/crater-agent-workspace/builds/worker-0-tc1/target:/opt/rustwide/target:rw,Z" "-v" "/var/lib/crater-agent-workspace/builds/worker-0-tc1/source:/opt/rustwide/workdir:ro,Z" "-v" "/var/lib/crater-agent-workspace/cargo-home:/opt/rustwide/cargo-home:ro,Z" "-v" "/var/lib/crater-agent-workspace/rustup-home:/opt/rustwide/rustup-home:ro,Z" "-e" "SOURCE_DIR=/opt/rustwide/workdir" "-e" "CARGO_TARGET_DIR=/opt/rustwide/target" "-e" "CARGO_INCREMENTAL=0" "-e" "RUST_BACKTRACE=full" "-e" "RUSTFLAGS=--cap-lints=warn" "-e" "RUSTDOCFLAGS=--cap-lints=warn" "-e" "CARGO_HOME=/opt/rustwide/cargo-home" "-e" "RUSTUP_HOME=/opt/rustwide/rustup-home" "-w" "/opt/rustwide/workdir" "-m" "1610612736" "--user" "0:0" "--network" "none" "ghcr.io/rust-lang/crates-build-env/linux@sha256:f3a9d4ad9d972b27faf3965f35b62e55ba32bbce8f20bc8fe909558a86702fde" "/opt/rustwide/cargo-home/bin/cargo" "+1.83.0" "test" "--frozen" "--no-run" "--message-format=json", kill_on_drop: false }`
[INFO] [stdout] 4442b6b7ca09258ce330226e006d98a7a56da13248b36e04d57d37d12034261e
[INFO] running `Command { std: "docker" "start" "-a" "4442b6b7ca09258ce330226e006d98a7a56da13248b36e04d57d37d12034261e", kill_on_drop: false }`
[INFO] [stderr]    Compiling serde v1.0.216
[INFO] [stderr]    Compiling proc-macro2 v1.0.92
[INFO] [stderr]    Compiling unicode-ident v1.0.14
[INFO] [stderr]    Compiling equivalent v1.0.1
[INFO] [stderr]    Compiling hashbrown v0.15.2
[INFO] [stderr]    Compiling target-triple v0.1.3
[INFO] [stderr]    Compiling winnow v0.6.20
[INFO] [stderr]    Compiling serde_json v1.0.133
[INFO] [stderr]    Compiling syn v1.0.109
[INFO] [stderr]    Compiling memchr v2.7.4
[INFO] [stderr]    Compiling itoa v1.0.14
[INFO] [stderr]    Compiling ryu v1.0.18
[INFO] [stderr]    Compiling glob v0.3.1
[INFO] [stderr]    Compiling termcolor v1.4.1
[INFO] [stderr]    Compiling quote v1.0.37
[INFO] [stderr]    Compiling indexmap v2.7.0
[INFO] [stderr]    Compiling syn v2.0.90
[INFO] [stderr]    Compiling serde_derive v1.0.216
[INFO] [stderr]    Compiling toml_datetime v0.6.8
[INFO] [stderr]    Compiling serde_spanned v0.6.8
[INFO] [stderr]    Compiling toml_edit v0.22.22
[INFO] [stderr]    Compiling captures v0.1.0 (/opt/rustwide/workdir)
[INFO] [stderr]    Compiling toml v0.8.19
[INFO] [stderr]    Compiling trybuild v1.0.101
[INFO] [stderr]     Finished `test` profile [unoptimized + debuginfo] target(s) in 34.69s
[INFO] running `Command { std: "docker" "inspect" "4442b6b7ca09258ce330226e006d98a7a56da13248b36e04d57d37d12034261e", kill_on_drop: false }`
[INFO] running `Command { std: "docker" "rm" "-f" "4442b6b7ca09258ce330226e006d98a7a56da13248b36e04d57d37d12034261e", kill_on_drop: false }`
[INFO] [stdout] 4442b6b7ca09258ce330226e006d98a7a56da13248b36e04d57d37d12034261e
[INFO] running `Command { std: "docker" "create" "-v" "/var/lib/crater-agent-workspace/builds/worker-0-tc1/target:/opt/rustwide/target:rw,Z" "-v" "/var/lib/crater-agent-workspace/builds/worker-0-tc1/source:/opt/rustwide/workdir:ro,Z" "-v" "/var/lib/crater-agent-workspace/cargo-home:/opt/rustwide/cargo-home:ro,Z" "-v" "/var/lib/crater-agent-workspace/rustup-home:/opt/rustwide/rustup-home:ro,Z" "-e" "SOURCE_DIR=/opt/rustwide/workdir" "-e" "CARGO_TARGET_DIR=/opt/rustwide/target" "-e" "CARGO_INCREMENTAL=0" "-e" "RUST_BACKTRACE=full" "-e" "RUSTFLAGS=--cap-lints=warn" "-e" "RUSTDOCFLAGS=--cap-lints=warn" "-e" "CARGO_HOME=/opt/rustwide/cargo-home" "-e" "RUSTUP_HOME=/opt/rustwide/rustup-home" "-w" "/opt/rustwide/workdir" "-m" "1610612736" "--user" "0:0" "--network" "none" "ghcr.io/rust-lang/crates-build-env/linux@sha256:f3a9d4ad9d972b27faf3965f35b62e55ba32bbce8f20bc8fe909558a86702fde" "/opt/rustwide/cargo-home/bin/cargo" "+1.83.0" "test" "--frozen", kill_on_drop: false }`
[INFO] [stdout] 6b682f2d0ca5c22a1a8574a9a0636f5d2225bfa03fc12253eafcc98eb9a68847
[INFO] running `Command { std: "docker" "start" "-a" "6b682f2d0ca5c22a1a8574a9a0636f5d2225bfa03fc12253eafcc98eb9a68847", kill_on_drop: false }`
[INFO] [stderr]     Finished `test` profile [unoptimized + debuginfo] target(s) in 0.06s
[INFO] [stderr]      Running unittests src/lib.rs (/opt/rustwide/target/debug/deps/captures-cd089567bd52c0ef)
[INFO] [stdout] 
[INFO] [stderr]      Running tests/hygiene.rs (/opt/rustwide/target/debug/deps/hygiene-61f67e28911eeef2)
[INFO] [stdout] running 0 tests
[INFO] [stderr]      Running tests/infer_move.rs (/opt/rustwide/target/debug/deps/infer_move-61ae85a10b5db17b)
[INFO] [stdout] 
[INFO] [stdout] test result: ok. 0 passed; 0 failed; 0 ignored; 0 measured; 0 filtered out; finished in 0.00s
[INFO] [stdout] 
[INFO] [stdout] 
[INFO] [stdout] running 0 tests
[INFO] [stdout] 
[INFO] [stdout] test result: ok. 0 passed; 0 failed; 0 ignored; 0 measured; 0 filtered out; finished in 0.00s
[INFO] [stdout] 
[INFO] [stderr]      Running tests/refs.rs (/opt/rustwide/target/debug/deps/refs-a3266aae60ba84a5)
[INFO] [stdout] 
[INFO] [stdout] running 0 tests
[INFO] [stdout] 
[INFO] [stdout] test result: ok. 0 passed; 0 failed; 0 ignored; 0 measured; 0 filtered out; finished in 0.00s
[INFO] [stdout] 
[INFO] [stdout] 
[INFO] [stdout] running 0 tests
[INFO] [stdout] 
[INFO] [stdout] test result: ok. 0 passed; 0 failed; 0 ignored; 0 measured; 0 filtered out; finished in 0.00s
[INFO] [stdout] 
[INFO] [stderr]      Running tests/trybuild.rs (/opt/rustwide/target/debug/deps/trybuild-5688a1cd97b7d94a)
[INFO] [stdout] 
[INFO] [stdout] running 1 test
[INFO] [stderr]    Compiling proc-macro2 v1.0.92
[INFO] [stderr]    Compiling syn v1.0.109
[INFO] [stderr]    Compiling unicode-ident v1.0.14
[INFO] [stderr]     Checking quote v1.0.37
[INFO] [stderr]    Compiling captures v0.1.0 (/opt/rustwide/workdir)
[INFO] [stderr]     Checking captures-tests v0.0.0 (/opt/rustwide/target/tests/trybuild/captures)
[INFO] [stderr]     Finished `dev` profile [unoptimized + debuginfo] target(s) in 11.00s
[INFO] [stderr] 
[INFO] [stderr] 
[INFO] [stderr] test tests/compile_fail/anti_2021_borrows.rs ... mismatch
[INFO] [stderr] 
[INFO] [stderr] EXPECTED:
[INFO] [stderr] ┈┈┈┈┈┈┈┈┈┈┈┈┈┈┈┈┈┈┈┈┈┈┈┈┈┈┈┈┈┈┈┈┈┈┈┈┈┈┈┈┈┈┈┈┈┈┈┈┈┈┈┈┈┈┈┈┈┈┈┈
[INFO] [stderr] error[E0506]: cannot assign to `a.1` because it is borrowed
[INFO] [stderr]  --> tests/compile_fail/anti_2021_borrows.rs:7:5
[INFO] [stderr]   |
[INFO] [stderr] 6 |     let f = capture!(all a, || a.0 + 1);
[INFO] [stderr]   |                          -  -- borrow of `a.1` occurs here
[INFO] [stderr]   |                          |
[INFO] [stderr]   |                          borrow occurs due to use in closure
[INFO] [stderr] 7 |     a.1 += 1;
[INFO] [stderr]   |     ^^^^^^^^ assignment to borrowed `a.1` occurs here
[INFO] [stderr] 8 |     f();
[INFO] [stderr]   |     - borrow later used here
[INFO] [stderr] ┈┈┈┈┈┈┈┈┈┈┈┈┈┈┈┈┈┈┈┈┈┈┈┈┈┈┈┈┈┈┈┈┈┈┈┈┈┈┈┈┈┈┈┈┈┈┈┈┈┈┈┈┈┈┈┈┈┈┈┈
[INFO] [stderr] 
[INFO] [stderr] ACTUAL OUTPUT:
[INFO] [stderr] ┈┈┈┈┈┈┈┈┈┈┈┈┈┈┈┈┈┈┈┈┈┈┈┈┈┈┈┈┈┈┈┈┈┈┈┈┈┈┈┈┈┈┈┈┈┈┈┈┈┈┈┈┈┈┈┈┈┈┈┈
[INFO] [stderr] error[E0506]: cannot assign to `a.1` because it is borrowed
[INFO] [stderr]  --> tests/compile_fail/anti_2021_borrows.rs:7:5
[INFO] [stderr]   |
[INFO] [stderr] 6 |     let f = capture!(all a, || a.0 + 1);
[INFO] [stderr]   |                          -  -- `a.1` is borrowed here
[INFO] [stderr]   |                          |
[INFO] [stderr]   |                          borrow occurs due to use in closure
[INFO] [stderr] 7 |     a.1 += 1;
[INFO] [stderr]   |     ^^^^^^^^ `a.1` is assigned to here but it was already borrowed
[INFO] [stderr] 8 |     f();
[INFO] [stderr]   |     - borrow later used here
[INFO] [stderr] ┈┈┈┈┈┈┈┈┈┈┈┈┈┈┈┈┈┈┈┈┈┈┈┈┈┈┈┈┈┈┈┈┈┈┈┈┈┈┈┈┈┈┈┈┈┈┈┈┈┈┈┈┈┈┈┈┈┈┈┈
[INFO] [stderr] note: If the actual output is the correct output you can bless it by rerunning
[INFO] [stderr]       your test with the environment variable TRYBUILD=overwrite
[INFO] [stderr] 
[INFO] [stderr] test tests/compile_fail/hygiene.rs ... mismatch
[INFO] [stderr] 
[INFO] [stderr] EXPECTED:
[INFO] [stderr] ┈┈┈┈┈┈┈┈┈┈┈┈┈┈┈┈┈┈┈┈┈┈┈┈┈┈┈┈┈┈┈┈┈┈┈┈┈┈┈┈┈┈┈┈┈┈┈┈┈┈┈┈┈┈┈┈┈┈┈┈
[INFO] [stderr] error[E0425]: cannot find value `b` in this scope
[INFO] [stderr]   --> tests/compile_fail/hygiene.rs:10:18
[INFO] [stderr]    |
[INFO] [stderr] 10 |         total += b;
[INFO] [stderr]    |                  ^ not found in this scope
[INFO] [stderr]    |
[INFO] [stderr]    = note: this error originates in the macro `capture_only` (in Nightly builds, run with -Z macro-backtrace for more info)
[INFO] [stderr] ┈┈┈┈┈┈┈┈┈┈┈┈┈┈┈┈┈┈┈┈┈┈┈┈┈┈┈┈┈┈┈┈┈┈┈┈┈┈┈┈┈┈┈┈┈┈┈┈┈┈┈┈┈┈┈┈┈┈┈┈
[INFO] [stderr] 
[INFO] [stderr] ACTUAL OUTPUT:
[INFO] [stderr] ┈┈┈┈┈┈┈┈┈┈┈┈┈┈┈┈┈┈┈┈┈┈┈┈┈┈┈┈┈┈┈┈┈┈┈┈┈┈┈┈┈┈┈┈┈┈┈┈┈┈┈┈┈┈┈┈┈┈┈┈
[INFO] [stderr] error[E0425]: cannot find value `b` in this scope
[INFO] [stderr]   --> tests/compile_fail/hygiene.rs:10:18
[INFO] [stderr]    |
[INFO] [stderr] 10 |         total += b;
[INFO] [stderr]    |                  ^ help: a local variable with a similar name exists: `a`
[INFO] [stderr]    |
[INFO] [stderr]    = note: this error originates in the macro `capture_only` (in Nightly builds, run with -Z macro-backtrace for more info)
[INFO] [stderr] ┈┈┈┈┈┈┈┈┈┈┈┈┈┈┈┈┈┈┈┈┈┈┈┈┈┈┈┈┈┈┈┈┈┈┈┈┈┈┈┈┈┈┈┈┈┈┈┈┈┈┈┈┈┈┈┈┈┈┈┈
[INFO] [stderr] note: If the actual output is the correct output you can bless it by rerunning
[INFO] [stderr]       your test with the environment variable TRYBUILD=overwrite
[INFO] [stderr] 
[INFO] [stderr] test tests/compile_fail/infer_move.rs ... ok
[INFO] [stderr] test tests/compile_fail/no_clone.rs ... mismatch
[INFO] [stderr] 
[INFO] [stderr] EXPECTED:
[INFO] [stderr] ┈┈┈┈┈┈┈┈┈┈┈┈┈┈┈┈┈┈┈┈┈┈┈┈┈┈┈┈┈┈┈┈┈┈┈┈┈┈┈┈┈┈┈┈┈┈┈┈┈┈┈┈┈┈┈┈┈┈┈┈
[INFO] [stderr] error[E0277]: the trait bound `no_generic::S: Clone` is not satisfied
[INFO] [stderr]    --> tests/compile_fail/no_clone.rs:9:9
[INFO] [stderr]     |
[INFO] [stderr] 9   |         clone s,
[INFO] [stderr]     |         ^^^^^^^ the trait `Clone` is not implemented for `no_generic::S`
[INFO] [stderr]     |
[INFO] [stderr] note: required by `clone`
[INFO] [stderr]    --> $RUST/core/src/clone.rs
[INFO] [stderr]     |
[INFO] [stderr]     |     fn clone(&self) -> Self;
[INFO] [stderr]     |     ^^^^^^^^^^^^^^^^^^^^^^^^
[INFO] [stderr] 
[INFO] [stderr] error[E0277]: the trait bound `no_derive::S<{integer}>: Clone` is not satisfied
[INFO] [stderr]    --> tests/compile_fail/no_clone.rs:24:9
[INFO] [stderr]     |
[INFO] [stderr] 24  |         clone s,
[INFO] [stderr]     |         ^^^^^^^ the trait `Clone` is not implemented for `no_derive::S<{integer}>`
[INFO] [stderr]     |
[INFO] [stderr] note: required by `clone`
[INFO] [stderr]    --> $RUST/core/src/clone.rs
[INFO] [stderr]     |
[INFO] [stderr]     |     fn clone(&self) -> Self;
[INFO] [stderr]     |     ^^^^^^^^^^^^^^^^^^^^^^^^
[INFO] [stderr] 
[INFO] [stderr] error[E0277]: the trait bound `NonClone: Clone` is not satisfied
[INFO] [stderr]    --> tests/compile_fail/no_clone.rs:42:9
[INFO] [stderr]     |
[INFO] [stderr] 42  |         clone s,
[INFO] [stderr]     |         ^^^^^^^
[INFO] [stderr]     |         |
[INFO] [stderr]     |         expected an implementor of trait `Clone`
[INFO] [stderr]     |         help: consider borrowing here: `&clone s`
[INFO] [stderr]     |
[INFO] [stderr] note: required because of the requirements on the impl of `Clone` for `no_impl::S<NonClone>`
[INFO] [stderr]    --> tests/compile_fail/no_clone.rs:37:14
[INFO] [stderr]     |
[INFO] [stderr] 37  |     #[derive(Clone)]
[INFO] [stderr]     |              ^^^^^
[INFO] [stderr] note: required by `clone`
[INFO] [stderr]    --> $RUST/core/src/clone.rs
[INFO] [stderr]     |
[INFO] [stderr]     |     fn clone(&self) -> Self;
[INFO] [stderr]     |     ^^^^^^^^^^^^^^^^^^^^^^^^
[INFO] [stderr]     = note: this error originates in the derive macro `Clone` (in Nightly builds, run with -Z macro-backtrace for more info)
[INFO] [stderr] ┈┈┈┈┈┈┈┈┈┈┈┈┈┈┈┈┈┈┈┈┈┈┈┈┈┈┈┈┈┈┈┈┈┈┈┈┈┈┈┈┈┈┈┈┈┈┈┈┈┈┈┈┈┈┈┈┈┈┈┈
[INFO] [stderr] 
[INFO] [stderr] ACTUAL OUTPUT:
[INFO] [stderr] ┈┈┈┈┈┈┈┈┈┈┈┈┈┈┈┈┈┈┈┈┈┈┈┈┈┈┈┈┈┈┈┈┈┈┈┈┈┈┈┈┈┈┈┈┈┈┈┈┈┈┈┈┈┈┈┈┈┈┈┈
[INFO] [stderr] error[E0277]: the trait bound `no_generic::S: Clone` is not satisfied
[INFO] [stderr]  --> tests/compile_fail/no_clone.rs:9:9
[INFO] [stderr]   |
[INFO] [stderr] 9 |         clone s,
[INFO] [stderr]   |         -----^^
[INFO] [stderr]   |         |
[INFO] [stderr]   |         the trait `Clone` is not implemented for `no_generic::S`
[INFO] [stderr]   |         required by a bound introduced by this call
[INFO] [stderr]   |
[INFO] [stderr] help: consider annotating `no_generic::S` with `#[derive(Clone)]`
[INFO] [stderr]   |
[INFO] [stderr] 5 +     #[derive(Clone)]
[INFO] [stderr] 6 |     struct S;
[INFO] [stderr]   |
[INFO] [stderr] 
[INFO] [stderr] error[E0277]: the trait bound `no_derive::S<{integer}>: Clone` is not satisfied
[INFO] [stderr]   --> tests/compile_fail/no_clone.rs:24:9
[INFO] [stderr]    |
[INFO] [stderr] 24 |         clone s,
[INFO] [stderr]    |         -----^^
[INFO] [stderr]    |         |
[INFO] [stderr]    |         the trait `Clone` is not implemented for `no_derive::S<{integer}>`
[INFO] [stderr]    |         required by a bound introduced by this call
[INFO] [stderr] 
[INFO] [stderr] error[E0277]: the trait bound `no_impl::S<NonClone>: Clone` is not satisfied
[INFO] [stderr]   --> tests/compile_fail/no_clone.rs:42:9
[INFO] [stderr]    |
[INFO] [stderr] 42 |         clone s,
[INFO] [stderr]    |         -----^^
[INFO] [stderr]    |         |
[INFO] [stderr]    |         the trait `Clone` is not implemented for `no_impl::S<NonClone>`
[INFO] [stderr]    |         required by a bound introduced by this call
[INFO] [stderr]    |
[INFO] [stderr] note: required for `no_impl::S<NonClone>` to implement `Clone`
[INFO] [stderr]   --> tests/compile_fail/no_clone.rs:37:14
[INFO] [stderr]    |
[INFO] [stderr] 37 |     #[derive(Clone)]
[INFO] [stderr]    |              ^^^^^ unsatisfied trait bound introduced in this `derive` macro
[INFO] [stderr]    = note: this error originates in the derive macro `Clone` (in Nightly builds, run with -Z macro-backtrace for more info)
[INFO] [stderr] help: consider borrowing here
[INFO] [stderr]    |
[INFO] [stderr] 42 |         &clone s,
[INFO] [stderr]    |         +
[INFO] [stderr] ┈┈┈┈┈┈┈┈┈┈┈┈┈┈┈┈┈┈┈┈┈┈┈┈┈┈┈┈┈┈┈┈┈┈┈┈┈┈┈┈┈┈┈┈┈┈┈┈┈┈┈┈┈┈┈┈┈┈┈┈
[INFO] [stderr] note: If the actual output is the correct output you can bless it by rerunning
[INFO] [stderr]       your test with the environment variable TRYBUILD=overwrite
[INFO] [stderr] 
[INFO] [stderr] test tests/compile_fail/syntax.rs ... mismatch
[INFO] [stderr] 
[INFO] [stderr] EXPECTED:
[INFO] [stderr] ┈┈┈┈┈┈┈┈┈┈┈┈┈┈┈┈┈┈┈┈┈┈┈┈┈┈┈┈┈┈┈┈┈┈┈┈┈┈┈┈┈┈┈┈┈┈┈┈┈┈┈┈┈┈┈┈┈┈┈┈
[INFO] [stderr] error: expected `ref`, `clone`, `with`, or `all`
[INFO] [stderr]  --> tests/compile_fail/syntax.rs:6:9
[INFO] [stderr]   |
[INFO] [stderr] 6 |         garbage a,
[INFO] [stderr]   |         ^^^^^^^
[INFO] [stderr] 
[INFO] [stderr] error: expected `ref`, `clone`, `with`, or `all`
[INFO] [stderr]  --> tests/compile_fail/syntax.rs:7:9
[INFO] [stderr]   |
[INFO] [stderr] 7 |         garbage a b c d e f,
[INFO] [stderr]   |         ^^^^^^^
[INFO] [stderr] 
[INFO] [stderr] error: expected `ref`, `clone`, `with`, or `all`
[INFO] [stderr]  --> tests/compile_fail/syntax.rs:8:9
[INFO] [stderr]   |
[INFO] [stderr] 8 |         mut garbage a b,
[INFO] [stderr]   |         ^^^
[INFO] [stderr] 
[INFO] [stderr] error: may not use mutability specifier with `all` directive
[INFO] [stderr]  --> tests/compile_fail/syntax.rs:9:13
[INFO] [stderr]   |
[INFO] [stderr] 9 |         all mut a,
[INFO] [stderr]   |             ^^^
[INFO] [stderr] 
[INFO] [stderr] error: expected identifier
[INFO] [stderr]   --> tests/compile_fail/syntax.rs:10:19
[INFO] [stderr]    |
[INFO] [stderr] 10 |         clone mut mut,
[INFO] [stderr]    |                   ^^^
[INFO] [stderr] 
[INFO] [stderr] error: expected identifier
[INFO] [stderr]   --> tests/compile_fail/syntax.rs:11:15
[INFO] [stderr]    |
[INFO] [stderr] 11 |         clone ;,
[INFO] [stderr]    |               ^
[INFO] [stderr] 
[INFO] [stderr] error: expected `,`
[INFO] [stderr]   --> tests/compile_fail/syntax.rs:12:19
[INFO] [stderr]    |
[INFO] [stderr] 12 |         ref clone a,
[INFO] [stderr]    |                   ^
[INFO] [stderr] 
[INFO] [stderr] error: expected `ref`, `clone`, `with`, or `all`
[INFO] [stderr]   --> tests/compile_fail/syntax.rs:12:19
[INFO] [stderr]    |
[INFO] [stderr] 12 |         ref clone a,
[INFO] [stderr]    |                   ^
[INFO] [stderr] 
[INFO] [stderr] error: expected `ref`, `clone`, `with`, or `all`
[INFO] [stderr]   --> tests/compile_fail/syntax.rs:13:9
[INFO] [stderr]    |
[INFO] [stderr] 13 |         mut clone a,
[INFO] [stderr]    |         ^^^
[INFO] [stderr] 
[INFO] [stderr] error: expected `=`
[INFO] [stderr]   --> tests/compile_fail/syntax.rs:14:20
[INFO] [stderr]    |
[INFO] [stderr] 14 |         with clone b = ex,
[INFO] [stderr]    |                    ^
[INFO] [stderr] 
[INFO] [stderr] error: expected expression
[INFO] [stderr]   --> tests/compile_fail/syntax.rs:15:18
[INFO] [stderr]    |
[INFO] [stderr] 15 |         with a = ref mut,
[INFO] [stderr]    |                  ^^^
[INFO] [stderr] 
[INFO] [stderr] error: expected `,`
[INFO] [stderr]   --> tests/compile_fail/syntax.rs:16:20
[INFO] [stderr]    |
[INFO] [stderr] 16 |         with a = 1 2 3 4,
[INFO] [stderr]    |                    ^
[INFO] [stderr] 
[INFO] [stderr] error: expected `ref`, `clone`, `with`, or `all`
[INFO] [stderr]   --> tests/compile_fail/syntax.rs:16:20
[INFO] [stderr]    |
[INFO] [stderr] 16 |         with a = 1 2 3 4,
[INFO] [stderr]    |                    ^
[INFO] [stderr] 
[INFO] [stderr] error: expected `|`
[INFO] [stderr]   --> tests/compile_fail/syntax.rs:5:5
[INFO] [stderr]    |
[INFO] [stderr] 5  | /     capture!(
[INFO] [stderr] 6  | |         garbage a,
[INFO] [stderr] 7  | |         garbage a b c d e f,
[INFO] [stderr] 8  | |         mut garbage a b,
[INFO] [stderr] ...  |
[INFO] [stderr] 16 | |         with a = 1 2 3 4,
[INFO] [stderr] 17 | |     );
[INFO] [stderr]    | |______^
[INFO] [stderr]    |
[INFO] [stderr]    = note: this error originates in the macro `capture` (in Nightly builds, run with -Z macro-backtrace for more info)
[INFO] [stderr] ┈┈┈┈┈┈┈┈┈┈┈┈┈┈┈┈┈┈┈┈┈┈┈┈┈┈┈┈┈┈┈┈┈┈┈┈┈┈┈┈┈┈┈┈┈┈┈┈┈┈┈┈┈┈┈┈┈┈┈┈
[INFO] [stderr] 
[INFO] [stderr] ACTUAL OUTPUT:
[INFO] [stderr] ┈┈┈┈┈┈┈┈┈┈┈┈┈┈┈┈┈┈┈┈┈┈┈┈┈┈┈┈┈┈┈┈┈┈┈┈┈┈┈┈┈┈┈┈┈┈┈┈┈┈┈┈┈┈┈┈┈┈┈┈
[INFO] [stderr] error: expected `ref`, `clone`, `with`, or `all`
[INFO] [stderr]  --> tests/compile_fail/syntax.rs:6:9
[INFO] [stderr]   |
[INFO] [stderr] 6 |         garbage a,
[INFO] [stderr]   |         ^^^^^^^
[INFO] [stderr] 
[INFO] [stderr] error: expected `ref`, `clone`, `with`, or `all`
[INFO] [stderr]  --> tests/compile_fail/syntax.rs:7:9
[INFO] [stderr]   |
[INFO] [stderr] 7 |         garbage a b c d e f,
[INFO] [stderr]   |         ^^^^^^^
[INFO] [stderr] 
[INFO] [stderr] error: expected `ref`, `clone`, `with`, or `all`
[INFO] [stderr]  --> tests/compile_fail/syntax.rs:8:9
[INFO] [stderr]   |
[INFO] [stderr] 8 |         mut garbage a b,
[INFO] [stderr]   |         ^^^
[INFO] [stderr] 
[INFO] [stderr] error: may not use mutability specifier with `all` directive
[INFO] [stderr]  --> tests/compile_fail/syntax.rs:9:13
[INFO] [stderr]   |
[INFO] [stderr] 9 |         all mut a,
[INFO] [stderr]   |             ^^^
[INFO] [stderr] 
[INFO] [stderr] error: expected identifier
[INFO] [stderr]   --> tests/compile_fail/syntax.rs:10:19
[INFO] [stderr]    |
[INFO] [stderr] 10 |         clone mut mut,
[INFO] [stderr]    |                   ^^^
[INFO] [stderr] 
[INFO] [stderr] error: expected identifier
[INFO] [stderr]   --> tests/compile_fail/syntax.rs:11:15
[INFO] [stderr]    |
[INFO] [stderr] 11 |         clone ;,
[INFO] [stderr]    |               ^
[INFO] [stderr] 
[INFO] [stderr] error: expected `,`
[INFO] [stderr]   --> tests/compile_fail/syntax.rs:12:19
[INFO] [stderr]    |
[INFO] [stderr] 12 |         ref clone a,
[INFO] [stderr]    |                   ^
[INFO] [stderr] 
[INFO] [stderr] error: expected `ref`, `clone`, `with`, or `all`
[INFO] [stderr]   --> tests/compile_fail/syntax.rs:12:19
[INFO] [stderr]    |
[INFO] [stderr] 12 |         ref clone a,
[INFO] [stderr]    |                   ^
[INFO] [stderr] 
[INFO] [stderr] error: expected `ref`, `clone`, `with`, or `all`
[INFO] [stderr]   --> tests/compile_fail/syntax.rs:13:9
[INFO] [stderr]    |
[INFO] [stderr] 13 |         mut clone a,
[INFO] [stderr]    |         ^^^
[INFO] [stderr] 
[INFO] [stderr] error: expected `=`
[INFO] [stderr]   --> tests/compile_fail/syntax.rs:14:20
[INFO] [stderr]    |
[INFO] [stderr] 14 |         with clone b = ex,
[INFO] [stderr]    |                    ^
[INFO] [stderr] 
[INFO] [stderr] error: expected expression
[INFO] [stderr]   --> tests/compile_fail/syntax.rs:15:18
[INFO] [stderr]    |
[INFO] [stderr] 15 |         with a = ref mut,
[INFO] [stderr]    |                  ^^^
[INFO] [stderr] 
[INFO] [stderr] error: expected `,`
[INFO] [stderr]   --> tests/compile_fail/syntax.rs:16:20
[INFO] [stderr]    |
[INFO] [stderr] 16 |         with a = 1 2 3 4,
[INFO] [stderr]    |                    ^
[INFO] [stderr] 
[INFO] [stderr] error: expected `ref`, `clone`, `with`, or `all`
[INFO] [stderr]   --> tests/compile_fail/syntax.rs:16:20
[INFO] [stderr]    |
[INFO] [stderr] 16 |         with a = 1 2 3 4,
[INFO] [stderr]    |                    ^
[INFO] [stderr] 
[INFO] [stderr] error: expected `|`
[INFO] [stderr]   --> tests/compile_fail/syntax.rs:5:5
[INFO] [stderr]    |
[INFO] [stderr] 5  | /     capture!(
[INFO] [stderr] 6  | |         garbage a,
[INFO] [stderr] 7  | |         garbage a b c d e f,
[INFO] [stderr] 8  | |         mut garbage a b,
[INFO] [stderr] ...  |
[INFO] [stderr] 16 | |         with a = 1 2 3 4,
[INFO] [stderr] 17 | |     );
[INFO] [stderr]    | |_____^
[INFO] [stderr]    |
[INFO] [stderr]    = note: this error originates in the macro `capture` (in Nightly builds, run with -Z macro-backtrace for more info)
[INFO] [stderr] ┈┈┈┈┈┈┈┈┈┈┈┈┈┈┈┈┈┈┈┈┈┈┈┈┈┈┈┈┈┈┈┈┈┈┈┈┈┈┈┈┈┈┈┈┈┈┈┈┈┈┈┈┈┈┈┈┈┈┈┈
[INFO] [stderr] note: If the actual output is the correct output you can bless it by rerunning
[INFO] [stderr]       your test with the environment variable TRYBUILD=overwrite
[INFO] [stderr] 
[INFO] [stderr] 
[INFO] [stderr] 
[INFO] [stdout] test ui ... FAILED
[INFO] [stdout] 
[INFO] [stdout] failures:
[INFO] [stdout] 
[INFO] [stdout] ---- ui stdout ----
[INFO] [stdout] thread 'ui' panicked at /opt/rustwide/cargo-home/registry/src/index.crates.io-6f17d22bba15001f/trybuild-1.0.101/src/run.rs:101:13:
[INFO] [stdout] 4 of 5 tests failed
[INFO] [stdout] stack backtrace:
[INFO] [stdout]    0:     0x627c83262a3a - std::backtrace_rs::backtrace::libunwind::trace::h5a5b8284f2d0c266
[INFO] [stdout]                                at /rustc/90b35a6239c3d8bdabc530a6a0816f7ff89a0aaf/library/std/src/../../backtrace/src/backtrace/libunwind.rs:116:5
[INFO] [stdout]    1:     0x627c83262a3a - std::backtrace_rs::backtrace::trace_unsynchronized::h76d4f1c9b0b875e3
[INFO] [stdout]                                at /rustc/90b35a6239c3d8bdabc530a6a0816f7ff89a0aaf/library/std/src/../../backtrace/src/backtrace/mod.rs:66:5
[INFO] [stdout]    2:     0x627c83262a3a - std::sys::backtrace::_print_fmt::hc4546b8364a537c6
[INFO] [stdout]                                at /rustc/90b35a6239c3d8bdabc530a6a0816f7ff89a0aaf/library/std/src/sys/backtrace.rs:66:9
[INFO] [stdout]    3:     0x627c83262a3a - <std::sys::backtrace::BacktraceLock::print::DisplayBacktrace as core::fmt::Display>::fmt::h5b6bd5631a6d1f6b
[INFO] [stdout]                                at /rustc/90b35a6239c3d8bdabc530a6a0816f7ff89a0aaf/library/std/src/sys/backtrace.rs:39:26
[INFO] [stdout]    4:     0x627c8328b643 - core::fmt::rt::Argument::fmt::h270f6602a2b96f62
[INFO] [stdout]                                at /rustc/90b35a6239c3d8bdabc530a6a0816f7ff89a0aaf/library/core/src/fmt/rt.rs:177:76
[INFO] [stdout]    5:     0x627c8328b643 - core::fmt::write::h7550c97b06c86515
[INFO] [stdout]                                at /rustc/90b35a6239c3d8bdabc530a6a0816f7ff89a0aaf/library/core/src/fmt/mod.rs:1186:21
[INFO] [stdout]    6:     0x627c8325f113 - std::io::Write::write_fmt::h509ff860e5956e5e
[INFO] [stdout]                                at /rustc/90b35a6239c3d8bdabc530a6a0816f7ff89a0aaf/library/std/src/io/mod.rs:1839:15
[INFO] [stdout]    7:     0x627c83262882 - std::sys::backtrace::BacktraceLock::print::h2395ccd2c84ba3aa
[INFO] [stdout]                                at /rustc/90b35a6239c3d8bdabc530a6a0816f7ff89a0aaf/library/std/src/sys/backtrace.rs:42:9
[INFO] [stdout]    8:     0x627c8326449a - std::panicking::default_hook::{{closure}}::he19d4c7230e07961
[INFO] [stdout]                                at /rustc/90b35a6239c3d8bdabc530a6a0816f7ff89a0aaf/library/std/src/panicking.rs:268:22
[INFO] [stdout]    9:     0x627c832642a4 - std::panicking::default_hook::hf614597d3c67bbdb
[INFO] [stdout]                                at /rustc/90b35a6239c3d8bdabc530a6a0816f7ff89a0aaf/library/std/src/panicking.rs:292:9
[INFO] [stdout]   10:     0x627c8322cbc9 - <alloc::boxed::Box<F,A> as core::ops::function::Fn<Args>>::call::h39b51ce4599c23d1
[INFO] [stdout]                                at /rustc/90b35a6239c3d8bdabc530a6a0816f7ff89a0aaf/library/alloc/src/boxed.rs:2468:9
[INFO] [stdout]   11:     0x627c8322cbc9 - test::test_main::{{closure}}::he977ae839a582784
[INFO] [stdout]                                at /rustc/90b35a6239c3d8bdabc530a6a0816f7ff89a0aaf/library/test/src/lib.rs:133:21
[INFO] [stdout]   12:     0x627c83264b38 - <alloc::boxed::Box<F,A> as core::ops::function::Fn<Args>>::call::h9455091b6b06f9fb
[INFO] [stdout]                                at /rustc/90b35a6239c3d8bdabc530a6a0816f7ff89a0aaf/library/alloc/src/boxed.rs:2468:9
[INFO] [stdout]   13:     0x627c83264b38 - std::panicking::rust_panic_with_hook::h8942133a8b252070
[INFO] [stdout]                                at /rustc/90b35a6239c3d8bdabc530a6a0816f7ff89a0aaf/library/std/src/panicking.rs:809:13
[INFO] [stdout]   14:     0x627c832648fa - std::panicking::begin_panic_handler::{{closure}}::hb5f5963570096b29
[INFO] [stdout]                                at /rustc/90b35a6239c3d8bdabc530a6a0816f7ff89a0aaf/library/std/src/panicking.rs:674:13
[INFO] [stdout]   15:     0x627c83262f19 - std::sys::backtrace::__rust_end_short_backtrace::h6208cedc1922feda
[INFO] [stdout]                                at /rustc/90b35a6239c3d8bdabc530a6a0816f7ff89a0aaf/library/std/src/sys/backtrace.rs:170:18
[INFO] [stdout]   16:     0x627c8326458c - rust_begin_unwind
[INFO] [stdout]                                at /rustc/90b35a6239c3d8bdabc530a6a0816f7ff89a0aaf/library/std/src/panicking.rs:665:5
[INFO] [stdout]   17:     0x627c82f3f210 - core::panicking::panic_fmt::h0c3082644d1bf418
[INFO] [stdout]                                at /rustc/90b35a6239c3d8bdabc530a6a0816f7ff89a0aaf/library/core/src/panicking.rs:74:14
[INFO] [stdout]   18:     0x627c82f4d23f - trybuild::run::<impl trybuild::Runner>::run::h60c852e85bf9a8ee
[INFO] [stdout]                                at /opt/rustwide/cargo-home/registry/src/index.crates.io-6f17d22bba15001f/trybuild-1.0.101/src/run.rs:101:13
[INFO] [stdout]   19:     0x627c82f52748 - <trybuild::TestCases as core::ops::drop::Drop>::drop::h97955ea00685de3a
[INFO] [stdout]                                at /opt/rustwide/cargo-home/registry/src/index.crates.io-6f17d22bba15001f/trybuild-1.0.101/src/lib.rs:340:13
[INFO] [stdout]   20:     0x627c82f3fe57 - core::ptr::drop_in_place<trybuild::TestCases>::hdd611e84af26d41f
[INFO] [stdout]                                at /rustc/90b35a6239c3d8bdabc530a6a0816f7ff89a0aaf/library/core/src/ptr/mod.rs:574:1
[INFO] [stdout]   21:     0x627c82f40593 - trybuild::ui::h53e28d0c5787a05f
[INFO] [stdout]                                at /opt/rustwide/workdir/tests/trybuild.rs:5:1
[INFO] [stdout]   22:     0x627c82f40527 - trybuild::ui::{{closure}}::h73cc15546ce3236d
[INFO] [stdout]                                at /opt/rustwide/workdir/tests/trybuild.rs:2:12
[INFO] [stdout]   23:     0x627c82f3fdf6 - core::ops::function::FnOnce::call_once::h626cff343abedf5e
[INFO] [stdout]                                at /rustc/90b35a6239c3d8bdabc530a6a0816f7ff89a0aaf/library/core/src/ops/function.rs:250:5
[INFO] [stdout]   24:     0x627c8323158b - core::ops::function::FnOnce::call_once::h109cf8051a59b34e
[INFO] [stdout]                                at /rustc/90b35a6239c3d8bdabc530a6a0816f7ff89a0aaf/library/core/src/ops/function.rs:250:5
[INFO] [stdout]   25:     0x627c8323158b - test::__rust_begin_short_backtrace::hf4fff89d377446ba
[INFO] [stdout]                                at /rustc/90b35a6239c3d8bdabc530a6a0816f7ff89a0aaf/library/test/src/lib.rs:621:18
[INFO] [stdout]   26:     0x627c83230dc7 - test::run_test_in_process::{{closure}}::h0e39181dd7ee5a43
[INFO] [stdout]                                at /rustc/90b35a6239c3d8bdabc530a6a0816f7ff89a0aaf/library/test/src/lib.rs:644:60
[INFO] [stdout]   27:     0x627c83230dc7 - <core::panic::unwind_safe::AssertUnwindSafe<F> as core::ops::function::FnOnce<()>>::call_once::hc5a66a30f0bdfd1f
[INFO] [stdout]                                at /rustc/90b35a6239c3d8bdabc530a6a0816f7ff89a0aaf/library/core/src/panic/unwind_safe.rs:272:9
[INFO] [stdout]   28:     0x627c83230dc7 - std::panicking::try::do_call::h873b7cf639554a5e
[INFO] [stdout]                                at /rustc/90b35a6239c3d8bdabc530a6a0816f7ff89a0aaf/library/std/src/panicking.rs:557:40
[INFO] [stdout]   29:     0x627c83230dc7 - std::panicking::try::hdb19862fad9c8bd1
[INFO] [stdout]                                at /rustc/90b35a6239c3d8bdabc530a6a0816f7ff89a0aaf/library/std/src/panicking.rs:520:19
[INFO] [stdout]   30:     0x627c83230dc7 - std::panic::catch_unwind::h281fe732d236d260
[INFO] [stdout]                                at /rustc/90b35a6239c3d8bdabc530a6a0816f7ff89a0aaf/library/std/src/panic.rs:358:14
[INFO] [stdout]   31:     0x627c83230dc7 - test::run_test_in_process::h949b6df8457ed338
[INFO] [stdout]                                at /rustc/90b35a6239c3d8bdabc530a6a0816f7ff89a0aaf/library/test/src/lib.rs:644:27
[INFO] [stdout]   32:     0x627c83230dc7 - test::run_test::{{closure}}::h52c556a6d4740e10
[INFO] [stdout]                                at /rustc/90b35a6239c3d8bdabc530a6a0816f7ff89a0aaf/library/test/src/lib.rs:565:43
[INFO] [stdout]   33:     0x627c831f60a4 - test::run_test::{{closure}}::h4237f6381c45ccb9
[INFO] [stdout]                                at /rustc/90b35a6239c3d8bdabc530a6a0816f7ff89a0aaf/library/test/src/lib.rs:595:41
[INFO] [stdout]   34:     0x627c831f60a4 - std::sys::backtrace::__rust_begin_short_backtrace::h505c97a579eca628
[INFO] [stdout]                                at /rustc/90b35a6239c3d8bdabc530a6a0816f7ff89a0aaf/library/std/src/sys/backtrace.rs:154:18
[INFO] [stdout]   35:     0x627c831f976e - std::thread::Builder::spawn_unchecked_::{{closure}}::{{closure}}::h9e86b2e2bc107ea3
[INFO] [stdout]                                at /rustc/90b35a6239c3d8bdabc530a6a0816f7ff89a0aaf/library/std/src/thread/mod.rs:538:17
[INFO] [stdout]   36:     0x627c831f976e - <core::panic::unwind_safe::AssertUnwindSafe<F> as core::ops::function::FnOnce<()>>::call_once::h8b06ddb275ff4a25
[INFO] [stdout]                                at /rustc/90b35a6239c3d8bdabc530a6a0816f7ff89a0aaf/library/core/src/panic/unwind_safe.rs:272:9
[INFO] [stdout]   37:     0x627c831f976e - std::panicking::try::do_call::hb26ecd7cd9a9355d
[INFO] [stdout]                                at /rustc/90b35a6239c3d8bdabc530a6a0816f7ff89a0aaf/library/std/src/panicking.rs:557:40
[INFO] [stdout]   38:     0x627c831f976e - std::panicking::try::h8ddeca9d705f9069
[INFO] [stdout]                                at /rustc/90b35a6239c3d8bdabc530a6a0816f7ff89a0aaf/library/std/src/panicking.rs:520:19
[INFO] [stdout]   39:     0x627c831f976e - std::panic::catch_unwind::h49e1c33078844c46
[INFO] [stdout]                                at /rustc/90b35a6239c3d8bdabc530a6a0816f7ff89a0aaf/library/std/src/panic.rs:358:14
[INFO] [stdout]   40:     0x627c831f976e - std::thread::Builder::spawn_unchecked_::{{closure}}::h6073db6ff56ad35d
[INFO] [stdout]                                at /rustc/90b35a6239c3d8bdabc530a6a0816f7ff89a0aaf/library/std/src/thread/mod.rs:537:30
[INFO] [stdout]   41:     0x627c831f976e - core::ops::function::FnOnce::call_once{{vtable.shim}}::h2c5a5f3779c774f1
[INFO] [stdout]                                at /rustc/90b35a6239c3d8bdabc530a6a0816f7ff89a0aaf/library/core/src/ops/function.rs:250:5
[INFO] [stdout]   42:     0x627c8326982b - <alloc::boxed::Box<F,A> as core::ops::function::FnOnce<Args>>::call_once::hf75717d9f28faebf
[INFO] [stdout]                                at /rustc/90b35a6239c3d8bdabc530a6a0816f7ff89a0aaf/library/alloc/src/boxed.rs:2454:9
[INFO] [stdout]   43:     0x627c8326982b - <alloc::boxed::Box<F,A> as core::ops::function::FnOnce<Args>>::call_once::h7bd883a5f3c5f3c1
[INFO] [stdout]                                at /rustc/90b35a6239c3d8bdabc530a6a0816f7ff89a0aaf/library/alloc/src/boxed.rs:2454:9
[INFO] [stdout]   44:     0x627c8326982b - std::sys::pal::unix::thread::Thread::new::thread_start::hcc78f3943333fa94
[INFO] [stdout]                                at /rustc/90b35a6239c3d8bdabc530a6a0816f7ff89a0aaf/library/std/src/sys/pal/unix/thread.rs:105:17
[INFO] [stdout]   45:     0x75d96fffdac3 - <unknown>
[INFO] [stdout]   46:     0x75d97008ea04 - clone
[INFO] [stdout]   47:                0x0 - <unknown>
[INFO] [stdout] 
[INFO] [stdout] 
[INFO] [stdout] failures:
[INFO] [stdout]     ui
[INFO] [stdout] 
[INFO] [stdout] test result: FAILED. 0 passed; 1 failed; 0 ignored; 0 measured; 0 filtered out; finished in 11.55s
[INFO] [stdout] 
[INFO] [stderr] error: test failed, to rerun pass `--test trybuild`
[INFO] running `Command { std: "docker" "inspect" "6b682f2d0ca5c22a1a8574a9a0636f5d2225bfa03fc12253eafcc98eb9a68847", kill_on_drop: false }`
[INFO] running `Command { std: "docker" "rm" "-f" "6b682f2d0ca5c22a1a8574a9a0636f5d2225bfa03fc12253eafcc98eb9a68847", kill_on_drop: false }`
[INFO] [stdout] 6b682f2d0ca5c22a1a8574a9a0636f5d2225bfa03fc12253eafcc98eb9a68847
