[INFO] fetching crate candle-onnx 0.8.1...
[INFO] testing candle-onnx-0.8.1 against beta-2024-12-08 for beta-1.84.0-4-retry
[INFO] extracting crate candle-onnx 0.8.1 into /workspace/builds/worker-4-tc2/source
[INFO] validating manifest of crates.io crate candle-onnx 0.8.1 on toolchain beta-2024-12-08
[INFO] running `Command { std: CARGO_HOME="/workspace/cargo-home" RUSTUP_HOME="/workspace/rustup-home" "/workspace/cargo-home/bin/cargo" "+beta-2024-12-08" "metadata" "--manifest-path" "Cargo.toml" "--no-deps", kill_on_drop: false }`
[INFO] started tweaking crates.io crate candle-onnx 0.8.1
[INFO] removed 0 missing tests
[INFO] finished tweaking crates.io crate candle-onnx 0.8.1
[INFO] tweaked toml for crates.io crate candle-onnx 0.8.1 written to /workspace/builds/worker-4-tc2/source/Cargo.toml
[INFO] running `Command { std: CARGO_HOME="/workspace/cargo-home" RUSTUP_HOME="/workspace/rustup-home" "/workspace/cargo-home/bin/cargo" "+beta-2024-12-08" "generate-lockfile" "--manifest-path" "Cargo.toml", kill_on_drop: false }`
[INFO] [stderr]     Blocking waiting for file lock on package cache
[INFO] [stderr]     Updating crates.io index
[INFO] [stderr]      Locking 143 packages to latest compatible versions
[INFO] [stderr]       Adding prost v0.12.6 (available: v0.13.4)
[INFO] [stderr]       Adding prost-build v0.12.6 (available: v0.13.4)
[INFO] running `Command { std: CARGO_HOME="/workspace/cargo-home" RUSTUP_HOME="/workspace/rustup-home" "/workspace/cargo-home/bin/cargo" "+beta-2024-12-08" "fetch" "--manifest-path" "Cargo.toml", kill_on_drop: false }`
[INFO] running `Command { std: "docker" "create" "-v" "/var/lib/crater-agent-workspace/builds/worker-4-tc2/target:/opt/rustwide/target:rw,Z" "-v" "/var/lib/crater-agent-workspace/builds/worker-4-tc2/source:/opt/rustwide/workdir:ro,Z" "-v" "/var/lib/crater-agent-workspace/cargo-home:/opt/rustwide/cargo-home:ro,Z" "-v" "/var/lib/crater-agent-workspace/rustup-home:/opt/rustwide/rustup-home:ro,Z" "-e" "SOURCE_DIR=/opt/rustwide/workdir" "-e" "CARGO_TARGET_DIR=/opt/rustwide/target" "-e" "CARGO_HOME=/opt/rustwide/cargo-home" "-e" "RUSTUP_HOME=/opt/rustwide/rustup-home" "-w" "/opt/rustwide/workdir" "-m" "1610612736" "--user" "0:0" "--network" "none" "ghcr.io/rust-lang/crates-build-env/linux@sha256:f3a9d4ad9d972b27faf3965f35b62e55ba32bbce8f20bc8fe909558a86702fde" "/opt/rustwide/cargo-home/bin/cargo" "+beta-2024-12-08" "metadata" "--no-deps" "--format-version=1", kill_on_drop: false }`
[INFO] [stdout] 1bd75c701d15fb00045dcc2f974c53004121285909d10a8ef7d1f3dccfabb2b5
[INFO] running `Command { std: "docker" "start" "-a" "1bd75c701d15fb00045dcc2f974c53004121285909d10a8ef7d1f3dccfabb2b5", kill_on_drop: false }`
[INFO] running `Command { std: "docker" "inspect" "1bd75c701d15fb00045dcc2f974c53004121285909d10a8ef7d1f3dccfabb2b5", kill_on_drop: false }`
[INFO] running `Command { std: "docker" "rm" "-f" "1bd75c701d15fb00045dcc2f974c53004121285909d10a8ef7d1f3dccfabb2b5", kill_on_drop: false }`
[INFO] [stdout] 1bd75c701d15fb00045dcc2f974c53004121285909d10a8ef7d1f3dccfabb2b5
[INFO] running `Command { std: "docker" "create" "-v" "/var/lib/crater-agent-workspace/builds/worker-4-tc2/target:/opt/rustwide/target:rw,Z" "-v" "/var/lib/crater-agent-workspace/builds/worker-4-tc2/source:/opt/rustwide/workdir:ro,Z" "-v" "/var/lib/crater-agent-workspace/cargo-home:/opt/rustwide/cargo-home:ro,Z" "-v" "/var/lib/crater-agent-workspace/rustup-home:/opt/rustwide/rustup-home:ro,Z" "-e" "SOURCE_DIR=/opt/rustwide/workdir" "-e" "CARGO_TARGET_DIR=/opt/rustwide/target" "-e" "CARGO_INCREMENTAL=0" "-e" "RUST_BACKTRACE=full" "-e" "RUSTFLAGS=--cap-lints=warn" "-e" "RUSTDOCFLAGS=--cap-lints=warn" "-e" "CARGO_HOME=/opt/rustwide/cargo-home" "-e" "RUSTUP_HOME=/opt/rustwide/rustup-home" "-w" "/opt/rustwide/workdir" "-m" "1610612736" "--user" "0:0" "--network" "none" "ghcr.io/rust-lang/crates-build-env/linux@sha256:f3a9d4ad9d972b27faf3965f35b62e55ba32bbce8f20bc8fe909558a86702fde" "/opt/rustwide/cargo-home/bin/cargo" "+beta-2024-12-08" "build" "--frozen" "--message-format=json", kill_on_drop: false }`
[INFO] [stdout] b59bf72b5c358420f50087143e171558d6129789fe8a4e2f08b008cff3ad76f7
[INFO] running `Command { std: "docker" "start" "-a" "b59bf72b5c358420f50087143e171558d6129789fe8a4e2f08b008cff3ad76f7", kill_on_drop: false }`
[INFO] [stderr]    Compiling proc-macro2 v1.0.92
[INFO] [stderr]    Compiling unicode-ident v1.0.14
[INFO] [stderr]    Compiling autocfg v1.4.0
[INFO] [stderr]    Compiling cfg-if v1.0.0
[INFO] [stderr]    Compiling libm v0.2.11
[INFO] [stderr]    Compiling libc v0.2.168
[INFO] [stderr]    Compiling either v1.13.0
[INFO] [stderr]    Compiling byteorder v1.5.0
[INFO] [stderr]    Compiling crossbeam-utils v0.8.20
[INFO] [stderr]    Compiling rayon-core v1.12.1
[INFO] [stderr]    Compiling equivalent v1.0.1
[INFO] [stderr]    Compiling hashbrown v0.15.2
[INFO] [stderr]    Compiling reborrow v0.5.5
[INFO] [stderr]    Compiling paste v1.0.15
[INFO] [stderr]    Compiling bitflags v1.3.2
[INFO] [stderr]    Compiling anyhow v1.0.94
[INFO] [stderr]    Compiling once_cell v1.20.2
[INFO] [stderr]    Compiling raw-cpuid v10.7.0
[INFO] [stderr]    Compiling seq-macro v0.3.5
[INFO] [stderr]    Compiling toml_datetime v0.6.8
[INFO] [stderr]    Compiling serde v1.0.216
[INFO] [stderr]    Compiling itertools v0.12.1
[INFO] [stderr]    Compiling winnow v0.6.20
[INFO] [stderr]    Compiling thiserror v1.0.69
[INFO] [stderr]    Compiling bytes v1.9.0
[INFO] [stderr]    Compiling rustix v0.38.42
[INFO] [stderr]    Compiling num-traits v0.2.19
[INFO] [stderr]    Compiling indexmap v2.7.0
[INFO] [stderr]    Compiling serde_json v1.0.133
[INFO] [stderr]    Compiling regex-syntax v0.8.5
[INFO] [stderr]    Compiling itoa v1.0.14
[INFO] [stderr]    Compiling crossbeam-epoch v0.9.18
[INFO] [stderr]    Compiling bitflags v2.6.0
[INFO] [stderr]    Compiling linux-raw-sys v0.4.14
[INFO] [stderr]    Compiling prettyplease v0.2.25
[INFO] [stderr]    Compiling quote v1.0.37
[INFO] [stderr]    Compiling getrandom v0.2.15
[INFO] [stderr]    Compiling ryu v1.0.18
[INFO] [stderr]    Compiling memchr v2.7.4
[INFO] [stderr]    Compiling fastrand v2.3.0
[INFO] [stderr]    Compiling crossbeam-deque v0.8.5
[INFO] [stderr]    Compiling rand_core v0.6.4
[INFO] [stderr]    Compiling fixedbitset v0.4.2
[INFO] [stderr]    Compiling syn v2.0.90
[INFO] [stderr]    Compiling stable_deref_trait v1.2.0
[INFO] [stderr]    Compiling zip v1.1.4
[INFO] [stderr]    Compiling crc32fast v1.4.2
[INFO] [stderr]    Compiling log v0.4.22
[INFO] [stderr]    Compiling petgraph v0.6.5
[INFO] [stderr]    Compiling multimap v0.10.0
[INFO] [stderr]    Compiling heck v0.5.0
[INFO] [stderr]    Compiling memmap2 v0.9.5
[INFO] [stderr]    Compiling num_cpus v1.16.0
[INFO] [stderr]    Compiling num-integer v0.1.46
[INFO] [stderr]    Compiling rayon v1.10.0
[INFO] [stderr]    Compiling num-bigint v0.4.6
[INFO] [stderr]    Compiling num-iter v0.1.45
[INFO] [stderr]    Compiling regex-automata v0.4.9
[INFO] [stderr]    Compiling toml_edit v0.22.22
[INFO] [stderr]    Compiling tempfile v3.14.0
[INFO] [stderr]    Compiling num-rational v0.4.2
[INFO] [stderr]    Compiling regex v1.11.1
[INFO] [stderr]    Compiling proc-macro-crate v3.2.0
[INFO] [stderr]    Compiling synstructure v0.13.1
[INFO] [stderr]    Compiling bytemuck_derive v1.8.0
[INFO] [stderr]    Compiling zerocopy-derive v0.7.35
[INFO] [stderr]    Compiling serde_derive v1.0.216
[INFO] [stderr]    Compiling prost-derive v0.12.6
[INFO] [stderr]    Compiling thiserror-impl v1.0.69
[INFO] [stderr]    Compiling zerofrom-derive v0.1.5
[INFO] [stderr]    Compiling num_enum_derive v0.7.3
[INFO] [stderr]    Compiling yoke-derive v0.7.5
[INFO] [stderr]    Compiling displaydoc v0.2.5
[INFO] [stderr]    Compiling zerocopy v0.7.35
[INFO] [stderr]    Compiling num_enum v0.7.3
[INFO] [stderr]    Compiling ppv-lite86 v0.2.20
[INFO] [stderr]    Compiling zerofrom v0.1.5
[INFO] [stderr]    Compiling bytemuck v1.20.0
[INFO] [stderr]    Compiling rand_chacha v0.3.1
[INFO] [stderr]    Compiling yoke v0.7.5
[INFO] [stderr]    Compiling num-complex v0.4.6
[INFO] [stderr]    Compiling dyn-stack v0.10.0
[INFO] [stderr]    Compiling prost v0.12.6
[INFO] [stderr]    Compiling rand v0.8.5
[INFO] [stderr]    Compiling pulp v0.18.22
[INFO] [stderr]    Compiling num v0.4.3
[INFO] [stderr]    Compiling prost-types v0.12.6
[INFO] [stderr]    Compiling rand_distr v0.4.3
[INFO] [stderr]    Compiling half v2.4.1
[INFO] [stderr]    Compiling gemm-common v0.17.1
[INFO] [stderr]    Compiling prost-build v0.12.6
[INFO] [stderr]    Compiling gemm-f32 v0.17.1
[INFO] [stderr]    Compiling gemm-f64 v0.17.1
[INFO] [stderr]    Compiling gemm-c64 v0.17.1
[INFO] [stderr]    Compiling gemm-c32 v0.17.1
[INFO] [stderr]    Compiling candle-onnx v0.8.1 (/opt/rustwide/workdir)
[INFO] [stderr]    Compiling gemm-f16 v0.17.1
[INFO] [stderr]    Compiling gemm v0.17.1
[INFO] [stderr]    Compiling safetensors v0.4.5
[INFO] [stderr]    Compiling ug v0.0.2
[INFO] [stderr]    Compiling candle-core v0.8.1
[INFO] [stderr]    Compiling candle-nn v0.8.1
[INFO] [stderr]     Finished `dev` profile [unoptimized + debuginfo] target(s) in 1m 06s
[INFO] running `Command { std: "docker" "inspect" "b59bf72b5c358420f50087143e171558d6129789fe8a4e2f08b008cff3ad76f7", kill_on_drop: false }`
[INFO] running `Command { std: "docker" "rm" "-f" "b59bf72b5c358420f50087143e171558d6129789fe8a4e2f08b008cff3ad76f7", kill_on_drop: false }`
[INFO] [stdout] b59bf72b5c358420f50087143e171558d6129789fe8a4e2f08b008cff3ad76f7
[INFO] running `Command { std: "docker" "create" "-v" "/var/lib/crater-agent-workspace/builds/worker-4-tc2/target:/opt/rustwide/target:rw,Z" "-v" "/var/lib/crater-agent-workspace/builds/worker-4-tc2/source:/opt/rustwide/workdir:ro,Z" "-v" "/var/lib/crater-agent-workspace/cargo-home:/opt/rustwide/cargo-home:ro,Z" "-v" "/var/lib/crater-agent-workspace/rustup-home:/opt/rustwide/rustup-home:ro,Z" "-e" "SOURCE_DIR=/opt/rustwide/workdir" "-e" "CARGO_TARGET_DIR=/opt/rustwide/target" "-e" "CARGO_INCREMENTAL=0" "-e" "RUST_BACKTRACE=full" "-e" "RUSTFLAGS=--cap-lints=warn" "-e" "RUSTDOCFLAGS=--cap-lints=warn" "-e" "CARGO_HOME=/opt/rustwide/cargo-home" "-e" "RUSTUP_HOME=/opt/rustwide/rustup-home" "-w" "/opt/rustwide/workdir" "-m" "1610612736" "--user" "0:0" "--network" "none" "ghcr.io/rust-lang/crates-build-env/linux@sha256:f3a9d4ad9d972b27faf3965f35b62e55ba32bbce8f20bc8fe909558a86702fde" "/opt/rustwide/cargo-home/bin/cargo" "+beta-2024-12-08" "test" "--frozen" "--no-run" "--message-format=json", kill_on_drop: false }`
[INFO] [stdout] 2f52ceb1718a9bdb66d5bffcf89a42ae4a7ded80e726bef6067d0f7a098a6955
[INFO] running `Command { std: "docker" "start" "-a" "2f52ceb1718a9bdb66d5bffcf89a42ae4a7ded80e726bef6067d0f7a098a6955", kill_on_drop: false }`
[INFO] [stderr]    Compiling utf8parse v0.2.2
[INFO] [stderr]    Compiling gimli v0.31.1
[INFO] [stderr]    Compiling anstyle v1.0.10
[INFO] [stderr]    Compiling anstyle-query v1.1.2
[INFO] [stderr]    Compiling colorchoice v1.0.3
[INFO] [stderr]    Compiling is_terminal_polyfill v1.70.1
[INFO] [stderr]    Compiling adler2 v2.0.0
[INFO] [stderr]    Compiling object v0.36.5
[INFO] [stderr]    Compiling rustc-demangle v0.1.24
[INFO] [stderr]    Compiling clap_lex v0.7.4
[INFO] [stderr]    Compiling strsim v0.11.1
[INFO] [stderr]    Compiling anyhow v1.0.94
[INFO] [stderr]    Compiling clap_derive v4.5.18
[INFO] [stderr]    Compiling miniz_oxide v0.8.0
[INFO] [stderr]    Compiling anstyle-parse v0.2.6
[INFO] [stderr]    Compiling anstream v0.6.18
[INFO] [stderr]    Compiling clap_builder v4.5.23
[INFO] [stderr]    Compiling addr2line v0.24.2
[INFO] [stderr]    Compiling clap v4.5.23
[INFO] [stderr]    Compiling backtrace v0.3.74
[INFO] [stderr]    Compiling candle-onnx v0.8.1 (/opt/rustwide/workdir)
[INFO] [stderr]     Finished `test` profile [unoptimized + debuginfo] target(s) in 18.08s
[INFO] running `Command { std: "docker" "inspect" "2f52ceb1718a9bdb66d5bffcf89a42ae4a7ded80e726bef6067d0f7a098a6955", kill_on_drop: false }`
[INFO] running `Command { std: "docker" "rm" "-f" "2f52ceb1718a9bdb66d5bffcf89a42ae4a7ded80e726bef6067d0f7a098a6955", kill_on_drop: false }`
[INFO] [stdout] 2f52ceb1718a9bdb66d5bffcf89a42ae4a7ded80e726bef6067d0f7a098a6955
[INFO] running `Command { std: "docker" "create" "-v" "/var/lib/crater-agent-workspace/builds/worker-4-tc2/target:/opt/rustwide/target:rw,Z" "-v" "/var/lib/crater-agent-workspace/builds/worker-4-tc2/source:/opt/rustwide/workdir:ro,Z" "-v" "/var/lib/crater-agent-workspace/cargo-home:/opt/rustwide/cargo-home:ro,Z" "-v" "/var/lib/crater-agent-workspace/rustup-home:/opt/rustwide/rustup-home:ro,Z" "-e" "SOURCE_DIR=/opt/rustwide/workdir" "-e" "CARGO_TARGET_DIR=/opt/rustwide/target" "-e" "CARGO_INCREMENTAL=0" "-e" "RUST_BACKTRACE=full" "-e" "RUSTFLAGS=--cap-lints=warn" "-e" "RUSTDOCFLAGS=--cap-lints=warn" "-e" "CARGO_HOME=/opt/rustwide/cargo-home" "-e" "RUSTUP_HOME=/opt/rustwide/rustup-home" "-w" "/opt/rustwide/workdir" "-m" "1610612736" "--user" "0:0" "--network" "none" "ghcr.io/rust-lang/crates-build-env/linux@sha256:f3a9d4ad9d972b27faf3965f35b62e55ba32bbce8f20bc8fe909558a86702fde" "/opt/rustwide/cargo-home/bin/cargo" "+beta-2024-12-08" "test" "--frozen", kill_on_drop: false }`
[INFO] [stdout] 5c7401d55be92a263e40f57b268598eab05296f0e81f499391e9434fefab212d
[INFO] running `Command { std: "docker" "start" "-a" "5c7401d55be92a263e40f57b268598eab05296f0e81f499391e9434fefab212d", kill_on_drop: false }`
[INFO] [stderr]     Finished `test` profile [unoptimized + debuginfo] target(s) in 0.14s
[INFO] [stderr]      Running unittests src/lib.rs (/opt/rustwide/target/debug/deps/candle_onnx-83afe8912d497fc0)
[INFO] [stdout] 
[INFO] [stdout] running 0 tests
[INFO] [stdout] 
[INFO] [stdout] test result: ok. 0 passed; 0 failed; 0 ignored; 0 measured; 0 filtered out; finished in 0.00s
[INFO] [stdout] 
[INFO] [stderr]      Running tests/ops.rs (/opt/rustwide/target/debug/deps/ops-987a6a8e1dfe3907)
[INFO] [stdout] 
[INFO] [stdout] running 57 tests
[INFO] [stdout] test test_abs_operation ... ok
[INFO] [stdout] test test_add_operation ... ok
[INFO] [stdout] test test_ceil ... ok
[INFO] [stdout] test test_argmin ... ok
[INFO] [stdout] test test_argmax ... ok
[INFO] [stdout] test test_cos_operation ... ok
[INFO] [stdout] test test_equal_operation ... ok
[INFO] [stdout] test test_expand_dim_unchanged ... ok
[INFO] [stdout] test test_constant_of_shape ... ok
[INFO] [stdout] test test_dropout_operation ... ok
[INFO] [stdout] test test_div_operation ... ok
[INFO] [stdout] test test_exp_operation ... ok
[INFO] [stdout] test test_expand_dim_changed ... ok
[INFO] [stdout] test test_gelu_operation ... ok
[INFO] [stdout] test test_greater ... ok
[INFO] [stdout] test test_gather_operation ... ok
[INFO] [stdout] test test_if ... ok
[INFO] [stdout] test test_leakyrelu ... ok
[INFO] [stdout] test test_log ... ok
[INFO] [stdout] test test_lstm ... ok
[INFO] [stdout] test test_floor ... ok
[INFO] [stdout] test test_flatten_operation ... ok
[INFO] [stdout] test test_not_operation ... ok
[INFO] [stdout] test test_pad ... ok
[INFO] [stdout] test test_neg_operation ... ok
[INFO] [stdout] test test_min ... ok
[INFO] [stdout] test test_random_normal ... ok
[INFO] [stdout] test test_mul_operation ... ok
[INFO] [stdout] test test_random_uniform ... ok
[INFO] [stdout] test test_less ... ok
[INFO] [stdout] test test_range ... ok
[INFO] [stdout] test test_logsoftmax_operation ... ok
[INFO] [stdout] test test_reduce_mean ... ok
[INFO] [stdout] test test_matmul_operation ... ok
[INFO] [stdout] test test_reduce_sum_do_not_keep_dims ... ok
[INFO] [stdout] test test_relu_operation ... ok
[INFO] [stdout] test test_reshape_operation ... ok
[INFO] [stdout] test test_sign_operation ... ok
[INFO] [stdout] test test_sigmoid_operation ... ok
[INFO] [stdout] test test_shape_operation ... ok
[INFO] [stdout] test test_size_operation ... ok
[INFO] [stdout] test test_slice ... ok
[INFO] [stdout] test test_softmax_operation ... ok
[INFO] [stdout] test test_sqrt ... ok
[INFO] [stdout] test test_sin_operation ... ok
[INFO] [stdout] test test_sub_operation ... ok
[INFO] [stdout] test test_unsqueeze ... ok
[INFO] [stdout] test test_where ... ok
[INFO] [stdout] test test_tanh_operation ... ok
[INFO] [stdout] test test_transpose_operation ... ok
[INFO] [stdout] test test_xor ... ok
[INFO] [stdout] test test_split_equal_parts_1d_opset13 ... ok
[INFO] [stdout] test test_reduce_sum_default_axes_keepdims ... ok
[INFO] [stdout] test test_evaluation_fails_without_defined_graph ... FAILED
[INFO] [stdout] test test_reduce_min ... ok
[INFO] [stdout] test test_gather_elements ... ok
[INFO] [stdout] test test_reduce_max ... ok
[INFO] [stdout] 
[INFO] [stdout] failures:
[INFO] [stdout] 
[INFO] [stdout] ---- test_evaluation_fails_without_defined_graph stdout ----
[INFO] [stdout] thread 'test_evaluation_fails_without_defined_graph' panicked at tests/ops.rs:37:21:
[INFO] [stdout] assertion `left == right` failed
[INFO] [stdout]   left: "no graph defined in proto\n   0: candle_core::error::Error::bt\n             at /opt/rustwide/cargo-home/registry/src/index.crates.io-6f17d22bba15001f/candle-core-0.8.1/src/error.rs:239:25\n   1: candle_onnx::eval::simple_eval\n             at ./src/eval.rs:242:17\n   2: ops::test_evaluation_fails_without_defined_graph\n             at ./tests/ops.rs:36:11\n   3: ops::test_evaluation_fails_without_defined_graph::{{closure}}\n             at ./tests/ops.rs:33:53\n   4: core::ops::function::FnOnce::call_once\n             at /rustc/202008a1b8de96d2e5b6bc02d379db03a877d34d/library/core/src/ops/function.rs:250:5\n   5: core::ops::function::FnOnce::call_once\n             at /rustc/202008a1b8de96d2e5b6bc02d379db03a877d34d/library/core/src/ops/function.rs:250:5\n   6: test::__rust_begin_short_backtrace\n             at /rustc/202008a1b8de96d2e5b6bc02d379db03a877d34d/library/test/src/lib.rs:632:18\n   7: test::run_test_in_process::{{closure}}\n             at /rustc/202008a1b8de96d2e5b6bc02d379db03a877d34d/library/test/src/lib.rs:655:60\n   8: <core::panic::unwind_safe::AssertUnwindSafe<F> as core::ops::function::FnOnce<()>>::call_once\n             at /rustc/202008a1b8de96d2e5b6bc02d379db03a877d34d/library/core/src/panic/unwind_safe.rs:272:9\n   9: std::panicking::try::do_call\n             at /rustc/202008a1b8de96d2e5b6bc02d379db03a877d34d/library/std/src/panicking.rs:557:40\n  10: std::panicking::try\n             at /rustc/202008a1b8de96d2e5b6bc02d379db03a877d34d/library/std/src/panicking.rs:520:19\n  11: std::panic::catch_unwind\n             at /rustc/202008a1b8de96d2e5b6bc02d379db03a877d34d/library/std/src/panic.rs:358:14\n  12: test::run_test_in_process\n             at /rustc/202008a1b8de96d2e5b6bc02d379db03a877d34d/library/test/src/lib.rs:655:27\n  13: test::run_test::{{closure}}\n             at /rustc/202008a1b8de96d2e5b6bc02d379db03a877d34d/library/test/src/lib.rs:576:43\n  14: test::run_test::{{closure}}\n             at /rustc/202008a1b8de96d2e5b6bc02d379db03a877d34d/library/test/src/lib.rs:606:41\n  15: std::sys::backtrace::__rust_begin_short_backtrace\n             at /rustc/202008a1b8de96d2e5b6bc02d379db03a877d34d/library/std/src/sys/backtrace.rs:154:18\n  16: std::thread::Builder::spawn_unchecked_::{{closure}}::{{closure}}\n             at /rustc/202008a1b8de96d2e5b6bc02d379db03a877d34d/library/std/src/thread/mod.rs:561:17\n  17: <core::panic::unwind_safe::AssertUnwindSafe<F> as core::ops::function::FnOnce<()>>::call_once\n             at /rustc/202008a1b8de96d2e5b6bc02d379db03a877d34d/library/core/src/panic/unwind_safe.rs:272:9\n  18: std::panicking::try::do_call\n             at /rustc/202008a1b8de96d2e5b6bc02d379db03a877d34d/library/std/src/panicking.rs:557:40\n  19: std::panicking::try\n             at /rustc/202008a1b8de96d2e5b6bc02d379db03a877d34d/library/std/src/panicking.rs:520:19\n  20: std::panic::catch_unwind\n             at /rustc/202008a1b8de96d2e5b6bc02d379db03a877d34d/library/std/src/panic.rs:358:14\n  21: std::thread::Builder::spawn_unchecked_::{{closure}}\n             at /rustc/202008a1b8de96d2e5b6bc02d379db03a877d34d/library/std/src/thread/mod.rs:559:30\n  22: core::ops::function::FnOnce::call_once{{vtable.shim}}\n             at /rustc/202008a1b8de96d2e5b6bc02d379db03a877d34d/library/core/src/ops/function.rs:250:5\n  23: <alloc::boxed::Box<F,A> as core::ops::function::FnOnce<Args>>::call_once\n             at /rustc/202008a1b8de96d2e5b6bc02d379db03a877d34d/library/alloc/src/boxed.rs:1972:9\n  24: <alloc::boxed::Box<F,A> as core::ops::function::FnOnce<Args>>::call_once\n             at /rustc/202008a1b8de96d2e5b6bc02d379db03a877d34d/library/alloc/src/boxed.rs:1972:9\n  25: std::sys::pal::unix::thread::Thread::new::thread_start\n             at /rustc/202008a1b8de96d2e5b6bc02d379db03a877d34d/library/std/src/sys/pal/unix/thread.rs:105:17\n  26: <unknown>\n  27: clone\n"
[INFO] [stdout]  right: "no graph defined in proto"
[INFO] [stdout] stack backtrace:
[INFO] [stdout]    0:     0x61252f08a14a - std::backtrace_rs::backtrace::libunwind::trace::h8810477743020387
[INFO] [stdout]                                at /rustc/202008a1b8de96d2e5b6bc02d379db03a877d34d/library/std/src/../../backtrace/src/backtrace/libunwind.rs:116:5
[INFO] [stdout]    1:     0x61252f08a14a - std::backtrace_rs::backtrace::trace_unsynchronized::h3aa55355dd6c54a6
[INFO] [stdout]                                at /rustc/202008a1b8de96d2e5b6bc02d379db03a877d34d/library/std/src/../../backtrace/src/backtrace/mod.rs:66:5
[INFO] [stdout]    2:     0x61252f08a14a - std::sys::backtrace::_print_fmt::h8588b0f62410823f
[INFO] [stdout]                                at /rustc/202008a1b8de96d2e5b6bc02d379db03a877d34d/library/std/src/sys/backtrace.rs:66:9
[INFO] [stdout]    3:     0x61252f08a14a - <std::sys::backtrace::BacktraceLock::print::DisplayBacktrace as core::fmt::Display>::fmt::h98c26ac25ffe89bb
[INFO] [stdout]                                at /rustc/202008a1b8de96d2e5b6bc02d379db03a877d34d/library/std/src/sys/backtrace.rs:39:26
[INFO] [stdout]    4:     0x61252f0b1d73 - core::fmt::rt::Argument::fmt::hf95377f4aebd453b
[INFO] [stdout]                                at /rustc/202008a1b8de96d2e5b6bc02d379db03a877d34d/library/core/src/fmt/rt.rs:177:76
[INFO] [stdout]    5:     0x61252f0b1d73 - core::fmt::write::h0dd5f6e2238c7982
[INFO] [stdout]                                at /rustc/202008a1b8de96d2e5b6bc02d379db03a877d34d/library/core/src/fmt/mod.rs:1189:21
[INFO] [stdout]    6:     0x61252f086ea3 - std::io::Write::write_fmt::h03bb0ca26e6faf8c
[INFO] [stdout]                                at /rustc/202008a1b8de96d2e5b6bc02d379db03a877d34d/library/std/src/io/mod.rs:1884:15
[INFO] [stdout]    7:     0x61252f089f92 - std::sys::backtrace::BacktraceLock::print::h5c19c1c038ee186d
[INFO] [stdout]                                at /rustc/202008a1b8de96d2e5b6bc02d379db03a877d34d/library/std/src/sys/backtrace.rs:42:9
[INFO] [stdout]    8:     0x61252f08b5cd - std::panicking::default_hook::{{closure}}::h77172f079a1fcb13
[INFO] [stdout]                                at /rustc/202008a1b8de96d2e5b6bc02d379db03a877d34d/library/std/src/panicking.rs:268:22
[INFO] [stdout]    9:     0x61252f08b3d7 - std::panicking::default_hook::he5f8e3b203ccddba
[INFO] [stdout]                                at /rustc/202008a1b8de96d2e5b6bc02d379db03a877d34d/library/std/src/panicking.rs:292:9
[INFO] [stdout]   10:     0x61252e1f7c07 - <alloc::boxed::Box<F,A> as core::ops::function::Fn<Args>>::call::h7a3c7b4a1ae77f2f
[INFO] [stdout]                                at /rustc/202008a1b8de96d2e5b6bc02d379db03a877d34d/library/alloc/src/boxed.rs:1986:9
[INFO] [stdout]   11:     0x61252e1f7c07 - test::test_main::{{closure}}::hf0d3b69ae9b353d1
[INFO] [stdout]                                at /rustc/202008a1b8de96d2e5b6bc02d379db03a877d34d/library/test/src/lib.rs:134:21
[INFO] [stdout]   12:     0x61252f08bc78 - <alloc::boxed::Box<F,A> as core::ops::function::Fn<Args>>::call::h6332e82e7b189abd
[INFO] [stdout]                                at /rustc/202008a1b8de96d2e5b6bc02d379db03a877d34d/library/alloc/src/boxed.rs:1986:9
[INFO] [stdout]   13:     0x61252f08bc78 - std::panicking::rust_panic_with_hook::h53863d4e9018df39
[INFO] [stdout]                                at /rustc/202008a1b8de96d2e5b6bc02d379db03a877d34d/library/std/src/panicking.rs:809:13
[INFO] [stdout]   14:     0x61252f08ba3a - std::panicking::begin_panic_handler::{{closure}}::h67280e6fa0757873
[INFO] [stdout]                                at /rustc/202008a1b8de96d2e5b6bc02d379db03a877d34d/library/std/src/panicking.rs:674:13
[INFO] [stdout]   15:     0x61252f08a629 - std::sys::backtrace::__rust_end_short_backtrace::h1dac3f54d6fbbeb2
[INFO] [stdout]                                at /rustc/202008a1b8de96d2e5b6bc02d379db03a877d34d/library/std/src/sys/backtrace.rs:170:18
[INFO] [stdout]   16:     0x61252f08b6cc - rust_begin_unwind
[INFO] [stdout]                                at /rustc/202008a1b8de96d2e5b6bc02d379db03a877d34d/library/std/src/panicking.rs:665:5
[INFO] [stdout]   17:     0x61252e017160 - core::panicking::panic_fmt::h6792bd1b2bf01041
[INFO] [stdout]                                at /rustc/202008a1b8de96d2e5b6bc02d379db03a877d34d/library/core/src/panicking.rs:76:14
[INFO] [stdout]   18:     0x61252e01758c - core::panicking::assert_failed_inner::hf2c17e6d30928787
[INFO] [stdout]   19:     0x61252e1aae34 - core::panicking::assert_failed::hbabb8b9543dee18e
[INFO] [stdout]                                at /rustc/202008a1b8de96d2e5b6bc02d379db03a877d34d/library/core/src/panicking.rs:373:5
[INFO] [stdout]   20:     0x61252e019956 - ops::test_evaluation_fails_without_defined_graph::h0188f936fd56fc47
[INFO] [stdout]                                at /opt/rustwide/workdir/tests/ops.rs:37:21
[INFO] [stdout]   21:     0x61252e0196dc - ops::test_evaluation_fails_without_defined_graph::{{closure}}::h42e9efe110517248
[INFO] [stdout]                                at /opt/rustwide/workdir/tests/ops.rs:33:53
[INFO] [stdout]   22:     0x61252e1ad046 - core::ops::function::FnOnce::call_once::hfe7cee90689e8824
[INFO] [stdout]                                at /rustc/202008a1b8de96d2e5b6bc02d379db03a877d34d/library/core/src/ops/function.rs:250:5
[INFO] [stdout]   23:     0x61252e1fc72b - core::ops::function::FnOnce::call_once::h871bf86719ec9aa4
[INFO] [stdout]                                at /rustc/202008a1b8de96d2e5b6bc02d379db03a877d34d/library/core/src/ops/function.rs:250:5
[INFO] [stdout]   24:     0x61252e1fc72b - test::__rust_begin_short_backtrace::h2167df1e2b7d76fd
[INFO] [stdout]                                at /rustc/202008a1b8de96d2e5b6bc02d379db03a877d34d/library/test/src/lib.rs:632:18
[INFO] [stdout]   25:     0x61252e1fc118 - test::run_test_in_process::{{closure}}::h15d92f75a3adfb79
[INFO] [stdout]                                at /rustc/202008a1b8de96d2e5b6bc02d379db03a877d34d/library/test/src/lib.rs:655:60
[INFO] [stdout]   26:     0x61252e1fc118 - <core::panic::unwind_safe::AssertUnwindSafe<F> as core::ops::function::FnOnce<()>>::call_once::hb6c8955835a8dbbb
[INFO] [stdout]                                at /rustc/202008a1b8de96d2e5b6bc02d379db03a877d34d/library/core/src/panic/unwind_safe.rs:272:9
[INFO] [stdout]   27:     0x61252e1fc118 - std::panicking::try::do_call::hc79d0fc888a0bd30
[INFO] [stdout]                                at /rustc/202008a1b8de96d2e5b6bc02d379db03a877d34d/library/std/src/panicking.rs:557:40
[INFO] [stdout]   28:     0x61252e1fc118 - std::panicking::try::hb8a7878e3a8589d6
[INFO] [stdout]                                at /rustc/202008a1b8de96d2e5b6bc02d379db03a877d34d/library/std/src/panicking.rs:520:19
[INFO] [stdout]   29:     0x61252e1fc118 - std::panic::catch_unwind::hb8e4600ff0ff5cfa
[INFO] [stdout]                                at /rustc/202008a1b8de96d2e5b6bc02d379db03a877d34d/library/std/src/panic.rs:358:14
[INFO] [stdout]   30:     0x61252e1fc118 - test::run_test_in_process::hc2900b0b18688dd6
[INFO] [stdout]                                at /rustc/202008a1b8de96d2e5b6bc02d379db03a877d34d/library/test/src/lib.rs:655:27
[INFO] [stdout]   31:     0x61252e1fc118 - test::run_test::{{closure}}::hac2a9cb07be3d48d
[INFO] [stdout]                                at /rustc/202008a1b8de96d2e5b6bc02d379db03a877d34d/library/test/src/lib.rs:576:43
[INFO] [stdout]   32:     0x61252e1bfbba - test::run_test::{{closure}}::h4a5b729e66a38cd8
[INFO] [stdout]                                at /rustc/202008a1b8de96d2e5b6bc02d379db03a877d34d/library/test/src/lib.rs:606:41
[INFO] [stdout]   33:     0x61252e1bfbba - std::sys::backtrace::__rust_begin_short_backtrace::h0496fb742492f573
[INFO] [stdout]                                at /rustc/202008a1b8de96d2e5b6bc02d379db03a877d34d/library/std/src/sys/backtrace.rs:154:18
[INFO] [stdout]   34:     0x61252e1c3534 - std::thread::Builder::spawn_unchecked_::{{closure}}::{{closure}}::hbb6d257c550a54bd
[INFO] [stdout]                                at /rustc/202008a1b8de96d2e5b6bc02d379db03a877d34d/library/std/src/thread/mod.rs:561:17
[INFO] [stdout]   35:     0x61252e1c3534 - <core::panic::unwind_safe::AssertUnwindSafe<F> as core::ops::function::FnOnce<()>>::call_once::h46696fe4a6832328
[INFO] [stdout]                                at /rustc/202008a1b8de96d2e5b6bc02d379db03a877d34d/library/core/src/panic/unwind_safe.rs:272:9
[INFO] [stdout]   36:     0x61252e1c3534 - std::panicking::try::do_call::h2625a51b667bfb64
[INFO] [stdout]                                at /rustc/202008a1b8de96d2e5b6bc02d379db03a877d34d/library/std/src/panicking.rs:557:40
[INFO] [stdout]   37:     0x61252e1c3534 - std::panicking::try::hb956a59a1973aa4c
[INFO] [stdout]                                at /rustc/202008a1b8de96d2e5b6bc02d379db03a877d34d/library/std/src/panicking.rs:520:19
[INFO] [stdout]   38:     0x61252e1c3534 - std::panic::catch_unwind::h64f3b9d1067ef6a0
[INFO] [stdout]                                at /rustc/202008a1b8de96d2e5b6bc02d379db03a877d34d/library/std/src/panic.rs:358:14
[INFO] [stdout]   39:     0x61252e1c3534 - std::thread::Builder::spawn_unchecked_::{{closure}}::h42b2841295b6c0b2
[INFO] [stdout]                                at /rustc/202008a1b8de96d2e5b6bc02d379db03a877d34d/library/std/src/thread/mod.rs:559:30
[INFO] [stdout]   40:     0x61252e1c3534 - core::ops::function::FnOnce::call_once{{vtable.shim}}::h6127de71b8124639
[INFO] [stdout]                                at /rustc/202008a1b8de96d2e5b6bc02d379db03a877d34d/library/core/src/ops/function.rs:250:5
[INFO] [stdout]   41:     0x61252f09020b - <alloc::boxed::Box<F,A> as core::ops::function::FnOnce<Args>>::call_once::h42f0ba71002a1b2c
[INFO] [stdout]                                at /rustc/202008a1b8de96d2e5b6bc02d379db03a877d34d/library/alloc/src/boxed.rs:1972:9
[INFO] [stdout]   42:     0x61252f09020b - <alloc::boxed::Box<F,A> as core::ops::function::FnOnce<Args>>::call_once::had9e47d7a3dcecb8
[INFO] [stdout]                                at /rustc/202008a1b8de96d2e5b6bc02d379db03a877d34d/library/alloc/src/boxed.rs:1972:9
[INFO] [stdout]   43:     0x61252f09020b - std::sys::pal::unix::thread::Thread::new::thread_start::h48cf765408f6f5f2
[INFO] [stdout]                                at /rustc/202008a1b8de96d2e5b6bc02d379db03a877d34d/library/std/src/sys/pal/unix/thread.rs:105:17
[INFO] [stdout]   44:     0x725f20dacac3 - <unknown>
[INFO] [stdout]   45:     0x725f20e3da04 - clone
[INFO] [stdout]   46:                0x0 - <unknown>
[INFO] [stdout] 
[INFO] [stdout] 
[INFO] [stdout] failures:
[INFO] [stdout]     test_evaluation_fails_without_defined_graph
[INFO] [stdout] 
[INFO] [stdout] test result: FAILED. 56 passed; 1 failed; 0 ignored; 0 measured; 0 filtered out; finished in 0.11s
[INFO] [stdout] 
[INFO] [stderr] error: test failed, to rerun pass `--test ops`
[INFO] running `Command { std: "docker" "inspect" "5c7401d55be92a263e40f57b268598eab05296f0e81f499391e9434fefab212d", kill_on_drop: false }`
[INFO] running `Command { std: "docker" "rm" "-f" "5c7401d55be92a263e40f57b268598eab05296f0e81f499391e9434fefab212d", kill_on_drop: false }`
[INFO] [stdout] 5c7401d55be92a263e40f57b268598eab05296f0e81f499391e9434fefab212d
