[INFO] fetching crate calyx-utils 0.7.1...
[INFO] testing calyx-utils-0.7.1 against 1.83.0 for beta-1.84.0-4-retry
[INFO] extracting crate calyx-utils 0.7.1 into /workspace/builds/worker-0-tc1/source
[INFO] validating manifest of crates.io crate calyx-utils 0.7.1 on toolchain 1.83.0
[INFO] running `Command { std: CARGO_HOME="/workspace/cargo-home" RUSTUP_HOME="/workspace/rustup-home" "/workspace/cargo-home/bin/cargo" "+1.83.0" "metadata" "--manifest-path" "Cargo.toml" "--no-deps", kill_on_drop: false }`
[INFO] started tweaking crates.io crate calyx-utils 0.7.1
[INFO] finished tweaking crates.io crate calyx-utils 0.7.1
[INFO] tweaked toml for crates.io crate calyx-utils 0.7.1 written to /workspace/builds/worker-0-tc1/source/Cargo.toml
[INFO] running `Command { std: CARGO_HOME="/workspace/cargo-home" RUSTUP_HOME="/workspace/rustup-home" "/workspace/cargo-home/bin/cargo" "+1.83.0" "generate-lockfile" "--manifest-path" "Cargo.toml", kill_on_drop: false }`
[INFO] [stderr]     Blocking waiting for file lock on package cache
[INFO] [stderr]     Updating crates.io index
[INFO] [stderr]      Locking 33 packages to latest compatible versions
[INFO] [stderr]       Adding itertools v0.11.0 (available: v0.13.0)
[INFO] [stderr]       Adding string-interner v0.14.0 (available: v0.18.0)
[INFO] [stderr]       Adding symbol_table v0.3.0 (available: v0.4.0)
[INFO] running `Command { std: CARGO_HOME="/workspace/cargo-home" RUSTUP_HOME="/workspace/rustup-home" "/workspace/cargo-home/bin/cargo" "+1.83.0" "fetch" "--manifest-path" "Cargo.toml", kill_on_drop: false }`
[INFO] [stderr]     Blocking waiting for file lock on package cache
[INFO] running `Command { std: "docker" "create" "-v" "/var/lib/crater-agent-workspace/builds/worker-0-tc1/target:/opt/rustwide/target:rw,Z" "-v" "/var/lib/crater-agent-workspace/builds/worker-0-tc1/source:/opt/rustwide/workdir:ro,Z" "-v" "/var/lib/crater-agent-workspace/cargo-home:/opt/rustwide/cargo-home:ro,Z" "-v" "/var/lib/crater-agent-workspace/rustup-home:/opt/rustwide/rustup-home:ro,Z" "-e" "SOURCE_DIR=/opt/rustwide/workdir" "-e" "CARGO_TARGET_DIR=/opt/rustwide/target" "-e" "CARGO_HOME=/opt/rustwide/cargo-home" "-e" "RUSTUP_HOME=/opt/rustwide/rustup-home" "-w" "/opt/rustwide/workdir" "-m" "1610612736" "--user" "0:0" "--network" "none" "ghcr.io/rust-lang/crates-build-env/linux@sha256:f3a9d4ad9d972b27faf3965f35b62e55ba32bbce8f20bc8fe909558a86702fde" "/opt/rustwide/cargo-home/bin/cargo" "+1.83.0" "metadata" "--no-deps" "--format-version=1", kill_on_drop: false }`
[INFO] [stdout] 355d35bd778a00ce7aaaa84cdcd94259cdac7b712a378080b4b731f0e5889299
[INFO] running `Command { std: "docker" "start" "-a" "355d35bd778a00ce7aaaa84cdcd94259cdac7b712a378080b4b731f0e5889299", kill_on_drop: false }`
[INFO] running `Command { std: "docker" "inspect" "355d35bd778a00ce7aaaa84cdcd94259cdac7b712a378080b4b731f0e5889299", kill_on_drop: false }`
[INFO] running `Command { std: "docker" "rm" "-f" "355d35bd778a00ce7aaaa84cdcd94259cdac7b712a378080b4b731f0e5889299", kill_on_drop: false }`
[INFO] [stdout] 355d35bd778a00ce7aaaa84cdcd94259cdac7b712a378080b4b731f0e5889299
[INFO] running `Command { std: "docker" "create" "-v" "/var/lib/crater-agent-workspace/builds/worker-0-tc1/target:/opt/rustwide/target:rw,Z" "-v" "/var/lib/crater-agent-workspace/builds/worker-0-tc1/source:/opt/rustwide/workdir:ro,Z" "-v" "/var/lib/crater-agent-workspace/cargo-home:/opt/rustwide/cargo-home:ro,Z" "-v" "/var/lib/crater-agent-workspace/rustup-home:/opt/rustwide/rustup-home:ro,Z" "-e" "SOURCE_DIR=/opt/rustwide/workdir" "-e" "CARGO_TARGET_DIR=/opt/rustwide/target" "-e" "CARGO_INCREMENTAL=0" "-e" "RUST_BACKTRACE=full" "-e" "RUSTFLAGS=--cap-lints=warn" "-e" "RUSTDOCFLAGS=--cap-lints=warn" "-e" "CARGO_HOME=/opt/rustwide/cargo-home" "-e" "RUSTUP_HOME=/opt/rustwide/rustup-home" "-w" "/opt/rustwide/workdir" "-m" "1610612736" "--user" "0:0" "--network" "none" "ghcr.io/rust-lang/crates-build-env/linux@sha256:f3a9d4ad9d972b27faf3965f35b62e55ba32bbce8f20bc8fe909558a86702fde" "/opt/rustwide/cargo-home/bin/cargo" "+1.83.0" "build" "--frozen" "--message-format=json", kill_on_drop: false }`
[INFO] [stdout] ffb145550fa3b98514d85c1f77618f72fc14d0043db13e66ccd882872c75e0e2
[INFO] running `Command { std: "docker" "start" "-a" "ffb145550fa3b98514d85c1f77618f72fc14d0043db13e66ccd882872c75e0e2", kill_on_drop: false }`
[INFO] [stderr]    Compiling libc v0.2.168
[INFO] [stderr]    Compiling version_check v0.9.5
[INFO] [stderr]    Compiling cfg-if v1.0.0
[INFO] [stderr]    Compiling once_cell v1.20.2
[INFO] [stderr]    Compiling serde v1.0.216
[INFO] [stderr]    Compiling hashbrown v0.15.2
[INFO] [stderr]    Compiling serde_json v1.0.133
[INFO] [stderr]    Compiling equivalent v1.0.1
[INFO] [stderr]    Compiling itoa v1.0.14
[INFO] [stderr]    Compiling fixedbitset v0.4.2
[INFO] [stderr]    Compiling ryu v1.0.18
[INFO] [stderr]    Compiling either v1.13.0
[INFO] [stderr]    Compiling memchr v2.7.4
[INFO] [stderr]    Compiling itertools v0.11.0
[INFO] [stderr]    Compiling ahash v0.7.8
[INFO] [stderr]    Compiling indexmap v2.7.0
[INFO] [stderr]    Compiling getrandom v0.2.15
[INFO] [stderr]    Compiling atty v0.2.14
[INFO] [stderr]    Compiling hashbrown v0.11.2
[INFO] [stderr]    Compiling hashbrown v0.12.3
[INFO] [stderr]    Compiling petgraph v0.6.5
[INFO] [stderr]    Compiling symbol_table v0.3.0
[INFO] [stderr]    Compiling string-interner v0.14.0
[INFO] [stderr]    Compiling calyx-utils v0.7.1 (/opt/rustwide/workdir)
[INFO] [stdout] warning: creating a mutable reference to mutable static is discouraged
[INFO] [stdout]    --> src/position.rs:114:17
[INFO] [stdout]     |
[INFO] [stdout] 114 |                 SINGLETON.write(PositionTable::new());
[INFO] [stdout]     |                 ^^^^^^^^^^^^^^^^^^^^^^^^^^^^^^^^^^^^^ mutable reference to mutable static
[INFO] [stdout]     |
[INFO] [stdout]     = note: for more information, see <https://doc.rust-lang.org/nightly/edition-guide/rust-2024/static-mut-references.html>
[INFO] [stdout]     = note: mutable references to mutable statics are dangerous; it's undefined behavior if any other pointer to the static is used or if any other reference is created for the static while the mutable reference lives
[INFO] [stdout]     = note: `#[warn(static_mut_refs)]` on by default
[INFO] [stdout] 
[INFO] [stdout] 
[INFO] [stdout] warning: creating a mutable reference to mutable static is discouraged
[INFO] [stdout]    --> src/position.rs:117:13
[INFO] [stdout]     |
[INFO] [stdout] 117 |             SINGLETON.assume_init_mut()
[INFO] [stdout]     |             ^^^^^^^^^^^^^^^^^^^^^^^^^^^ mutable reference to mutable static
[INFO] [stdout]     |
[INFO] [stdout]     = note: for more information, see <https://doc.rust-lang.org/nightly/edition-guide/rust-2024/static-mut-references.html>
[INFO] [stdout]     = note: mutable references to mutable statics are dangerous; it's undefined behavior if any other pointer to the static is used or if any other reference is created for the static while the mutable reference lives
[INFO] [stdout] 
[INFO] [stdout] 
[INFO] [stderr]     Finished `dev` profile [unoptimized + debuginfo] target(s) in 6.62s
[INFO] running `Command { std: "docker" "inspect" "ffb145550fa3b98514d85c1f77618f72fc14d0043db13e66ccd882872c75e0e2", kill_on_drop: false }`
[INFO] running `Command { std: "docker" "rm" "-f" "ffb145550fa3b98514d85c1f77618f72fc14d0043db13e66ccd882872c75e0e2", kill_on_drop: false }`
[INFO] [stdout] ffb145550fa3b98514d85c1f77618f72fc14d0043db13e66ccd882872c75e0e2
[INFO] running `Command { std: "docker" "create" "-v" "/var/lib/crater-agent-workspace/builds/worker-0-tc1/target:/opt/rustwide/target:rw,Z" "-v" "/var/lib/crater-agent-workspace/builds/worker-0-tc1/source:/opt/rustwide/workdir:ro,Z" "-v" "/var/lib/crater-agent-workspace/cargo-home:/opt/rustwide/cargo-home:ro,Z" "-v" "/var/lib/crater-agent-workspace/rustup-home:/opt/rustwide/rustup-home:ro,Z" "-e" "SOURCE_DIR=/opt/rustwide/workdir" "-e" "CARGO_TARGET_DIR=/opt/rustwide/target" "-e" "CARGO_INCREMENTAL=0" "-e" "RUST_BACKTRACE=full" "-e" "RUSTFLAGS=--cap-lints=warn" "-e" "RUSTDOCFLAGS=--cap-lints=warn" "-e" "CARGO_HOME=/opt/rustwide/cargo-home" "-e" "RUSTUP_HOME=/opt/rustwide/rustup-home" "-w" "/opt/rustwide/workdir" "-m" "1610612736" "--user" "0:0" "--network" "none" "ghcr.io/rust-lang/crates-build-env/linux@sha256:f3a9d4ad9d972b27faf3965f35b62e55ba32bbce8f20bc8fe909558a86702fde" "/opt/rustwide/cargo-home/bin/cargo" "+1.83.0" "test" "--frozen" "--no-run" "--message-format=json", kill_on_drop: false }`
[INFO] [stdout] 4ea5bd549dc72a2e03547f01890cffe233e14258e11c7c12d0d581bcd1ed81dd
[INFO] running `Command { std: "docker" "start" "-a" "4ea5bd549dc72a2e03547f01890cffe233e14258e11c7c12d0d581bcd1ed81dd", kill_on_drop: false }`
[INFO] [stderr]    Compiling calyx-utils v0.7.1 (/opt/rustwide/workdir)
[INFO] [stdout] warning: creating a mutable reference to mutable static is discouraged
[INFO] [stdout]    --> src/position.rs:114:17
[INFO] [stdout]     |
[INFO] [stdout] 114 |                 SINGLETON.write(PositionTable::new());
[INFO] [stdout]     |                 ^^^^^^^^^^^^^^^^^^^^^^^^^^^^^^^^^^^^^ mutable reference to mutable static
[INFO] [stdout]     |
[INFO] [stdout]     = note: for more information, see <https://doc.rust-lang.org/nightly/edition-guide/rust-2024/static-mut-references.html>
[INFO] [stdout]     = note: mutable references to mutable statics are dangerous; it's undefined behavior if any other pointer to the static is used or if any other reference is created for the static while the mutable reference lives
[INFO] [stdout]     = note: `#[warn(static_mut_refs)]` on by default
[INFO] [stdout] 
[INFO] [stdout] 
[INFO] [stdout] warning: creating a mutable reference to mutable static is discouraged
[INFO] [stdout]    --> src/position.rs:117:13
[INFO] [stdout]     |
[INFO] [stdout] 117 |             SINGLETON.assume_init_mut()
[INFO] [stdout]     |             ^^^^^^^^^^^^^^^^^^^^^^^^^^^ mutable reference to mutable static
[INFO] [stdout]     |
[INFO] [stdout]     = note: for more information, see <https://doc.rust-lang.org/nightly/edition-guide/rust-2024/static-mut-references.html>
[INFO] [stdout]     = note: mutable references to mutable statics are dangerous; it's undefined behavior if any other pointer to the static is used or if any other reference is created for the static while the mutable reference lives
[INFO] [stdout] 
[INFO] [stdout] 
[INFO] [stdout] warning: creating a mutable reference to mutable static is discouraged
[INFO] [stdout]    --> src/position.rs:114:17
[INFO] [stdout]     |
[INFO] [stdout] 114 |                 SINGLETON.write(PositionTable::new());
[INFO] [stdout]     |                 ^^^^^^^^^^^^^^^^^^^^^^^^^^^^^^^^^^^^^ mutable reference to mutable static
[INFO] [stdout]     |
[INFO] [stdout]     = note: for more information, see <https://doc.rust-lang.org/nightly/edition-guide/rust-2024/static-mut-references.html>
[INFO] [stdout]     = note: mutable references to mutable statics are dangerous; it's undefined behavior if any other pointer to the static is used or if any other reference is created for the static while the mutable reference lives
[INFO] [stdout]     = note: `#[warn(static_mut_refs)]` on by default
[INFO] [stdout] 
[INFO] [stdout] 
[INFO] [stdout] warning: creating a mutable reference to mutable static is discouraged
[INFO] [stdout]    --> src/position.rs:117:13
[INFO] [stdout]     |
[INFO] [stdout] 117 |             SINGLETON.assume_init_mut()
[INFO] [stdout]     |             ^^^^^^^^^^^^^^^^^^^^^^^^^^^ mutable reference to mutable static
[INFO] [stdout]     |
[INFO] [stdout]     = note: for more information, see <https://doc.rust-lang.org/nightly/edition-guide/rust-2024/static-mut-references.html>
[INFO] [stdout]     = note: mutable references to mutable statics are dangerous; it's undefined behavior if any other pointer to the static is used or if any other reference is created for the static while the mutable reference lives
[INFO] [stdout] 
[INFO] [stdout] 
[INFO] [stderr]     Finished `test` profile [unoptimized + debuginfo] target(s) in 0.56s
[INFO] running `Command { std: "docker" "inspect" "4ea5bd549dc72a2e03547f01890cffe233e14258e11c7c12d0d581bcd1ed81dd", kill_on_drop: false }`
[INFO] running `Command { std: "docker" "rm" "-f" "4ea5bd549dc72a2e03547f01890cffe233e14258e11c7c12d0d581bcd1ed81dd", kill_on_drop: false }`
[INFO] [stdout] 4ea5bd549dc72a2e03547f01890cffe233e14258e11c7c12d0d581bcd1ed81dd
[INFO] running `Command { std: "docker" "create" "-v" "/var/lib/crater-agent-workspace/builds/worker-0-tc1/target:/opt/rustwide/target:rw,Z" "-v" "/var/lib/crater-agent-workspace/builds/worker-0-tc1/source:/opt/rustwide/workdir:ro,Z" "-v" "/var/lib/crater-agent-workspace/cargo-home:/opt/rustwide/cargo-home:ro,Z" "-v" "/var/lib/crater-agent-workspace/rustup-home:/opt/rustwide/rustup-home:ro,Z" "-e" "SOURCE_DIR=/opt/rustwide/workdir" "-e" "CARGO_TARGET_DIR=/opt/rustwide/target" "-e" "CARGO_INCREMENTAL=0" "-e" "RUST_BACKTRACE=full" "-e" "RUSTFLAGS=--cap-lints=warn" "-e" "RUSTDOCFLAGS=--cap-lints=warn" "-e" "CARGO_HOME=/opt/rustwide/cargo-home" "-e" "RUSTUP_HOME=/opt/rustwide/rustup-home" "-w" "/opt/rustwide/workdir" "-m" "1610612736" "--user" "0:0" "--network" "none" "ghcr.io/rust-lang/crates-build-env/linux@sha256:f3a9d4ad9d972b27faf3965f35b62e55ba32bbce8f20bc8fe909558a86702fde" "/opt/rustwide/cargo-home/bin/cargo" "+1.83.0" "test" "--frozen", kill_on_drop: false }`
[INFO] [stdout] ef435c3d046ae5b5b81f4f08f0ddebd13f1bb136ddb8b4815a132b11e45bb51c
[INFO] running `Command { std: "docker" "start" "-a" "ef435c3d046ae5b5b81f4f08f0ddebd13f1bb136ddb8b4815a132b11e45bb51c", kill_on_drop: false }`
[INFO] [stderr] warning: creating a mutable reference to mutable static is discouraged
[INFO] [stderr]    --> src/position.rs:114:17
[INFO] [stderr]     |
[INFO] [stderr] 114 |                 SINGLETON.write(PositionTable::new());
[INFO] [stderr]     |                 ^^^^^^^^^^^^^^^^^^^^^^^^^^^^^^^^^^^^^ mutable reference to mutable static
[INFO] [stderr]     |
[INFO] [stderr]     = note: for more information, see <https://doc.rust-lang.org/nightly/edition-guide/rust-2024/static-mut-references.html>
[INFO] [stderr]     = note: mutable references to mutable statics are dangerous; it's undefined behavior if any other pointer to the static is used or if any other reference is created for the static while the mutable reference lives
[INFO] [stderr]     = note: `#[warn(static_mut_refs)]` on by default
[INFO] [stderr] 
[INFO] [stderr] warning: creating a mutable reference to mutable static is discouraged
[INFO] [stderr]    --> src/position.rs:117:13
[INFO] [stderr]     |
[INFO] [stderr] 117 |             SINGLETON.assume_init_mut()
[INFO] [stderr]     |             ^^^^^^^^^^^^^^^^^^^^^^^^^^^ mutable reference to mutable static
[INFO] [stderr]     |
[INFO] [stderr]     = note: for more information, see <https://doc.rust-lang.org/nightly/edition-guide/rust-2024/static-mut-references.html>
[INFO] [stderr]     = note: mutable references to mutable statics are dangerous; it's undefined behavior if any other pointer to the static is used or if any other reference is created for the static while the mutable reference lives
[INFO] [stderr] 
[INFO] [stderr] warning: `calyx-utils` (lib) generated 2 warnings
[INFO] [stderr] warning: `calyx-utils` (lib test) generated 2 warnings (2 duplicates)
[INFO] [stderr]     Finished `test` profile [unoptimized + debuginfo] target(s) in 0.04s
[INFO] [stderr]      Running unittests src/lib.rs (/opt/rustwide/target/debug/deps/calyx_utils-0f0fb647f19add12)
[INFO] [stdout] 
[INFO] [stdout] running 0 tests
[INFO] [stdout] 
[INFO] [stdout] test result: ok. 0 passed; 0 failed; 0 ignored; 0 measured; 0 filtered out; finished in 0.00s
[INFO] [stdout] 
[INFO] [stderr]    Doc-tests calyx_utils
[INFO] [stdout] 
[INFO] [stdout] running 1 test
[INFO] [stdout] test src/namegenerator.rs - namegenerator::NameGenerator::gen_name (line 29) ... FAILED
[INFO] [stdout] 
[INFO] [stdout] failures:
[INFO] [stdout] 
[INFO] [stdout] ---- src/namegenerator.rs - namegenerator::NameGenerator::gen_name (line 29) stdout ----
[INFO] [stdout] error[E0425]: cannot find value `namegen` in this scope
[INFO] [stdout]  --> src/namegenerator.rs:30:1
[INFO] [stdout]   |
[INFO] [stdout] 3 | namegen.gen_name("seq");  // Generates "seq0"
[INFO] [stdout]   | ^^^^^^^ not found in this scope
[INFO] [stdout] 
[INFO] [stdout] error[E0425]: cannot find value `namegen` in this scope
[INFO] [stdout]  --> src/namegenerator.rs:31:1
[INFO] [stdout]   |
[INFO] [stdout] 4 | namegen.gen_name("seq");  // Generates "seq1"
[INFO] [stdout]   | ^^^^^^^ not found in this scope
[INFO] [stdout] 
[INFO] [stdout] error: aborting due to 2 previous errors
[INFO] [stdout] 
[INFO] [stdout] For more information about this error, try `rustc --explain E0425`.
[INFO] [stdout] Couldn't compile the test.
[INFO] [stdout] 
[INFO] [stdout] failures:
[INFO] [stdout]     src/namegenerator.rs - namegenerator::NameGenerator::gen_name (line 29)
[INFO] [stdout] 
[INFO] [stdout] test result: FAILED. 0 passed; 1 failed; 0 ignored; 0 measured; 0 filtered out; finished in 0.08s
[INFO] [stdout] 
[INFO] [stderr] error: doctest failed, to rerun pass `--doc`
[INFO] running `Command { std: "docker" "inspect" "ef435c3d046ae5b5b81f4f08f0ddebd13f1bb136ddb8b4815a132b11e45bb51c", kill_on_drop: false }`
[INFO] running `Command { std: "docker" "rm" "-f" "ef435c3d046ae5b5b81f4f08f0ddebd13f1bb136ddb8b4815a132b11e45bb51c", kill_on_drop: false }`
[INFO] [stdout] ef435c3d046ae5b5b81f4f08f0ddebd13f1bb136ddb8b4815a132b11e45bb51c
