[INFO] fetching crate calyx-backend 0.7.1...
[INFO] testing calyx-backend-0.7.1 against 1.83.0 for beta-1.84.0-4-retry
[INFO] extracting crate calyx-backend 0.7.1 into /workspace/builds/worker-1-tc1/source
[INFO] validating manifest of crates.io crate calyx-backend 0.7.1 on toolchain 1.83.0
[INFO] running `Command { std: CARGO_HOME="/workspace/cargo-home" RUSTUP_HOME="/workspace/rustup-home" "/workspace/cargo-home/bin/cargo" "+1.83.0" "metadata" "--manifest-path" "Cargo.toml" "--no-deps", kill_on_drop: false }`
[INFO] started tweaking crates.io crate calyx-backend 0.7.1
[INFO] finished tweaking crates.io crate calyx-backend 0.7.1
[INFO] tweaked toml for crates.io crate calyx-backend 0.7.1 written to /workspace/builds/worker-1-tc1/source/Cargo.toml
[INFO] running `Command { std: CARGO_HOME="/workspace/cargo-home" RUSTUP_HOME="/workspace/rustup-home" "/workspace/cargo-home/bin/cargo" "+1.83.0" "generate-lockfile" "--manifest-path" "Cargo.toml", kill_on_drop: false }`
[INFO] [stderr]     Updating crates.io index
[INFO] [stderr]     Blocking waiting for file lock on package cache
[INFO] [stderr]      Locking 117 packages to latest compatible versions
[INFO] [stderr]       Adding itertools v0.11.0 (available: v0.13.0)
[INFO] [stderr]       Adding quick-xml v0.30.0 (available: v0.37.1)
[INFO] [stderr]       Adding string-interner v0.14.0 (available: v0.18.0)
[INFO] running `Command { std: CARGO_HOME="/workspace/cargo-home" RUSTUP_HOME="/workspace/rustup-home" "/workspace/cargo-home/bin/cargo" "+1.83.0" "fetch" "--manifest-path" "Cargo.toml", kill_on_drop: false }`
[INFO] [stderr]  Downloading crates ...
[INFO] [stderr]   Downloaded serde_sexpr v0.1.0
[INFO] [stderr]   Downloaded calyx-ir v0.7.1
[INFO] [stderr]   Downloaded symbol_table v0.3.0
[INFO] [stderr]   Downloaded vast v0.3.3
[INFO] [stderr]   Downloaded calyx-frontend v0.7.1
[INFO] [stderr]   Downloaded pest_consume v1.1.3
[INFO] [stderr]   Downloaded string-interner v0.14.0
[INFO] [stderr]   Downloaded pest_consume_macros v1.1.0
[INFO] [stderr]   Downloaded pretty v0.11.3
[INFO] [stderr]   Downloaded calyx-utils v0.7.1
[INFO] running `Command { std: "docker" "create" "-v" "/var/lib/crater-agent-workspace/builds/worker-1-tc1/target:/opt/rustwide/target:rw,Z" "-v" "/var/lib/crater-agent-workspace/builds/worker-1-tc1/source:/opt/rustwide/workdir:ro,Z" "-v" "/var/lib/crater-agent-workspace/cargo-home:/opt/rustwide/cargo-home:ro,Z" "-v" "/var/lib/crater-agent-workspace/rustup-home:/opt/rustwide/rustup-home:ro,Z" "-e" "SOURCE_DIR=/opt/rustwide/workdir" "-e" "CARGO_TARGET_DIR=/opt/rustwide/target" "-e" "CARGO_HOME=/opt/rustwide/cargo-home" "-e" "RUSTUP_HOME=/opt/rustwide/rustup-home" "-w" "/opt/rustwide/workdir" "-m" "1610612736" "--user" "0:0" "--network" "none" "ghcr.io/rust-lang/crates-build-env/linux@sha256:f3a9d4ad9d972b27faf3965f35b62e55ba32bbce8f20bc8fe909558a86702fde" "/opt/rustwide/cargo-home/bin/cargo" "+1.83.0" "metadata" "--no-deps" "--format-version=1", kill_on_drop: false }`
[INFO] [stdout] 0ba2ece55641d047f3d2200e6b11353c80f2c53cbe3a7636072a0aadeaa76b7a
[INFO] running `Command { std: "docker" "start" "-a" "0ba2ece55641d047f3d2200e6b11353c80f2c53cbe3a7636072a0aadeaa76b7a", kill_on_drop: false }`
[INFO] running `Command { std: "docker" "inspect" "0ba2ece55641d047f3d2200e6b11353c80f2c53cbe3a7636072a0aadeaa76b7a", kill_on_drop: false }`
[INFO] running `Command { std: "docker" "rm" "-f" "0ba2ece55641d047f3d2200e6b11353c80f2c53cbe3a7636072a0aadeaa76b7a", kill_on_drop: false }`
[INFO] [stdout] 0ba2ece55641d047f3d2200e6b11353c80f2c53cbe3a7636072a0aadeaa76b7a
[INFO] running `Command { std: "docker" "create" "-v" "/var/lib/crater-agent-workspace/builds/worker-1-tc1/target:/opt/rustwide/target:rw,Z" "-v" "/var/lib/crater-agent-workspace/builds/worker-1-tc1/source:/opt/rustwide/workdir:ro,Z" "-v" "/var/lib/crater-agent-workspace/cargo-home:/opt/rustwide/cargo-home:ro,Z" "-v" "/var/lib/crater-agent-workspace/rustup-home:/opt/rustwide/rustup-home:ro,Z" "-e" "SOURCE_DIR=/opt/rustwide/workdir" "-e" "CARGO_TARGET_DIR=/opt/rustwide/target" "-e" "CARGO_INCREMENTAL=0" "-e" "RUST_BACKTRACE=full" "-e" "RUSTFLAGS=--cap-lints=warn" "-e" "RUSTDOCFLAGS=--cap-lints=warn" "-e" "CARGO_HOME=/opt/rustwide/cargo-home" "-e" "RUSTUP_HOME=/opt/rustwide/rustup-home" "-w" "/opt/rustwide/workdir" "-m" "1610612736" "--user" "0:0" "--network" "none" "ghcr.io/rust-lang/crates-build-env/linux@sha256:f3a9d4ad9d972b27faf3965f35b62e55ba32bbce8f20bc8fe909558a86702fde" "/opt/rustwide/cargo-home/bin/cargo" "+1.83.0" "build" "--frozen" "--message-format=json", kill_on_drop: false }`
[INFO] [stdout] fc50b5aa7c17356d114a52b467434b0666fba0e387898a46d8cfdce2470ca562
[INFO] running `Command { std: "docker" "start" "-a" "fc50b5aa7c17356d114a52b467434b0666fba0e387898a46d8cfdce2470ca562", kill_on_drop: false }`
[INFO] [stderr]    Compiling thiserror v2.0.7
[INFO] [stderr]    Compiling once_cell v1.20.2
[INFO] [stderr]    Compiling ucd-trie v0.1.7
[INFO] [stderr]    Compiling either v1.13.0
[INFO] [stderr]    Compiling libc v0.2.168
[INFO] [stderr]    Compiling ahash v0.7.8
[INFO] [stderr]    Compiling fixedbitset v0.4.2
[INFO] [stderr]    Compiling heck v0.4.1
[INFO] [stderr]    Compiling unicode-segmentation v1.12.0
[INFO] [stderr]    Compiling strum v0.25.0
[INFO] [stderr]    Compiling arrayvec v0.5.2
[INFO] [stderr]    Compiling syn v2.0.90
[INFO] [stderr]    Compiling syn v1.0.109
[INFO] [stderr]    Compiling smallvec v1.13.2
[INFO] [stderr]    Compiling linked-hash-map v0.5.6
[INFO] [stderr]    Compiling typed-arena v2.0.2
[INFO] [stderr]    Compiling itertools v0.11.0
[INFO] [stderr]    Compiling itertools v0.10.5
[INFO] [stderr]    Compiling petgraph v0.6.5
[INFO] [stderr]    Compiling getrandom v0.2.15
[INFO] [stderr]    Compiling atty v0.2.14
[INFO] [stderr]    Compiling pretty v0.11.3
[INFO] [stderr]    Compiling hashbrown v0.12.3
[INFO] [stderr]    Compiling hashbrown v0.11.2
[INFO] [stderr]    Compiling vast v0.3.3
[INFO] [stderr]    Compiling symbol_table v0.3.0
[INFO] [stderr]    Compiling pest_consume_macros v1.1.0
[INFO] [stderr]    Compiling thiserror-impl v2.0.7
[INFO] [stderr]    Compiling serde_derive v1.0.216
[INFO] [stderr]    Compiling strum_macros v0.25.3
[INFO] [stderr]    Compiling pest v2.7.15
[INFO] [stderr]    Compiling pest_meta v2.7.15
[INFO] [stderr]    Compiling serde v1.0.216
[INFO] [stderr]    Compiling pest_generator v2.7.15
[INFO] [stderr]    Compiling pest_derive v2.7.15
[INFO] [stderr]    Compiling pest_consume v1.1.3
[INFO] [stderr]    Compiling string-interner v0.14.0
[INFO] [stderr]    Compiling serde_json v1.0.133
[INFO] [stderr]    Compiling calyx-utils v0.7.1
[INFO] [stderr]    Compiling calyx-frontend v0.7.1
[INFO] [stderr]    Compiling calyx-ir v0.7.1
[INFO] [stderr]    Compiling calyx-backend v0.7.1 (/opt/rustwide/workdir)
[INFO] [stderr]     Finished `dev` profile [unoptimized + debuginfo] target(s) in 26.02s
[INFO] running `Command { std: "docker" "inspect" "fc50b5aa7c17356d114a52b467434b0666fba0e387898a46d8cfdce2470ca562", kill_on_drop: false }`
[INFO] running `Command { std: "docker" "rm" "-f" "fc50b5aa7c17356d114a52b467434b0666fba0e387898a46d8cfdce2470ca562", kill_on_drop: false }`
[INFO] [stdout] fc50b5aa7c17356d114a52b467434b0666fba0e387898a46d8cfdce2470ca562
[INFO] running `Command { std: "docker" "create" "-v" "/var/lib/crater-agent-workspace/builds/worker-1-tc1/target:/opt/rustwide/target:rw,Z" "-v" "/var/lib/crater-agent-workspace/builds/worker-1-tc1/source:/opt/rustwide/workdir:ro,Z" "-v" "/var/lib/crater-agent-workspace/cargo-home:/opt/rustwide/cargo-home:ro,Z" "-v" "/var/lib/crater-agent-workspace/rustup-home:/opt/rustwide/rustup-home:ro,Z" "-e" "SOURCE_DIR=/opt/rustwide/workdir" "-e" "CARGO_TARGET_DIR=/opt/rustwide/target" "-e" "CARGO_INCREMENTAL=0" "-e" "RUST_BACKTRACE=full" "-e" "RUSTFLAGS=--cap-lints=warn" "-e" "RUSTDOCFLAGS=--cap-lints=warn" "-e" "CARGO_HOME=/opt/rustwide/cargo-home" "-e" "RUSTUP_HOME=/opt/rustwide/rustup-home" "-w" "/opt/rustwide/workdir" "-m" "1610612736" "--user" "0:0" "--network" "none" "ghcr.io/rust-lang/crates-build-env/linux@sha256:f3a9d4ad9d972b27faf3965f35b62e55ba32bbce8f20bc8fe909558a86702fde" "/opt/rustwide/cargo-home/bin/cargo" "+1.83.0" "test" "--frozen" "--no-run" "--message-format=json", kill_on_drop: false }`
[INFO] [stdout] 7435c661991d14d3a35f0419c50722fce2beef7e8316dd6fc8ba5cb5a503d179
[INFO] running `Command { std: "docker" "start" "-a" "7435c661991d14d3a35f0419c50722fce2beef7e8316dd6fc8ba5cb5a503d179", kill_on_drop: false }`
[INFO] [stderr]    Compiling calyx-backend v0.7.1 (/opt/rustwide/workdir)
[INFO] [stderr]     Finished `test` profile [unoptimized + debuginfo] target(s) in 0.89s
[INFO] running `Command { std: "docker" "inspect" "7435c661991d14d3a35f0419c50722fce2beef7e8316dd6fc8ba5cb5a503d179", kill_on_drop: false }`
[INFO] running `Command { std: "docker" "rm" "-f" "7435c661991d14d3a35f0419c50722fce2beef7e8316dd6fc8ba5cb5a503d179", kill_on_drop: false }`
[INFO] [stdout] 7435c661991d14d3a35f0419c50722fce2beef7e8316dd6fc8ba5cb5a503d179
[INFO] running `Command { std: "docker" "create" "-v" "/var/lib/crater-agent-workspace/builds/worker-1-tc1/target:/opt/rustwide/target:rw,Z" "-v" "/var/lib/crater-agent-workspace/builds/worker-1-tc1/source:/opt/rustwide/workdir:ro,Z" "-v" "/var/lib/crater-agent-workspace/cargo-home:/opt/rustwide/cargo-home:ro,Z" "-v" "/var/lib/crater-agent-workspace/rustup-home:/opt/rustwide/rustup-home:ro,Z" "-e" "SOURCE_DIR=/opt/rustwide/workdir" "-e" "CARGO_TARGET_DIR=/opt/rustwide/target" "-e" "CARGO_INCREMENTAL=0" "-e" "RUST_BACKTRACE=full" "-e" "RUSTFLAGS=--cap-lints=warn" "-e" "RUSTDOCFLAGS=--cap-lints=warn" "-e" "CARGO_HOME=/opt/rustwide/cargo-home" "-e" "RUSTUP_HOME=/opt/rustwide/rustup-home" "-w" "/opt/rustwide/workdir" "-m" "1610612736" "--user" "0:0" "--network" "none" "ghcr.io/rust-lang/crates-build-env/linux@sha256:f3a9d4ad9d972b27faf3965f35b62e55ba32bbce8f20bc8fe909558a86702fde" "/opt/rustwide/cargo-home/bin/cargo" "+1.83.0" "test" "--frozen", kill_on_drop: false }`
[INFO] [stdout] eefebabace1311c594764e25d0820567658a86b5e14fa76eda0ddda8cb141d33
[INFO] running `Command { std: "docker" "start" "-a" "eefebabace1311c594764e25d0820567658a86b5e14fa76eda0ddda8cb141d33", kill_on_drop: false }`
[INFO] [stderr]     Finished `test` profile [unoptimized + debuginfo] target(s) in 0.10s
[INFO] [stderr]      Running unittests src/lib.rs (/opt/rustwide/target/debug/deps/calyx_backend-79d6d5e67f6454f0)
[INFO] [stdout] 
[INFO] [stdout] running 0 tests
[INFO] [stderr]    Doc-tests calyx_backend
[INFO] [stdout] 
[INFO] [stdout] test result: ok. 0 passed; 0 failed; 0 ignored; 0 measured; 0 filtered out; finished in 0.00s
[INFO] [stdout] 
[INFO] [stdout] 
[INFO] [stdout] running 3 tests
[INFO] [stdout] test src/verilog.rs - verilog::emit_assignment (line 520) ... FAILED
[INFO] [stdout] test src/verilog.rs - verilog::memory_read_write (line 762) ... FAILED
[INFO] [stdout] test src/verilog.rs - verilog::emit_assignment (line 514) ... FAILED
[INFO] [stdout] 
[INFO] [stdout] failures:
[INFO] [stdout] 
[INFO] [stdout] ---- src/verilog.rs - verilog::emit_assignment (line 520) stdout ----
[INFO] [stdout] error: expected one of `!`, `.`, `::`, `;`, `?`, `{`, `}`, or an operator, found `a_in`
[INFO] [stdout]  --> src/verilog.rs:521:8
[INFO] [stdout]   |
[INFO] [stdout] 3 | assign a_in = foo ? 2'd0 : bar ? 2d'1 : 2'd0;
[INFO] [stdout]   |        ^^^^ expected one of 8 possible tokens
[INFO] [stdout] 
[INFO] [stdout] error: lifetimes cannot start with a number
[INFO] [stdout]  --> src/verilog.rs:521:36
[INFO] [stdout]   |
[INFO] [stdout] 3 | assign a_in = foo ? 2'd0 : bar ? 2d'1 : 2'd0;
[INFO] [stdout]   |                                    ^^
[INFO] [stdout] 
[INFO] [stdout] error: aborting due to 2 previous errors
[INFO] [stdout] 
[INFO] [stdout] Couldn't compile the test.
[INFO] [stdout] ---- src/verilog.rs - verilog::memory_read_write (line 762) stdout ----
[INFO] [stdout] error: expected one of `!`, `.`, `::`, `;`, `?`, `{`, `}`, or an operator, found `DATA`
[INFO] [stdout]  --> src/verilog.rs:763:8
[INFO] [stdout]   |
[INFO] [stdout] 3 | string DATA;
[INFO] [stdout]   |        ^^^^ expected one of 8 possible tokens
[INFO] [stdout] 
[INFO] [stdout] error: aborting due to 1 previous error
[INFO] [stdout] 
[INFO] [stdout] Couldn't compile the test.
[INFO] [stdout] ---- src/verilog.rs - verilog::emit_assignment (line 514) stdout ----
[INFO] [stdout] error: expected identifier, found keyword `in`
[INFO] [stdout]  --> src/verilog.rs:516:3
[INFO] [stdout]   |
[INFO] [stdout] 4 | a.in = foo ? 2'd0;
[INFO] [stdout]   |   ^^ expected identifier, found keyword
[INFO] [stdout]   |
[INFO] [stdout] help: escape `in` to use it as an identifier
[INFO] [stdout]   |
[INFO] [stdout] 4 | a.r#in = foo ? 2'd0;
[INFO] [stdout]   |   ++
[INFO] [stdout] 
[INFO] [stdout] error: expected one of `.`, `;`, `?`, `}`, or an operator, found `2`
[INFO] [stdout]  --> src/verilog.rs:516:14
[INFO] [stdout]   |
[INFO] [stdout] 4 | a.in = foo ? 2'd0;
[INFO] [stdout]   |              ^ expected one of `.`, `;`, `?`, `}`, or an operator
[INFO] [stdout] 
[INFO] [stdout] error: aborting due to 2 previous errors
[INFO] [stdout] 
[INFO] [stdout] Couldn't compile the test.
[INFO] [stdout] 
[INFO] [stdout] failures:
[INFO] [stdout]     src/verilog.rs - verilog::emit_assignment (line 514)
[INFO] [stdout]     src/verilog.rs - verilog::emit_assignment (line 520)
[INFO] [stdout]     src/verilog.rs - verilog::memory_read_write (line 762)
[INFO] [stdout] 
[INFO] [stdout] test result: FAILED. 0 passed; 3 failed; 0 ignored; 0 measured; 0 filtered out; finished in 0.09s
[INFO] [stdout] 
[INFO] [stderr] error: doctest failed, to rerun pass `--doc`
[INFO] running `Command { std: "docker" "inspect" "eefebabace1311c594764e25d0820567658a86b5e14fa76eda0ddda8cb141d33", kill_on_drop: false }`
[INFO] running `Command { std: "docker" "rm" "-f" "eefebabace1311c594764e25d0820567658a86b5e14fa76eda0ddda8cb141d33", kill_on_drop: false }`
[INFO] [stdout] eefebabace1311c594764e25d0820567658a86b5e14fa76eda0ddda8cb141d33
