[INFO] fetching crate calldata-compressor 0.3.0...
[INFO] testing calldata-compressor-0.3.0 against 1.83.0 for beta-1.84.0-4-retry
[INFO] extracting crate calldata-compressor 0.3.0 into /workspace/builds/worker-2-tc1/source
[INFO] validating manifest of crates.io crate calldata-compressor 0.3.0 on toolchain 1.83.0
[INFO] running `Command { std: CARGO_HOME="/workspace/cargo-home" RUSTUP_HOME="/workspace/rustup-home" "/workspace/cargo-home/bin/cargo" "+1.83.0" "metadata" "--manifest-path" "Cargo.toml" "--no-deps", kill_on_drop: false }`
[INFO] started tweaking crates.io crate calldata-compressor 0.3.0
[INFO] finished tweaking crates.io crate calldata-compressor 0.3.0
[INFO] tweaked toml for crates.io crate calldata-compressor 0.3.0 written to /workspace/builds/worker-2-tc1/source/Cargo.toml
[INFO] running `Command { std: CARGO_HOME="/workspace/cargo-home" RUSTUP_HOME="/workspace/rustup-home" "/workspace/cargo-home/bin/cargo" "+1.83.0" "generate-lockfile" "--manifest-path" "Cargo.toml", kill_on_drop: false }`
[INFO] [stderr]     Updating crates.io index
[INFO] [stderr]     Blocking waiting for file lock on package cache
[INFO] [stderr]      Locking 331 packages to latest compatible versions
[INFO] [stderr]       Adding alloy v0.6.4 (available: v0.8.0)
[INFO] running `Command { std: CARGO_HOME="/workspace/cargo-home" RUSTUP_HOME="/workspace/rustup-home" "/workspace/cargo-home/bin/cargo" "+1.83.0" "fetch" "--manifest-path" "Cargo.toml", kill_on_drop: false }`
[INFO] [stderr]     Blocking waiting for file lock on package cache
[INFO] [stderr]  Downloading crates ...
[INFO] [stderr]   Downloaded alloy-rpc-client v0.6.4
[INFO] [stderr]   Downloaded alloy-sol-type-parser v0.8.15
[INFO] [stderr]   Downloaded alloy-transport v0.6.4
[INFO] [stderr]   Downloaded alloy-signer v0.6.4
[INFO] [stderr]   Downloaded alloy-core v0.8.15
[INFO] [stderr]   Downloaded alloy-chains v0.1.48
[INFO] [stderr]   Downloaded alloy-rpc-types-eth v0.6.4
[INFO] [stderr]   Downloaded alloy-dyn-abi v0.8.15
[INFO] [stderr]   Downloaded alloy-consensus v0.6.4
[INFO] [stderr]   Downloaded alloy-provider v0.6.4
[INFO] [stderr]   Downloaded alloy-serde v0.6.4
[INFO] [stderr]   Downloaded alloy-json-abi v0.8.15
[INFO] [stderr]   Downloaded alloy-transport-http v0.6.4
[INFO] [stderr]   Downloaded alloy v0.6.4
[INFO] [stderr]   Downloaded alloy-network v0.6.4
[INFO] [stderr]   Downloaded alloy-network-primitives v0.6.4
[INFO] [stderr]   Downloaded alloy-json-rpc v0.6.4
[INFO] [stderr]   Downloaded alloy-genesis v0.6.4
[INFO] [stderr]   Downloaded alloy-eips v0.6.4
[INFO] running `Command { std: "docker" "create" "-v" "/var/lib/crater-agent-workspace/builds/worker-2-tc1/target:/opt/rustwide/target:rw,Z" "-v" "/var/lib/crater-agent-workspace/builds/worker-2-tc1/source:/opt/rustwide/workdir:ro,Z" "-v" "/var/lib/crater-agent-workspace/cargo-home:/opt/rustwide/cargo-home:ro,Z" "-v" "/var/lib/crater-agent-workspace/rustup-home:/opt/rustwide/rustup-home:ro,Z" "-e" "SOURCE_DIR=/opt/rustwide/workdir" "-e" "CARGO_TARGET_DIR=/opt/rustwide/target" "-e" "CARGO_HOME=/opt/rustwide/cargo-home" "-e" "RUSTUP_HOME=/opt/rustwide/rustup-home" "-w" "/opt/rustwide/workdir" "-m" "1610612736" "--user" "0:0" "--network" "none" "ghcr.io/rust-lang/crates-build-env/linux@sha256:f3a9d4ad9d972b27faf3965f35b62e55ba32bbce8f20bc8fe909558a86702fde" "/opt/rustwide/cargo-home/bin/cargo" "+1.83.0" "metadata" "--no-deps" "--format-version=1", kill_on_drop: false }`
[INFO] [stdout] 42024be83048af1fc3646f1aeb078d184619b0a0018f21d8d7d31b7c90908839
[INFO] running `Command { std: "docker" "start" "-a" "42024be83048af1fc3646f1aeb078d184619b0a0018f21d8d7d31b7c90908839", kill_on_drop: false }`
[INFO] running `Command { std: "docker" "inspect" "42024be83048af1fc3646f1aeb078d184619b0a0018f21d8d7d31b7c90908839", kill_on_drop: false }`
[INFO] running `Command { std: "docker" "rm" "-f" "42024be83048af1fc3646f1aeb078d184619b0a0018f21d8d7d31b7c90908839", kill_on_drop: false }`
[INFO] [stdout] 42024be83048af1fc3646f1aeb078d184619b0a0018f21d8d7d31b7c90908839
[INFO] running `Command { std: "docker" "create" "-v" "/var/lib/crater-agent-workspace/builds/worker-2-tc1/target:/opt/rustwide/target:rw,Z" "-v" "/var/lib/crater-agent-workspace/builds/worker-2-tc1/source:/opt/rustwide/workdir:ro,Z" "-v" "/var/lib/crater-agent-workspace/cargo-home:/opt/rustwide/cargo-home:ro,Z" "-v" "/var/lib/crater-agent-workspace/rustup-home:/opt/rustwide/rustup-home:ro,Z" "-e" "SOURCE_DIR=/opt/rustwide/workdir" "-e" "CARGO_TARGET_DIR=/opt/rustwide/target" "-e" "CARGO_INCREMENTAL=0" "-e" "RUST_BACKTRACE=full" "-e" "RUSTFLAGS=--cap-lints=warn" "-e" "RUSTDOCFLAGS=--cap-lints=warn" "-e" "CARGO_HOME=/opt/rustwide/cargo-home" "-e" "RUSTUP_HOME=/opt/rustwide/rustup-home" "-w" "/opt/rustwide/workdir" "-m" "1610612736" "--user" "0:0" "--network" "none" "ghcr.io/rust-lang/crates-build-env/linux@sha256:f3a9d4ad9d972b27faf3965f35b62e55ba32bbce8f20bc8fe909558a86702fde" "/opt/rustwide/cargo-home/bin/cargo" "+1.83.0" "build" "--frozen" "--message-format=json", kill_on_drop: false }`
[INFO] [stdout] 50e8187212b15345246a31cb59a9894c489be88abc595d3143f71b1ce708ad36
[INFO] running `Command { std: "docker" "start" "-a" "50e8187212b15345246a31cb59a9894c489be88abc595d3143f71b1ce708ad36", kill_on_drop: false }`
[INFO] [stderr]    Compiling proc-macro2 v1.0.92
[INFO] [stderr]    Compiling unicode-ident v1.0.14
[INFO] [stderr]    Compiling crossbeam-utils v0.8.20
[INFO] [stderr]    Compiling crunchy v0.2.2
[INFO] [stderr]    Compiling autocfg v1.4.0
[INFO] [stderr]    Compiling paste v1.0.15
[INFO] [stderr]    Compiling tiny-keccak v2.0.2
[INFO] [stderr]    Compiling unicode-xid v0.2.6
[INFO] [stderr]    Compiling itoa v1.0.14
[INFO] [stderr]    Compiling foldhash v0.1.3
[INFO] [stderr]    Compiling cpufeatures v0.2.16
[INFO] [stderr]    Compiling cfg-if v1.0.0
[INFO] [stderr]    Compiling ruint-macro v1.2.1
[INFO] [stderr]    Compiling serde v1.0.216
[INFO] [stderr]    Compiling bytes v1.9.0
[INFO] [stderr]    Compiling hex-literal v0.4.1
[INFO] [stderr]    Compiling const-hex v1.14.0
[INFO] [stderr]    Compiling rayon-core v1.12.1
[INFO] [stderr]    Compiling serde_json v1.0.133
[INFO] [stderr]    Compiling thiserror v2.0.7
[INFO] [stderr]    Compiling memchr v2.7.4
[INFO] [stderr]    Compiling ryu v1.0.18
[INFO] [stderr]    Compiling either v1.13.0
[INFO] [stderr]    Compiling hashbrown v0.15.2
[INFO] [stderr]    Compiling ruint v1.12.3
[INFO] [stderr]    Compiling num-traits v0.2.19
[INFO] [stderr]    Compiling crossbeam-epoch v0.9.18
[INFO] [stderr]    Compiling crossbeam-deque v0.8.5
[INFO] [stderr]    Compiling quote v1.0.37
[INFO] [stderr]    Compiling syn v2.0.90
[INFO] [stderr]    Compiling rayon v1.10.0
[INFO] [stderr]    Compiling num-integer v0.1.46
[INFO] [stderr]    Compiling num-bigint v0.4.6
[INFO] [stderr]    Compiling derive_more-impl v1.0.0
[INFO] [stderr]    Compiling thiserror-impl v2.0.7
[INFO] [stderr]    Compiling derive_more v1.0.0
[INFO] [stderr]    Compiling alloy-primitives v0.8.15
[INFO] [stderr]    Compiling alloy-core v0.8.15
[INFO] [stderr]    Compiling alloy v0.6.4
[INFO] [stderr]    Compiling calldata-compressor v0.3.0 (/opt/rustwide/workdir)
[INFO] [stderr]     Finished `dev` profile [unoptimized] target(s) in 15.81s
[INFO] running `Command { std: "docker" "inspect" "50e8187212b15345246a31cb59a9894c489be88abc595d3143f71b1ce708ad36", kill_on_drop: false }`
[INFO] running `Command { std: "docker" "rm" "-f" "50e8187212b15345246a31cb59a9894c489be88abc595d3143f71b1ce708ad36", kill_on_drop: false }`
[INFO] [stdout] 50e8187212b15345246a31cb59a9894c489be88abc595d3143f71b1ce708ad36
[INFO] running `Command { std: "docker" "create" "-v" "/var/lib/crater-agent-workspace/builds/worker-2-tc1/target:/opt/rustwide/target:rw,Z" "-v" "/var/lib/crater-agent-workspace/builds/worker-2-tc1/source:/opt/rustwide/workdir:ro,Z" "-v" "/var/lib/crater-agent-workspace/cargo-home:/opt/rustwide/cargo-home:ro,Z" "-v" "/var/lib/crater-agent-workspace/rustup-home:/opt/rustwide/rustup-home:ro,Z" "-e" "SOURCE_DIR=/opt/rustwide/workdir" "-e" "CARGO_TARGET_DIR=/opt/rustwide/target" "-e" "CARGO_INCREMENTAL=0" "-e" "RUST_BACKTRACE=full" "-e" "RUSTFLAGS=--cap-lints=warn" "-e" "RUSTDOCFLAGS=--cap-lints=warn" "-e" "CARGO_HOME=/opt/rustwide/cargo-home" "-e" "RUSTUP_HOME=/opt/rustwide/rustup-home" "-w" "/opt/rustwide/workdir" "-m" "1610612736" "--user" "0:0" "--network" "none" "ghcr.io/rust-lang/crates-build-env/linux@sha256:f3a9d4ad9d972b27faf3965f35b62e55ba32bbce8f20bc8fe909558a86702fde" "/opt/rustwide/cargo-home/bin/cargo" "+1.83.0" "test" "--frozen" "--no-run" "--message-format=json", kill_on_drop: false }`
[INFO] [stdout] ddd2cecabf8df89054377c8b3d2ca923862abbbac9c38ee1cff7fc177eaa30d8
[INFO] running `Command { std: "docker" "start" "-a" "ddd2cecabf8df89054377c8b3d2ca923862abbbac9c38ee1cff7fc177eaa30d8", kill_on_drop: false }`
[INFO] [stderr]    Compiling serde v1.0.216
[INFO] [stderr]    Compiling serde_derive v1.0.216
[INFO] [stderr]    Compiling hex v0.4.3
[INFO] [stderr]    Compiling serde_json v1.0.133
[INFO] [stderr]    Compiling calldata-compressor v0.3.0 (/opt/rustwide/workdir)
[INFO] [stderr]     Finished `test` profile [unoptimized] target(s) in 8.98s
[INFO] running `Command { std: "docker" "inspect" "ddd2cecabf8df89054377c8b3d2ca923862abbbac9c38ee1cff7fc177eaa30d8", kill_on_drop: false }`
[INFO] running `Command { std: "docker" "rm" "-f" "ddd2cecabf8df89054377c8b3d2ca923862abbbac9c38ee1cff7fc177eaa30d8", kill_on_drop: false }`
[INFO] [stdout] ddd2cecabf8df89054377c8b3d2ca923862abbbac9c38ee1cff7fc177eaa30d8
[INFO] running `Command { std: "docker" "create" "-v" "/var/lib/crater-agent-workspace/builds/worker-2-tc1/target:/opt/rustwide/target:rw,Z" "-v" "/var/lib/crater-agent-workspace/builds/worker-2-tc1/source:/opt/rustwide/workdir:ro,Z" "-v" "/var/lib/crater-agent-workspace/cargo-home:/opt/rustwide/cargo-home:ro,Z" "-v" "/var/lib/crater-agent-workspace/rustup-home:/opt/rustwide/rustup-home:ro,Z" "-e" "SOURCE_DIR=/opt/rustwide/workdir" "-e" "CARGO_TARGET_DIR=/opt/rustwide/target" "-e" "CARGO_INCREMENTAL=0" "-e" "RUST_BACKTRACE=full" "-e" "RUSTFLAGS=--cap-lints=warn" "-e" "RUSTDOCFLAGS=--cap-lints=warn" "-e" "CARGO_HOME=/opt/rustwide/cargo-home" "-e" "RUSTUP_HOME=/opt/rustwide/rustup-home" "-w" "/opt/rustwide/workdir" "-m" "1610612736" "--user" "0:0" "--network" "none" "ghcr.io/rust-lang/crates-build-env/linux@sha256:f3a9d4ad9d972b27faf3965f35b62e55ba32bbce8f20bc8fe909558a86702fde" "/opt/rustwide/cargo-home/bin/cargo" "+1.83.0" "test" "--frozen", kill_on_drop: false }`
[INFO] [stdout] d2f001c4a86ee83bdba229af8e5a2fa58205d9b98230668f59a282ab64b878a3
[INFO] running `Command { std: "docker" "start" "-a" "d2f001c4a86ee83bdba229af8e5a2fa58205d9b98230668f59a282ab64b878a3", kill_on_drop: false }`
[INFO] [stderr]     Finished `test` profile [unoptimized] target(s) in 0.23s
[INFO] [stderr]      Running unittests src/lib.rs (/opt/rustwide/target/debug/deps/calldata_compressor-ec2a31ba8c98dcb0)
[INFO] [stdout] 
[INFO] [stdout] running 3 tests
[INFO] [stdout] test utils::tests::test_assert_json_eq ... ok
[INFO] [stdout] test compressor::tests::test_compress_big ... FAILED
[INFO] [stdout] test compressor::tests::test_compress_small ... FAILED
[INFO] [stdout] 
[INFO] [stdout] failures:
[INFO] [stdout] 
[INFO] [stdout] ---- compressor::tests::test_compress_big stdout ----
[INFO] [stdout] thread 'compressor::tests::test_compress_big' panicked at src/compressor.rs:717:71:
[INFO] [stdout] called `Result::unwrap()` on an `Err` value: Os { code: 2, kind: NotFound, message: "No such file or directory" }
[INFO] [stdout] stack backtrace:
[INFO] [stdout]    0:     0x6547ce55e66a - <std::sys::backtrace::BacktraceLock::print::DisplayBacktrace as core::fmt::Display>::fmt::h5b6bd5631a6d1f6b
[INFO] [stdout]    1:     0x6547ce583ff3 - core::fmt::write::h7550c97b06c86515
[INFO] [stdout]    2:     0x6547ce55b7c3 - std::io::Write::write_fmt::h509ff860e5956e5e
[INFO] [stdout]    3:     0x6547ce55e4b2 - std::sys::backtrace::BacktraceLock::print::h2395ccd2c84ba3aa
[INFO] [stdout]    4:     0x6547ce55faca - std::panicking::default_hook::{{closure}}::he19d4c7230e07961
[INFO] [stdout]    5:     0x6547ce55f8d4 - std::panicking::default_hook::hf614597d3c67bbdb
[INFO] [stdout]    6:     0x6547ce4fbc39 - test::test_main::{{closure}}::he977ae839a582784
[INFO] [stdout]    7:     0x6547ce560168 - std::panicking::rust_panic_with_hook::h8942133a8b252070
[INFO] [stdout]    8:     0x6547ce55ff2a - std::panicking::begin_panic_handler::{{closure}}::hb5f5963570096b29
[INFO] [stdout]    9:     0x6547ce55eb49 - std::sys::backtrace::__rust_end_short_backtrace::h6208cedc1922feda
[INFO] [stdout]   10:     0x6547ce55fbbc - rust_begin_unwind
[INFO] [stdout]   11:     0x6547ce47afd0 - core::panicking::panic_fmt::h0c3082644d1bf418
[INFO] [stdout]   12:     0x6547ce47b416 - core::result::unwrap_failed::hd20b4aa073bda1e2
[INFO] [stdout]   13:     0x6547ce493fa3 - calldata_compressor::compressor::tests::test_compress_big::hdbc0867057313002
[INFO] [stdout]   14:     0x6547ce493e63 - calldata_compressor::compressor::tests::test_compress_big::{{closure}}::hf084b11beca688f2
[INFO] [stdout]   15:     0x6547ce48b526 - core::ops::function::FnOnce::call_once::h82a8afccdda30730
[INFO] [stdout]   16:     0x6547ce5005fb - test::__rust_begin_short_backtrace::hf4fff89d377446ba
[INFO] [stdout]   17:     0x6547ce4ffe37 - test::run_test::{{closure}}::h52c556a6d4740e10
[INFO] [stdout]   18:     0x6547ce4c5114 - std::sys::backtrace::__rust_begin_short_backtrace::h505c97a579eca628
[INFO] [stdout]   19:     0x6547ce4c87de - core::ops::function::FnOnce::call_once{{vtable.shim}}::h2c5a5f3779c774f1
[INFO] [stdout]   20:     0x6547ce563fcb - std::sys::pal::unix::thread::Thread::new::thread_start::hcc78f3943333fa94
[INFO] [stdout]   21:     0x77ff8b8e2ac3 - <unknown>
[INFO] [stdout]   22:     0x77ff8b973a04 - clone
[INFO] [stdout]   23:                0x0 - <unknown>
[INFO] [stdout] 
[INFO] [stdout] ---- compressor::tests::test_compress_small stdout ----
[INFO] [stdout] thread 'compressor::tests::test_compress_small' panicked at src/compressor.rs:758:85:
[INFO] [stdout] called `Result::unwrap()` on an `Err` value: Os { code: 2, kind: NotFound, message: "No such file or directory" }
[INFO] [stdout] stack backtrace:
[INFO] [stdout]    0:     0x6547ce55e66a - <std::sys::backtrace::BacktraceLock::print::DisplayBacktrace as core::fmt::Display>::fmt::h5b6bd5631a6d1f6b
[INFO] [stdout]    1:     0x6547ce583ff3 - core::fmt::write::h7550c97b06c86515
[INFO] [stdout]    2:     0x6547ce55b7c3 - std::io::Write::write_fmt::h509ff860e5956e5e
[INFO] [stdout]    3:     0x6547ce55e4b2 - std::sys::backtrace::BacktraceLock::print::h2395ccd2c84ba3aa
[INFO] [stdout]    4:     0x6547ce55faca - std::panicking::default_hook::{{closure}}::he19d4c7230e07961
[INFO] [stdout]    5:     0x6547ce55f8d4 - std::panicking::default_hook::hf614597d3c67bbdb
[INFO] [stdout]    6:     0x6547ce4fbc39 - test::test_main::{{closure}}::he977ae839a582784
[INFO] [stdout]    7:     0x6547ce560168 - std::panicking::rust_panic_with_hook::h8942133a8b252070
[INFO] [stdout]    8:     0x6547ce55ff2a - std::panicking::begin_panic_handler::{{closure}}::hb5f5963570096b29
[INFO] [stdout]    9:     0x6547ce55eb49 - std::sys::backtrace::__rust_end_short_backtrace::h6208cedc1922feda
[INFO] [stdout]   10:     0x6547ce55fbbc - rust_begin_unwind
[INFO] [stdout]   11:     0x6547ce47afd0 - core::panicking::panic_fmt::h0c3082644d1bf418
[INFO] [stdout]   12:     0x6547ce47b416 - core::result::unwrap_failed::hd20b4aa073bda1e2
[INFO] [stdout]   13:     0x6547ce495100 - calldata_compressor::compressor::tests::test_compress_small::h50da78498e47a8ba
[INFO] [stdout]   14:     0x6547ce494763 - calldata_compressor::compressor::tests::test_compress_small::{{closure}}::he80aecd8738bd37e
[INFO] [stdout]   15:     0x6547ce48b446 - core::ops::function::FnOnce::call_once::h1bda8402e75d8b14
[INFO] [stdout]   16:     0x6547ce5005fb - test::__rust_begin_short_backtrace::hf4fff89d377446ba
[INFO] [stdout]   17:     0x6547ce4ffe37 - test::run_test::{{closure}}::h52c556a6d4740e10
[INFO] [stdout]   18:     0x6547ce4c5114 - std::sys::backtrace::__rust_begin_short_backtrace::h505c97a579eca628
[INFO] [stdout]   19:     0x6547ce4c87de - core::ops::function::FnOnce::call_once{{vtable.shim}}::h2c5a5f3779c774f1
[INFO] [stdout]   20:     0x6547ce563fcb - std::sys::pal::unix::thread::Thread::new::thread_start::hcc78f3943333fa94
[INFO] [stdout]   21:     0x77ff8b8e2ac3 - <unknown>
[INFO] [stdout]   22:     0x77ff8b973a04 - clone
[INFO] [stdout]   23:                0x0 - <unknown>
[INFO] [stdout] 
[INFO] [stdout] 
[INFO] [stdout] failures:
[INFO] [stdout]     compressor::tests::test_compress_big
[INFO] [stdout]     compressor::tests::test_compress_small
[INFO] [stdout] 
[INFO] [stdout] test result: FAILED. 1 passed; 2 failed; 0 ignored; 0 measured; 0 filtered out; finished in 0.00s
[INFO] [stdout] 
[INFO] [stderr] error: test failed, to rerun pass `--lib`
[INFO] running `Command { std: "docker" "inspect" "d2f001c4a86ee83bdba229af8e5a2fa58205d9b98230668f59a282ab64b878a3", kill_on_drop: false }`
[INFO] running `Command { std: "docker" "rm" "-f" "d2f001c4a86ee83bdba229af8e5a2fa58205d9b98230668f59a282ab64b878a3", kill_on_drop: false }`
[INFO] [stdout] d2f001c4a86ee83bdba229af8e5a2fa58205d9b98230668f59a282ab64b878a3
