[INFO] fetching crate calculagraph 0.1.0...
[INFO] testing calculagraph-0.1.0 against beta-2024-12-08 for beta-1.84.0-4-retry
[INFO] extracting crate calculagraph 0.1.0 into /workspace/builds/worker-4-tc2/source
[INFO] validating manifest of crates.io crate calculagraph 0.1.0 on toolchain beta-2024-12-08
[INFO] running `Command { std: CARGO_HOME="/workspace/cargo-home" RUSTUP_HOME="/workspace/rustup-home" "/workspace/cargo-home/bin/cargo" "+beta-2024-12-08" "metadata" "--manifest-path" "Cargo.toml" "--no-deps", kill_on_drop: false }`
[INFO] started tweaking crates.io crate calculagraph 0.1.0
[INFO] finished tweaking crates.io crate calculagraph 0.1.0
[INFO] tweaked toml for crates.io crate calculagraph 0.1.0 written to /workspace/builds/worker-4-tc2/source/Cargo.toml
[INFO] running `Command { std: CARGO_HOME="/workspace/cargo-home" RUSTUP_HOME="/workspace/rustup-home" "/workspace/cargo-home/bin/cargo" "+beta-2024-12-08" "generate-lockfile" "--manifest-path" "Cargo.toml", kill_on_drop: false }`
[INFO] [stderr]     Updating crates.io index
[INFO] [stderr]      Locking 4 packages to latest compatible versions
[INFO] [stderr]       Adding syn v1.0.109 (available: v2.0.90)
[INFO] running `Command { std: CARGO_HOME="/workspace/cargo-home" RUSTUP_HOME="/workspace/rustup-home" "/workspace/cargo-home/bin/cargo" "+beta-2024-12-08" "fetch" "--manifest-path" "Cargo.toml", kill_on_drop: false }`
[INFO] running `Command { std: "docker" "create" "-v" "/var/lib/crater-agent-workspace/builds/worker-4-tc2/target:/opt/rustwide/target:rw,Z" "-v" "/var/lib/crater-agent-workspace/builds/worker-4-tc2/source:/opt/rustwide/workdir:ro,Z" "-v" "/var/lib/crater-agent-workspace/cargo-home:/opt/rustwide/cargo-home:ro,Z" "-v" "/var/lib/crater-agent-workspace/rustup-home:/opt/rustwide/rustup-home:ro,Z" "-e" "SOURCE_DIR=/opt/rustwide/workdir" "-e" "CARGO_TARGET_DIR=/opt/rustwide/target" "-e" "CARGO_HOME=/opt/rustwide/cargo-home" "-e" "RUSTUP_HOME=/opt/rustwide/rustup-home" "-w" "/opt/rustwide/workdir" "-m" "1610612736" "--user" "0:0" "--network" "none" "ghcr.io/rust-lang/crates-build-env/linux@sha256:f3a9d4ad9d972b27faf3965f35b62e55ba32bbce8f20bc8fe909558a86702fde" "/opt/rustwide/cargo-home/bin/cargo" "+beta-2024-12-08" "metadata" "--no-deps" "--format-version=1", kill_on_drop: false }`
[INFO] [stdout] 21349c9e24c72764f62594b360039ed211d8b512c59f3070c58dd7ca079a06d2
[INFO] running `Command { std: "docker" "start" "-a" "21349c9e24c72764f62594b360039ed211d8b512c59f3070c58dd7ca079a06d2", kill_on_drop: false }`
[INFO] running `Command { std: "docker" "inspect" "21349c9e24c72764f62594b360039ed211d8b512c59f3070c58dd7ca079a06d2", kill_on_drop: false }`
[INFO] running `Command { std: "docker" "rm" "-f" "21349c9e24c72764f62594b360039ed211d8b512c59f3070c58dd7ca079a06d2", kill_on_drop: false }`
[INFO] [stdout] 21349c9e24c72764f62594b360039ed211d8b512c59f3070c58dd7ca079a06d2
[INFO] running `Command { std: "docker" "create" "-v" "/var/lib/crater-agent-workspace/builds/worker-4-tc2/target:/opt/rustwide/target:rw,Z" "-v" "/var/lib/crater-agent-workspace/builds/worker-4-tc2/source:/opt/rustwide/workdir:ro,Z" "-v" "/var/lib/crater-agent-workspace/cargo-home:/opt/rustwide/cargo-home:ro,Z" "-v" "/var/lib/crater-agent-workspace/rustup-home:/opt/rustwide/rustup-home:ro,Z" "-e" "SOURCE_DIR=/opt/rustwide/workdir" "-e" "CARGO_TARGET_DIR=/opt/rustwide/target" "-e" "CARGO_INCREMENTAL=0" "-e" "RUST_BACKTRACE=full" "-e" "RUSTFLAGS=--cap-lints=warn" "-e" "RUSTDOCFLAGS=--cap-lints=warn" "-e" "CARGO_HOME=/opt/rustwide/cargo-home" "-e" "RUSTUP_HOME=/opt/rustwide/rustup-home" "-w" "/opt/rustwide/workdir" "-m" "1610612736" "--user" "0:0" "--network" "none" "ghcr.io/rust-lang/crates-build-env/linux@sha256:f3a9d4ad9d972b27faf3965f35b62e55ba32bbce8f20bc8fe909558a86702fde" "/opt/rustwide/cargo-home/bin/cargo" "+beta-2024-12-08" "build" "--frozen" "--message-format=json", kill_on_drop: false }`
[INFO] [stdout] 1d9bd7bf9e508f575b8513f81dc38f648b250f598ea5b2c3674745743118d7d3
[INFO] running `Command { std: "docker" "start" "-a" "1d9bd7bf9e508f575b8513f81dc38f648b250f598ea5b2c3674745743118d7d3", kill_on_drop: false }`
[INFO] [stderr]    Compiling proc-macro2 v1.0.92
[INFO] [stderr]    Compiling unicode-ident v1.0.14
[INFO] [stderr]    Compiling syn v1.0.109
[INFO] [stderr]    Compiling quote v1.0.37
[INFO] [stderr]    Compiling calculagraph v0.1.0 (/opt/rustwide/workdir)
[INFO] [stderr]     Finished `dev` profile [unoptimized + debuginfo] target(s) in 8.36s
[INFO] running `Command { std: "docker" "inspect" "1d9bd7bf9e508f575b8513f81dc38f648b250f598ea5b2c3674745743118d7d3", kill_on_drop: false }`
[INFO] running `Command { std: "docker" "rm" "-f" "1d9bd7bf9e508f575b8513f81dc38f648b250f598ea5b2c3674745743118d7d3", kill_on_drop: false }`
[INFO] [stdout] 1d9bd7bf9e508f575b8513f81dc38f648b250f598ea5b2c3674745743118d7d3
[INFO] running `Command { std: "docker" "create" "-v" "/var/lib/crater-agent-workspace/builds/worker-4-tc2/target:/opt/rustwide/target:rw,Z" "-v" "/var/lib/crater-agent-workspace/builds/worker-4-tc2/source:/opt/rustwide/workdir:ro,Z" "-v" "/var/lib/crater-agent-workspace/cargo-home:/opt/rustwide/cargo-home:ro,Z" "-v" "/var/lib/crater-agent-workspace/rustup-home:/opt/rustwide/rustup-home:ro,Z" "-e" "SOURCE_DIR=/opt/rustwide/workdir" "-e" "CARGO_TARGET_DIR=/opt/rustwide/target" "-e" "CARGO_INCREMENTAL=0" "-e" "RUST_BACKTRACE=full" "-e" "RUSTFLAGS=--cap-lints=warn" "-e" "RUSTDOCFLAGS=--cap-lints=warn" "-e" "CARGO_HOME=/opt/rustwide/cargo-home" "-e" "RUSTUP_HOME=/opt/rustwide/rustup-home" "-w" "/opt/rustwide/workdir" "-m" "1610612736" "--user" "0:0" "--network" "none" "ghcr.io/rust-lang/crates-build-env/linux@sha256:f3a9d4ad9d972b27faf3965f35b62e55ba32bbce8f20bc8fe909558a86702fde" "/opt/rustwide/cargo-home/bin/cargo" "+beta-2024-12-08" "test" "--frozen" "--no-run" "--message-format=json", kill_on_drop: false }`
[INFO] [stdout] efe095b22a5c84088eb9fcbc80cd27241b59eb03ff80169c7d4fa30d08f911de
[INFO] running `Command { std: "docker" "start" "-a" "efe095b22a5c84088eb9fcbc80cd27241b59eb03ff80169c7d4fa30d08f911de", kill_on_drop: false }`
[INFO] [stderr]    Compiling calculagraph v0.1.0 (/opt/rustwide/workdir)
[INFO] [stderr]     Finished `test` profile [unoptimized + debuginfo] target(s) in 1.06s
[INFO] running `Command { std: "docker" "inspect" "efe095b22a5c84088eb9fcbc80cd27241b59eb03ff80169c7d4fa30d08f911de", kill_on_drop: false }`
[INFO] running `Command { std: "docker" "rm" "-f" "efe095b22a5c84088eb9fcbc80cd27241b59eb03ff80169c7d4fa30d08f911de", kill_on_drop: false }`
[INFO] [stdout] efe095b22a5c84088eb9fcbc80cd27241b59eb03ff80169c7d4fa30d08f911de
[INFO] running `Command { std: "docker" "create" "-v" "/var/lib/crater-agent-workspace/builds/worker-4-tc2/target:/opt/rustwide/target:rw,Z" "-v" "/var/lib/crater-agent-workspace/builds/worker-4-tc2/source:/opt/rustwide/workdir:ro,Z" "-v" "/var/lib/crater-agent-workspace/cargo-home:/opt/rustwide/cargo-home:ro,Z" "-v" "/var/lib/crater-agent-workspace/rustup-home:/opt/rustwide/rustup-home:ro,Z" "-e" "SOURCE_DIR=/opt/rustwide/workdir" "-e" "CARGO_TARGET_DIR=/opt/rustwide/target" "-e" "CARGO_INCREMENTAL=0" "-e" "RUST_BACKTRACE=full" "-e" "RUSTFLAGS=--cap-lints=warn" "-e" "RUSTDOCFLAGS=--cap-lints=warn" "-e" "CARGO_HOME=/opt/rustwide/cargo-home" "-e" "RUSTUP_HOME=/opt/rustwide/rustup-home" "-w" "/opt/rustwide/workdir" "-m" "1610612736" "--user" "0:0" "--network" "none" "ghcr.io/rust-lang/crates-build-env/linux@sha256:f3a9d4ad9d972b27faf3965f35b62e55ba32bbce8f20bc8fe909558a86702fde" "/opt/rustwide/cargo-home/bin/cargo" "+beta-2024-12-08" "test" "--frozen", kill_on_drop: false }`
[INFO] [stdout] f788cbaf78a4882a2f6b0e7233a0fc19f8df925f4ef85a499230124bee2583e2
[INFO] running `Command { std: "docker" "start" "-a" "f788cbaf78a4882a2f6b0e7233a0fc19f8df925f4ef85a499230124bee2583e2", kill_on_drop: false }`
[INFO] [stderr]     Finished `test` profile [unoptimized + debuginfo] target(s) in 0.02s
[INFO] [stdout] 
[INFO] [stderr]      Running unittests src/lib.rs (/opt/rustwide/target/debug/deps/calculagraph-e24311a60b86483e)
[INFO] [stdout] running 0 tests
[INFO] [stdout] 
[INFO] [stdout] test result: ok. 0 passed; 0 failed; 0 ignored; 0 measured; 0 filtered out; finished in 0.00s
[INFO] [stdout] 
[INFO] [stderr]    Doc-tests calculagraph
[INFO] [stdout] 
[INFO] [stdout] running 5 tests
[INFO] [stdout] test src/lib.rs - timer_log_trace (line 142) ... FAILED
[INFO] [stdout] test src/lib.rs - timer_log_info (line 86) ... FAILED
[INFO] [stdout] test src/lib.rs - timer_log_debug (line 114) ... FAILED
[INFO] [stdout] test src/lib.rs - timer_println (line 58) ... FAILED
[INFO] [stdout] test src/lib.rs - (line 18) ... ok
[INFO] [stdout] 
[INFO] [stdout] failures:
[INFO] [stdout] 
[INFO] [stdout] ---- src/lib.rs - timer_log_trace (line 142) stdout ----
[INFO] [stdout] error: cannot find attribute `timer_log_trace` in this scope
[INFO] [stdout]  --> src/lib.rs:149:3
[INFO] [stdout]   |
[INFO] [stdout] 9 | #[timer_log_trace(ns, "func2() execution time: {}ns")]
[INFO] [stdout]   |   ^^^^^^^^^^^^^^^
[INFO] [stdout]   |
[INFO] [stdout] help: consider importing this attribute macro
[INFO] [stdout]   |
[INFO] [stdout] 2 + use calculagraph::timer_log_trace;
[INFO] [stdout]   |
[INFO] [stdout] 
[INFO] [stdout] error: cannot find attribute `timer_log_trace` in this scope
[INFO] [stdout]  --> src/lib.rs:146:3
[INFO] [stdout]   |
[INFO] [stdout] 6 | #[timer_log_trace(ns)]
[INFO] [stdout]   |   ^^^^^^^^^^^^^^^
[INFO] [stdout]   |
[INFO] [stdout] help: consider importing this attribute macro
[INFO] [stdout]   |
[INFO] [stdout] 2 + use calculagraph::timer_log_trace;
[INFO] [stdout]   |
[INFO] [stdout] 
[INFO] [stdout] error: cannot find attribute `timer_log_trace` in this scope
[INFO] [stdout]  --> src/lib.rs:143:3
[INFO] [stdout]   |
[INFO] [stdout] 3 | #[timer_log_trace]
[INFO] [stdout]   |   ^^^^^^^^^^^^^^^
[INFO] [stdout]   |
[INFO] [stdout] help: consider importing this attribute macro
[INFO] [stdout]   |
[INFO] [stdout] 2 + use calculagraph::timer_log_trace;
[INFO] [stdout]   |
[INFO] [stdout] 
[INFO] [stdout] error: aborting due to 3 previous errors
[INFO] [stdout] 
[INFO] [stdout] Couldn't compile the test.
[INFO] [stdout] ---- src/lib.rs - timer_log_info (line 86) stdout ----
[INFO] [stdout] error: cannot find attribute `timer_log_info` in this scope
[INFO] [stdout]  --> src/lib.rs:93:3
[INFO] [stdout]   |
[INFO] [stdout] 9 | #[timer_log_info(ns, "func2() execution time: {}ns")]
[INFO] [stdout]   |   ^^^^^^^^^^^^^^
[INFO] [stdout]   |
[INFO] [stdout] help: consider importing this attribute macro
[INFO] [stdout]   |
[INFO] [stdout] 2 + use calculagraph::timer_log_info;
[INFO] [stdout]   |
[INFO] [stdout] 
[INFO] [stdout] error: cannot find attribute `timer_log_info` in this scope
[INFO] [stdout]  --> src/lib.rs:90:3
[INFO] [stdout]   |
[INFO] [stdout] 6 | #[timer_log_info(ns)]
[INFO] [stdout]   |   ^^^^^^^^^^^^^^
[INFO] [stdout]   |
[INFO] [stdout] help: consider importing this attribute macro
[INFO] [stdout]   |
[INFO] [stdout] 2 + use calculagraph::timer_log_info;
[INFO] [stdout]   |
[INFO] [stdout] 
[INFO] [stdout] error: cannot find attribute `timer_log_info` in this scope
[INFO] [stdout]  --> src/lib.rs:87:3
[INFO] [stdout]   |
[INFO] [stdout] 3 | #[timer_log_info]
[INFO] [stdout]   |   ^^^^^^^^^^^^^^
[INFO] [stdout]   |
[INFO] [stdout] help: consider importing this attribute macro
[INFO] [stdout]   |
[INFO] [stdout] 2 + use calculagraph::timer_log_info;
[INFO] [stdout]   |
[INFO] [stdout] 
[INFO] [stdout] error: aborting due to 3 previous errors
[INFO] [stdout] 
[INFO] [stdout] Couldn't compile the test.
[INFO] [stdout] ---- src/lib.rs - timer_log_debug (line 114) stdout ----
[INFO] [stdout] error: cannot find attribute `timer_log_debug` in this scope
[INFO] [stdout]  --> src/lib.rs:121:3
[INFO] [stdout]   |
[INFO] [stdout] 9 | #[timer_log_debug(ns, "func2() execution time: {}ns")]
[INFO] [stdout]   |   ^^^^^^^^^^^^^^^
[INFO] [stdout]   |
[INFO] [stdout] help: consider importing this attribute macro
[INFO] [stdout]   |
[INFO] [stdout] 2 + use calculagraph::timer_log_debug;
[INFO] [stdout]   |
[INFO] [stdout] 
[INFO] [stdout] error: cannot find attribute `timer_log_debug` in this scope
[INFO] [stdout]  --> src/lib.rs:118:3
[INFO] [stdout]   |
[INFO] [stdout] 6 | #[timer_log_debug(ns)]
[INFO] [stdout]   |   ^^^^^^^^^^^^^^^
[INFO] [stdout]   |
[INFO] [stdout] help: consider importing this attribute macro
[INFO] [stdout]   |
[INFO] [stdout] 2 + use calculagraph::timer_log_debug;
[INFO] [stdout]   |
[INFO] [stdout] 
[INFO] [stdout] error: cannot find attribute `timer_log_debug` in this scope
[INFO] [stdout]  --> src/lib.rs:115:3
[INFO] [stdout]   |
[INFO] [stdout] 3 | #[timer_log_debug]
[INFO] [stdout]   |   ^^^^^^^^^^^^^^^
[INFO] [stdout]   |
[INFO] [stdout] help: consider importing this attribute macro
[INFO] [stdout]   |
[INFO] [stdout] 2 + use calculagraph::timer_log_debug;
[INFO] [stdout]   |
[INFO] [stdout] 
[INFO] [stdout] error: aborting due to 3 previous errors
[INFO] [stdout] 
[INFO] [stdout] Couldn't compile the test.
[INFO] [stdout] ---- src/lib.rs - timer_println (line 58) stdout ----
[INFO] [stdout] error: cannot find attribute `timer_println` in this scope
[INFO] [stdout]  --> src/lib.rs:65:3
[INFO] [stdout]   |
[INFO] [stdout] 9 | #[timer_println(ns, "func2() execution time: {}ns")]
[INFO] [stdout]   |   ^^^^^^^^^^^^^
[INFO] [stdout]   |
[INFO] [stdout] help: consider importing this attribute macro
[INFO] [stdout]   |
[INFO] [stdout] 2 + use calculagraph::timer_println;
[INFO] [stdout]   |
[INFO] [stdout] 
[INFO] [stdout] error: cannot find attribute `timer_println` in this scope
[INFO] [stdout]  --> src/lib.rs:62:3
[INFO] [stdout]   |
[INFO] [stdout] 6 | #[timer_println(ns)]
[INFO] [stdout]   |   ^^^^^^^^^^^^^
[INFO] [stdout]   |
[INFO] [stdout] help: consider importing this attribute macro
[INFO] [stdout]   |
[INFO] [stdout] 2 + use calculagraph::timer_println;
[INFO] [stdout]   |
[INFO] [stdout] 
[INFO] [stdout] error: cannot find attribute `timer_println` in this scope
[INFO] [stdout]  --> src/lib.rs:59:3
[INFO] [stdout]   |
[INFO] [stdout] 3 | #[timer_println]
[INFO] [stdout]   |   ^^^^^^^^^^^^^
[INFO] [stdout]   |
[INFO] [stdout] help: consider importing this attribute macro
[INFO] [stdout]   |
[INFO] [stdout] 2 + use calculagraph::timer_println;
[INFO] [stdout]   |
[INFO] [stdout] 
[INFO] [stdout] error: aborting due to 3 previous errors
[INFO] [stdout] 
[INFO] [stdout] Couldn't compile the test.
[INFO] [stdout] 
[INFO] [stdout] failures:
[INFO] [stdout]     src/lib.rs - timer_log_debug (line 114)
[INFO] [stdout]     src/lib.rs - timer_log_info (line 86)
[INFO] [stdout]     src/lib.rs - timer_log_trace (line 142)
[INFO] [stdout]     src/lib.rs - timer_println (line 58)
[INFO] [stdout] 
[INFO] [stdout] test result: FAILED. 1 passed; 4 failed; 0 ignored; 0 measured; 0 filtered out; finished in 0.48s
[INFO] [stdout] 
[INFO] [stderr] error: doctest failed, to rerun pass `--doc`
[INFO] running `Command { std: "docker" "inspect" "f788cbaf78a4882a2f6b0e7233a0fc19f8df925f4ef85a499230124bee2583e2", kill_on_drop: false }`
[INFO] running `Command { std: "docker" "rm" "-f" "f788cbaf78a4882a2f6b0e7233a0fc19f8df925f4ef85a499230124bee2583e2", kill_on_drop: false }`
[INFO] [stdout] f788cbaf78a4882a2f6b0e7233a0fc19f8df925f4ef85a499230124bee2583e2
