[INFO] fetching crate caesura 0.22.3...
[INFO] testing caesura-0.22.3 against 1.83.0 for beta-1.84.0-4-retry
[INFO] extracting crate caesura 0.22.3 into /workspace/builds/worker-2-tc1/source
[INFO] validating manifest of crates.io crate caesura 0.22.3 on toolchain 1.83.0
[INFO] running `Command { std: CARGO_HOME="/workspace/cargo-home" RUSTUP_HOME="/workspace/rustup-home" "/workspace/cargo-home/bin/cargo" "+1.83.0" "metadata" "--manifest-path" "Cargo.toml" "--no-deps", kill_on_drop: false }`
[INFO] started tweaking crates.io crate caesura 0.22.3
[INFO] finished tweaking crates.io crate caesura 0.22.3
[INFO] tweaked toml for crates.io crate caesura 0.22.3 written to /workspace/builds/worker-2-tc1/source/Cargo.toml
[INFO] crate crates.io crate caesura 0.22.3 already has a lockfile, it will not be regenerated
[INFO] running `Command { std: CARGO_HOME="/workspace/cargo-home" RUSTUP_HOME="/workspace/rustup-home" "/workspace/cargo-home/bin/cargo" "+1.83.0" "fetch" "--manifest-path" "Cargo.toml", kill_on_drop: false }`
[INFO] [stderr]     Updating crates.io index
[INFO] [stderr]  Downloading crates ...
[INFO] [stderr]   Downloaded more-di v3.1.0
[INFO] [stderr]   Downloaded more-di-macros v3.1.0
[INFO] [stderr]   Downloaded rogue_logging v0.2.1
[INFO] [stderr]   Downloaded gazelle_api v0.3.2
[INFO] running `Command { std: "docker" "create" "-v" "/var/lib/crater-agent-workspace/builds/worker-2-tc1/target:/opt/rustwide/target:rw,Z" "-v" "/var/lib/crater-agent-workspace/builds/worker-2-tc1/source:/opt/rustwide/workdir:ro,Z" "-v" "/var/lib/crater-agent-workspace/cargo-home:/opt/rustwide/cargo-home:ro,Z" "-v" "/var/lib/crater-agent-workspace/rustup-home:/opt/rustwide/rustup-home:ro,Z" "-e" "SOURCE_DIR=/opt/rustwide/workdir" "-e" "CARGO_TARGET_DIR=/opt/rustwide/target" "-e" "CARGO_HOME=/opt/rustwide/cargo-home" "-e" "RUSTUP_HOME=/opt/rustwide/rustup-home" "-w" "/opt/rustwide/workdir" "-m" "1610612736" "--user" "0:0" "--network" "none" "ghcr.io/rust-lang/crates-build-env/linux@sha256:f3a9d4ad9d972b27faf3965f35b62e55ba32bbce8f20bc8fe909558a86702fde" "/opt/rustwide/cargo-home/bin/cargo" "+1.83.0" "metadata" "--no-deps" "--format-version=1", kill_on_drop: false }`
[INFO] [stdout] d63acc42974a796ed6b8c7b7bedf504ccd306105aaa596f0bf95a4c6b063b334
[INFO] running `Command { std: "docker" "start" "-a" "d63acc42974a796ed6b8c7b7bedf504ccd306105aaa596f0bf95a4c6b063b334", kill_on_drop: false }`
[INFO] running `Command { std: "docker" "inspect" "d63acc42974a796ed6b8c7b7bedf504ccd306105aaa596f0bf95a4c6b063b334", kill_on_drop: false }`
[INFO] running `Command { std: "docker" "rm" "-f" "d63acc42974a796ed6b8c7b7bedf504ccd306105aaa596f0bf95a4c6b063b334", kill_on_drop: false }`
[INFO] [stdout] d63acc42974a796ed6b8c7b7bedf504ccd306105aaa596f0bf95a4c6b063b334
[INFO] running `Command { std: "docker" "create" "-v" "/var/lib/crater-agent-workspace/builds/worker-2-tc1/target:/opt/rustwide/target:rw,Z" "-v" "/var/lib/crater-agent-workspace/builds/worker-2-tc1/source:/opt/rustwide/workdir:ro,Z" "-v" "/var/lib/crater-agent-workspace/cargo-home:/opt/rustwide/cargo-home:ro,Z" "-v" "/var/lib/crater-agent-workspace/rustup-home:/opt/rustwide/rustup-home:ro,Z" "-e" "SOURCE_DIR=/opt/rustwide/workdir" "-e" "CARGO_TARGET_DIR=/opt/rustwide/target" "-e" "CARGO_INCREMENTAL=0" "-e" "RUST_BACKTRACE=full" "-e" "RUSTFLAGS=--cap-lints=warn" "-e" "RUSTDOCFLAGS=--cap-lints=warn" "-e" "CARGO_HOME=/opt/rustwide/cargo-home" "-e" "RUSTUP_HOME=/opt/rustwide/rustup-home" "-w" "/opt/rustwide/workdir" "-m" "1610612736" "--user" "0:0" "--network" "none" "ghcr.io/rust-lang/crates-build-env/linux@sha256:f3a9d4ad9d972b27faf3965f35b62e55ba32bbce8f20bc8fe909558a86702fde" "/opt/rustwide/cargo-home/bin/cargo" "+1.83.0" "build" "--frozen" "--message-format=json", kill_on_drop: false }`
[INFO] [stdout] 3cf9005656c07691e02f1bc6be998f6d9828a3cb3f40db78d61972318f89c4ce
[INFO] running `Command { std: "docker" "start" "-a" "3cf9005656c07691e02f1bc6be998f6d9828a3cb3f40db78d61972318f89c4ce", kill_on_drop: false }`
[INFO] [stderr]    Compiling proc-macro2 v1.0.92
[INFO] [stderr]    Compiling unicode-ident v1.0.14
[INFO] [stderr]    Compiling autocfg v1.4.0
[INFO] [stderr]    Compiling libc v0.2.168
[INFO] [stderr]    Compiling cfg-if v1.0.0
[INFO] [stderr]    Compiling smallvec v1.13.2
[INFO] [stderr]    Compiling stable_deref_trait v1.2.0
[INFO] [stderr]    Compiling pin-project-lite v0.2.15
[INFO] [stderr]    Compiling memchr v2.7.4
[INFO] [stderr]    Compiling futures-core v0.3.31
[INFO] [stderr]    Compiling futures-sink v0.3.31
[INFO] [stderr]    Compiling itoa v1.0.14
[INFO] [stderr]    Compiling bytes v1.9.0
[INFO] [stderr]    Compiling parking_lot_core v0.9.10
[INFO] [stderr]    Compiling shlex v1.3.0
[INFO] [stderr]    Compiling scopeguard v1.2.0
[INFO] [stderr]    Compiling futures-task v0.3.31
[INFO] [stderr]    Compiling litemap v0.7.4
[INFO] [stderr]    Compiling pin-utils v0.1.0
[INFO] [stderr]    Compiling writeable v0.5.5
[INFO] [stderr]    Compiling futures-io v0.3.31
[INFO] [stderr]    Compiling once_cell v1.20.2
[INFO] [stderr]    Compiling cc v1.2.3
[INFO] [stderr]    Compiling futures-channel v0.3.31
[INFO] [stderr]    Compiling spin v0.9.8
[INFO] [stderr]    Compiling fnv v1.0.7
[INFO] [stderr]    Compiling icu_locid_transform_data v1.5.0
[INFO] [stderr]    Compiling serde v1.0.215
[INFO] [stderr]    Compiling rustls-pki-types v1.10.0
[INFO] [stderr]    Compiling httparse v1.9.5
[INFO] [stderr]    Compiling icu_properties_data v1.5.0
[INFO] [stderr]    Compiling untrusted v0.9.0
[INFO] [stderr]    Compiling tracing-core v0.1.33
[INFO] [stderr]    Compiling ryu v1.0.18
[INFO] [stderr]    Compiling rustls v0.23.19
[INFO] [stderr]    Compiling lock_api v0.4.12
[INFO] [stderr]    Compiling slab v0.4.9
[INFO] [stderr]    Compiling write16 v1.0.0
[INFO] [stderr]    Compiling utf8_iter v1.0.4
[INFO] [stderr]    Compiling http v1.2.0
[INFO] [stderr]    Compiling try-lock v0.2.5
[INFO] [stderr]    Compiling utf16_iter v1.0.5
[INFO] [stderr]    Compiling icu_normalizer_data v1.5.0
[INFO] [stderr]    Compiling utf8parse v0.2.2
[INFO] [stderr]    Compiling num-traits v0.2.19
[INFO] [stderr]    Compiling anstyle-parse v0.2.6
[INFO] [stderr]    Compiling want v0.3.1
[INFO] [stderr]    Compiling percent-encoding v2.3.1
[INFO] [stderr]    Compiling lazy_static v1.5.0
[INFO] [stderr]    Compiling unicase v2.8.0
[INFO] [stderr]    Compiling subtle v2.6.1
[INFO] [stderr]    Compiling anstyle v1.0.10
[INFO] [stderr]    Compiling colorchoice v1.0.3
[INFO] [stderr]    Compiling zeroize v1.8.1
[INFO] [stderr]    Compiling tower-service v0.3.3
[INFO] [stderr]    Compiling anstyle-query v1.1.2
[INFO] [stderr]    Compiling is_terminal_polyfill v1.70.1
[INFO] [stderr]    Compiling mime_guess v2.0.5
[INFO] [stderr]    Compiling anstream v0.6.18
[INFO] [stderr]    Compiling form_urlencoded v1.2.1
[INFO] [stderr]    Compiling serde_json v1.0.133
[INFO] [stderr]    Compiling log v0.4.22
[INFO] [stderr]    Compiling heck v0.5.0
[INFO] [stderr]    Compiling clap_lex v0.7.4
[INFO] [stderr]    Compiling tracing v0.1.41
[INFO] [stderr]    Compiling equivalent v1.0.1
[INFO] [stderr]    Compiling strsim v0.11.1
[INFO] [stderr]    Compiling hashbrown v0.15.2
[INFO] [stderr]    Compiling quote v1.0.37
[INFO] [stderr]    Compiling webpki-roots v0.26.7
[INFO] [stderr]    Compiling aho-corasick v1.1.3
[INFO] [stderr]    Compiling adler2 v2.0.0
[INFO] [stderr]    Compiling regex-syntax v0.8.5
[INFO] [stderr]    Compiling paste v1.0.15
[INFO] [stderr]    Compiling http-body v1.0.1
[INFO] [stderr]    Compiling clap_builder v4.5.23
[INFO] [stderr]    Compiling unsafe-libyaml v0.2.11
[INFO] [stderr]    Compiling portable-atomic v1.10.0
[INFO] [stderr]    Compiling syn v2.0.90
[INFO] [stderr]    Compiling iana-time-zone v0.1.61
[INFO] [stderr]    Compiling mime v0.3.17
[INFO] [stderr]    Compiling mio v1.0.3
[INFO] [stderr]    Compiling socket2 v0.5.8
[INFO] [stderr]    Compiling signal-hook-registry v1.4.2
[INFO] [stderr]    Compiling parking_lot v0.12.3
[INFO] [stderr]    Compiling getrandom v0.2.15
[INFO] [stderr]    Compiling indexmap v2.7.0
[INFO] [stderr]    Compiling chrono v0.4.39
[INFO] [stderr]    Compiling miniz_oxide v0.8.0
[INFO] [stderr]    Compiling colored v2.1.0
[INFO] [stderr]    Compiling rustls-pemfile v2.2.0
[INFO] [stderr]    Compiling ring v0.17.8
[INFO] [stderr]    Compiling sync_wrapper v1.0.2
[INFO] [stderr]    Compiling crc32fast v1.4.2
[INFO] [stderr]    Compiling built v0.7.5
[INFO] [stderr]    Compiling tower-layer v0.3.3
[INFO] [stderr]    Compiling base64 v0.22.1
[INFO] [stderr]    Compiling sync_wrapper v0.1.2
[INFO] [stderr]    Compiling ipnet v2.10.1
[INFO] [stderr]    Compiling byteorder v1.5.0
[INFO] [stderr]    Compiling unicode-width v0.1.14
[INFO] [stderr]    Compiling flate2 v1.0.35
[INFO] [stderr]    Compiling caesura v0.22.3 (/opt/rustwide/workdir)
[INFO] [stderr]    Compiling ogg_pager v0.6.1
[INFO] [stderr]    Compiling console v0.15.8
[INFO] [stderr]    Compiling unicode-width v0.2.0
[INFO] [stderr]    Compiling data-encoding v2.6.0
[INFO] [stderr]    Compiling utf8-width v0.1.7
[INFO] [stderr]    Compiling number_prefix v0.4.0
[INFO] [stderr]    Compiling html-escape v0.2.13
[INFO] [stderr]    Compiling num_cpus v1.16.0
[INFO] [stderr]    Compiling humantime v2.1.0
[INFO] [stderr]    Compiling claxon v0.4.3
[INFO] [stderr]    Compiling indicatif v0.17.9
[INFO] [stderr]    Compiling regex-automata v0.4.9
[INFO] [stderr]    Compiling synstructure v0.13.1
[INFO] [stderr]    Compiling regex v1.11.1
[INFO] [stderr]    Compiling rustls-webpki v0.102.8
[INFO] [stderr]    Compiling zerofrom-derive v0.1.5
[INFO] [stderr]    Compiling yoke-derive v0.7.5
[INFO] [stderr]    Compiling zerovec-derive v0.10.3
[INFO] [stderr]    Compiling displaydoc v0.2.5
[INFO] [stderr]    Compiling futures-macro v0.3.31
[INFO] [stderr]    Compiling tokio-macros v2.4.0
[INFO] [stderr]    Compiling icu_provider_macros v1.5.0
[INFO] [stderr]    Compiling serde_derive v1.0.215
[INFO] [stderr]    Compiling clap_derive v4.5.18
[INFO] [stderr]    Compiling more-di-macros v3.1.0
[INFO] [stderr]    Compiling lofty_attr v0.11.0
[INFO] [stderr]    Compiling tokio v1.42.0
[INFO] [stderr]    Compiling more-di v3.1.0
[INFO] [stderr]    Compiling futures-util v0.3.31
[INFO] [stderr]    Compiling lofty v0.21.1
[INFO] [stderr]    Compiling zerofrom v0.1.5
[INFO] [stderr]    Compiling clap v4.5.23
[INFO] [stderr]    Compiling yoke v0.7.5
[INFO] [stderr]    Compiling zerovec v0.10.4
[INFO] [stderr]    Compiling tinystr v0.7.6
[INFO] [stderr]    Compiling icu_collections v1.5.0
[INFO] [stderr]    Compiling icu_locid v1.5.0
[INFO] [stderr]    Compiling icu_provider v1.5.0
[INFO] [stderr]    Compiling icu_locid_transform v1.5.0
[INFO] [stderr]    Compiling icu_properties v1.5.1
[INFO] [stderr]    Compiling http-body-util v0.1.2
[INFO] [stderr]    Compiling futures-executor v0.3.31
[INFO] [stderr]    Compiling futures v0.3.31
[INFO] [stderr]    Compiling serde_yaml v0.9.34+deprecated
[INFO] [stderr]    Compiling serde_urlencoded v0.7.1
[INFO] [stderr]    Compiling hyper v1.5.1
[INFO] [stderr]    Compiling tokio-rustls v0.26.1
[INFO] [stderr]    Compiling tokio-util v0.7.13
[INFO] [stderr]    Compiling tower v0.5.1
[INFO] [stderr]    Compiling icu_normalizer v1.5.0
[INFO] [stderr]    Compiling hyper-util v0.1.10
[INFO] [stderr]    Compiling rogue_logging v0.2.1
[INFO] [stderr]    Compiling idna_adapter v1.2.0
[INFO] [stderr]    Compiling idna v1.0.3
[INFO] [stderr]    Compiling hyper-rustls v0.27.3
[INFO] [stderr]    Compiling url v2.5.4
[INFO] [stderr]    Compiling reqwest v0.12.9
[INFO] [stderr]    Compiling gazelle_api v0.3.2
[INFO] [stderr]     Finished `dev` profile [unoptimized + debuginfo] target(s) in 1m 12s
[INFO] running `Command { std: "docker" "inspect" "3cf9005656c07691e02f1bc6be998f6d9828a3cb3f40db78d61972318f89c4ce", kill_on_drop: false }`
[INFO] running `Command { std: "docker" "rm" "-f" "3cf9005656c07691e02f1bc6be998f6d9828a3cb3f40db78d61972318f89c4ce", kill_on_drop: false }`
[INFO] [stdout] 3cf9005656c07691e02f1bc6be998f6d9828a3cb3f40db78d61972318f89c4ce
[INFO] running `Command { std: "docker" "create" "-v" "/var/lib/crater-agent-workspace/builds/worker-2-tc1/target:/opt/rustwide/target:rw,Z" "-v" "/var/lib/crater-agent-workspace/builds/worker-2-tc1/source:/opt/rustwide/workdir:ro,Z" "-v" "/var/lib/crater-agent-workspace/cargo-home:/opt/rustwide/cargo-home:ro,Z" "-v" "/var/lib/crater-agent-workspace/rustup-home:/opt/rustwide/rustup-home:ro,Z" "-e" "SOURCE_DIR=/opt/rustwide/workdir" "-e" "CARGO_TARGET_DIR=/opt/rustwide/target" "-e" "CARGO_INCREMENTAL=0" "-e" "RUST_BACKTRACE=full" "-e" "RUSTFLAGS=--cap-lints=warn" "-e" "RUSTDOCFLAGS=--cap-lints=warn" "-e" "CARGO_HOME=/opt/rustwide/cargo-home" "-e" "RUSTUP_HOME=/opt/rustwide/rustup-home" "-w" "/opt/rustwide/workdir" "-m" "1610612736" "--user" "0:0" "--network" "none" "ghcr.io/rust-lang/crates-build-env/linux@sha256:f3a9d4ad9d972b27faf3965f35b62e55ba32bbce8f20bc8fe909558a86702fde" "/opt/rustwide/cargo-home/bin/cargo" "+1.83.0" "test" "--frozen" "--no-run" "--message-format=json", kill_on_drop: false }`
[INFO] [stdout] 533e21bafcc2430f282352b6c686056e8b7b373e4b59b06fd948ab489b1191bb
[INFO] running `Command { std: "docker" "start" "-a" "533e21bafcc2430f282352b6c686056e8b7b373e4b59b06fd948ab489b1191bb", kill_on_drop: false }`
[INFO] [stderr]    Compiling caesura v0.22.3 (/opt/rustwide/workdir)
[INFO] [stderr]     Finished `test` profile [unoptimized + debuginfo] target(s) in 18.45s
[INFO] running `Command { std: "docker" "inspect" "533e21bafcc2430f282352b6c686056e8b7b373e4b59b06fd948ab489b1191bb", kill_on_drop: false }`
[INFO] running `Command { std: "docker" "rm" "-f" "533e21bafcc2430f282352b6c686056e8b7b373e4b59b06fd948ab489b1191bb", kill_on_drop: false }`
[INFO] [stdout] 533e21bafcc2430f282352b6c686056e8b7b373e4b59b06fd948ab489b1191bb
[INFO] running `Command { std: "docker" "create" "-v" "/var/lib/crater-agent-workspace/builds/worker-2-tc1/target:/opt/rustwide/target:rw,Z" "-v" "/var/lib/crater-agent-workspace/builds/worker-2-tc1/source:/opt/rustwide/workdir:ro,Z" "-v" "/var/lib/crater-agent-workspace/cargo-home:/opt/rustwide/cargo-home:ro,Z" "-v" "/var/lib/crater-agent-workspace/rustup-home:/opt/rustwide/rustup-home:ro,Z" "-e" "SOURCE_DIR=/opt/rustwide/workdir" "-e" "CARGO_TARGET_DIR=/opt/rustwide/target" "-e" "CARGO_INCREMENTAL=0" "-e" "RUST_BACKTRACE=full" "-e" "RUSTFLAGS=--cap-lints=warn" "-e" "RUSTDOCFLAGS=--cap-lints=warn" "-e" "CARGO_HOME=/opt/rustwide/cargo-home" "-e" "RUSTUP_HOME=/opt/rustwide/rustup-home" "-w" "/opt/rustwide/workdir" "-m" "1610612736" "--user" "0:0" "--network" "none" "ghcr.io/rust-lang/crates-build-env/linux@sha256:f3a9d4ad9d972b27faf3965f35b62e55ba32bbce8f20bc8fe909558a86702fde" "/opt/rustwide/cargo-home/bin/cargo" "+1.83.0" "test" "--frozen", kill_on_drop: false }`
[INFO] [stdout] f0859625ef52808d9caf908c120e0268106d4cf7cccc326a4123607dab3fe61e
[INFO] running `Command { std: "docker" "start" "-a" "f0859625ef52808d9caf908c120e0268106d4cf7cccc326a4123607dab3fe61e", kill_on_drop: false }`
[INFO] [stderr]     Finished `test` profile [unoptimized + debuginfo] target(s) in 0.24s
[INFO] [stderr]      Running unittests src/lib.rs (/opt/rustwide/target/debug/deps/caesura-88489539782b1f75)
[INFO] [stdout] 
[INFO] [stdout] running 63 tests
[INFO] [stdout] test db::tests::hash_tests::hash_from_string ... ok
[INFO] [stdout] test db::tests::hash_tests::hash_from_string_invalid_length ... ok
[INFO] [stdout] test eyed3::tests::eyed3_tests::show ... ignored
[INFO] [stdout] test db::tests::hash_tests::hash_from_string_invalid_chars ... ok
[INFO] [stdout] test formats::existing_format_provider::tests::is_same_release_equal ... ok
[INFO] [stdout] test formats::tests::target_format_provider_tests::from_flac_applies_allowed_none ... ok
[INFO] [stdout] test formats::tests::target_format_provider_tests::from_flac_applies_allowed ... ok
[INFO] [stdout] test formats::tests::target_format_provider_tests::from_flac_without_existing ... ok
[INFO] [stdout] test imdl::tests::imdl_tests::show ... ignored
[INFO] [stdout] test naming::tests::humanize_tests::join_humanized_with_slice ... ok
[INFO] [stdout] test fs::tests::copy_dir_tests::test_copy_dir ... FAILED
[INFO] [stdout] test formats::tests::target_format_provider_tests::from_flac24_with_existing ... ok
[INFO] [stdout] test formats::tests::target_format_provider_tests::from_flac24_without_existing ... ok
[INFO] [stdout] test formats::tests::target_format_provider_tests::from_flac_with_existing ... ok
[INFO] [stdout] test naming::tests::sanitizer_tests::remove_restricted_chars ... ok
[INFO] [stdout] test naming::tests::sanitizer_tests::test_contains_dividers ... ok
[INFO] [stdout] test db::tests::hash_tests::hash_to_hex ... ok
[INFO] [stdout] test options::tests::options_tests::batch_options_validate ... ok
[INFO] [stdout] test naming::tests::sanitizer_tests::test_contains_valid_unicode ... ok
[INFO] [stdout] test naming::tests::shortener_tests::get_shortened ... ok
[INFO] [stdout] test options::tests::options_tests::file_options_validate ... ok
[INFO] [stdout] test naming::tests::humanize_tests::join_humanized_with_btreeset ... ok
[INFO] [stdout] test formats::existing_format_provider::tests::is_same_release_invalid ... ok
[INFO] [stdout] test naming::tests::sanitizer_tests::test_contains_valid_emoji ... ok
[INFO] [stdout] test formats::existing_format_provider::tests::is_same_release_zero_padded ... ok
[INFO] [stdout] test naming::tests::sanitizer_tests::test_contains_en_dash ... ok
[INFO] [stdout] test fs::tests::tags_tests::invalid_vinyl_formats ... ok
[INFO] [stdout] test options::tests::options_tests::target_options_validate ... ok
[INFO] [stdout] test options::tests::options_tests::verify_options_validate ... ok
[INFO] [stdout] test options::tests::options_tests::runner_options_validate ... ok
[INFO] [stdout] test db::tests::table_tests::table_end_to_end ... ok
[INFO] [stdout] test queue::tests::timestamp_tests::invalid_timestamp_format ... ok
[INFO] [stdout] test queue::tests::timestamp_tests::round_trip_serialization ... ok
[INFO] [stdout] test queue::tests::timestamp_tests::test_serialize_timestamp_zulu ... ok
[INFO] [stdout] test source::metadata::tests::get_artist_dj ... ok
[INFO] [stdout] test options::tests::options_tests::spectrogram_options_validate ... ok
[INFO] [stdout] test source::metadata::tests::get_artist_none ... ok
[INFO] [stdout] test source::metadata::tests::get_artist_one ... ok
[INFO] [stdout] test source::metadata::tests::get_artist_three ... ok
[INFO] [stdout] test options::tests::options_tests::upload_options_validate ... ok
[INFO] [stdout] test queue::tests::timestamp_tests::deserialize_timestamp ... ok
[INFO] [stdout] test queue::tests::queue_item_tests::from_torrent_with_missing_comment ... ok
[INFO] [stdout] test queue::tests::timestamp_tests::test_serialize_timestamp ... ok
[INFO] [stdout] test source::metadata::tests::get_artist_two ... ok
[INFO] [stdout] test queue::tests::queue_item_tests::from_torrent_with_valid_data ... ok
[INFO] [stdout] test queue::tests::queue_item_tests::from_torrent_with_invalid_comment ... ok
[INFO] [stdout] test fs::tests::tags_tests::valid_vinyl_formats ... ok
[INFO] [stdout] test formats::existing_format_provider::tests::remove_zero_pad_test ... ok
[INFO] [stdout] test verify::tests::source_rules_tests::test_serialize_source_rules_vec ... ok
[INFO] [stdout] test fs::tests::tags_tests::invalid_total_formats ... ok
[INFO] [stdout] test queue::tests::queue_item_tests::from_torrent_with_missing_source ... ok
[INFO] [stdout] test fs::tests::tags_tests::valid_total_formats ... ok
[INFO] [stdout] test queue::tests::queue_tests::queue_get_unprocessed ... ok
[INFO] [stdout] test source::tests::url_helpers_tests::with_torrent_no_group_no_hash ... ok
[INFO] [stdout] test source::tests::url_helpers_tests::with_torrent_and_group_no_hash ... ok
[INFO] [stdout] test source::tests::url_helpers_tests::with_torrent_and_group_and_incorrect_hash ... ok
[INFO] [stdout] test source::tests::url_helpers_tests::with_torrent_and_group_and_hash ... ok
[INFO] [stdout] test options::tests::options_tests::shared_options_validate ... FAILED
[INFO] [stdout] test spectrogram::tests::spectrogram_command_tests::spectrogram_command ... FAILED
[INFO] [stdout] test source::tests::source_provider_tests::source_provider ... FAILED
[INFO] [stdout] test transcode::tests::transcode_command_tests::transcode_command ... FAILED
[INFO] [stdout] test source::tests::url_helpers_tests::invalid ... ok
[INFO] [stdout] test verify::tests::verify_command_tests::verify_command ... FAILED
[INFO] [stdout] 
[INFO] [stdout] failures:
[INFO] [stdout] 
[INFO] [stdout] ---- fs::tests::copy_dir_tests::test_copy_dir stdout ----
[INFO] [stdout] Error: [1mFailed[0m to read source dir
[INFO] [stdout] A file system error occurred
[INFO] [stdout] No such file or directory (os error 2)
[INFO] [stdout] 
[INFO] [stdout] ---- options::tests::options_tests::shared_options_validate stdout ----
[INFO] [stdout] [38;2;112;112;112m2024-12-15 02:46:13.644 [0m[38;2;112;112;112mTRCE[0m [38;2;112;112;112m↩[0m [2m[1mFailed[0m[2m to initialize the logger: attempted to set a logger after the logging system was already initialized[0m
[INFO] [stdout] [38;2;112;112;112m2024-12-15 02:46:13.645 [0m[38;2;112;112;112mTRCE[0m [38;2;112;112;112m↩[0m [2m[1mFailed[0m[2m to initialize the logger: attempted to set a logger after the logging system was already initialized[0m
[INFO] [stdout] [38;2;112;112;112m2024-12-15 02:46:13.645 [0m[33mWARN[0m [33m△[0m [1mFailed[0m to read config file: No such file or directory (os error 2)
[INFO] [stdout] [38;2;112;112;112m2024-12-15 02:46:13.645 [0m[31mERRO[0m [31m![0m [1mInvalid[0m configuration
[INFO] [stdout] [38;2;112;112;112m2024-12-15 02:46:13.645 [0m[31mERRO[0m [31m![0m API Key is not set
[INFO] [stdout] [38;2;112;112;112m2024-12-15 02:46:13.645 [0m[31mERRO[0m [31m![0m Indexer is not set
[INFO] [stdout] [38;2;112;112;112m2024-12-15 02:46:13.645 [0m[31mERRO[0m [31m![0m Indexer URL is not set
[INFO] [stdout] [38;2;112;112;112m2024-12-15 02:46:13.645 [0m[31mERRO[0m [31m![0m Announce URL is not set
[INFO] [stdout] [38;2;112;112;112m2024-12-15 02:46:13.645 [0m[31mERRO[0m [31m![0m Content Directory does not exist: ./content
[INFO] [stdout] [38;2;112;112;112m2024-12-15 02:46:13.645 [0m[31mERRO[0m [31m![0m Output Directory does not exist: ./output
[INFO] [stdout] thread 'options::tests::options_tests::shared_options_validate' panicked at src/options/tests/options_tests.rs:106:5:
[INFO] [stdout] assertion failed: shared_options.validate()
[INFO] [stdout] stack backtrace:
[INFO] [stdout]    0:     0x5b224bf9fdaa - std::backtrace_rs::backtrace::libunwind::trace::h5a5b8284f2d0c266
[INFO] [stdout]                                at /rustc/90b35a6239c3d8bdabc530a6a0816f7ff89a0aaf/library/std/src/../../backtrace/src/backtrace/libunwind.rs:116:5
[INFO] [stdout]    1:     0x5b224bf9fdaa - std::backtrace_rs::backtrace::trace_unsynchronized::h76d4f1c9b0b875e3
[INFO] [stdout]                                at /rustc/90b35a6239c3d8bdabc530a6a0816f7ff89a0aaf/library/std/src/../../backtrace/src/backtrace/mod.rs:66:5
[INFO] [stdout]    2:     0x5b224bf9fdaa - std::sys::backtrace::_print_fmt::hc4546b8364a537c6
[INFO] [stdout]                                at /rustc/90b35a6239c3d8bdabc530a6a0816f7ff89a0aaf/library/std/src/sys/backtrace.rs:66:9
[INFO] [stdout]    3:     0x5b224bf9fdaa - <std::sys::backtrace::BacktraceLock::print::DisplayBacktrace as core::fmt::Display>::fmt::h5b6bd5631a6d1f6b
[INFO] [stdout]                                at /rustc/90b35a6239c3d8bdabc530a6a0816f7ff89a0aaf/library/std/src/sys/backtrace.rs:39:26
[INFO] [stdout]    4:     0x5b224bfcd493 - core::fmt::rt::Argument::fmt::h270f6602a2b96f62
[INFO] [stdout]                                at /rustc/90b35a6239c3d8bdabc530a6a0816f7ff89a0aaf/library/core/src/fmt/rt.rs:177:76
[INFO] [stdout]    5:     0x5b224bfcd493 - core::fmt::write::h7550c97b06c86515
[INFO] [stdout]                                at /rustc/90b35a6239c3d8bdabc530a6a0816f7ff89a0aaf/library/core/src/fmt/mod.rs:1186:21
[INFO] [stdout]    6:     0x5b224bf9bbf3 - std::io::Write::write_fmt::h509ff860e5956e5e
[INFO] [stdout]                                at /rustc/90b35a6239c3d8bdabc530a6a0816f7ff89a0aaf/library/std/src/io/mod.rs:1839:15
[INFO] [stdout]    7:     0x5b224bf9fbf2 - std::sys::backtrace::BacktraceLock::print::h2395ccd2c84ba3aa
[INFO] [stdout]                                at /rustc/90b35a6239c3d8bdabc530a6a0816f7ff89a0aaf/library/std/src/sys/backtrace.rs:42:9
[INFO] [stdout]    8:     0x5b224bfa120a - std::panicking::default_hook::{{closure}}::he19d4c7230e07961
[INFO] [stdout]                                at /rustc/90b35a6239c3d8bdabc530a6a0816f7ff89a0aaf/library/std/src/panicking.rs:268:22
[INFO] [stdout]    9:     0x5b224bfa1014 - std::panicking::default_hook::hf614597d3c67bbdb
[INFO] [stdout]                                at /rustc/90b35a6239c3d8bdabc530a6a0816f7ff89a0aaf/library/std/src/panicking.rs:292:9
[INFO] [stdout]   10:     0x5b224b3d89a9 - <alloc::boxed::Box<F,A> as core::ops::function::Fn<Args>>::call::h39b51ce4599c23d1
[INFO] [stdout]                                at /rustc/90b35a6239c3d8bdabc530a6a0816f7ff89a0aaf/library/alloc/src/boxed.rs:2468:9
[INFO] [stdout]   11:     0x5b224b3d89a9 - test::test_main::{{closure}}::he977ae839a582784
[INFO] [stdout]                                at /rustc/90b35a6239c3d8bdabc530a6a0816f7ff89a0aaf/library/test/src/lib.rs:133:21
[INFO] [stdout]   12:     0x5b224bfa18a8 - <alloc::boxed::Box<F,A> as core::ops::function::Fn<Args>>::call::h9455091b6b06f9fb
[INFO] [stdout]                                at /rustc/90b35a6239c3d8bdabc530a6a0816f7ff89a0aaf/library/alloc/src/boxed.rs:2468:9
[INFO] [stdout]   13:     0x5b224bfa18a8 - std::panicking::rust_panic_with_hook::h8942133a8b252070
[INFO] [stdout]                                at /rustc/90b35a6239c3d8bdabc530a6a0816f7ff89a0aaf/library/std/src/panicking.rs:809:13
[INFO] [stdout]   14:     0x5b224bfa1636 - std::panicking::begin_panic_handler::{{closure}}::hb5f5963570096b29
[INFO] [stdout]                                at /rustc/90b35a6239c3d8bdabc530a6a0816f7ff89a0aaf/library/std/src/panicking.rs:667:13
[INFO] [stdout]   15:     0x5b224bfa0289 - std::sys::backtrace::__rust_end_short_backtrace::h6208cedc1922feda
[INFO] [stdout]                                at /rustc/90b35a6239c3d8bdabc530a6a0816f7ff89a0aaf/library/std/src/sys/backtrace.rs:170:18
[INFO] [stdout]   16:     0x5b224bfa12fc - rust_begin_unwind
[INFO] [stdout]                                at /rustc/90b35a6239c3d8bdabc530a6a0816f7ff89a0aaf/library/std/src/panicking.rs:665:5
[INFO] [stdout]   17:     0x5b224af854a0 - core::panicking::panic_fmt::h0c3082644d1bf418
[INFO] [stdout]                                at /rustc/90b35a6239c3d8bdabc530a6a0816f7ff89a0aaf/library/core/src/panicking.rs:74:14
[INFO] [stdout]   18:     0x5b224af8552c - core::panicking::panic::h957f98c65a3b3074
[INFO] [stdout]                                at /rustc/90b35a6239c3d8bdabc530a6a0816f7ff89a0aaf/library/core/src/panicking.rs:148:5
[INFO] [stdout]   19:     0x5b224b004565 - caesura::options::tests::options_tests::shared_options_validate::{{closure}}::hb2b36d1be37d14a3
[INFO] [stdout]                                at /opt/rustwide/workdir/src/options/tests/options_tests.rs:106:5
[INFO] [stdout]   20:     0x5b224b0dfbf2 - <core::pin::Pin<P> as core::future::future::Future>::poll::hb86092afd9968509
[INFO] [stdout]                                at /rustc/90b35a6239c3d8bdabc530a6a0816f7ff89a0aaf/library/core/src/future/future.rs:123:9
[INFO] [stdout]   21:     0x5b224b0dfc8d - <core::pin::Pin<P> as core::future::future::Future>::poll::hcd8d929e6e2d651d
[INFO] [stdout]                                at /rustc/90b35a6239c3d8bdabc530a6a0816f7ff89a0aaf/library/core/src/future/future.rs:123:9
[INFO] [stdout]   22:     0x5b224b06a05f - tokio::runtime::scheduler::current_thread::CoreGuard::block_on::{{closure}}::{{closure}}::{{closure}}::hc726991f9769c891
[INFO] [stdout]                                at /opt/rustwide/cargo-home/registry/src/index.crates.io-6f17d22bba15001f/tokio-1.42.0/src/runtime/scheduler/current_thread/mod.rs:729:57
[INFO] [stdout]   23:     0x5b224b069955 - tokio::runtime::coop::with_budget::h731a5e632a38a8b0
[INFO] [stdout]                                at /opt/rustwide/cargo-home/registry/src/index.crates.io-6f17d22bba15001f/tokio-1.42.0/src/runtime/coop.rs:107:5
[INFO] [stdout]   24:     0x5b224b069955 - tokio::runtime::coop::budget::h1d8a203dd3d49295
[INFO] [stdout]                                at /opt/rustwide/cargo-home/registry/src/index.crates.io-6f17d22bba15001f/tokio-1.42.0/src/runtime/coop.rs:73:5
[INFO] [stdout]   25:     0x5b224b069955 - tokio::runtime::scheduler::current_thread::CoreGuard::block_on::{{closure}}::{{closure}}::h2b185417bc69b4ac
[INFO] [stdout]                                at /opt/rustwide/cargo-home/registry/src/index.crates.io-6f17d22bba15001f/tokio-1.42.0/src/runtime/scheduler/current_thread/mod.rs:729:25
[INFO] [stdout]   26:     0x5b224b065180 - tokio::runtime::scheduler::current_thread::Context::enter::heb1a5a35ec8fffa9
[INFO] [stdout]                                at /opt/rustwide/cargo-home/registry/src/index.crates.io-6f17d22bba15001f/tokio-1.42.0/src/runtime/scheduler/current_thread/mod.rs:428:19
[INFO] [stdout]   27:     0x5b224b067fde - tokio::runtime::scheduler::current_thread::CoreGuard::block_on::{{closure}}::h1ccd986581924e7c
[INFO] [stdout]                                at /opt/rustwide/cargo-home/registry/src/index.crates.io-6f17d22bba15001f/tokio-1.42.0/src/runtime/scheduler/current_thread/mod.rs:728:36
[INFO] [stdout]   28:     0x5b224b0672a4 - tokio::runtime::scheduler::current_thread::CoreGuard::enter::{{closure}}::h9847196883f6fec9
[INFO] [stdout]                                at /opt/rustwide/cargo-home/registry/src/index.crates.io-6f17d22bba15001f/tokio-1.42.0/src/runtime/scheduler/current_thread/mod.rs:807:68
[INFO] [stdout]   29:     0x5b224b1f270b - tokio::runtime::context::scoped::Scoped<T>::set::he6de82b581e3b966
[INFO] [stdout]                                at /opt/rustwide/cargo-home/registry/src/index.crates.io-6f17d22bba15001f/tokio-1.42.0/src/runtime/context/scoped.rs:40:9
[INFO] [stdout]   30:     0x5b224aff7399 - tokio::runtime::context::set_scheduler::{{closure}}::h3000887f6ac58f81
[INFO] [stdout]                                at /opt/rustwide/cargo-home/registry/src/index.crates.io-6f17d22bba15001f/tokio-1.42.0/src/runtime/context.rs:180:26
[INFO] [stdout]   31:     0x5b224b2af06d - std::thread::local::LocalKey<T>::try_with::h42d1a23ac339be37
[INFO] [stdout]                                at /rustc/90b35a6239c3d8bdabc530a6a0816f7ff89a0aaf/library/std/src/thread/local.rs:283:12
[INFO] [stdout]   32:     0x5b224b2ae1ca - std::thread::local::LocalKey<T>::with::hfd726cf61bfce987
[INFO] [stdout]                                at /rustc/90b35a6239c3d8bdabc530a6a0816f7ff89a0aaf/library/std/src/thread/local.rs:260:9
[INFO] [stdout]   33:     0x5b224aff72ed - tokio::runtime::context::set_scheduler::hfb751195db0b7e24
[INFO] [stdout]                                at /opt/rustwide/cargo-home/registry/src/index.crates.io-6f17d22bba15001f/tokio-1.42.0/src/runtime/context.rs:180:9
[INFO] [stdout]   34:     0x5b224b066650 - tokio::runtime::scheduler::current_thread::CoreGuard::enter::h2a0b8efd37125eb7
[INFO] [stdout]                                at /opt/rustwide/cargo-home/registry/src/index.crates.io-6f17d22bba15001f/tokio-1.42.0/src/runtime/scheduler/current_thread/mod.rs:807:27
[INFO] [stdout]   35:     0x5b224b0672c3 - tokio::runtime::scheduler::current_thread::CoreGuard::block_on::h566d7fdbed080ec1
[INFO] [stdout]                                at /opt/rustwide/cargo-home/registry/src/index.crates.io-6f17d22bba15001f/tokio-1.42.0/src/runtime/scheduler/current_thread/mod.rs:716:19
[INFO] [stdout]   36:     0x5b224b06258a - tokio::runtime::scheduler::current_thread::CurrentThread::block_on::{{closure}}::hf02ab738c8bb74ab
[INFO] [stdout]                                at /opt/rustwide/cargo-home/registry/src/index.crates.io-6f17d22bba15001f/tokio-1.42.0/src/runtime/scheduler/current_thread/mod.rs:196:28
[INFO] [stdout]   37:     0x5b224b254656 - tokio::runtime::context::runtime::enter_runtime::h22d91933b2a8588b
[INFO] [stdout]                                at /opt/rustwide/cargo-home/registry/src/index.crates.io-6f17d22bba15001f/tokio-1.42.0/src/runtime/context/runtime.rs:65:16
[INFO] [stdout]   38:     0x5b224b061281 - tokio::runtime::scheduler::current_thread::CurrentThread::block_on::hb20b095b905c4ae1
[INFO] [stdout]                                at /opt/rustwide/cargo-home/registry/src/index.crates.io-6f17d22bba15001f/tokio-1.42.0/src/runtime/scheduler/current_thread/mod.rs:184:9
[INFO] [stdout]   39:     0x5b224b281b53 - tokio::runtime::runtime::Runtime::block_on_inner::hc0103b939942f21a
[INFO] [stdout]                                at /opt/rustwide/cargo-home/registry/src/index.crates.io-6f17d22bba15001f/tokio-1.42.0/src/runtime/runtime.rs:368:47
[INFO] [stdout]   40:     0x5b224b282097 - tokio::runtime::runtime::Runtime::block_on::h6805e1b5b30b8fde
[INFO] [stdout]                                at /opt/rustwide/cargo-home/registry/src/index.crates.io-6f17d22bba15001f/tokio-1.42.0/src/runtime/runtime.rs:342:13
[INFO] [stdout]   41:     0x5b224b0043b9 - caesura::options::tests::options_tests::shared_options_validate::h83fc3027292f3263
[INFO] [stdout]                                at /opt/rustwide/workdir/src/options/tests/options_tests.rs:106:5
[INFO] [stdout]   42:     0x5b224b004287 - caesura::options::tests::options_tests::shared_options_validate::{{closure}}::hca1fc770dd46e8b2
[INFO] [stdout]                                at /opt/rustwide/workdir/src/options/tests/options_tests.rs:97:35
[INFO] [stdout]   43:     0x5b224b108876 - core::ops::function::FnOnce::call_once::hb0603b890eaa18db
[INFO] [stdout]                                at /rustc/90b35a6239c3d8bdabc530a6a0816f7ff89a0aaf/library/core/src/ops/function.rs:250:5
[INFO] [stdout]   44:     0x5b224b3dd36b - core::ops::function::FnOnce::call_once::h109cf8051a59b34e
[INFO] [stdout]                                at /rustc/90b35a6239c3d8bdabc530a6a0816f7ff89a0aaf/library/core/src/ops/function.rs:250:5
[INFO] [stdout]   45:     0x5b224b3dd36b - test::__rust_begin_short_backtrace::hf4fff89d377446ba
[INFO] [stdout]                                at /rustc/90b35a6239c3d8bdabc530a6a0816f7ff89a0aaf/library/test/src/lib.rs:621:18
[INFO] [stdout]   46:     0x5b224b3dcba7 - test::run_test_in_process::{{closure}}::h0e39181dd7ee5a43
[INFO] [stdout]                                at /rustc/90b35a6239c3d8bdabc530a6a0816f7ff89a0aaf/library/test/src/lib.rs:644:60
[INFO] [stdout]   47:     0x5b224b3dcba7 - <core::panic::unwind_safe::AssertUnwindSafe<F> as core::ops::function::FnOnce<()>>::call_once::hc5a66a30f0bdfd1f
[INFO] [stdout]                                at /rustc/90b35a6239c3d8bdabc530a6a0816f7ff89a0aaf/library/core/src/panic/unwind_safe.rs:272:9
[INFO] [stdout]   48:     0x5b224b3dcba7 - std::panicking::try::do_call::h873b7cf639554a5e
[INFO] [stdout]                                at /rustc/90b35a6239c3d8bdabc530a6a0816f7ff89a0aaf/library/std/src/panicking.rs:557:40
[INFO] [stdout]   49:     0x5b224b3dcba7 - std::panicking::try::hdb19862fad9c8bd1
[INFO] [stdout]                                at /rustc/90b35a6239c3d8bdabc530a6a0816f7ff89a0aaf/library/std/src/panicking.rs:520:19
[INFO] [stdout]   50:     0x5b224b3dcba7 - std::panic::catch_unwind::h281fe732d236d260
[INFO] [stdout]                                at /rustc/90b35a6239c3d8bdabc530a6a0816f7ff89a0aaf/library/std/src/panic.rs:358:14
[INFO] [stdout]   51:     0x5b224b3dcba7 - test::run_test_in_process::h949b6df8457ed338
[INFO] [stdout]                                at /rustc/90b35a6239c3d8bdabc530a6a0816f7ff89a0aaf/library/test/src/lib.rs:644:27
[INFO] [stdout]   52:     0x5b224b3dcba7 - test::run_test::{{closure}}::h52c556a6d4740e10
[INFO] [stdout]                                at /rustc/90b35a6239c3d8bdabc530a6a0816f7ff89a0aaf/library/test/src/lib.rs:565:43
[INFO] [stdout]   53:     0x5b224b3a1e84 - test::run_test::{{closure}}::h4237f6381c45ccb9
[INFO] [stdout]                                at /rustc/90b35a6239c3d8bdabc530a6a0816f7ff89a0aaf/library/test/src/lib.rs:595:41
[INFO] [stdout]   54:     0x5b224b3a1e84 - std::sys::backtrace::__rust_begin_short_backtrace::h505c97a579eca628
[INFO] [stdout]                                at /rustc/90b35a6239c3d8bdabc530a6a0816f7ff89a0aaf/library/std/src/sys/backtrace.rs:154:18
[INFO] [stdout]   55:     0x5b224b3a554e - std::thread::Builder::spawn_unchecked_::{{closure}}::{{closure}}::h9e86b2e2bc107ea3
[INFO] [stdout]                                at /rustc/90b35a6239c3d8bdabc530a6a0816f7ff89a0aaf/library/std/src/thread/mod.rs:538:17
[INFO] [stdout]   56:     0x5b224b3a554e - <core::panic::unwind_safe::AssertUnwindSafe<F> as core::ops::function::FnOnce<()>>::call_once::h8b06ddb275ff4a25
[INFO] [stdout]                                at /rustc/90b35a6239c3d8bdabc530a6a0816f7ff89a0aaf/library/core/src/panic/unwind_safe.rs:272:9
[INFO] [stdout]   57:     0x5b224b3a554e - std::panicking::try::do_call::hb26ecd7cd9a9355d
[INFO] [stdout]                                at /rustc/90b35a6239c3d8bdabc530a6a0816f7ff89a0aaf/library/std/src/panicking.rs:557:40
[INFO] [stdout]   58:     0x5b224b3a554e - std::panicking::try::h8ddeca9d705f9069
[INFO] [stdout]                                at /rustc/90b35a6239c3d8bdabc530a6a0816f7ff89a0aaf/library/std/src/panicking.rs:520:19
[INFO] [stdout]   59:     0x5b224b3a554e - std::panic::catch_unwind::h49e1c33078844c46
[INFO] [stdout]                                at /rustc/90b35a6239c3d8bdabc530a6a0816f7ff89a0aaf/library/std/src/panic.rs:358:14
[INFO] [stdout]   60:     0x5b224b3a554e - std::thread::Builder::spawn_unchecked_::{{closure}}::h6073db6ff56ad35d
[INFO] [stdout]                                at /rustc/90b35a6239c3d8bdabc530a6a0816f7ff89a0aaf/library/std/src/thread/mod.rs:537:30
[INFO] [stdout]   61:     0x5b224b3a554e - core::ops::function::FnOnce::call_once{{vtable.shim}}::h2c5a5f3779c774f1
[INFO] [stdout]                                at /rustc/90b35a6239c3d8bdabc530a6a0816f7ff89a0aaf/library/core/src/ops/function.rs:250:5
[INFO] [stdout]   62:     0x5b224bfa6d0b - <alloc::boxed::Box<F,A> as core::ops::function::FnOnce<Args>>::call_once::hf75717d9f28faebf
[INFO] [stdout]                                at /rustc/90b35a6239c3d8bdabc530a6a0816f7ff89a0aaf/library/alloc/src/boxed.rs:2454:9
[INFO] [stdout]   63:     0x5b224bfa6d0b - <alloc::boxed::Box<F,A> as core::ops::function::FnOnce<Args>>::call_once::h7bd883a5f3c5f3c1
[INFO] [stdout]                                at /rustc/90b35a6239c3d8bdabc530a6a0816f7ff89a0aaf/library/alloc/src/boxed.rs:2454:9
[INFO] [stdout]   64:     0x5b224bfa6d0b - std::sys::pal::unix::thread::Thread::new::thread_start::hcc78f3943333fa94
[INFO] [stdout]                                at /rustc/90b35a6239c3d8bdabc530a6a0816f7ff89a0aaf/library/std/src/sys/pal/unix/thread.rs:105:17
[INFO] [stdout]   65:     0x7699bf938ac3 - <unknown>
[INFO] [stdout]   66:     0x7699bf9c9a04 - clone
[INFO] [stdout]   67:                0x0 - <unknown>
[INFO] [stdout] 
[INFO] [stdout] ---- spectrogram::tests::spectrogram_command_tests::spectrogram_command stdout ----
[INFO] [stdout] [38;2;112;112;112m2024-12-15 02:46:13.659 [0m[38;2;112;112;112mTRCE[0m [38;2;112;112;112m↩[0m [2m[1mFailed[0m[2m to initialize the logger: attempted to set a logger after the logging system was already initialized[0m
[INFO] [stdout] [38;2;112;112;112m2024-12-15 02:46:13.660 [0m[38;2;112;112;112mTRCE[0m [38;2;112;112;112m↩[0m [2m[1mFailed[0m[2m to initialize the logger: attempted to set a logger after the logging system was already initialized[0m
[INFO] [stdout] [38;2;112;112;112m2024-12-15 02:46:13.660 [0m[33mWARN[0m [33m△[0m [1mFailed[0m to read config file: No such file or directory (os error 2)
[INFO] [stdout] thread 'spectrogram::tests::spectrogram_command_tests::spectrogram_command' panicked at src/hosting/host_builder.rs:81:26:
[INFO] [stdout] indexer_url should be set
[INFO] [stdout] stack backtrace:
[INFO] [stdout]    0:     0x5b224bf9fdaa - std::backtrace_rs::backtrace::libunwind::trace::h5a5b8284f2d0c266
[INFO] [stdout]                                at /rustc/90b35a6239c3d8bdabc530a6a0816f7ff89a0aaf/library/std/src/../../backtrace/src/backtrace/libunwind.rs:116:5
[INFO] [stdout]    1:     0x5b224bf9fdaa - std::backtrace_rs::backtrace::trace_unsynchronized::h76d4f1c9b0b875e3
[INFO] [stdout]                                at /rustc/90b35a6239c3d8bdabc530a6a0816f7ff89a0aaf/library/std/src/../../backtrace/src/backtrace/mod.rs:66:5
[INFO] [stdout]    2:     0x5b224bf9fdaa - std::sys::backtrace::_print_fmt::hc4546b8364a537c6
[INFO] [stdout]                                at /rustc/90b35a6239c3d8bdabc530a6a0816f7ff89a0aaf/library/std/src/sys/backtrace.rs:66:9
[INFO] [stdout]    3:     0x5b224bf9fdaa - <std::sys::backtrace::BacktraceLock::print::DisplayBacktrace as core::fmt::Display>::fmt::h5b6bd5631a6d1f6b
[INFO] [stdout]                                at /rustc/90b35a6239c3d8bdabc530a6a0816f7ff89a0aaf/library/std/src/sys/backtrace.rs:39:26
[INFO] [stdout]    4:     0x5b224bfcd493 - core::fmt::rt::Argument::fmt::h270f6602a2b96f62
[INFO] [stdout]                                at /rustc/90b35a6239c3d8bdabc530a6a0816f7ff89a0aaf/library/core/src/fmt/rt.rs:177:76
[INFO] [stdout]    5:     0x5b224bfcd493 - core::fmt::write::h7550c97b06c86515
[INFO] [stdout]                                at /rustc/90b35a6239c3d8bdabc530a6a0816f7ff89a0aaf/library/core/src/fmt/mod.rs:1186:21
[INFO] [stdout]    6:     0x5b224bf9bbf3 - std::io::Write::write_fmt::h509ff860e5956e5e
[INFO] [stdout]                                at /rustc/90b35a6239c3d8bdabc530a6a0816f7ff89a0aaf/library/std/src/io/mod.rs:1839:15
[INFO] [stdout]    7:     0x5b224bf9fbf2 - std::sys::backtrace::BacktraceLock::print::h2395ccd2c84ba3aa
[INFO] [stdout]                                at /rustc/90b35a6239c3d8bdabc530a6a0816f7ff89a0aaf/library/std/src/sys/backtrace.rs:42:9
[INFO] [stdout]    8:     0x5b224bfa120a - std::panicking::default_hook::{{closure}}::he19d4c7230e07961
[INFO] [stdout]                                at /rustc/90b35a6239c3d8bdabc530a6a0816f7ff89a0aaf/library/std/src/panicking.rs:268:22
[INFO] [stdout]    9:     0x5b224bfa1014 - std::panicking::default_hook::hf614597d3c67bbdb
[INFO] [stdout]                                at /rustc/90b35a6239c3d8bdabc530a6a0816f7ff89a0aaf/library/std/src/panicking.rs:292:9
[INFO] [stdout]   10:     0x5b224b3d89a9 - <alloc::boxed::Box<F,A> as core::ops::function::Fn<Args>>::call::h39b51ce4599c23d1
[INFO] [stdout]                                at /rustc/90b35a6239c3d8bdabc530a6a0816f7ff89a0aaf/library/alloc/src/boxed.rs:2468:9
[INFO] [stdout]   11:     0x5b224b3d89a9 - test::test_main::{{closure}}::he977ae839a582784
[INFO] [stdout]                                at /rustc/90b35a6239c3d8bdabc530a6a0816f7ff89a0aaf/library/test/src/lib.rs:133:21
[INFO] [stdout]   12:     0x5b224bfa18a8 - <alloc::boxed::Box<F,A> as core::ops::function::Fn<Args>>::call::h9455091b6b06f9fb
[INFO] [stdout]                                at /rustc/90b35a6239c3d8bdabc530a6a0816f7ff89a0aaf/library/alloc/src/boxed.rs:2468:9
[INFO] [stdout]   13:     0x5b224bfa18a8 - std::panicking::rust_panic_with_hook::h8942133a8b252070
[INFO] [stdout]                                at /rustc/90b35a6239c3d8bdabc530a6a0816f7ff89a0aaf/library/std/src/panicking.rs:809:13
[INFO] [stdout]   14:     0x5b224bfa166a - std::panicking::begin_panic_handler::{{closure}}::hb5f5963570096b29
[INFO] [stdout]                                at /rustc/90b35a6239c3d8bdabc530a6a0816f7ff89a0aaf/library/std/src/panicking.rs:674:13
[INFO] [stdout]   15:     0x5b224bfa0289 - std::sys::backtrace::__rust_end_short_backtrace::h6208cedc1922feda
[INFO] [stdout]                                at /rustc/90b35a6239c3d8bdabc530a6a0816f7ff89a0aaf/library/std/src/sys/backtrace.rs:170:18
[INFO] [stdout]   16:     0x5b224bfa12fc - rust_begin_unwind
[INFO] [stdout]                                at /rustc/90b35a6239c3d8bdabc530a6a0816f7ff89a0aaf/library/std/src/panicking.rs:665:5
[INFO] [stdout]   17:     0x5b224af854a0 - core::panicking::panic_fmt::h0c3082644d1bf418
[INFO] [stdout]                                at /rustc/90b35a6239c3d8bdabc530a6a0816f7ff89a0aaf/library/core/src/panicking.rs:74:14
[INFO] [stdout]   18:     0x5b224af8547b - core::panicking::panic_display::h735d9af8bded520c
[INFO] [stdout]                                at /rustc/90b35a6239c3d8bdabc530a6a0816f7ff89a0aaf/library/core/src/panicking.rs:264:5
[INFO] [stdout]   19:     0x5b224af8547b - core::option::expect_failed::h95d2432053ef5ebb
[INFO] [stdout]                                at /rustc/90b35a6239c3d8bdabc530a6a0816f7ff89a0aaf/library/core/src/option.rs:2021:5
[INFO] [stdout]   20:     0x5b224b35ace2 - core::option::Option<T>::expect::h32447d710049ac71
[INFO] [stdout]                                at /rustc/90b35a6239c3d8bdabc530a6a0816f7ff89a0aaf/library/core/src/option.rs:933:21
[INFO] [stdout]   21:     0x5b224b1b6cc8 - caesura::hosting::host_builder::HostBuilder::new::{{closure}}::h3475586d298e7285
[INFO] [stdout]                                at /opt/rustwide/workdir/src/hosting/host_builder.rs:78:26
[INFO] [stdout]   22:     0x5b224b1490a3 - di::descriptor_builder::ServiceDescriptorBuilder<TSvc,TImpl>::from::{{closure}}::h00a9a475de8e7ab3
[INFO] [stdout]                                at /opt/rustwide/cargo-home/registry/src/index.crates.io-6f17d22bba15001f/more-di-3.1.0/descriptor_builder.rs:36:41
[INFO] [stdout]   23:     0x5b224bf5b567 - di::descriptor::ServiceDescriptor::get::{{closure}}::hb8c95952c8d76dd5
[INFO] [stdout]                                at /opt/rustwide/cargo-home/registry/src/index.crates.io-6f17d22bba15001f/more-di-3.1.0/descriptor.rs:92:43
[INFO] [stdout]   24:     0x5b224bf5a723 - spin::once::Once<T,R>::call_once::{{closure}}::he3177fbbe43e8c7a
[INFO] [stdout]                                at /opt/rustwide/cargo-home/registry/src/index.crates.io-6f17d22bba15001f/spin-0.9.8/src/once.rs:169:72
[INFO] [stdout]   25:     0x5b224bf5a2de - spin::once::Once<T,R>::try_call_once_slow::h43953a2cde9c9571
[INFO] [stdout]                                at /opt/rustwide/cargo-home/registry/src/index.crates.io-6f17d22bba15001f/spin-0.9.8/src/once.rs:255:29
[INFO] [stdout]   26:     0x5b224bf5a09e - spin::once::Once<T,R>::try_call_once::h7d2da56f9ad8a732
[INFO] [stdout]                                at /opt/rustwide/cargo-home/registry/src/index.crates.io-6f17d22bba15001f/spin-0.9.8/src/once.rs:212:13
[INFO] [stdout]   27:     0x5b224bf5a6f9 - spin::once::Once<T,R>::call_once::h2d419d2020397fa1
[INFO] [stdout]                                at /opt/rustwide/cargo-home/registry/src/index.crates.io-6f17d22bba15001f/spin-0.9.8/src/once.rs:169:15
[INFO] [stdout]   28:     0x5b224bf5b4df - di::descriptor::ServiceDescriptor::get::h241ac6fb1c7942b7
[INFO] [stdout]                                at /opt/rustwide/cargo-home/registry/src/index.crates.io-6f17d22bba15001f/more-di-3.1.0/descriptor.rs:92:16
[INFO] [stdout]   29:     0x5b224b100534 - di::provider::ServiceProvider::get::ha65d4d157ae2a2a1
[INFO] [stdout]                                at /opt/rustwide/cargo-home/registry/src/index.crates.io-6f17d22bba15001f/more-di-3.1.0/provider.rs:42:21
[INFO] [stdout]   30:     0x5b224b0fa684 - di::provider::ServiceProvider::get_required::h011de19373d9d2ce
[INFO] [stdout]                                at /opt/rustwide/cargo-home/registry/src/index.crates.io-6f17d22bba15001f/more-di-3.1.0/provider.rs:133:32
[INFO] [stdout]   31:     0x5b224b0fd20a - di::provider::ServiceProvider::get_required_mut::hca57f304816265db
[INFO] [stdout]                                at /opt/rustwide/cargo-home/registry/src/index.crates.io-6f17d22bba15001f/more-di-3.1.0/provider.rs:149:9
[INFO] [stdout]   32:     0x5b224b0378eb - <caesura::source::source_provider::SourceProvider as di::inject::Injectable>::inject::{{closure}}::h7195a62dd8423e54
[INFO] [stdout]                                at /opt/rustwide/workdir/src/source/source_provider.rs:13:1
[INFO] [stdout]   33:     0x5b224b105528 - core::ops::function::FnOnce::call_once::h385330196844c094
[INFO] [stdout]                                at /rustc/90b35a6239c3d8bdabc530a6a0816f7ff89a0aaf/library/core/src/ops/function.rs:250:5
[INFO] [stdout]   34:     0x5b224b35403e - di::activator::Activator::new::{{closure}}::hce8c0b59ef22201c
[INFO] [stdout]                                at /opt/rustwide/cargo-home/registry/src/index.crates.io-6f17d22bba15001f/more-di-3.1.0/activator.rs:58:54
[INFO] [stdout]   35:     0x5b224bf5b511 - di::descriptor::ServiceDescriptor::get::h241ac6fb1c7942b7
[INFO] [stdout]                                at /opt/rustwide/cargo-home/registry/src/index.crates.io-6f17d22bba15001f/more-di-3.1.0/descriptor.rs:89:20
[INFO] [stdout]   36:     0x5b224b101374 - di::provider::ServiceProvider::get::hc1b4d5bad68d7097
[INFO] [stdout]                                at /opt/rustwide/cargo-home/registry/src/index.crates.io-6f17d22bba15001f/more-di-3.1.0/provider.rs:42:21
[INFO] [stdout]   37:     0x5b224b0fb104 - di::provider::ServiceProvider::get_required::h574d91d1a977438b
[INFO] [stdout]                                at /opt/rustwide/cargo-home/registry/src/index.crates.io-6f17d22bba15001f/more-di-3.1.0/provider.rs:133:32
[INFO] [stdout]   38:     0x5b224b0fd1da - di::provider::ServiceProvider::get_required_mut::ha8625f03b529c366
[INFO] [stdout]                                at /opt/rustwide/cargo-home/registry/src/index.crates.io-6f17d22bba15001f/more-di-3.1.0/provider.rs:149:9
[INFO] [stdout]   39:     0x5b224b1cf0ec - caesura::spectrogram::tests::spectrogram_command_tests::spectrogram_command::{{closure}}::h4d56d646b5d93766
[INFO] [stdout]                                at /opt/rustwide/workdir/src/spectrogram/tests/spectrogram_command_tests.rs:27:20
[INFO] [stdout]   40:     0x5b224b0dfd4f - <core::pin::Pin<P> as core::future::future::Future>::poll::he975e048d8d3eed0
[INFO] [stdout]                                at /rustc/90b35a6239c3d8bdabc530a6a0816f7ff89a0aaf/library/core/src/future/future.rs:123:9
[INFO] [stdout]   41:     0x5b224b0df9ab - <core::pin::Pin<P> as core::future::future::Future>::poll::h288a0679d8d4cf8c
[INFO] [stdout]                                at /rustc/90b35a6239c3d8bdabc530a6a0816f7ff89a0aaf/library/core/src/future/future.rs:123:9
[INFO] [stdout]   42:     0x5b224b06a01e - tokio::runtime::scheduler::current_thread::CoreGuard::block_on::{{closure}}::{{closure}}::{{closure}}::h916b2d8338da7d55
[INFO] [stdout]                                at /opt/rustwide/cargo-home/registry/src/index.crates.io-6f17d22bba15001f/tokio-1.42.0/src/runtime/scheduler/current_thread/mod.rs:729:57
[INFO] [stdout]   43:     0x5b224b069b25 - tokio::runtime::coop::with_budget::h08f9fea6be4e21dc
[INFO] [stdout]                                at /opt/rustwide/cargo-home/registry/src/index.crates.io-6f17d22bba15001f/tokio-1.42.0/src/runtime/coop.rs:107:5
[INFO] [stdout]   44:     0x5b224b069b25 - tokio::runtime::coop::budget::h966f8a6fc58bb3ef
[INFO] [stdout]                                at /opt/rustwide/cargo-home/registry/src/index.crates.io-6f17d22bba15001f/tokio-1.42.0/src/runtime/coop.rs:73:5
[INFO] [stdout]   45:     0x5b224b069b25 - tokio::runtime::scheduler::current_thread::CoreGuard::block_on::{{closure}}::{{closure}}::h5758aa814ea7db17
[INFO] [stdout]                                at /opt/rustwide/cargo-home/registry/src/index.crates.io-6f17d22bba15001f/tokio-1.42.0/src/runtime/scheduler/current_thread/mod.rs:729:25
[INFO] [stdout]   46:     0x5b224b0654cd - tokio::runtime::scheduler::current_thread::Context::enter::heb93c043957e917f
[INFO] [stdout]                                at /opt/rustwide/cargo-home/registry/src/index.crates.io-6f17d22bba15001f/tokio-1.42.0/src/runtime/scheduler/current_thread/mod.rs:428:19
[INFO] [stdout]   47:     0x5b224b0676be - tokio::runtime::scheduler::current_thread::CoreGuard::block_on::{{closure}}::h0185f088e4749ff1
[INFO] [stdout]                                at /opt/rustwide/cargo-home/registry/src/index.crates.io-6f17d22bba15001f/tokio-1.42.0/src/runtime/scheduler/current_thread/mod.rs:728:36
[INFO] [stdout]   48:     0x5b224b06727b - tokio::runtime::scheduler::current_thread::CoreGuard::enter::{{closure}}::h86a08eaf25c0b375
[INFO] [stdout]                                at /opt/rustwide/cargo-home/registry/src/index.crates.io-6f17d22bba15001f/tokio-1.42.0/src/runtime/scheduler/current_thread/mod.rs:807:68
[INFO] [stdout]   49:     0x5b224b1f236a - tokio::runtime::context::scoped::Scoped<T>::set::h2bab3ae46e0501ef
[INFO] [stdout]                                at /opt/rustwide/cargo-home/registry/src/index.crates.io-6f17d22bba15001f/tokio-1.42.0/src/runtime/context/scoped.rs:40:9
[INFO] [stdout]   50:     0x5b224aff742a - tokio::runtime::context::set_scheduler::{{closure}}::hdb83b562f1fab617
[INFO] [stdout]                                at /opt/rustwide/cargo-home/registry/src/index.crates.io-6f17d22bba15001f/tokio-1.42.0/src/runtime/context.rs:180:26
[INFO] [stdout]   51:     0x5b224b2af673 - std::thread::local::LocalKey<T>::try_with::h7db4478831fcfb2a
[INFO] [stdout]                                at /rustc/90b35a6239c3d8bdabc530a6a0816f7ff89a0aaf/library/std/src/thread/local.rs:283:12
[INFO] [stdout]   52:     0x5b224b2addf3 - std::thread::local::LocalKey<T>::with::h01023af7ac84c2b8
[INFO] [stdout]                                at /rustc/90b35a6239c3d8bdabc530a6a0816f7ff89a0aaf/library/std/src/thread/local.rs:260:9
[INFO] [stdout]   53:     0x5b224aff72b1 - tokio::runtime::context::set_scheduler::h98cb1516fadd6c4a
[INFO] [stdout]                                at /opt/rustwide/cargo-home/registry/src/index.crates.io-6f17d22bba15001f/tokio-1.42.0/src/runtime/context.rs:180:9
[INFO] [stdout]   54:     0x5b224b066a7e - tokio::runtime::scheduler::current_thread::CoreGuard::enter::ha81fe1d74ac3d60e
[INFO] [stdout]                                at /opt/rustwide/cargo-home/registry/src/index.crates.io-6f17d22bba15001f/tokio-1.42.0/src/runtime/scheduler/current_thread/mod.rs:807:27
[INFO] [stdout]   55:     0x5b224b067338 - tokio::runtime::scheduler::current_thread::CoreGuard::block_on::h640df2748e69c792
[INFO] [stdout]                                at /opt/rustwide/cargo-home/registry/src/index.crates.io-6f17d22bba15001f/tokio-1.42.0/src/runtime/scheduler/current_thread/mod.rs:716:19
[INFO] [stdout]   56:     0x5b224b061a19 - tokio::runtime::scheduler::current_thread::CurrentThread::block_on::{{closure}}::h9103c7a425d552df
[INFO] [stdout]                                at /opt/rustwide/cargo-home/registry/src/index.crates.io-6f17d22bba15001f/tokio-1.42.0/src/runtime/scheduler/current_thread/mod.rs:196:28
[INFO] [stdout]   57:     0x5b224b254fa7 - tokio::runtime::context::runtime::enter_runtime::h843e2f075767eae0
[INFO] [stdout]                                at /opt/rustwide/cargo-home/registry/src/index.crates.io-6f17d22bba15001f/tokio-1.42.0/src/runtime/context/runtime.rs:65:16
[INFO] [stdout]   58:     0x5b224b061106 - tokio::runtime::scheduler::current_thread::CurrentThread::block_on::h0e25ca0cefa6556b
[INFO] [stdout]                                at /opt/rustwide/cargo-home/registry/src/index.crates.io-6f17d22bba15001f/tokio-1.42.0/src/runtime/scheduler/current_thread/mod.rs:184:9
[INFO] [stdout]   59:     0x5b224b281902 - tokio::runtime::runtime::Runtime::block_on_inner::h201ad0be9b59e9e1
[INFO] [stdout]                                at /opt/rustwide/cargo-home/registry/src/index.crates.io-6f17d22bba15001f/tokio-1.42.0/src/runtime/runtime.rs:368:47
[INFO] [stdout]   60:     0x5b224b281e7f - tokio::runtime::runtime::Runtime::block_on::h1c75dc30b75a7137
[INFO] [stdout]                                at /opt/rustwide/cargo-home/registry/src/index.crates.io-6f17d22bba15001f/tokio-1.42.0/src/runtime/runtime.rs:342:13
[INFO] [stdout]   61:     0x5b224b1ceb9f - caesura::spectrogram::tests::spectrogram_command_tests::spectrogram_command::hdbc2b4ce6fb2f6dc
[INFO] [stdout]                                at /opt/rustwide/workdir/src/spectrogram/tests/spectrogram_command_tests.rs:51:5
[INFO] [stdout]   62:     0x5b224b1cea22 - caesura::spectrogram::tests::spectrogram_command_tests::spectrogram_command::{{closure}}::hce07267c3ea42285
[INFO] [stdout]                                at /opt/rustwide/workdir/src/spectrogram/tests/spectrogram_command_tests.rs:16:35
[INFO] [stdout]   63:     0x5b224b109f36 - core::ops::function::FnOnce::call_once::he4429fab3ac5a4c8
[INFO] [stdout]                                at /rustc/90b35a6239c3d8bdabc530a6a0816f7ff89a0aaf/library/core/src/ops/function.rs:250:5
[INFO] [stdout]   64:     0x5b224b3dd36b - core::ops::function::FnOnce::call_once::h109cf8051a59b34e
[INFO] [stdout]                                at /rustc/90b35a6239c3d8bdabc530a6a0816f7ff89a0aaf/library/core/src/ops/function.rs:250:5
[INFO] [stdout]   65:     0x5b224b3dd36b - test::__rust_begin_short_backtrace::hf4fff89d377446ba
[INFO] [stdout]                                at /rustc/90b35a6239c3d8bdabc530a6a0816f7ff89a0aaf/library/test/src/lib.rs:621:18
[INFO] [stdout]   66:     0x5b224b3dcba7 - test::run_test_in_process::{{closure}}::h0e39181dd7ee5a43
[INFO] [stdout]                                at /rustc/90b35a6239c3d8bdabc530a6a0816f7ff89a0aaf/library/test/src/lib.rs:644:60
[INFO] [stdout]   67:     0x5b224b3dcba7 - <core::panic::unwind_safe::AssertUnwindSafe<F> as core::ops::function::FnOnce<()>>::call_once::hc5a66a30f0bdfd1f
[INFO] [stdout]                                at /rustc/90b35a6239c3d8bdabc530a6a0816f7ff89a0aaf/library/core/src/panic/unwind_safe.rs:272:9
[INFO] [stdout]   68:     0x5b224b3dcba7 - std::panicking::try::do_call::h873b7cf639554a5e
[INFO] [stdout]                                at /rustc/90b35a6239c3d8bdabc530a6a0816f7ff89a0aaf/library/std/src/panicking.rs:557:40
[INFO] [stdout]   69:     0x5b224b3dcba7 - std::panicking::try::hdb19862fad9c8bd1
[INFO] [stdout]                                at /rustc/90b35a6239c3d8bdabc530a6a0816f7ff89a0aaf/library/std/src/panicking.rs:520:19
[INFO] [stdout]   70:     0x5b224b3dcba7 - std::panic::catch_unwind::h281fe732d236d260
[INFO] [stdout]                                at /rustc/90b35a6239c3d8bdabc530a6a0816f7ff89a0aaf/library/std/src/panic.rs:358:14
[INFO] [stdout]   71:     0x5b224b3dcba7 - test::run_test_in_process::h949b6df8457ed338
[INFO] [stdout]                                at /rustc/90b35a6239c3d8bdabc530a6a0816f7ff89a0aaf/library/test/src/lib.rs:644:27
[INFO] [stdout]   72:     0x5b224b3dcba7 - test::run_test::{{closure}}::h52c556a6d4740e10
[INFO] [stdout]                                at /rustc/90b35a6239c3d8bdabc530a6a0816f7ff89a0aaf/library/test/src/lib.rs:565:43
[INFO] [stdout]   73:     0x5b224b3a1e84 - test::run_test::{{closure}}::h4237f6381c45ccb9
[INFO] [stdout]                                at /rustc/90b35a6239c3d8bdabc530a6a0816f7ff89a0aaf/library/test/src/lib.rs:595:41
[INFO] [stdout]   74:     0x5b224b3a1e84 - std::sys::backtrace::__rust_begin_short_backtrace::h505c97a579eca628
[INFO] [stdout]                                at /rustc/90b35a6239c3d8bdabc530a6a0816f7ff89a0aaf/library/std/src/sys/backtrace.rs:154:18
[INFO] [stdout]   75:     0x5b224b3a554e - std::thread::Builder::spawn_unchecked_::{{closure}}::{{closure}}::h9e86b2e2bc107ea3
[INFO] [stdout]                                at /rustc/90b35a6239c3d8bdabc530a6a0816f7ff89a0aaf/library/std/src/thread/mod.rs:538:17
[INFO] [stdout]   76:     0x5b224b3a554e - <core::panic::unwind_safe::AssertUnwindSafe<F> as core::ops::function::FnOnce<()>>::call_once::h8b06ddb275ff4a25
[INFO] [stdout]                                at /rustc/90b35a6239c3d8bdabc530a6a0816f7ff89a0aaf/library/core/src/panic/unwind_safe.rs:272:9
[INFO] [stdout]   77:     0x5b224b3a554e - std::panicking::try::do_call::hb26ecd7cd9a9355d
[INFO] [stdout]                                at /rustc/90b35a6239c3d8bdabc530a6a0816f7ff89a0aaf/library/std/src/panicking.rs:557:40
[INFO] [stdout]   78:     0x5b224b3a554e - std::panicking::try::h8ddeca9d705f9069
[INFO] [stdout]                                at /rustc/90b35a6239c3d8bdabc530a6a0816f7ff89a0aaf/library/std/src/panicking.rs:520:19
[INFO] [stdout]   79:     0x5b224b3a554e - std::panic::catch_unwind::h49e1c33078844c46
[INFO] [stdout]                                at /rustc/90b35a6239c3d8bdabc530a6a0816f7ff89a0aaf/library/std/src/panic.rs:358:14
[INFO] [stdout]   80:     0x5b224b3a554e - std::thread::Builder::spawn_unchecked_::{{closure}}::h6073db6ff56ad35d
[INFO] [stdout]                                at /rustc/90b35a6239c3d8bdabc530a6a0816f7ff89a0aaf/library/std/src/thread/mod.rs:537:30
[INFO] [stdout]   81:     0x5b224b3a554e - core::ops::function::FnOnce::call_once{{vtable.shim}}::h2c5a5f3779c774f1
[INFO] [stdout]                                at /rustc/90b35a6239c3d8bdabc530a6a0816f7ff89a0aaf/library/core/src/ops/function.rs:250:5
[INFO] [stdout]   82:     0x5b224bfa6d0b - <alloc::boxed::Box<F,A> as core::ops::function::FnOnce<Args>>::call_once::hf75717d9f28faebf
[INFO] [stdout]                                at /rustc/90b35a6239c3d8bdabc530a6a0816f7ff89a0aaf/library/alloc/src/boxed.rs:2454:9
[INFO] [stdout]   83:     0x5b224bfa6d0b - <alloc::boxed::Box<F,A> as core::ops::function::FnOnce<Args>>::call_once::h7bd883a5f3c5f3c1
[INFO] [stdout]                                at /rustc/90b35a6239c3d8bdabc530a6a0816f7ff89a0aaf/library/alloc/src/boxed.rs:2454:9
[INFO] [stdout]   84:     0x5b224bfa6d0b - std::sys::pal::unix::thread::Thread::new::thread_start::hcc78f3943333fa94
[INFO] [stdout]                                at /rustc/90b35a6239c3d8bdabc530a6a0816f7ff89a0aaf/library/std/src/sys/pal/unix/thread.rs:105:17
[INFO] [stdout]   85:     0x7699bf938ac3 - <unknown>
[INFO] [stdout]   86:     0x7699bf9c9a04 - clone
[INFO] [stdout]   87:                0x0 - <unknown>
[INFO] [stdout] 
[INFO] [stdout] ---- source::tests::source_provider_tests::source_provider stdout ----
[INFO] [stdout] [38;2;112;112;112m2024-12-15 02:46:13.653 [0m[38;2;112;112;112mTRCE[0m [38;2;112;112;112m↩[0m [2m[1mFailed[0m[2m to initialize the logger: attempted to set a logger after the logging system was already initialized[0m
[INFO] [stdout] [38;2;112;112;112m2024-12-15 02:46:13.654 [0m[38;2;112;112;112mTRCE[0m [38;2;112;112;112m↩[0m [2m[1mFailed[0m[2m to initialize the logger: attempted to set a logger after the logging system was already initialized[0m
[INFO] [stdout] [38;2;112;112;112m2024-12-15 02:46:13.654 [0m[33mWARN[0m [33m△[0m [1mFailed[0m to read config file: No such file or directory (os error 2)
[INFO] [stdout] [38;2;112;112;112m2024-12-15 02:46:13.678 [0m[38;2;112;112;112mTRCE[0m [38;2;112;112;112m↩[0m [2m[1mFailed[0m[2m to initialize the logger: attempted to set a logger after the logging system was already initialized[0m
[INFO] [stdout] [38;2;112;112;112m2024-12-15 02:46:13.679 [0m[33mWARN[0m [33m△[0m [1mFailed[0m to read config file: No such file or directory (os error 2)
[INFO] [stdout] thread 'source::tests::source_provider_tests::source_provider' panicked at src/hosting/host_builder.rs:81:26:
[INFO] [stdout] indexer_url should be set
[INFO] [stdout] stack backtrace:
[INFO] [stdout]    0:     0x5b224bf9fdaa - std::backtrace_rs::backtrace::libunwind::trace::h5a5b8284f2d0c266
[INFO] [stdout]                                at /rustc/90b35a6239c3d8bdabc530a6a0816f7ff89a0aaf/library/std/src/../../backtrace/src/backtrace/libunwind.rs:116:5
[INFO] [stdout]    1:     0x5b224bf9fdaa - std::backtrace_rs::backtrace::trace_unsynchronized::h76d4f1c9b0b875e3
[INFO] [stdout]                                at /rustc/90b35a6239c3d8bdabc530a6a0816f7ff89a0aaf/library/std/src/../../backtrace/src/backtrace/mod.rs:66:5
[INFO] [stdout]    2:     0x5b224bf9fdaa - std::sys::backtrace::_print_fmt::hc4546b8364a537c6
[INFO] [stdout]                                at /rustc/90b35a6239c3d8bdabc530a6a0816f7ff89a0aaf/library/std/src/sys/backtrace.rs:66:9
[INFO] [stdout]    3:     0x5b224bf9fdaa - <std::sys::backtrace::BacktraceLock::print::DisplayBacktrace as core::fmt::Display>::fmt::h5b6bd5631a6d1f6b
[INFO] [stdout]                                at /rustc/90b35a6239c3d8bdabc530a6a0816f7ff89a0aaf/library/std/src/sys/backtrace.rs:39:26
[INFO] [stdout]    4:     0x5b224bfcd493 - core::fmt::rt::Argument::fmt::h270f6602a2b96f62
[INFO] [stdout]                                at /rustc/90b35a6239c3d8bdabc530a6a0816f7ff89a0aaf/library/core/src/fmt/rt.rs:177:76
[INFO] [stdout]    5:     0x5b224bfcd493 - core::fmt::write::h7550c97b06c86515
[INFO] [stdout]                                at /rustc/90b35a6239c3d8bdabc530a6a0816f7ff89a0aaf/library/core/src/fmt/mod.rs:1186:21
[INFO] [stdout]    6:     0x5b224bf9bbf3 - std::io::Write::write_fmt::h509ff860e5956e5e
[INFO] [stdout]                                at /rustc/90b35a6239c3d8bdabc530a6a0816f7ff89a0aaf/library/std/src/io/mod.rs:1839:15
[INFO] [stdout]    7:     0x5b224bf9fbf2 - std::sys::backtrace::BacktraceLock::print::h2395ccd2c84ba3aa
[INFO] [stdout]                                at /rustc/90b35a6239c3d8bdabc530a6a0816f7ff89a0aaf/library/std/src/sys/backtrace.rs:42:9
[INFO] [stdout]    8:     0x5b224bfa120a - std::panicking::default_hook::{{closure}}::he19d4c7230e07961
[INFO] [stdout]                                at /rustc/90b35a6239c3d8bdabc530a6a0816f7ff89a0aaf/library/std/src/panicking.rs:268:22
[INFO] [stdout]    9:     0x5b224bfa1014 - std::panicking::default_hook::hf614597d3c67bbdb
[INFO] [stdout]                                at /rustc/90b35a6239c3d8bdabc530a6a0816f7ff89a0aaf/library/std/src/panicking.rs:292:9
[INFO] [stdout]   10:     0x5b224b3d89a9 - <alloc::boxed::Box<F,A> as core::ops::function::Fn<Args>>::call::h39b51ce4599c23d1
[INFO] [stdout]                                at /rustc/90b35a6239c3d8bdabc530a6a0816f7ff89a0aaf/library/alloc/src/boxed.rs:2468:9
[INFO] [stdout]   11:     0x5b224b3d89a9 - test::test_main::{{closure}}::he977ae839a582784
[INFO] [stdout]                                at /rustc/90b35a6239c3d8bdabc530a6a0816f7ff89a0aaf/library/test/src/lib.rs:133:21
[INFO] [stdout]   12:     0x5b224bfa18a8 - <alloc::boxed::Box<F,A> as core::ops::function::Fn<Args>>::call::h9455091b6b06f9fb
[INFO] [stdout]                                at /rustc/90b35a6239c3d8bdabc530a6a0816f7ff89a0aaf/library/alloc/src/boxed.rs:2468:9
[INFO] [stdout]   13:     0x5b224bfa18a8 - std::panicking::rust_panic_with_hook::h8942133a8b252070
[INFO] [stdout]                                at /rustc/90b35a6239c3d8bdabc530a6a0816f7ff89a0aaf/library/std/src/panicking.rs:809:13
[INFO] [stdout]   14:     0x5b224bfa166a - std::panicking::begin_panic_handler::{{closure}}::hb5f5963570096b29
[INFO] [stdout]                                at /rustc/90b35a6239c3d8bdabc530a6a0816f7ff89a0aaf/library/std/src/panicking.rs:674:13
[INFO] [stdout]   15:     0x5b224bfa0289 - std::sys::backtrace::__rust_end_short_backtrace::h6208cedc1922feda
[INFO] [stdout]                                at /rustc/90b35a6239c3d8bdabc530a6a0816f7ff89a0aaf/library/std/src/sys/backtrace.rs:170:18
[INFO] [stdout]   16:     0x5b224bfa12fc - rust_begin_unwind
[INFO] [stdout]                                at /rustc/90b35a6239c3d8bdabc530a6a0816f7ff89a0aaf/library/std/src/panicking.rs:665:5
[INFO] [stdout]   17:     0x5b224af854a0 - core::panicking::panic_fmt::h0c3082644d1bf418
[INFO] [stdout]                                at /rustc/90b35a6239c3d8bdabc530a6a0816f7ff89a0aaf/library/core/src/panicking.rs:74:14
[INFO] [stdout]   18:     0x5b224af8547b - core::panicking::panic_display::h735d9af8bded520c
[INFO] [stdout]                                at /rustc/90b35a6239c3d8bdabc530a6a0816f7ff89a0aaf/library/core/src/panicking.rs:264:5
[INFO] [stdout]   19:     0x5b224af8547b - core::option::expect_failed::h95d2432053ef5ebb
[INFO] [stdout]                                at /rustc/90b35a6239c3d8bdabc530a6a0816f7ff89a0aaf/library/core/src/option.rs:2021:5
[INFO] [stdout]   20:     0x5b224b35ace2 - core::option::Option<T>::expect::h32447d710049ac71
[INFO] [stdout]                                at /rustc/90b35a6239c3d8bdabc530a6a0816f7ff89a0aaf/library/core/src/option.rs:933:21
[INFO] [stdout]   21:     0x5b224b1b6cc8 - caesura::hosting::host_builder::HostBuilder::new::{{closure}}::h3475586d298e7285
[INFO] [stdout]                                at /opt/rustwide/workdir/src/hosting/host_builder.rs:78:26
[INFO] [stdout]   22:     0x5b224b1490a3 - di::descriptor_builder::ServiceDescriptorBuilder<TSvc,TImpl>::from::{{closure}}::h00a9a475de8e7ab3
[INFO] [stdout]                                at /opt/rustwide/cargo-home/registry/src/index.crates.io-6f17d22bba15001f/more-di-3.1.0/descriptor_builder.rs:36:41
[INFO] [stdout]   23:     0x5b224bf5b567 - di::descriptor::ServiceDescriptor::get::{{closure}}::hb8c95952c8d76dd5
[INFO] [stdout]                                at /opt/rustwide/cargo-home/registry/src/index.crates.io-6f17d22bba15001f/more-di-3.1.0/descriptor.rs:92:43
[INFO] [stdout]   24:     0x5b224bf5a723 - spin::once::Once<T,R>::call_once::{{closure}}::he3177fbbe43e8c7a
[INFO] [stdout]                                at /opt/rustwide/cargo-home/registry/src/index.crates.io-6f17d22bba15001f/spin-0.9.8/src/once.rs:169:72
[INFO] [stdout]   25:     0x5b224bf5a2de - spin::once::Once<T,R>::try_call_once_slow::h43953a2cde9c9571
[INFO] [stdout]                                at /opt/rustwide/cargo-home/registry/src/index.crates.io-6f17d22bba15001f/spin-0.9.8/src/once.rs:255:29
[INFO] [stdout]   26:     0x5b224bf5a09e - spin::once::Once<T,R>::try_call_once::h7d2da56f9ad8a732
[INFO] [stdout]                                at /opt/rustwide/cargo-home/registry/src/index.crates.io-6f17d22bba15001f/spin-0.9.8/src/once.rs:212:13
[INFO] [stdout]   27:     0x5b224bf5a6f9 - spin::once::Once<T,R>::call_once::h2d419d2020397fa1
[INFO] [stdout]                                at /opt/rustwide/cargo-home/registry/src/index.crates.io-6f17d22bba15001f/spin-0.9.8/src/once.rs:169:15
[INFO] [stdout]   28:     0x5b224bf5b4df - di::descriptor::ServiceDescriptor::get::h241ac6fb1c7942b7
[INFO] [stdout]                                at /opt/rustwide/cargo-home/registry/src/index.crates.io-6f17d22bba15001f/more-di-3.1.0/descriptor.rs:92:16
[INFO] [stdout]   29:     0x5b224b100534 - di::provider::ServiceProvider::get::ha65d4d157ae2a2a1
[INFO] [stdout]                                at /opt/rustwide/cargo-home/registry/src/index.crates.io-6f17d22bba15001f/more-di-3.1.0/provider.rs:42:21
[INFO] [stdout]   30:     0x5b224b0fa684 - di::provider::ServiceProvider::get_required::h011de19373d9d2ce
[INFO] [stdout]                                at /opt/rustwide/cargo-home/registry/src/index.crates.io-6f17d22bba15001f/more-di-3.1.0/provider.rs:133:32
[INFO] [stdout]   31:     0x5b224b0fd20a - di::provider::ServiceProvider::get_required_mut::hca57f304816265db
[INFO] [stdout]                                at /opt/rustwide/cargo-home/registry/src/index.crates.io-6f17d22bba15001f/more-di-3.1.0/provider.rs:149:9
[INFO] [stdout]   32:     0x5b224b0378eb - <caesura::source::source_provider::SourceProvider as di::inject::Injectable>::inject::{{closure}}::h7195a62dd8423e54
[INFO] [stdout]                                at /opt/rustwide/workdir/src/source/source_provider.rs:13:1
[INFO] [stdout]   33:     0x5b224b105528 - core::ops::function::FnOnce::call_once::h385330196844c094
[INFO] [stdout]                                at /rustc/90b35a6239c3d8bdabc530a6a0816f7ff89a0aaf/library/core/src/ops/function.rs:250:5
[INFO] [stdout]   34:     0x5b224b35403e - di::activator::Activator::new::{{closure}}::hce8c0b59ef22201c
[INFO] [stdout]                                at /opt/rustwide/cargo-home/registry/src/index.crates.io-6f17d22bba15001f/more-di-3.1.0/activator.rs:58:54
[INFO] [stdout]   35:     0x5b224bf5b511 - di::descriptor::ServiceDescriptor::get::h241ac6fb1c7942b7
[INFO] [stdout]                                at /opt/rustwide/cargo-home/registry/src/index.crates.io-6f17d22bba15001f/more-di-3.1.0/descriptor.rs:89:20
[INFO] [stdout]   36:     0x5b224b101374 - di::provider::ServiceProvider::get::hc1b4d5bad68d7097
[INFO] [stdout]                                at /opt/rustwide/cargo-home/registry/src/index.crates.io-6f17d22bba15001f/more-di-3.1.0/provider.rs:42:21
[INFO] [stdout]   37:     0x5b224b0fb104 - di::provider::ServiceProvider::get_required::h574d91d1a977438b
[INFO] [stdout]                                at /opt/rustwide/cargo-home/registry/src/index.crates.io-6f17d22bba15001f/more-di-3.1.0/provider.rs:133:32
[INFO] [stdout]   38:     0x5b224b0fd1da - di::provider::ServiceProvider::get_required_mut::ha8625f03b529c366
[INFO] [stdout]                                at /opt/rustwide/cargo-home/registry/src/index.crates.io-6f17d22bba15001f/more-di-3.1.0/provider.rs:149:9
[INFO] [stdout]   39:     0x5b224b184e6f - caesura::source::tests::source_provider_tests::source_provider::{{closure}}::h950a816ec56065fb
[INFO] [stdout]                                at /opt/rustwide/workdir/src/source/tests/source_provider_tests.rs:19:20
[INFO] [stdout]   40:     0x5b224b0dfd4f - <core::pin::Pin<P> as core::future::future::Future>::poll::he975e048d8d3eed0
[INFO] [stdout]                                at /rustc/90b35a6239c3d8bdabc530a6a0816f7ff89a0aaf/library/core/src/future/future.rs:123:9
[INFO] [stdout]   41:     0x5b224b0df9ab - <core::pin::Pin<P> as core::future::future::Future>::poll::h288a0679d8d4cf8c
[INFO] [stdout]                                at /rustc/90b35a6239c3d8bdabc530a6a0816f7ff89a0aaf/library/core/src/future/future.rs:123:9
[INFO] [stdout]   42:     0x5b224b06a01e - tokio::runtime::scheduler::current_thread::CoreGuard::block_on::{{closure}}::{{closure}}::{{closure}}::h916b2d8338da7d55
[INFO] [stdout]                                at /opt/rustwide/cargo-home/registry/src/index.crates.io-6f17d22bba15001f/tokio-1.42.0/src/runtime/scheduler/current_thread/mod.rs:729:57
[INFO] [stdout]   43:     0x5b224b069b25 - tokio::runtime::coop::with_budget::h08f9fea6be4e21dc
[INFO] [stdout]                                at /opt/rustwide/cargo-home/registry/src/index.crates.io-6f17d22bba15001f/tokio-1.42.0/src/runtime/coop.rs:107:5
[INFO] [stdout]   44:     0x5b224b069b25 - tokio::runtime::coop::budget::h966f8a6fc58bb3ef
[INFO] [stdout]                                at /opt/rustwide/cargo-home/registry/src/index.crates.io-6f17d22bba15001f/tokio-1.42.0/src/runtime/coop.rs:73:5
[INFO] [stdout]   45:     0x5b224b069b25 - tokio::runtime::scheduler::current_thread::CoreGuard::block_on::{{closure}}::{{closure}}::h5758aa814ea7db17
[INFO] [stdout]                                at /opt/rustwide/cargo-home/registry/src/index.crates.io-6f17d22bba15001f/tokio-1.42.0/src/runtime/scheduler/current_thread/mod.rs:729:25
[INFO] [stdout]   46:     0x5b224b0654cd - tokio::runtime::scheduler::current_thread::Context::enter::heb93c043957e917f
[INFO] [stdout]                                at /opt/rustwide/cargo-home/registry/src/index.crates.io-6f17d22bba15001f/tokio-1.42.0/src/runtime/scheduler/current_thread/mod.rs:428:19
[INFO] [stdout]   47:     0x5b224b0676be - tokio::runtime::scheduler::current_thread::CoreGuard::block_on::{{closure}}::h0185f088e4749ff1
[INFO] [stdout]                                at /opt/rustwide/cargo-home/registry/src/index.crates.io-6f17d22bba15001f/tokio-1.42.0/src/runtime/scheduler/current_thread/mod.rs:728:36
[INFO] [stdout]   48:     0x5b224b06727b - tokio::runtime::scheduler::current_thread::CoreGuard::enter::{{closure}}::h86a08eaf25c0b375
[INFO] [stdout]                                at /opt/rustwide/cargo-home/registry/src/index.crates.io-6f17d22bba15001f/tokio-1.42.0/src/runtime/scheduler/current_thread/mod.rs:807:68
[INFO] [stdout]   49:     0x5b224b1f236a - tokio::runtime::context::scoped::Scoped<T>::set::h2bab3ae46e0501ef
[INFO] [stdout]                                at /opt/rustwide/cargo-home/registry/src/index.crates.io-6f17d22bba15001f/tokio-1.42.0/src/runtime/context/scoped.rs:40:9
[INFO] [stdout]   50:     0x5b224aff742a - tokio::runtime::context::set_scheduler::{{closure}}::hdb83b562f1fab617
[INFO] [stdout]                                at /opt/rustwide/cargo-home/registry/src/index.crates.io-6f17d22bba15001f/tokio-1.42.0/src/runtime/context.rs:180:26
[INFO] [stdout]   51:     0x5b224b2af673 - std::thread::local::LocalKey<T>::try_with::h7db4478831fcfb2a
[INFO] [stdout]                                at /rustc/90b35a6239c3d8bdabc530a6a0816f7ff89a0aaf/library/std/src/thread/local.rs:283:12
[INFO] [stdout]   52:     0x5b224b2addf3 - std::thread::local::LocalKey<T>::with::h01023af7ac84c2b8
[INFO] [stdout]                                at /rustc/90b35a6239c3d8bdabc530a6a0816f7ff89a0aaf/library/std/src/thread/local.rs:260:9
[INFO] [stdout]   53:     0x5b224aff72b1 - tokio::runtime::context::set_scheduler::h98cb1516fadd6c4a
[INFO] [stdout]                                at /opt/rustwide/cargo-home/registry/src/index.crates.io-6f17d22bba15001f/tokio-1.42.0/src/runtime/context.rs:180:9
[INFO] [stdout]   54:     0x5b224b066a7e - tokio::runtime::scheduler::current_thread::CoreGuard::enter::ha81fe1d74ac3d60e
[INFO] [stdout]                                at /opt/rustwide/cargo-home/registry/src/index.crates.io-6f17d22bba15001f/tokio-1.42.0/src/runtime/scheduler/current_thread/mod.rs:807:27
[INFO] [stdout]   55:     0x5b224b067338 - tokio::runtime::scheduler::current_thread::CoreGuard::block_on::h640df2748e69c792
[INFO] [stdout]                                at /opt/rustwide/cargo-home/registry/src/index.crates.io-6f17d22bba15001f/tokio-1.42.0/src/runtime/scheduler/current_thread/mod.rs:716:19
[INFO] [stdout]   56:     0x5b224b061a19 - tokio::runtime::scheduler::current_thread::CurrentThread::block_on::{{closure}}::h9103c7a425d552df
[INFO] [stdout]                                at /opt/rustwide/cargo-home/registry/src/index.crates.io-6f17d22bba15001f/tokio-1.42.0/src/runtime/scheduler/current_thread/mod.rs:196:28
[INFO] [stdout]   57:     0x5b224b254fa7 - tokio::runtime::context::runtime::enter_runtime::h843e2f075767eae0
[INFO] [stdout]                                at /opt/rustwide/cargo-home/registry/src/index.crates.io-6f17d22bba15001f/tokio-1.42.0/src/runtime/context/runtime.rs:65:16
[INFO] [stdout]   58:     0x5b224b061106 - tokio::runtime::scheduler::current_thread::CurrentThread::block_on::h0e25ca0cefa6556b
[INFO] [stdout]                                at /opt/rustwide/cargo-home/registry/src/index.crates.io-6f17d22bba15001f/tokio-1.42.0/src/runtime/scheduler/current_thread/mod.rs:184:9
[INFO] [stdout]   59:     0x5b224b281902 - tokio::runtime::runtime::Runtime::block_on_inner::h201ad0be9b59e9e1
[INFO] [stdout]                                at /opt/rustwide/cargo-home/registry/src/index.crates.io-6f17d22bba15001f/tokio-1.42.0/src/runtime/runtime.rs:368:47
[INFO] [stdout]   60:     0x5b224b281e7f - tokio::runtime::runtime::Runtime::block_on::h1c75dc30b75a7137
[INFO] [stdout]                                at /opt/rustwide/cargo-home/registry/src/index.crates.io-6f17d22bba15001f/tokio-1.42.0/src/runtime/runtime.rs:342:13
[INFO] [stdout]   61:     0x5b224b184adf - caesura::source::tests::source_provider_tests::source_provider::hd9df981cb9ca4c7f
[INFO] [stdout]                                at /opt/rustwide/workdir/src/source/tests/source_provider_tests.rs:36:5
[INFO] [stdout]   62:     0x5b224b184962 - caesura::source::tests::source_provider_tests::source_provider::{{closure}}::h103e30d7a8dd0372
[INFO] [stdout]                                at /opt/rustwide/workdir/src/source/tests/source_provider_tests.rs:11:31
[INFO] [stdout]   63:     0x5b224b108db6 - core::ops::function::FnOnce::call_once::hc1d4d85df2f7cc32
[INFO] [stdout]                                at /rustc/90b35a6239c3d8bdabc530a6a0816f7ff89a0aaf/library/core/src/ops/function.rs:250:5
[INFO] [stdout]   64:     0x5b224b3dd36b - core::ops::function::FnOnce::call_once::h109cf8051a59b34e
[INFO] [stdout]                                at /rustc/90b35a6239c3d8bdabc530a6a0816f7ff89a0aaf/library/core/src/ops/function.rs:250:5
[INFO] [stdout]   65:     0x5b224b3dd36b - test::__rust_begin_short_backtrace::hf4fff89d377446ba
[INFO] [stdout]                                at /rustc/90b35a6239c3d8bdabc530a6a0816f7ff89a0aaf/library/test/src/lib.rs:621:18
[INFO] [stdout]   66:     0x5b224b3dcba7 - test::run_test_in_process::{{closure}}::h0e39181dd7ee5a43
[INFO] [stdout]                                at /rustc/90b35a6239c3d8bdabc530a6a0816f7ff89a0aaf/library/test/src/lib.rs:644:60
[INFO] [stdout]   67:     0x5b224b3dcba7 - <core::panic::unwind_safe::AssertUnwindSafe<F> as core::ops::function::FnOnce<()>>::call_once::hc5a66a30f0bdfd1f
[INFO] [stdout]                                at /rustc/90b35a6239c3d8bdabc530a6a0816f7ff89a0aaf/library/core/src/panic/unwind_safe.rs:272:9
[INFO] [stdout]   68:     0x5b224b3dcba7 - std::panicking::try::do_call::h873b7cf639554a5e
[INFO] [stdout]                                at /rustc/90b35a6239c3d8bdabc530a6a0816f7ff89a0aaf/library/std/src/panicking.rs:557:40
[INFO] [stdout]   69:     0x5b224b3dcba7 - std::panicking::try::hdb19862fad9c8bd1
[INFO] [stdout]                                at /rustc/90b35a6239c3d8bdabc530a6a0816f7ff89a0aaf/library/std/src/panicking.rs:520:19
[INFO] [stdout]   70:     0x5b224b3dcba7 - std::panic::catch_unwind::h281fe732d236d260
[INFO] [stdout]                                at /rustc/90b35a6239c3d8bdabc530a6a0816f7ff89a0aaf/library/std/src/panic.rs:358:14
[INFO] [stdout]   71:     0x5b224b3dcba7 - test::run_test_in_process::h949b6df8457ed338
[INFO] [stdout]                                at /rustc/90b35a6239c3d8bdabc530a6a0816f7ff89a0aaf/library/test/src/lib.rs:644:27
[INFO] [stdout]   72:     0x5b224b3dcba7 - test::run_test::{{closure}}::h52c556a6d4740e10
[INFO] [stdout]                                at /rustc/90b35a6239c3d8bdabc530a6a0816f7ff89a0aaf/library/test/src/lib.rs:565:43
[INFO] [stdout]   73:     0x5b224b3a1e84 - test::run_test::{{closure}}::h4237f6381c45ccb9
[INFO] [stdout]                                at /rustc/90b35a6239c3d8bdabc530a6a0816f7ff89a0aaf/library/test/src/lib.rs:595:41
[INFO] [stdout]   74:     0x5b224b3a1e84 - std::sys::backtrace::__rust_begin_short_backtrace::h505c97a579eca628
[INFO] [stdout]                                at /rustc/90b35a6239c3d8bdabc530a6a0816f7ff89a0aaf/library/std/src/sys/backtrace.rs:154:18
[INFO] [stdout]   75:     0x5b224b3a554e - std::thread::Builder::spawn_unchecked_::{{closure}}::{{closure}}::h9e86b2e2bc107ea3
[INFO] [stdout]                                at /rustc/90b35a6239c3d8bdabc530a6a0816f7ff89a0aaf/library/std/src/thread/mod.rs:538:17
[INFO] [stdout]   76:     0x5b224b3a554e - <core::panic::unwind_safe::AssertUnwindSafe<F> as core::ops::function::FnOnce<()>>::call_once::h8b06ddb275ff4a25
[INFO] [stdout]                                at /rustc/90b35a6239c3d8bdabc530a6a0816f7ff89a0aaf/library/core/src/panic/unwind_safe.rs:272:9
[INFO] [stdout]   77:     0x5b224b3a554e - std::panicking::try::do_call::hb26ecd7cd9a9355d
[INFO] [stdout]                                at /rustc/90b35a6239c3d8bdabc530a6a0816f7ff89a0aaf/library/std/src/panicking.rs:557:40
[INFO] [stdout]   78:     0x5b224b3a554e - std::panicking::try::h8ddeca9d705f9069
[INFO] [stdout]                                at /rustc/90b35a6239c3d8bdabc530a6a0816f7ff89a0aaf/library/std/src/panicking.rs:520:19
[INFO] [stdout]   79:     0x5b224b3a554e - std::panic::catch_unwind::h49e1c33078844c46
[INFO] [stdout]                                at /rustc/90b35a6239c3d8bdabc530a6a0816f7ff89a0aaf/library/std/src/panic.rs:358:14
[INFO] [stdout]   80:     0x5b224b3a554e - std::thread::Builder::spawn_unchecked_::{{closure}}::h6073db6ff56ad35d
[INFO] [stdout]                                at /rustc/90b35a6239c3d8bdabc530a6a0816f7ff89a0aaf/library/std/src/thread/mod.rs:537:30
[INFO] [stdout]   81:     0x5b224b3a554e - core::ops::function::FnOnce::call_once{{vtable.shim}}::h2c5a5f3779c774f1
[INFO] [stdout]                                at /rustc/90b35a6239c3d8bdabc530a6a0816f7ff89a0aaf/library/core/src/ops/function.rs:250:5
[INFO] [stdout]   82:     0x5b224bfa6d0b - <alloc::boxed::Box<F,A> as core::ops::function::FnOnce<Args>>::call_once::hf75717d9f28faebf
[INFO] [stdout]                                at /rustc/90b35a6239c3d8bdabc530a6a0816f7ff89a0aaf/library/alloc/src/boxed.rs:2454:9
[INFO] [stdout]   83:     0x5b224bfa6d0b - <alloc::boxed::Box<F,A> as core::ops::function::FnOnce<Args>>::call_once::h7bd883a5f3c5f3c1
[INFO] [stdout]                                at /rustc/90b35a6239c3d8bdabc530a6a0816f7ff89a0aaf/library/alloc/src/boxed.rs:2454:9
[INFO] [stdout]   84:     0x5b224bfa6d0b - std::sys::pal::unix::thread::Thread::new::thread_start::hcc78f3943333fa94
[INFO] [stdout]                                at /rustc/90b35a6239c3d8bdabc530a6a0816f7ff89a0aaf/library/std/src/sys/pal/unix/thread.rs:105:17
[INFO] [stdout]   85:     0x7699bf938ac3 - <unknown>
[INFO] [stdout]   86:     0x7699bf9c9a04 - clone
[INFO] [stdout]   87:                0x0 - <unknown>
[INFO] [stdout] 
[INFO] [stdout] ---- transcode::tests::transcode_command_tests::transcode_command stdout ----
[INFO] [stdout] [38;2;112;112;112m2024-12-15 02:46:13.662 [0m[38;2;112;112;112mTRCE[0m [38;2;112;112;112m↩[0m [2m[1mFailed[0m[2m to initialize the logger: attempted to set a logger after the logging system was already initialized[0m
[INFO] [stdout] [38;2;112;112;112m2024-12-15 02:46:13.663 [0m[38;2;112;112;112mTRCE[0m [38;2;112;112;112m↩[0m [2m[1mFailed[0m[2m to initialize the logger: attempted to set a logger after the logging system was already initialized[0m
[INFO] [stdout] [38;2;112;112;112m2024-12-15 02:46:13.663 [0m[33mWARN[0m [33m△[0m [1mFailed[0m to read config file: No such file or directory (os error 2)
[INFO] [stdout] [38;2;112;112;112m2024-12-15 02:46:13.664 [0m[38;2;112;112;112mTRCE[0m [38;2;112;112;112m↩[0m [2m[1mFailed[0m[2m to initialize the logger: attempted to set a logger after the logging system was already initialized[0m
[INFO] [stdout] [38;2;112;112;112m2024-12-15 02:46:13.664 [0m[33mWARN[0m [33m△[0m [1mFailed[0m to read config file: No such file or directory (os error 2)
[INFO] [stdout] [38;2;112;112;112m2024-12-15 02:46:13.665 [0m[38;2;112;112;112mTRCE[0m [38;2;112;112;112m↩[0m [2m[1mFailed[0m[2m to initialize the logger: attempted to set a logger after the logging system was already initialized[0m
[INFO] [stdout] [38;2;112;112;112m2024-12-15 02:46:13.665 [0m[33mWARN[0m [33m△[0m [1mFailed[0m to read config file: No such file or directory (os error 2)
[INFO] [stdout] [38;2;112;112;112m2024-12-15 02:46:13.679 [0m[38;2;112;112;112mTRCE[0m [38;2;112;112;112m↩[0m [2m[1mFailed[0m[2m to initialize the logger: attempted to set a logger after the logging system was already initialized[0m
[INFO] [stdout] [38;2;112;112;112m2024-12-15 02:46:13.679 [0m[33mWARN[0m [33m△[0m [1mFailed[0m to read config file: No such file or directory (os error 2)
[INFO] [stdout] thread 'transcode::tests::transcode_command_tests::transcode_command' panicked at src/hosting/host_builder.rs:81:26:
[INFO] [stdout] indexer_url should be set
[INFO] [stdout] stack backtrace:
[INFO] [stdout]    0:     0x5b224bf9fdaa - std::backtrace_rs::backtrace::libunwind::trace::h5a5b8284f2d0c266
[INFO] [stdout]                                at /rustc/90b35a6239c3d8bdabc530a6a0816f7ff89a0aaf/library/std/src/../../backtrace/src/backtrace/libunwind.rs:116:5
[INFO] [stdout]    1:     0x5b224bf9fdaa - std::backtrace_rs::backtrace::trace_unsynchronized::h76d4f1c9b0b875e3
[INFO] [stdout]                                at /rustc/90b35a6239c3d8bdabc530a6a0816f7ff89a0aaf/library/std/src/../../backtrace/src/backtrace/mod.rs:66:5
[INFO] [stdout]    2:     0x5b224bf9fdaa - std::sys::backtrace::_print_fmt::hc4546b8364a537c6
[INFO] [stdout]                                at /rustc/90b35a6239c3d8bdabc530a6a0816f7ff89a0aaf/library/std/src/sys/backtrace.rs:66:9
[INFO] [stdout]    3:     0x5b224bf9fdaa - <std::sys::backtrace::BacktraceLock::print::DisplayBacktrace as core::fmt::Display>::fmt::h5b6bd5631a6d1f6b
[INFO] [stdout]                                at /rustc/90b35a6239c3d8bdabc530a6a0816f7ff89a0aaf/library/std/src/sys/backtrace.rs:39:26
[INFO] [stdout]    4:     0x5b224bfcd493 - core::fmt::rt::Argument::fmt::h270f6602a2b96f62
[INFO] [stdout]                                at /rustc/90b35a6239c3d8bdabc530a6a0816f7ff89a0aaf/library/core/src/fmt/rt.rs:177:76
[INFO] [stdout]    5:     0x5b224bfcd493 - core::fmt::write::h7550c97b06c86515
[INFO] [stdout]                                at /rustc/90b35a6239c3d8bdabc530a6a0816f7ff89a0aaf/library/core/src/fmt/mod.rs:1186:21
[INFO] [stdout]    6:     0x5b224bf9bbf3 - std::io::Write::write_fmt::h509ff860e5956e5e
[INFO] [stdout]                                at /rustc/90b35a6239c3d8bdabc530a6a0816f7ff89a0aaf/library/std/src/io/mod.rs:1839:15
[INFO] [stdout]    7:     0x5b224bf9fbf2 - std::sys::backtrace::BacktraceLock::print::h2395ccd2c84ba3aa
[INFO] [stdout]                                at /rustc/90b35a6239c3d8bdabc530a6a0816f7ff89a0aaf/library/std/src/sys/backtrace.rs:42:9
[INFO] [stdout]    8:     0x5b224bfa120a - std::panicking::default_hook::{{closure}}::he19d4c7230e07961
[INFO] [stdout]                                at /rustc/90b35a6239c3d8bdabc530a6a0816f7ff89a0aaf/library/std/src/panicking.rs:268:22
[INFO] [stdout]    9:     0x5b224bfa1014 - std::panicking::default_hook::hf614597d3c67bbdb
[INFO] [stdout]                                at /rustc/90b35a6239c3d8bdabc530a6a0816f7ff89a0aaf/library/std/src/panicking.rs:292:9
[INFO] [stdout]   10:     0x5b224b3d89a9 - <alloc::boxed::Box<F,A> as core::ops::function::Fn<Args>>::call::h39b51ce4599c23d1
[INFO] [stdout]                                at /rustc/90b35a6239c3d8bdabc530a6a0816f7ff89a0aaf/library/alloc/src/boxed.rs:2468:9
[INFO] [stdout]   11:     0x5b224b3d89a9 - test::test_main::{{closure}}::he977ae839a582784
[INFO] [stdout]                                at /rustc/90b35a6239c3d8bdabc530a6a0816f7ff89a0aaf/library/test/src/lib.rs:133:21
[INFO] [stdout]   12:     0x5b224bfa18a8 - <alloc::boxed::Box<F,A> as core::ops::function::Fn<Args>>::call::h9455091b6b06f9fb
[INFO] [stdout]                                at /rustc/90b35a6239c3d8bdabc530a6a0816f7ff89a0aaf/library/alloc/src/boxed.rs:2468:9
[INFO] [stdout]   13:     0x5b224bfa18a8 - std::panicking::rust_panic_with_hook::h8942133a8b252070
[INFO] [stdout]                                at /rustc/90b35a6239c3d8bdabc530a6a0816f7ff89a0aaf/library/std/src/panicking.rs:809:13
[INFO] [stdout]   14:     0x5b224bfa166a - std::panicking::begin_panic_handler::{{closure}}::hb5f5963570096b29
[INFO] [stdout]                                at /rustc/90b35a6239c3d8bdabc530a6a0816f7ff89a0aaf/library/std/src/panicking.rs:674:13
[INFO] [stdout]   15:     0x5b224bfa0289 - std::sys::backtrace::__rust_end_short_backtrace::h6208cedc1922feda
[INFO] [stdout]                                at /rustc/90b35a6239c3d8bdabc530a6a0816f7ff89a0aaf/library/std/src/sys/backtrace.rs:170:18
[INFO] [stdout]   16:     0x5b224bfa12fc - rust_begin_unwind
[INFO] [stdout]                                at /rustc/90b35a6239c3d8bdabc530a6a0816f7ff89a0aaf/library/std/src/panicking.rs:665:5
[INFO] [stdout]   17:     0x5b224af854a0 - core::panicking::panic_fmt::h0c3082644d1bf418
[INFO] [stdout]                                at /rustc/90b35a6239c3d8bdabc530a6a0816f7ff89a0aaf/library/core/src/panicking.rs:74:14
[INFO] [stdout]   18:     0x5b224af8547b - core::panicking::panic_display::h735d9af8bded520c
[INFO] [stdout]                                at /rustc/90b35a6239c3d8bdabc530a6a0816f7ff89a0aaf/library/core/src/panicking.rs:264:5
[INFO] [stdout]   19:     0x5b224af8547b - core::option::expect_failed::h95d2432053ef5ebb
[INFO] [stdout]                                at /rustc/90b35a6239c3d8bdabc530a6a0816f7ff89a0aaf/library/core/src/option.rs:2021:5
[INFO] [stdout]   20:     0x5b224b35ace2 - core::option::Option<T>::expect::h32447d710049ac71
[INFO] [stdout]                                at /rustc/90b35a6239c3d8bdabc530a6a0816f7ff89a0aaf/library/core/src/option.rs:933:21
[INFO] [stdout]   21:     0x5b224b1b6cc8 - caesura::hosting::host_builder::HostBuilder::new::{{closure}}::h3475586d298e7285
[INFO] [stdout]                                at /opt/rustwide/workdir/src/hosting/host_builder.rs:78:26
[INFO] [stdout]   22:     0x5b224b1490a3 - di::descriptor_builder::ServiceDescriptorBuilder<TSvc,TImpl>::from::{{closure}}::h00a9a475de8e7ab3
[INFO] [stdout]                                at /opt/rustwide/cargo-home/registry/src/index.crates.io-6f17d22bba15001f/more-di-3.1.0/descriptor_builder.rs:36:41
[INFO] [stdout]   23:     0x5b224bf5b567 - di::descriptor::ServiceDescriptor::get::{{closure}}::hb8c95952c8d76dd5
[INFO] [stdout]                                at /opt/rustwide/cargo-home/registry/src/index.crates.io-6f17d22bba15001f/more-di-3.1.0/descriptor.rs:92:43
[INFO] [stdout]   24:     0x5b224bf5a723 - spin::once::Once<T,R>::call_once::{{closure}}::he3177fbbe43e8c7a
[INFO] [stdout]                                at /opt/rustwide/cargo-home/registry/src/index.crates.io-6f17d22bba15001f/spin-0.9.8/src/once.rs:169:72
[INFO] [stdout]   25:     0x5b224bf5a2de - spin::once::Once<T,R>::try_call_once_slow::h43953a2cde9c9571
[INFO] [stdout]                                at /opt/rustwide/cargo-home/registry/src/index.crates.io-6f17d22bba15001f/spin-0.9.8/src/once.rs:255:29
[INFO] [stdout]   26:     0x5b224bf5a09e - spin::once::Once<T,R>::try_call_once::h7d2da56f9ad8a732
[INFO] [stdout]                                at /opt/rustwide/cargo-home/registry/src/index.crates.io-6f17d22bba15001f/spin-0.9.8/src/once.rs:212:13
[INFO] [stdout]   27:     0x5b224bf5a6f9 - spin::once::Once<T,R>::call_once::h2d419d2020397fa1
[INFO] [stdout]                                at /opt/rustwide/cargo-home/registry/src/index.crates.io-6f17d22bba15001f/spin-0.9.8/src/once.rs:169:15
[INFO] [stdout]   28:     0x5b224bf5b4df - di::descriptor::ServiceDescriptor::get::h241ac6fb1c7942b7
[INFO] [stdout]                                at /opt/rustwide/cargo-home/registry/src/index.crates.io-6f17d22bba15001f/more-di-3.1.0/descriptor.rs:92:16
[INFO] [stdout]   29:     0x5b224b100534 - di::provider::ServiceProvider::get::ha65d4d157ae2a2a1
[INFO] [stdout]                                at /opt/rustwide/cargo-home/registry/src/index.crates.io-6f17d22bba15001f/more-di-3.1.0/provider.rs:42:21
[INFO] [stdout]   30:     0x5b224b0fa684 - di::provider::ServiceProvider::get_required::h011de19373d9d2ce
[INFO] [stdout]                                at /opt/rustwide/cargo-home/registry/src/index.crates.io-6f17d22bba15001f/more-di-3.1.0/provider.rs:133:32
[INFO] [stdout]   31:     0x5b224b0fd20a - di::provider::ServiceProvider::get_required_mut::hca57f304816265db
[INFO] [stdout]                                at /opt/rustwide/cargo-home/registry/src/index.crates.io-6f17d22bba15001f/more-di-3.1.0/provider.rs:149:9
[INFO] [stdout]   32:     0x5b224b0378eb - <caesura::source::source_provider::SourceProvider as di::inject::Injectable>::inject::{{closure}}::h7195a62dd8423e54
[INFO] [stdout]                                at /opt/rustwide/workdir/src/source/source_provider.rs:13:1
[INFO] [stdout]   33:     0x5b224b105528 - core::ops::function::FnOnce::call_once::h385330196844c094
[INFO] [stdout]                                at /rustc/90b35a6239c3d8bdabc530a6a0816f7ff89a0aaf/library/core/src/ops/function.rs:250:5
[INFO] [stdout]   34:     0x5b224b35403e - di::activator::Activator::new::{{closure}}::hce8c0b59ef22201c
[INFO] [stdout]                                at /opt/rustwide/cargo-home/registry/src/index.crates.io-6f17d22bba15001f/more-di-3.1.0/activator.rs:58:54
[INFO] [stdout]   35:     0x5b224bf5b511 - di::descriptor::ServiceDescriptor::get::h241ac6fb1c7942b7
[INFO] [stdout]                                at /opt/rustwide/cargo-home/registry/src/index.crates.io-6f17d22bba15001f/more-di-3.1.0/descriptor.rs:89:20
[INFO] [stdout]   36:     0x5b224b101374 - di::provider::ServiceProvider::get::hc1b4d5bad68d7097
[INFO] [stdout]                                at /opt/rustwide/cargo-home/registry/src/index.crates.io-6f17d22bba15001f/more-di-3.1.0/provider.rs:42:21
[INFO] [stdout]   37:     0x5b224b0fb104 - di::provider::ServiceProvider::get_required::h574d91d1a977438b
[INFO] [stdout]                                at /opt/rustwide/cargo-home/registry/src/index.crates.io-6f17d22bba15001f/more-di-3.1.0/provider.rs:133:32
[INFO] [stdout]   38:     0x5b224b0fd1da - di::provider::ServiceProvider::get_required_mut::ha8625f03b529c366
[INFO] [stdout]                                at /opt/rustwide/cargo-home/registry/src/index.crates.io-6f17d22bba15001f/more-di-3.1.0/provider.rs:149:9
[INFO] [stdout]   39:     0x5b224b1d0586 - caesura::transcode::tests::transcode_command_tests::transcode_command::{{closure}}::h10f28b840b3b323f
[INFO] [stdout]                                at /opt/rustwide/workdir/src/transcode/tests/transcode_command_tests.rs:41:20
[INFO] [stdout]   40:     0x5b224b0dfd4f - <core::pin::Pin<P> as core::future::future::Future>::poll::he975e048d8d3eed0
[INFO] [stdout]                                at /rustc/90b35a6239c3d8bdabc530a6a0816f7ff89a0aaf/library/core/src/future/future.rs:123:9
[INFO] [stdout]   41:     0x5b224b0df9ab - <core::pin::Pin<P> as core::future::future::Future>::poll::h288a0679d8d4cf8c
[INFO] [stdout]                                at /rustc/90b35a6239c3d8bdabc530a6a0816f7ff89a0aaf/library/core/src/future/future.rs:123:9
[INFO] [stdout]   42:     0x5b224b06a01e - tokio::runtime::scheduler::current_thread::CoreGuard::block_on::{{closure}}::{{closure}}::{{closure}}::h916b2d8338da7d55
[INFO] [stdout]                                at /opt/rustwide/cargo-home/registry/src/index.crates.io-6f17d22bba15001f/tokio-1.42.0/src/runtime/scheduler/current_thread/mod.rs:729:57
[INFO] [stdout]   43:     0x5b224b069b25 - tokio::runtime::coop::with_budget::h08f9fea6be4e21dc
[INFO] [stdout]                                at /opt/rustwide/cargo-home/registry/src/index.crates.io-6f17d22bba15001f/tokio-1.42.0/src/runtime/coop.rs:107:5
[INFO] [stdout]   44:     0x5b224b069b25 - tokio::runtime::coop::budget::h966f8a6fc58bb3ef
[INFO] [stdout]                                at /opt/rustwide/cargo-home/registry/src/index.crates.io-6f17d22bba15001f/tokio-1.42.0/src/runtime/coop.rs:73:5
[INFO] [stdout]   45:     0x5b224b069b25 - tokio::runtime::scheduler::current_thread::CoreGuard::block_on::{{closure}}::{{closure}}::h5758aa814ea7db17
[INFO] [stdout]                                at /opt/rustwide/cargo-home/registry/src/index.crates.io-6f17d22bba15001f/tokio-1.42.0/src/runtime/scheduler/current_thread/mod.rs:729:25
[INFO] [stdout]   46:     0x5b224b0654cd - tokio::runtime::scheduler::current_thread::Context::enter::heb93c043957e917f
[INFO] [stdout]                                at /opt/rustwide/cargo-home/registry/src/index.crates.io-6f17d22bba15001f/tokio-1.42.0/src/runtime/scheduler/current_thread/mod.rs:428:19
[INFO] [stdout]   47:     0x5b224b0676be - tokio::runtime::scheduler::current_thread::CoreGuard::block_on::{{closure}}::h0185f088e4749ff1
[INFO] [stdout]                                at /opt/rustwide/cargo-home/registry/src/index.crates.io-6f17d22bba15001f/tokio-1.42.0/src/runtime/scheduler/current_thread/mod.rs:728:36
[INFO] [stdout]   48:     0x5b224b06727b - tokio::runtime::scheduler::current_thread::CoreGuard::enter::{{closure}}::h86a08eaf25c0b375
[INFO] [stdout]                                at /opt/rustwide/cargo-home/registry/src/index.crates.io-6f17d22bba15001f/tokio-1.42.0/src/runtime/scheduler/current_thread/mod.rs:807:68
[INFO] [stdout]   49:     0x5b224b1f236a - tokio::runtime::context::scoped::Scoped<T>::set::h2bab3ae46e0501ef
[INFO] [stdout]                                at /opt/rustwide/cargo-home/registry/src/index.crates.io-6f17d22bba15001f/tokio-1.42.0/src/runtime/context/scoped.rs:40:9
[INFO] [stdout]   50:     0x5b224aff742a - tokio::runtime::context::set_scheduler::{{closure}}::hdb83b562f1fab617
[INFO] [stdout]                                at /opt/rustwide/cargo-home/registry/src/index.crates.io-6f17d22bba15001f/tokio-1.42.0/src/runtime/context.rs:180:26
[INFO] [stdout]   51:     0x5b224b2af673 - std::thread::local::LocalKey<T>::try_with::h7db4478831fcfb2a
[INFO] [stdout]                                at /rustc/90b35a6239c3d8bdabc530a6a0816f7ff89a0aaf/library/std/src/thread/local.rs:283:12
[INFO] [stdout]   52:     0x5b224b2addf3 - std::thread::local::LocalKey<T>::with::h01023af7ac84c2b8
[INFO] [stdout]                                at /rustc/90b35a6239c3d8bdabc530a6a0816f7ff89a0aaf/library/std/src/thread/local.rs:260:9
[INFO] [stdout]   53:     0x5b224aff72b1 - tokio::runtime::context::set_scheduler::h98cb1516fadd6c4a
[INFO] [stdout]                                at /opt/rustwide/cargo-home/registry/src/index.crates.io-6f17d22bba15001f/tokio-1.42.0/src/runtime/context.rs:180:9
[INFO] [stdout]   54:     0x5b224b066a7e - tokio::runtime::scheduler::current_thread::CoreGuard::enter::ha81fe1d74ac3d60e
[INFO] [stdout]                                at /opt/rustwide/cargo-home/registry/src/index.crates.io-6f17d22bba15001f/tokio-1.42.0/src/runtime/scheduler/current_thread/mod.rs:807:27
[INFO] [stdout]   55:     0x5b224b067338 - tokio::runtime::scheduler::current_thread::CoreGuard::block_on::h640df2748e69c792
[INFO] [stdout]                                at /opt/rustwide/cargo-home/registry/src/index.crates.io-6f17d22bba15001f/tokio-1.42.0/src/runtime/scheduler/current_thread/mod.rs:716:19
[INFO] [stdout]   56:     0x5b224b061a19 - tokio::runtime::scheduler::current_thread::CurrentThread::block_on::{{closure}}::h9103c7a425d552df
[INFO] [stdout]                                at /opt/rustwide/cargo-home/registry/src/index.crates.io-6f17d22bba15001f/tokio-1.42.0/src/runtime/scheduler/current_thread/mod.rs:196:28
[INFO] [stdout]   57:     0x5b224b254fa7 - tokio::runtime::context::runtime::enter_runtime::h843e2f075767eae0
[INFO] [stdout]                                at /opt/rustwide/cargo-home/registry/src/index.crates.io-6f17d22bba15001f/tokio-1.42.0/src/runtime/context/runtime.rs:65:16
[INFO] [stdout]   58:     0x5b224b061106 - tokio::runtime::scheduler::current_thread::CurrentThread::block_on::h0e25ca0cefa6556b
[INFO] [stdout]                                at /opt/rustwide/cargo-home/registry/src/index.crates.io-6f17d22bba15001f/tokio-1.42.0/src/runtime/scheduler/current_thread/mod.rs:184:9
[INFO] [stdout]   59:     0x5b224b281902 - tokio::runtime::runtime::Runtime::block_on_inner::h201ad0be9b59e9e1
[INFO] [stdout]                                at /opt/rustwide/cargo-home/registry/src/index.crates.io-6f17d22bba15001f/tokio-1.42.0/src/runtime/runtime.rs:368:47
[INFO] [stdout]   60:     0x5b224b281e7f - tokio::runtime::runtime::Runtime::block_on::h1c75dc30b75a7137
[INFO] [stdout]                                at /opt/rustwide/cargo-home/registry/src/index.crates.io-6f17d22bba15001f/tokio-1.42.0/src/runtime/runtime.rs:342:13
[INFO] [stdout]   61:     0x5b224b1cfcde - caesura::transcode::tests::transcode_command_tests::transcode_command::h53f3bfec80d95e41
[INFO] [stdout]                                at /opt/rustwide/workdir/src/transcode/tests/transcode_command_tests.rs:77:5
[INFO] [stdout]   62:     0x5b224b1cfb52 - caesura::transcode::tests::transcode_command_tests::transcode_command::{{closure}}::h11ab1abc780321e6
[INFO] [stdout]                                at /opt/rustwide/workdir/src/transcode/tests/transcode_command_tests.rs:17:33
[INFO] [stdout]   63:     0x5b224b104366 - core::ops::function::FnOnce::call_once::h1ac6b024075c98af
[INFO] [stdout]                                at /rustc/90b35a6239c3d8bdabc530a6a0816f7ff89a0aaf/library/core/src/ops/function.rs:250:5
[INFO] [stdout]   64:     0x5b224b3dd36b - core::ops::function::FnOnce::call_once::h109cf8051a59b34e
[INFO] [stdout]                                at /rustc/90b35a6239c3d8bdabc530a6a0816f7ff89a0aaf/library/core/src/ops/function.rs:250:5
[INFO] [stdout]   65:     0x5b224b3dd36b - test::__rust_begin_short_backtrace::hf4fff89d377446ba
[INFO] [stdout]                                at /rustc/90b35a6239c3d8bdabc530a6a0816f7ff89a0aaf/library/test/src/lib.rs:621:18
[INFO] [stdout]   66:     0x5b224b3dcba7 - test::run_test_in_process::{{closure}}::h0e39181dd7ee5a43
[INFO] [stdout]                                at /rustc/90b35a6239c3d8bdabc530a6a0816f7ff89a0aaf/library/test/src/lib.rs:644:60
[INFO] [stdout]   67:     0x5b224b3dcba7 - <core::panic::unwind_safe::AssertUnwindSafe<F> as core::ops::function::FnOnce<()>>::call_once::hc5a66a30f0bdfd1f
[INFO] [stdout]                                at /rustc/90b35a6239c3d8bdabc530a6a0816f7ff89a0aaf/library/core/src/panic/unwind_safe.rs:272:9
[INFO] [stdout]   68:     0x5b224b3dcba7 - std::panicking::try::do_call::h873b7cf639554a5e
[INFO] [stdout]                                at /rustc/90b35a6239c3d8bdabc530a6a0816f7ff89a0aaf/library/std/src/panicking.rs:557:40
[INFO] [stdout]   69:     0x5b224b3dcba7 - std::panicking::try::hdb19862fad9c8bd1
[INFO] [stdout]                                at /rustc/90b35a6239c3d8bdabc530a6a0816f7ff89a0aaf/library/std/src/panicking.rs:520:19
[INFO] [stdout]   70:     0x5b224b3dcba7 - std::panic::catch_unwind::h281fe732d236d260
[INFO] [stdout]                                at /rustc/90b35a6239c3d8bdabc530a6a0816f7ff89a0aaf/library/std/src/panic.rs:358:14
[INFO] [stdout]   71:     0x5b224b3dcba7 - test::run_test_in_process::h949b6df8457ed338
[INFO] [stdout]                                at /rustc/90b35a6239c3d8bdabc530a6a0816f7ff89a0aaf/library/test/src/lib.rs:644:27
[INFO] [stdout]   72:     0x5b224b3dcba7 - test::run_test::{{closure}}::h52c556a6d4740e10
[INFO] [stdout]                                at /rustc/90b35a6239c3d8bdabc530a6a0816f7ff89a0aaf/library/test/src/lib.rs:565:43
[INFO] [stdout]   73:     0x5b224b3a1e84 - test::run_test::{{closure}}::h4237f6381c45ccb9
[INFO] [stdout]                                at /rustc/90b35a6239c3d8bdabc530a6a0816f7ff89a0aaf/library/test/src/lib.rs:595:41
[INFO] [stdout]   74:     0x5b224b3a1e84 - std::sys::backtrace::__rust_begin_short_backtrace::h505c97a579eca628
[INFO] [stdout]                                at /rustc/90b35a6239c3d8bdabc530a6a0816f7ff89a0aaf/library/std/src/sys/backtrace.rs:154:18
[INFO] [stdout]   75:     0x5b224b3a554e - std::thread::Builder::spawn_unchecked_::{{closure}}::{{closure}}::h9e86b2e2bc107ea3
[INFO] [stdout]                                at /rustc/90b35a6239c3d8bdabc530a6a0816f7ff89a0aaf/library/std/src/thread/mod.rs:538:17
[INFO] [stdout]   76:     0x5b224b3a554e - <core::panic::unwind_safe::AssertUnwindSafe<F> as core::ops::function::FnOnce<()>>::call_once::h8b06ddb275ff4a25
[INFO] [stdout]                                at /rustc/90b35a6239c3d8bdabc530a6a0816f7ff89a0aaf/library/core/src/panic/unwind_safe.rs:272:9
[INFO] [stdout]   77:     0x5b224b3a554e - std::panicking::try::do_call::hb26ecd7cd9a9355d
[INFO] [stdout]                                at /rustc/90b35a6239c3d8bdabc530a6a0816f7ff89a0aaf/library/std/src/panicking.rs:557:40
[INFO] [stdout]   78:     0x5b224b3a554e - std::panicking::try::h8ddeca9d705f9069
[INFO] [stdout]                                at /rustc/90b35a6239c3d8bdabc530a6a0816f7ff89a0aaf/library/std/src/panicking.rs:520:19
[INFO] [stdout]   79:     0x5b224b3a554e - std::panic::catch_unwind::h49e1c33078844c46
[INFO] [stdout]                                at /rustc/90b35a6239c3d8bdabc530a6a0816f7ff89a0aaf/library/std/src/panic.rs:358:14
[INFO] [stdout]   80:     0x5b224b3a554e - std::thread::Builder::spawn_unchecked_::{{closure}}::h6073db6ff56ad35d
[INFO] [stdout]                                at /rustc/90b35a6239c3d8bdabc530a6a0816f7ff89a0aaf/library/std/src/thread/mod.rs:537:30
[INFO] [stdout]   81:     0x5b224b3a554e - core::ops::function::FnOnce::call_once{{vtable.shim}}::h2c5a5f3779c774f1
[INFO] [stdout]                                at /rustc/90b35a6239c3d8bdabc530a6a0816f7ff89a0aaf/library/core/src/ops/function.rs:250:5
[INFO] [stdout]   82:     0x5b224bfa6d0b - <alloc::boxed::Box<F,A> as core::ops::function::FnOnce<Args>>::call_once::hf75717d9f28faebf
[INFO] [stdout]                                at /rustc/90b35a6239c3d8bdabc530a6a0816f7ff89a0aaf/library/alloc/src/boxed.rs:2454:9
[INFO] [stdout]   83:     0x5b224bfa6d0b - <alloc::boxed::Box<F,A> as core::ops::function::FnOnce<Args>>::call_once::h7bd883a5f3c5f3c1
[INFO] [stdout]                                at /rustc/90b35a6239c3d8bdabc530a6a0816f7ff89a0aaf/library/alloc/src/boxed.rs:2454:9
[INFO] [stdout]   84:     0x5b224bfa6d0b - std::sys::pal::unix::thread::Thread::new::thread_start::hcc78f3943333fa94
[INFO] [stdout]                                at /rustc/90b35a6239c3d8bdabc530a6a0816f7ff89a0aaf/library/std/src/sys/pal/unix/thread.rs:105:17
[INFO] [stdout]   85:     0x7699bf938ac3 - <unknown>
[INFO] [stdout]   86:     0x7699bf9c9a04 - clone
[INFO] [stdout]   87:                0x0 - <unknown>
[INFO] [stdout] 
[INFO] [stdout] ---- verify::tests::verify_command_tests::verify_command stdout ----
[INFO] [stdout] [38;2;112;112;112m2024-12-15 02:46:13.674 [0m[38;2;112;112;112mTRCE[0m [38;2;112;112;112m↩[0m [2m[1mFailed[0m[2m to initialize the logger: attempted to set a logger after the logging system was already initialized[0m
[INFO] [stdout] [38;2;112;112;112m2024-12-15 02:46:13.675 [0m[38;2;112;112;112mTRCE[0m [38;2;112;112;112m↩[0m [2m[1mFailed[0m[2m to initialize the logger: attempted to set a logger after the logging system was already initialized[0m
[INFO] [stdout] [38;2;112;112;112m2024-12-15 02:46:13.675 [0m[33mWARN[0m [33m△[0m [1mFailed[0m to read config file: No such file or directory (os error 2)
[INFO] [stdout] [38;2;112;112;112m2024-12-15 02:46:13.695 [0m[38;2;112;112;112mTRCE[0m [38;2;112;112;112m↩[0m [2m[1mFailed[0m[2m to initialize the logger: attempted to set a logger after the logging system was already initialized[0m
[INFO] [stdout] [38;2;112;112;112m2024-12-15 02:46:13.695 [0m[33mWARN[0m [33m△[0m [1mFailed[0m to read config file: No such file or directory (os error 2)
[INFO] [stdout] thread 'verify::tests::verify_command_tests::verify_command' panicked at src/hosting/host_builder.rs:81:26:
[INFO] [stdout] indexer_url should be set
[INFO] [stdout] stack backtrace:
[INFO] [stdout]    0:     0x5b224bf9fdaa - std::backtrace_rs::backtrace::libunwind::trace::h5a5b8284f2d0c266
[INFO] [stdout]                                at /rustc/90b35a6239c3d8bdabc530a6a0816f7ff89a0aaf/library/std/src/../../backtrace/src/backtrace/libunwind.rs:116:5
[INFO] [stdout]    1:     0x5b224bf9fdaa - std::backtrace_rs::backtrace::trace_unsynchronized::h76d4f1c9b0b875e3
[INFO] [stdout]                                at /rustc/90b35a6239c3d8bdabc530a6a0816f7ff89a0aaf/library/std/src/../../backtrace/src/backtrace/mod.rs:66:5
[INFO] [stdout]    2:     0x5b224bf9fdaa - std::sys::backtrace::_print_fmt::hc4546b8364a537c6
[INFO] [stdout]                                at /rustc/90b35a6239c3d8bdabc530a6a0816f7ff89a0aaf/library/std/src/sys/backtrace.rs:66:9
[INFO] [stdout]    3:     0x5b224bf9fdaa - <std::sys::backtrace::BacktraceLock::print::DisplayBacktrace as core::fmt::Display>::fmt::h5b6bd5631a6d1f6b
[INFO] [stdout]                                at /rustc/90b35a6239c3d8bdabc530a6a0816f7ff89a0aaf/library/std/src/sys/backtrace.rs:39:26
[INFO] [stdout]    4:     0x5b224bfcd493 - core::fmt::rt::Argument::fmt::h270f6602a2b96f62
[INFO] [stdout]                                at /rustc/90b35a6239c3d8bdabc530a6a0816f7ff89a0aaf/library/core/src/fmt/rt.rs:177:76
[INFO] [stdout]    5:     0x5b224bfcd493 - core::fmt::write::h7550c97b06c86515
[INFO] [stdout]                                at /rustc/90b35a6239c3d8bdabc530a6a0816f7ff89a0aaf/library/core/src/fmt/mod.rs:1186:21
[INFO] [stdout]    6:     0x5b224bf9bbf3 - std::io::Write::write_fmt::h509ff860e5956e5e
[INFO] [stdout]                                at /rustc/90b35a6239c3d8bdabc530a6a0816f7ff89a0aaf/library/std/src/io/mod.rs:1839:15
[INFO] [stdout]    7:     0x5b224bf9fbf2 - std::sys::backtrace::BacktraceLock::print::h2395ccd2c84ba3aa
[INFO] [stdout]                                at /rustc/90b35a6239c3d8bdabc530a6a0816f7ff89a0aaf/library/std/src/sys/backtrace.rs:42:9
[INFO] [stdout]    8:     0x5b224bfa120a - std::panicking::default_hook::{{closure}}::he19d4c7230e07961
[INFO] [stdout]                                at /rustc/90b35a6239c3d8bdabc530a6a0816f7ff89a0aaf/library/std/src/panicking.rs:268:22
[INFO] [stdout]    9:     0x5b224bfa1014 - std::panicking::default_hook::hf614597d3c67bbdb
[INFO] [stdout]                                at /rustc/90b35a6239c3d8bdabc530a6a0816f7ff89a0aaf/library/std/src/panicking.rs:292:9
[INFO] [stdout]   10:     0x5b224b3d89a9 - <alloc::boxed::Box<F,A> as core::ops::function::Fn<Args>>::call::h39b51ce4599c23d1
[INFO] [stdout]                                at /rustc/90b35a6239c3d8bdabc530a6a0816f7ff89a0aaf/library/alloc/src/boxed.rs:2468:9
[INFO] [stdout]   11:     0x5b224b3d89a9 - test::test_main::{{closure}}::he977ae839a582784
[INFO] [stdout]                                at /rustc/90b35a6239c3d8bdabc530a6a0816f7ff89a0aaf/library/test/src/lib.rs:133:21
[INFO] [stdout]   12:     0x5b224bfa18a8 - <alloc::boxed::Box<F,A> as core::ops::function::Fn<Args>>::call::h9455091b6b06f9fb
[INFO] [stdout]                                at /rustc/90b35a6239c3d8bdabc530a6a0816f7ff89a0aaf/library/alloc/src/boxed.rs:2468:9
[INFO] [stdout]   13:     0x5b224bfa18a8 - std::panicking::rust_panic_with_hook::h8942133a8b252070
[INFO] [stdout]                                at /rustc/90b35a6239c3d8bdabc530a6a0816f7ff89a0aaf/library/std/src/panicking.rs:809:13
[INFO] [stdout]   14:     0x5b224bfa166a - std::panicking::begin_panic_handler::{{closure}}::hb5f5963570096b29
[INFO] [stdout]                                at /rustc/90b35a6239c3d8bdabc530a6a0816f7ff89a0aaf/library/std/src/panicking.rs:674:13
[INFO] [stdout]   15:     0x5b224bfa0289 - std::sys::backtrace::__rust_end_short_backtrace::h6208cedc1922feda
[INFO] [stdout]                                at /rustc/90b35a6239c3d8bdabc530a6a0816f7ff89a0aaf/library/std/src/sys/backtrace.rs:170:18
[INFO] [stdout]   16:     0x5b224bfa12fc - rust_begin_unwind
[INFO] [stdout]                                at /rustc/90b35a6239c3d8bdabc530a6a0816f7ff89a0aaf/library/std/src/panicking.rs:665:5
[INFO] [stdout]   17:     0x5b224af854a0 - core::panicking::panic_fmt::h0c3082644d1bf418
[INFO] [stdout]                                at /rustc/90b35a6239c3d8bdabc530a6a0816f7ff89a0aaf/library/core/src/panicking.rs:74:14
[INFO] [stdout]   18:     0x5b224af8547b - core::panicking::panic_display::h735d9af8bded520c
[INFO] [stdout]                                at /rustc/90b35a6239c3d8bdabc530a6a0816f7ff89a0aaf/library/core/src/panicking.rs:264:5
[INFO] [stdout]   19:     0x5b224af8547b - core::option::expect_failed::h95d2432053ef5ebb
[INFO] [stdout]                                at /rustc/90b35a6239c3d8bdabc530a6a0816f7ff89a0aaf/library/core/src/option.rs:2021:5
[INFO] [stdout]   20:     0x5b224b35ace2 - core::option::Option<T>::expect::h32447d710049ac71
[INFO] [stdout]                                at /rustc/90b35a6239c3d8bdabc530a6a0816f7ff89a0aaf/library/core/src/option.rs:933:21
[INFO] [stdout]   21:     0x5b224b1b6cc8 - caesura::hosting::host_builder::HostBuilder::new::{{closure}}::h3475586d298e7285
[INFO] [stdout]                                at /opt/rustwide/workdir/src/hosting/host_builder.rs:78:26
[INFO] [stdout]   22:     0x5b224b1490a3 - di::descriptor_builder::ServiceDescriptorBuilder<TSvc,TImpl>::from::{{closure}}::h00a9a475de8e7ab3
[INFO] [stdout]                                at /opt/rustwide/cargo-home/registry/src/index.crates.io-6f17d22bba15001f/more-di-3.1.0/descriptor_builder.rs:36:41
[INFO] [stdout]   23:     0x5b224bf5b567 - di::descriptor::ServiceDescriptor::get::{{closure}}::hb8c95952c8d76dd5
[INFO] [stdout]                                at /opt/rustwide/cargo-home/registry/src/index.crates.io-6f17d22bba15001f/more-di-3.1.0/descriptor.rs:92:43
[INFO] [stdout]   24:     0x5b224bf5a723 - spin::once::Once<T,R>::call_once::{{closure}}::he3177fbbe43e8c7a
[INFO] [stdout]                                at /opt/rustwide/cargo-home/registry/src/index.crates.io-6f17d22bba15001f/spin-0.9.8/src/once.rs:169:72
[INFO] [stdout]   25:     0x5b224bf5a2de - spin::once::Once<T,R>::try_call_once_slow::h43953a2cde9c9571
[INFO] [stdout]                                at /opt/rustwide/cargo-home/registry/src/index.crates.io-6f17d22bba15001f/spin-0.9.8/src/once.rs:255:29
[INFO] [stdout]   26:     0x5b224bf5a09e - spin::once::Once<T,R>::try_call_once::h7d2da56f9ad8a732
[INFO] [stdout]                                at /opt/rustwide/cargo-home/registry/src/index.crates.io-6f17d22bba15001f/spin-0.9.8/src/once.rs:212:13
[INFO] [stdout]   27:     0x5b224bf5a6f9 - spin::once::Once<T,R>::call_once::h2d419d2020397fa1
[INFO] [stdout]                                at /opt/rustwide/cargo-home/registry/src/index.crates.io-6f17d22bba15001f/spin-0.9.8/src/once.rs:169:15
[INFO] [stdout]   28:     0x5b224bf5b4df - di::descriptor::ServiceDescriptor::get::h241ac6fb1c7942b7
[INFO] [stdout]                                at /opt/rustwide/cargo-home/registry/src/index.crates.io-6f17d22bba15001f/more-di-3.1.0/descriptor.rs:92:16
[INFO] [stdout]   29:     0x5b224b100534 - di::provider::ServiceProvider::get::ha65d4d157ae2a2a1
[INFO] [stdout]                                at /opt/rustwide/cargo-home/registry/src/index.crates.io-6f17d22bba15001f/more-di-3.1.0/provider.rs:42:21
[INFO] [stdout]   30:     0x5b224b0fa684 - di::provider::ServiceProvider::get_required::h011de19373d9d2ce
[INFO] [stdout]                                at /opt/rustwide/cargo-home/registry/src/index.crates.io-6f17d22bba15001f/more-di-3.1.0/provider.rs:133:32
[INFO] [stdout]   31:     0x5b224b0fd20a - di::provider::ServiceProvider::get_required_mut::hca57f304816265db
[INFO] [stdout]                                at /opt/rustwide/cargo-home/registry/src/index.crates.io-6f17d22bba15001f/more-di-3.1.0/provider.rs:149:9
[INFO] [stdout]   32:     0x5b224b0378eb - <caesura::source::source_provider::SourceProvider as di::inject::Injectable>::inject::{{closure}}::h7195a62dd8423e54
[INFO] [stdout]                                at /opt/rustwide/workdir/src/source/source_provider.rs:13:1
[INFO] [stdout]   33:     0x5b224b105528 - core::ops::function::FnOnce::call_once::h385330196844c094
[INFO] [stdout]                                at /rustc/90b35a6239c3d8bdabc530a6a0816f7ff89a0aaf/library/core/src/ops/function.rs:250:5
[INFO] [stdout]   34:     0x5b224b35403e - di::activator::Activator::new::{{closure}}::hce8c0b59ef22201c
[INFO] [stdout]                                at /opt/rustwide/cargo-home/registry/src/index.crates.io-6f17d22bba15001f/more-di-3.1.0/activator.rs:58:54
[INFO] [stdout]   35:     0x5b224bf5b511 - di::descriptor::ServiceDescriptor::get::h241ac6fb1c7942b7
[INFO] [stdout]                                at /opt/rustwide/cargo-home/registry/src/index.crates.io-6f17d22bba15001f/more-di-3.1.0/descriptor.rs:89:20
[INFO] [stdout]   36:     0x5b224b101374 - di::provider::ServiceProvider::get::hc1b4d5bad68d7097
[INFO] [stdout]                                at /opt/rustwide/cargo-home/registry/src/index.crates.io-6f17d22bba15001f/more-di-3.1.0/provider.rs:42:21
[INFO] [stdout]   37:     0x5b224b0fb104 - di::provider::ServiceProvider::get_required::h574d91d1a977438b
[INFO] [stdout]                                at /opt/rustwide/cargo-home/registry/src/index.crates.io-6f17d22bba15001f/more-di-3.1.0/provider.rs:133:32
[INFO] [stdout]   38:     0x5b224b0fd1da - di::provider::ServiceProvider::get_required_mut::ha8625f03b529c366
[INFO] [stdout]                                at /opt/rustwide/cargo-home/registry/src/index.crates.io-6f17d22bba15001f/more-di-3.1.0/provider.rs:149:9
[INFO] [stdout]   39:     0x5b224b1d2d69 - <caesura::verify::verify_command::VerifyCommand as di::inject::Injectable>::inject::{{closure}}::hefaba09b41a5c05b
[INFO] [stdout]                                at /opt/rustwide/workdir/src/verify/verify_command.rs:22:1
[INFO] [stdout]   40:     0x5b224b1093b8 - core::ops::function::FnOnce::call_once::hcef0337d52df498c
[INFO] [stdout]                                at /rustc/90b35a6239c3d8bdabc530a6a0816f7ff89a0aaf/library/core/src/ops/function.rs:250:5
[INFO] [stdout]   41:     0x5b224b3534be - di::activator::Activator::new::{{closure}}::h169d4b44da291cdd
[INFO] [stdout]                                at /opt/rustwide/cargo-home/registry/src/index.crates.io-6f17d22bba15001f/more-di-3.1.0/activator.rs:58:54
[INFO] [stdout]   42:     0x5b224bf5b511 - di::descriptor::ServiceDescriptor::get::h241ac6fb1c7942b7
[INFO] [stdout]                                at /opt/rustwide/cargo-home/registry/src/index.crates.io-6f17d22bba15001f/more-di-3.1.0/descriptor.rs:89:20
[INFO] [stdout]   43:     0x5b224b0ffbb4 - di::provider::ServiceProvider::get::h737fbc00f627f594
[INFO] [stdout]                                at /opt/rustwide/cargo-home/registry/src/index.crates.io-6f17d22bba15001f/more-di-3.1.0/provider.rs:42:21
[INFO] [stdout]   44:     0x5b224b0fa924 - di::provider::ServiceProvider::get_required::h138f5c14e2b66454
[INFO] [stdout]                                at /opt/rustwide/cargo-home/registry/src/index.crates.io-6f17d22bba15001f/more-di-3.1.0/provider.rs:133:32
[INFO] [stdout]   45:     0x5b224b0fd21a - di::provider::ServiceProvider::get_required_mut::he3417fb2c151db34
[INFO] [stdout]                                at /opt/rustwide/cargo-home/registry/src/index.crates.io-6f17d22bba15001f/more-di-3.1.0/provider.rs:149:9
[INFO] [stdout]   46:     0x5b224b186b08 - caesura::verify::tests::verify_command_tests::verify_command::{{closure}}::h66daeb58bb2e2b3e
[INFO] [stdout]                                at /opt/rustwide/workdir/src/verify/tests/verify_command_tests.rs:18:20
[INFO] [stdout]   47:     0x5b224b0dfd4f - <core::pin::Pin<P> as core::future::future::Future>::poll::he975e048d8d3eed0
[INFO] [stdout]                                at /rustc/90b35a6239c3d8bdabc530a6a0816f7ff89a0aaf/library/core/src/future/future.rs:123:9
[INFO] [stdout]   48:     0x5b224b0df9ab - <core::pin::Pin<P> as core::future::future::Future>::poll::h288a0679d8d4cf8c
[INFO] [stdout]                                at /rustc/90b35a6239c3d8bdabc530a6a0816f7ff89a0aaf/library/core/src/future/future.rs:123:9
[INFO] [stdout]   49:     0x5b224b06a01e - tokio::runtime::scheduler::current_thread::CoreGuard::block_on::{{closure}}::{{closure}}::{{closure}}::h916b2d8338da7d55
[INFO] [stdout]                                at /opt/rustwide/cargo-home/registry/src/index.crates.io-6f17d22bba15001f/tokio-1.42.0/src/runtime/scheduler/current_thread/mod.rs:729:57
[INFO] [stdout]   50:     0x5b224b069b25 - tokio::runtime::coop::with_budget::h08f9fea6be4e21dc
[INFO] [stdout]                                at /opt/rustwide/cargo-home/registry/src/index.crates.io-6f17d22bba15001f/tokio-1.42.0/src/runtime/coop.rs:107:5
[INFO] [stdout]   51:     0x5b224b069b25 - tokio::runtime::coop::budget::h966f8a6fc58bb3ef
[INFO] [stdout]                                at /opt/rustwide/cargo-home/registry/src/index.crates.io-6f17d22bba15001f/tokio-1.42.0/src/runtime/coop.rs:73:5
[INFO] [stdout]   52:     0x5b224b069b25 - tokio::runtime::scheduler::current_thread::CoreGuard::block_on::{{closure}}::{{closure}}::h5758aa814ea7db17
[INFO] [stdout]                                at /opt/rustwide/cargo-home/registry/src/index.crates.io-6f17d22bba15001f/tokio-1.42.0/src/runtime/scheduler/current_thread/mod.rs:729:25
[INFO] [stdout]   53:     0x5b224b0654cd - tokio::runtime::scheduler::current_thread::Context::enter::heb93c043957e917f
[INFO] [stdout]                                at /opt/rustwide/cargo-home/registry/src/index.crates.io-6f17d22bba15001f/tokio-1.42.0/src/runtime/scheduler/current_thread/mod.rs:428:19
[INFO] [stdout]   54:     0x5b224b0676be - tokio::runtime::scheduler::current_thread::CoreGuard::block_on::{{closure}}::h0185f088e4749ff1
[INFO] [stdout]                                at /opt/rustwide/cargo-home/registry/src/index.crates.io-6f17d22bba15001f/tokio-1.42.0/src/runtime/scheduler/current_thread/mod.rs:728:36
[INFO] [stdout]   55:     0x5b224b06727b - tokio::runtime::scheduler::current_thread::CoreGuard::enter::{{closure}}::h86a08eaf25c0b375
[INFO] [stdout]                                at /opt/rustwide/cargo-home/registry/src/index.crates.io-6f17d22bba15001f/tokio-1.42.0/src/runtime/scheduler/current_thread/mod.rs:807:68
[INFO] [stdout]   56:     0x5b224b1f236a - tokio::runtime::context::scoped::Scoped<T>::set::h2bab3ae46e0501ef
[INFO] [stdout]                                at /opt/rustwide/cargo-home/registry/src/index.crates.io-6f17d22bba15001f/tokio-1.42.0/src/runtime/context/scoped.rs:40:9
[INFO] [stdout]   57:     0x5b224aff742a - tokio::runtime::context::set_scheduler::{{closure}}::hdb83b562f1fab617
[INFO] [stdout]                                at /opt/rustwide/cargo-home/registry/src/index.crates.io-6f17d22bba15001f/tokio-1.42.0/src/runtime/context.rs:180:26
[INFO] [stdout]   58:     0x5b224b2af673 - std::thread::local::LocalKey<T>::try_with::h7db4478831fcfb2a
[INFO] [stdout]                                at /rustc/90b35a6239c3d8bdabc530a6a0816f7ff89a0aaf/library/std/src/thread/local.rs:283:12
[INFO] [stdout]   59:     0x5b224b2addf3 - std::thread::local::LocalKey<T>::with::h01023af7ac84c2b8
[INFO] [stdout]                                at /rustc/90b35a6239c3d8bdabc530a6a0816f7ff89a0aaf/library/std/src/thread/local.rs:260:9
[INFO] [stdout]   60:     0x5b224aff72b1 - tokio::runtime::context::set_scheduler::h98cb1516fadd6c4a
[INFO] [stdout]                                at /opt/rustwide/cargo-home/registry/src/index.crates.io-6f17d22bba15001f/tokio-1.42.0/src/runtime/context.rs:180:9
[INFO] [stdout]   61:     0x5b224b066a7e - tokio::runtime::scheduler::current_thread::CoreGuard::enter::ha81fe1d74ac3d60e
[INFO] [stdout]                                at /opt/rustwide/cargo-home/registry/src/index.crates.io-6f17d22bba15001f/tokio-1.42.0/src/runtime/scheduler/current_thread/mod.rs:807:27
[INFO] [stdout]   62:     0x5b224b067338 - tokio::runtime::scheduler::current_thread::CoreGuard::block_on::h640df2748e69c792
[INFO] [stdout]                                at /opt/rustwide/cargo-home/registry/src/index.crates.io-6f17d22bba15001f/tokio-1.42.0/src/runtime/scheduler/current_thread/mod.rs:716:19
[INFO] [stdout]   63:     0x5b224b061a19 - tokio::runtime::scheduler::current_thread::CurrentThread::block_on::{{closure}}::h9103c7a425d552df
[INFO] [stdout]                                at /opt/rustwide/cargo-home/registry/src/index.crates.io-6f17d22bba15001f/tokio-1.42.0/src/runtime/scheduler/current_thread/mod.rs:196:28
[INFO] [stdout]   64:     0x5b224b254fa7 - tokio::runtime::context::runtime::enter_runtime::h843e2f075767eae0
[INFO] [stdout]                                at /opt/rustwide/cargo-home/registry/src/index.crates.io-6f17d22bba15001f/tokio-1.42.0/src/runtime/context/runtime.rs:65:16
[INFO] [stdout]   65:     0x5b224b061106 - tokio::runtime::scheduler::current_thread::CurrentThread::block_on::h0e25ca0cefa6556b
[INFO] [stdout]                                at /opt/rustwide/cargo-home/registry/src/index.crates.io-6f17d22bba15001f/tokio-1.42.0/src/runtime/scheduler/current_thread/mod.rs:184:9
[INFO] [stdout]   66:     0x5b224b281902 - tokio::runtime::runtime::Runtime::block_on_inner::h201ad0be9b59e9e1
[INFO] [stdout]                                at /opt/rustwide/cargo-home/registry/src/index.crates.io-6f17d22bba15001f/tokio-1.42.0/src/runtime/runtime.rs:368:47
[INFO] [stdout]   67:     0x5b224b281e7f - tokio::runtime::runtime::Runtime::block_on::h1c75dc30b75a7137
[INFO] [stdout]                                at /opt/rustwide/cargo-home/registry/src/index.crates.io-6f17d22bba15001f/tokio-1.42.0/src/runtime/runtime.rs:342:13
[INFO] [stdout]   68:     0x5b224b18679f - caesura::verify::tests::verify_command_tests::verify_command::hcf38d2901cc069b9
[INFO] [stdout]                                at /opt/rustwide/workdir/src/verify/tests/verify_command_tests.rs:27:5
[INFO] [stdout]   69:     0x5b224b186622 - caesura::verify::tests::verify_command_tests::verify_command::{{closure}}::h5e22706cc7f68de1
[INFO] [stdout]                                at /opt/rustwide/workdir/src/verify/tests/verify_command_tests.rs:10:30
[INFO] [stdout]   70:     0x5b224b108466 - core::ops::function::FnOnce::call_once::ha8228d910567a765
[INFO] [stdout]                                at /rustc/90b35a6239c3d8bdabc530a6a0816f7ff89a0aaf/library/core/src/ops/function.rs:250:5
[INFO] [stdout]   71:     0x5b224b3dd36b - core::ops::function::FnOnce::call_once::h109cf8051a59b34e
[INFO] [stdout]                                at /rustc/90b35a6239c3d8bdabc530a6a0816f7ff89a0aaf/library/core/src/ops/function.rs:250:5
[INFO] [stdout]   72:     0x5b224b3dd36b - test::__rust_begin_short_backtrace::hf4fff89d377446ba
[INFO] [stdout]                                at /rustc/90b35a6239c3d8bdabc530a6a0816f7ff89a0aaf/library/test/src/lib.rs:621:18
[INFO] [stdout]   73:     0x5b224b3dcba7 - test::run_test_in_process::{{closure}}::h0e39181dd7ee5a43
[INFO] [stdout]                                at /rustc/90b35a6239c3d8bdabc530a6a0816f7ff89a0aaf/library/test/src/lib.rs:644:60
[INFO] [stdout]   74:     0x5b224b3dcba7 - <core::panic::unwind_safe::AssertUnwindSafe<F> as core::ops::function::FnOnce<()>>::call_once::hc5a66a30f0bdfd1f
[INFO] [stdout]                                at /rustc/90b35a6239c3d8bdabc530a6a0816f7ff89a0aaf/library/core/src/panic/unwind_safe.rs:272:9
[INFO] [stdout]   75:     0x5b224b3dcba7 - std::panicking::try::do_call::h873b7cf639554a5e
[INFO] [stdout]                                at /rustc/90b35a6239c3d8bdabc530a6a0816f7ff89a0aaf/library/std/src/panicking.rs:557:40
[INFO] [stdout]   76:     0x5b224b3dcba7 - std::panicking::try::hdb19862fad9c8bd1
[INFO] [stdout]                                at /rustc/90b35a6239c3d8bdabc530a6a0816f7ff89a0aaf/library/std/src/panicking.rs:520:19
[INFO] [stdout]   77:     0x5b224b3dcba7 - std::panic::catch_unwind::h281fe732d236d260
[INFO] [stdout]                                at /rustc/90b35a6239c3d8bdabc530a6a0816f7ff89a0aaf/library/std/src/panic.rs:358:14
[INFO] [stdout]   78:     0x5b224b3dcba7 - test::run_test_in_process::h949b6df8457ed338
[INFO] [stdout]                                at /rustc/90b35a6239c3d8bdabc530a6a0816f7ff89a0aaf/library/test/src/lib.rs:644:27
[INFO] [stdout]   79:     0x5b224b3dcba7 - test::run_test::{{closure}}::h52c556a6d4740e10
[INFO] [stdout]                                at /rustc/90b35a6239c3d8bdabc530a6a0816f7ff89a0aaf/library/test/src/lib.rs:565:43
[INFO] [stdout]   80:     0x5b224b3a1e84 - test::run_test::{{closure}}::h4237f6381c45ccb9
[INFO] [stdout]                                at /rustc/90b35a6239c3d8bdabc530a6a0816f7ff89a0aaf/library/test/src/lib.rs:595:41
[INFO] [stdout]   81:     0x5b224b3a1e84 - std::sys::backtrace::__rust_begin_short_backtrace::h505c97a579eca628
[INFO] [stdout]                                at /rustc/90b35a6239c3d8bdabc530a6a0816f7ff89a0aaf/library/std/src/sys/backtrace.rs:154:18
[INFO] [stdout]   82:     0x5b224b3a554e - std::thread::Builder::spawn_unchecked_::{{closure}}::{{closure}}::h9e86b2e2bc107ea3
[INFO] [stdout]                                at /rustc/90b35a6239c3d8bdabc530a6a0816f7ff89a0aaf/library/std/src/thread/mod.rs:538:17
[INFO] [stdout]   83:     0x5b224b3a554e - <core::panic::unwind_safe::AssertUnwindSafe<F> as core::ops::function::FnOnce<()>>::call_once::h8b06ddb275ff4a25
[INFO] [stdout]                                at /rustc/90b35a6239c3d8bdabc530a6a0816f7ff89a0aaf/library/core/src/panic/unwind_safe.rs:272:9
[INFO] [stdout]   84:     0x5b224b3a554e - std::panicking::try::do_call::hb26ecd7cd9a9355d
[INFO] [stdout]                                at /rustc/90b35a6239c3d8bdabc530a6a0816f7ff89a0aaf/library/std/src/panicking.rs:557:40
[INFO] [stdout]   85:     0x5b224b3a554e - std::panicking::try::h8ddeca9d705f9069
[INFO] [stdout]                                at /rustc/90b35a6239c3d8bdabc530a6a0816f7ff89a0aaf/library/std/src/panicking.rs:520:19
[INFO] [stdout]   86:     0x5b224b3a554e - std::panic::catch_unwind::h49e1c33078844c46
[INFO] [stdout]                                at /rustc/90b35a6239c3d8bdabc530a6a0816f7ff89a0aaf/library/std/src/panic.rs:358:14
[INFO] [stdout]   87:     0x5b224b3a554e - std::thread::Builder::spawn_unchecked_::{{closure}}::h6073db6ff56ad35d
[INFO] [stdout]                                at /rustc/90b35a6239c3d8bdabc530a6a0816f7ff89a0aaf/library/std/src/thread/mod.rs:537:30
[INFO] [stdout]   88:     0x5b224b3a554e - core::ops::function::FnOnce::call_once{{vtable.shim}}::h2c5a5f3779c774f1
[INFO] [stdout]                                at /rustc/90b35a6239c3d8bdabc530a6a0816f7ff89a0aaf/library/core/src/ops/function.rs:250:5
[INFO] [stdout]   89:     0x5b224bfa6d0b - <alloc::boxed::Box<F,A> as core::ops::function::FnOnce<Args>>::call_once::hf75717d9f28faebf
[INFO] [stdout]                                at /rustc/90b35a6239c3d8bdabc530a6a0816f7ff89a0aaf/library/alloc/src/boxed.rs:2454:9
[INFO] [stdout]   90:     0x5b224bfa6d0b - <alloc::boxed::Box<F,A> as core::ops::function::FnOnce<Args>>::call_once::h7bd883a5f3c5f3c1
[INFO] [stdout]                                at /rustc/90b35a6239c3d8bdabc530a6a0816f7ff89a0aaf/library/alloc/src/boxed.rs:2454:9
[INFO] [stdout]   91:     0x5b224bfa6d0b - std::sys::pal::unix::thread::Thread::new::thread_start::hcc78f3943333fa94
[INFO] [stdout]                                at /rustc/90b35a6239c3d8bdabc530a6a0816f7ff89a0aaf/library/std/src/sys/pal/unix/thread.rs:105:17
[INFO] [stdout]   92:     0x7699bf938ac3 - <unknown>
[INFO] [stdout]   93:     0x7699bf9c9a04 - clone
[INFO] [stdout]   94:                0x0 - <unknown>
[INFO] [stdout] 
[INFO] [stdout] 
[INFO] [stdout] failures:
[INFO] [stdout]     fs::tests::copy_dir_tests::test_copy_dir
[INFO] [stdout]     options::tests::options_tests::shared_options_validate
[INFO] [stdout]     source::tests::source_provider_tests::source_provider
[INFO] [stdout]     spectrogram::tests::spectrogram_command_tests::spectrogram_command
[INFO] [stdout]     transcode::tests::transcode_command_tests::transcode_command
[INFO] [stdout]     verify::tests::verify_command_tests::verify_command
[INFO] [stdout] 
[INFO] [stdout] test result: FAILED. 55 passed; 6 failed; 2 ignored; 0 measured; 0 filtered out; finished in 0.28s
[INFO] [stdout] 
[INFO] [stderr] error: test failed, to rerun pass `--lib`
[INFO] running `Command { std: "docker" "inspect" "f0859625ef52808d9caf908c120e0268106d4cf7cccc326a4123607dab3fe61e", kill_on_drop: false }`
[INFO] running `Command { std: "docker" "rm" "-f" "f0859625ef52808d9caf908c120e0268106d4cf7cccc326a4123607dab3fe61e", kill_on_drop: false }`
[INFO] [stdout] f0859625ef52808d9caf908c120e0268106d4cf7cccc326a4123607dab3fe61e
