[INFO] fetching crate cachesim 0.1.3...
[INFO] testing cachesim-0.1.3 against 1.83.0 for beta-1.84.0-4-retry
[INFO] extracting crate cachesim 0.1.3 into /workspace/builds/worker-3-tc1/source
[INFO] validating manifest of crates.io crate cachesim 0.1.3 on toolchain 1.83.0
[INFO] running `Command { std: CARGO_HOME="/workspace/cargo-home" RUSTUP_HOME="/workspace/rustup-home" "/workspace/cargo-home/bin/cargo" "+1.83.0" "metadata" "--manifest-path" "Cargo.toml" "--no-deps", kill_on_drop: false }`
[INFO] started tweaking crates.io crate cachesim 0.1.3
[INFO] finished tweaking crates.io crate cachesim 0.1.3
[INFO] tweaked toml for crates.io crate cachesim 0.1.3 written to /workspace/builds/worker-3-tc1/source/Cargo.toml
[INFO] crate crates.io crate cachesim 0.1.3 already has a lockfile, it will not be regenerated
[INFO] running `Command { std: CARGO_HOME="/workspace/cargo-home" RUSTUP_HOME="/workspace/rustup-home" "/workspace/cargo-home/bin/cargo" "+1.83.0" "fetch" "--manifest-path" "Cargo.toml", kill_on_drop: false }`
[INFO] running `Command { std: "docker" "create" "-v" "/var/lib/crater-agent-workspace/builds/worker-3-tc1/target:/opt/rustwide/target:rw,Z" "-v" "/var/lib/crater-agent-workspace/builds/worker-3-tc1/source:/opt/rustwide/workdir:ro,Z" "-v" "/var/lib/crater-agent-workspace/cargo-home:/opt/rustwide/cargo-home:ro,Z" "-v" "/var/lib/crater-agent-workspace/rustup-home:/opt/rustwide/rustup-home:ro,Z" "-e" "SOURCE_DIR=/opt/rustwide/workdir" "-e" "CARGO_TARGET_DIR=/opt/rustwide/target" "-e" "CARGO_HOME=/opt/rustwide/cargo-home" "-e" "RUSTUP_HOME=/opt/rustwide/rustup-home" "-w" "/opt/rustwide/workdir" "-m" "1610612736" "--user" "0:0" "--network" "none" "ghcr.io/rust-lang/crates-build-env/linux@sha256:f3a9d4ad9d972b27faf3965f35b62e55ba32bbce8f20bc8fe909558a86702fde" "/opt/rustwide/cargo-home/bin/cargo" "+1.83.0" "metadata" "--no-deps" "--format-version=1", kill_on_drop: false }`
[INFO] [stdout] 09b402bab8af2c65bf6ef4db268dccc9feaf63ede11c5e906ede7974ba5cee2a
[INFO] running `Command { std: "docker" "start" "-a" "09b402bab8af2c65bf6ef4db268dccc9feaf63ede11c5e906ede7974ba5cee2a", kill_on_drop: false }`
[INFO] running `Command { std: "docker" "inspect" "09b402bab8af2c65bf6ef4db268dccc9feaf63ede11c5e906ede7974ba5cee2a", kill_on_drop: false }`
[INFO] running `Command { std: "docker" "rm" "-f" "09b402bab8af2c65bf6ef4db268dccc9feaf63ede11c5e906ede7974ba5cee2a", kill_on_drop: false }`
[INFO] [stdout] 09b402bab8af2c65bf6ef4db268dccc9feaf63ede11c5e906ede7974ba5cee2a
[INFO] running `Command { std: "docker" "create" "-v" "/var/lib/crater-agent-workspace/builds/worker-3-tc1/target:/opt/rustwide/target:rw,Z" "-v" "/var/lib/crater-agent-workspace/builds/worker-3-tc1/source:/opt/rustwide/workdir:ro,Z" "-v" "/var/lib/crater-agent-workspace/cargo-home:/opt/rustwide/cargo-home:ro,Z" "-v" "/var/lib/crater-agent-workspace/rustup-home:/opt/rustwide/rustup-home:ro,Z" "-e" "SOURCE_DIR=/opt/rustwide/workdir" "-e" "CARGO_TARGET_DIR=/opt/rustwide/target" "-e" "CARGO_INCREMENTAL=0" "-e" "RUST_BACKTRACE=full" "-e" "RUSTFLAGS=--cap-lints=warn" "-e" "RUSTDOCFLAGS=--cap-lints=warn" "-e" "CARGO_HOME=/opt/rustwide/cargo-home" "-e" "RUSTUP_HOME=/opt/rustwide/rustup-home" "-w" "/opt/rustwide/workdir" "-m" "1610612736" "--user" "0:0" "--network" "none" "ghcr.io/rust-lang/crates-build-env/linux@sha256:f3a9d4ad9d972b27faf3965f35b62e55ba32bbce8f20bc8fe909558a86702fde" "/opt/rustwide/cargo-home/bin/cargo" "+1.83.0" "build" "--frozen" "--message-format=json", kill_on_drop: false }`
[INFO] [stdout] 211fdcbce3dabed03ecdeab7c6acb712d36708bbd82cfa45b6b0fc481f1e5d91
[INFO] running `Command { std: "docker" "start" "-a" "211fdcbce3dabed03ecdeab7c6acb712d36708bbd82cfa45b6b0fc481f1e5d91", kill_on_drop: false }`
[INFO] [stderr]    Compiling cachesim v0.1.3 (/opt/rustwide/workdir)
[INFO] [stderr]     Finished `dev` profile [unoptimized + debuginfo] target(s) in 0.33s
[INFO] running `Command { std: "docker" "inspect" "211fdcbce3dabed03ecdeab7c6acb712d36708bbd82cfa45b6b0fc481f1e5d91", kill_on_drop: false }`
[INFO] running `Command { std: "docker" "rm" "-f" "211fdcbce3dabed03ecdeab7c6acb712d36708bbd82cfa45b6b0fc481f1e5d91", kill_on_drop: false }`
[INFO] [stdout] 211fdcbce3dabed03ecdeab7c6acb712d36708bbd82cfa45b6b0fc481f1e5d91
[INFO] running `Command { std: "docker" "create" "-v" "/var/lib/crater-agent-workspace/builds/worker-3-tc1/target:/opt/rustwide/target:rw,Z" "-v" "/var/lib/crater-agent-workspace/builds/worker-3-tc1/source:/opt/rustwide/workdir:ro,Z" "-v" "/var/lib/crater-agent-workspace/cargo-home:/opt/rustwide/cargo-home:ro,Z" "-v" "/var/lib/crater-agent-workspace/rustup-home:/opt/rustwide/rustup-home:ro,Z" "-e" "SOURCE_DIR=/opt/rustwide/workdir" "-e" "CARGO_TARGET_DIR=/opt/rustwide/target" "-e" "CARGO_INCREMENTAL=0" "-e" "RUST_BACKTRACE=full" "-e" "RUSTFLAGS=--cap-lints=warn" "-e" "RUSTDOCFLAGS=--cap-lints=warn" "-e" "CARGO_HOME=/opt/rustwide/cargo-home" "-e" "RUSTUP_HOME=/opt/rustwide/rustup-home" "-w" "/opt/rustwide/workdir" "-m" "1610612736" "--user" "0:0" "--network" "none" "ghcr.io/rust-lang/crates-build-env/linux@sha256:f3a9d4ad9d972b27faf3965f35b62e55ba32bbce8f20bc8fe909558a86702fde" "/opt/rustwide/cargo-home/bin/cargo" "+1.83.0" "test" "--frozen" "--no-run" "--message-format=json", kill_on_drop: false }`
[INFO] [stdout] b8af8e7310b3cd1e668c32dd31c34a131a3d8d3495e4c6133c8cb98342373831
[INFO] running `Command { std: "docker" "start" "-a" "b8af8e7310b3cd1e668c32dd31c34a131a3d8d3495e4c6133c8cb98342373831", kill_on_drop: false }`
[INFO] [stderr]    Compiling cachesim v0.1.3 (/opt/rustwide/workdir)
[INFO] [stderr]     Finished `test` profile [unoptimized + debuginfo] target(s) in 0.69s
[INFO] running `Command { std: "docker" "inspect" "b8af8e7310b3cd1e668c32dd31c34a131a3d8d3495e4c6133c8cb98342373831", kill_on_drop: false }`
[INFO] running `Command { std: "docker" "rm" "-f" "b8af8e7310b3cd1e668c32dd31c34a131a3d8d3495e4c6133c8cb98342373831", kill_on_drop: false }`
[INFO] [stdout] b8af8e7310b3cd1e668c32dd31c34a131a3d8d3495e4c6133c8cb98342373831
[INFO] running `Command { std: "docker" "create" "-v" "/var/lib/crater-agent-workspace/builds/worker-3-tc1/target:/opt/rustwide/target:rw,Z" "-v" "/var/lib/crater-agent-workspace/builds/worker-3-tc1/source:/opt/rustwide/workdir:ro,Z" "-v" "/var/lib/crater-agent-workspace/cargo-home:/opt/rustwide/cargo-home:ro,Z" "-v" "/var/lib/crater-agent-workspace/rustup-home:/opt/rustwide/rustup-home:ro,Z" "-e" "SOURCE_DIR=/opt/rustwide/workdir" "-e" "CARGO_TARGET_DIR=/opt/rustwide/target" "-e" "CARGO_INCREMENTAL=0" "-e" "RUST_BACKTRACE=full" "-e" "RUSTFLAGS=--cap-lints=warn" "-e" "RUSTDOCFLAGS=--cap-lints=warn" "-e" "CARGO_HOME=/opt/rustwide/cargo-home" "-e" "RUSTUP_HOME=/opt/rustwide/rustup-home" "-w" "/opt/rustwide/workdir" "-m" "1610612736" "--user" "0:0" "--network" "none" "ghcr.io/rust-lang/crates-build-env/linux@sha256:f3a9d4ad9d972b27faf3965f35b62e55ba32bbce8f20bc8fe909558a86702fde" "/opt/rustwide/cargo-home/bin/cargo" "+1.83.0" "test" "--frozen", kill_on_drop: false }`
[INFO] [stdout] 301c4cce25471364d849d389db3e585122d2e5309cc35f492af8a5f26a933dd7
[INFO] running `Command { std: "docker" "start" "-a" "301c4cce25471364d849d389db3e585122d2e5309cc35f492af8a5f26a933dd7", kill_on_drop: false }`
[INFO] [stderr]     Finished `test` profile [unoptimized + debuginfo] target(s) in 0.01s
[INFO] [stderr]      Running unittests src/lib.rs (/opt/rustwide/target/debug/deps/cachesim-299152d28cee61eb)
[INFO] [stdout] 
[INFO] [stdout] running 0 tests
[INFO] [stdout] 
[INFO] [stdout] test result: ok. 0 passed; 0 failed; 0 ignored; 0 measured; 0 filtered out; finished in 0.00s
[INFO] [stdout] 
[INFO] [stderr]    Doc-tests cachesim
[INFO] [stdout] 
[INFO] [stdout] running 4 tests
[INFO] [stdout] test src/lib.rs - (line 75) ... FAILED
[INFO] [stdout] test src/lib.rs - (line 59) ... FAILED
[INFO] [stdout] test src/lib.rs - (line 12) ... FAILED
[INFO] [stdout] test src/lib.rs - (line 50) ... ok
[INFO] [stdout] 
[INFO] [stdout] failures:
[INFO] [stdout] 
[INFO] [stdout] ---- src/lib.rs - (line 75) stdout ----
[INFO] [stdout] error[E0433]: failed to resolve: unresolved import
[INFO] [stdout]  --> src/oracle_cache/mod.rs:5:12
[INFO] [stdout]   |
[INFO] [stdout] 5 | use crate::cache_behav::{general_cache_behavior::*};
[INFO] [stdout]   |            ^^^^^^^^^^^
[INFO] [stdout]   |            |
[INFO] [stdout]   |            unresolved import
[INFO] [stdout]   |            help: a similar path exists: `cachesim::cache_behav`
[INFO] [stdout] 
[INFO] [stdout] error[E0405]: cannot find trait `GeneralCacheBehavior` in this scope
[INFO] [stdout]   --> src/oracle_cache/mod.rs:19:6
[INFO] [stdout]    |
[INFO] [stdout] 19 | impl GeneralCacheBehavior for OracleCache {
[INFO] [stdout]    |      ^^^^^^^^^^^^^^^^^^^^ not found in this scope
[INFO] [stdout]    |
[INFO] [stdout] help: consider importing one of these traits
[INFO] [stdout]    |
[INFO] [stdout] 5  + use crate::GeneralCacheBehavior;
[INFO] [stdout]    |
[INFO] [stdout] 5  + use cachesim::general_cache_behavior::GeneralCacheBehavior;
[INFO] [stdout]    |
[INFO] [stdout] 
[INFO] [stdout] error[E0412]: cannot find type `AccessResult` in this scope
[INFO] [stdout]   --> src/oracle_cache/mod.rs:39:40
[INFO] [stdout]    |
[INFO] [stdout] 39 |     fn access(&mut self, _addr:u32) -> AccessResult {
[INFO] [stdout]    |                                        ^^^^^^^^^^^^ not found in this scope
[INFO] [stdout]    |
[INFO] [stdout] help: consider importing one of these structs
[INFO] [stdout]    |
[INFO] [stdout] 5  + use crate::AccessResult;
[INFO] [stdout]    |
[INFO] [stdout] 5  + use cachesim::general_cache_behavior::AccessResult;
[INFO] [stdout]    |
[INFO] [stdout] 
[INFO] [stdout] error[E0425]: cannot find function, tuple struct or tuple variant `AccessResult` in this scope
[INFO] [stdout]   --> src/oracle_cache/mod.rs:40:9
[INFO] [stdout]    |
[INFO] [stdout] 40 |         AccessResult(HitOrMiss::Hit, 0.0)
[INFO] [stdout]    |         ^^^^^^^^^^^^ not found in this scope
[INFO] [stdout]    |
[INFO] [stdout] help: consider importing one of these tuple structs
[INFO] [stdout]    |
[INFO] [stdout] 5  + use crate::AccessResult;
[INFO] [stdout]    |
[INFO] [stdout] 5  + use cachesim::general_cache_behavior::AccessResult;
[INFO] [stdout]    |
[INFO] [stdout] 
[INFO] [stdout] error[E0433]: failed to resolve: use of undeclared type `HitOrMiss`
[INFO] [stdout]   --> src/oracle_cache/mod.rs:40:22
[INFO] [stdout]    |
[INFO] [stdout] 40 |         AccessResult(HitOrMiss::Hit, 0.0)
[INFO] [stdout]    |                      ^^^^^^^^^ use of undeclared type `HitOrMiss`
[INFO] [stdout]    |
[INFO] [stdout] help: consider importing one of these enums
[INFO] [stdout]    |
[INFO] [stdout] 5  + use crate::HitOrMiss;
[INFO] [stdout]    |
[INFO] [stdout] 5  + use cachesim::general_cache_behavior::HitOrMiss;
[INFO] [stdout]    |
[INFO] [stdout] 
[INFO] [stdout] error: aborting due to 5 previous errors
[INFO] [stdout] 
[INFO] [stdout] Some errors have detailed explanations: E0405, E0412, E0425, E0433.
[INFO] [stdout] For more information about an error, try `rustc --explain E0405`.
[INFO] [stdout] Couldn't compile the test.
[INFO] [stdout] ---- src/lib.rs - (line 59) stdout ----
[INFO] [stdout] error: unexpected token: `...`
[INFO] [stdout]  --> src/lib.rs:64:63
[INFO] [stdout]   |
[INFO] [stdout] 7 |     fn init(&mut self, filename:&str) -> Result<(), String> { ... }
[INFO] [stdout]   |                                                               ^^^
[INFO] [stdout]   |
[INFO] [stdout] help: use `..` for an exclusive range
[INFO] [stdout]   |
[INFO] [stdout] 7 |     fn init(&mut self, filename:&str) -> Result<(), String> { .. }
[INFO] [stdout]   |                                                               ~~
[INFO] [stdout] help: or `..=` for an inclusive range
[INFO] [stdout]   |
[INFO] [stdout] 7 |     fn init(&mut self, filename:&str) -> Result<(), String> { ..= }
[INFO] [stdout]   |                                                               ~~~
[INFO] [stdout] 
[INFO] [stdout] error[E0586]: inclusive range with no end
[INFO] [stdout]  --> src/lib.rs:64:63
[INFO] [stdout]   |
[INFO] [stdout] 7 |     fn init(&mut self, filename:&str) -> Result<(), String> { ... }
[INFO] [stdout]   |                                                               ^^^
[INFO] [stdout]   |
[INFO] [stdout]   = note: inclusive ranges must be bounded at the end (`..=b` or `a..=b`)
[INFO] [stdout] help: use `..` instead
[INFO] [stdout]   |
[INFO] [stdout] 7 -     fn init(&mut self, filename:&str) -> Result<(), String> { ... }
[INFO] [stdout] 7 +     fn init(&mut self, filename:&str) -> Result<(), String> { .. }
[INFO] [stdout]   |
[INFO] [stdout] 
[INFO] [stdout] error: unexpected token: `...`
[INFO] [stdout]  --> src/lib.rs:65:34
[INFO] [stdout]   |
[INFO] [stdout] 8 |     fn get_type(&self) -> &str { ... }
[INFO] [stdout]   |                                  ^^^
[INFO] [stdout]   |
[INFO] [stdout] help: use `..` for an exclusive range
[INFO] [stdout]   |
[INFO] [stdout] 8 |     fn get_type(&self) -> &str { .. }
[INFO] [stdout]   |                                  ~~
[INFO] [stdout] help: or `..=` for an inclusive range
[INFO] [stdout]   |
[INFO] [stdout] 8 |     fn get_type(&self) -> &str { ..= }
[INFO] [stdout]   |                                  ~~~
[INFO] [stdout] 
[INFO] [stdout] error[E0586]: inclusive range with no end
[INFO] [stdout]  --> src/lib.rs:65:34
[INFO] [stdout]   |
[INFO] [stdout] 8 |     fn get_type(&self) -> &str { ... }
[INFO] [stdout]   |                                  ^^^
[INFO] [stdout]   |
[INFO] [stdout]   = note: inclusive ranges must be bounded at the end (`..=b` or `a..=b`)
[INFO] [stdout] help: use `..` instead
[INFO] [stdout]   |
[INFO] [stdout] 8 -     fn get_type(&self) -> &str { ... }
[INFO] [stdout] 8 +     fn get_type(&self) -> &str { .. }
[INFO] [stdout]   |
[INFO] [stdout] 
[INFO] [stdout] error: unexpected token: `...`
[INFO] [stdout]  --> src/lib.rs:66:55
[INFO] [stdout]   |
[INFO] [stdout] 9 |     fn access(&mut self, _addr:u32) -> AccessResult { ... }
[INFO] [stdout]   |                                                       ^^^
[INFO] [stdout]   |
[INFO] [stdout] help: use `..` for an exclusive range
[INFO] [stdout]   |
[INFO] [stdout] 9 |     fn access(&mut self, _addr:u32) -> AccessResult { .. }
[INFO] [stdout]   |                                                       ~~
[INFO] [stdout] help: or `..=` for an inclusive range
[INFO] [stdout]   |
[INFO] [stdout] 9 |     fn access(&mut self, _addr:u32) -> AccessResult { ..= }
[INFO] [stdout]   |                                                       ~~~
[INFO] [stdout] 
[INFO] [stdout] error[E0586]: inclusive range with no end
[INFO] [stdout]  --> src/lib.rs:66:55
[INFO] [stdout]   |
[INFO] [stdout] 9 |     fn access(&mut self, _addr:u32) -> AccessResult { ... }
[INFO] [stdout]   |                                                       ^^^
[INFO] [stdout]   |
[INFO] [stdout]   = note: inclusive ranges must be bounded at the end (`..=b` or `a..=b`)
[INFO] [stdout] help: use `..` instead
[INFO] [stdout]   |
[INFO] [stdout] 9 -     fn access(&mut self, _addr:u32) -> AccessResult { ... }
[INFO] [stdout] 9 +     fn access(&mut self, _addr:u32) -> AccessResult { .. }
[INFO] [stdout]   |
[INFO] [stdout] 
[INFO] [stdout] error: unexpected token: `...`
[INFO] [stdout]   --> src/lib.rs:67:27
[INFO] [stdout]    |
[INFO] [stdout] 10 |     fn clear(&mut self) { ... }
[INFO] [stdout]    |                           ^^^
[INFO] [stdout]    |
[INFO] [stdout] help: use `..` for an exclusive range
[INFO] [stdout]    |
[INFO] [stdout] 10 |     fn clear(&mut self) { .. }
[INFO] [stdout]    |                           ~~
[INFO] [stdout] help: or `..=` for an inclusive range
[INFO] [stdout]    |
[INFO] [stdout] 10 |     fn clear(&mut self) { ..= }
[INFO] [stdout]    |                           ~~~
[INFO] [stdout] 
[INFO] [stdout] error[E0586]: inclusive range with no end
[INFO] [stdout]   --> src/lib.rs:67:27
[INFO] [stdout]    |
[INFO] [stdout] 10 |     fn clear(&mut self) { ... }
[INFO] [stdout]    |                           ^^^
[INFO] [stdout]    |
[INFO] [stdout]    = note: inclusive ranges must be bounded at the end (`..=b` or `a..=b`)
[INFO] [stdout] help: use `..` instead
[INFO] [stdout]    |
[INFO] [stdout] 10 -     fn clear(&mut self) { ... }
[INFO] [stdout] 10 +     fn clear(&mut self) { .. }
[INFO] [stdout]    |
[INFO] [stdout] 
[INFO] [stdout] error: unexpected token: `...`
[INFO] [stdout]   --> src/lib.rs:68:31
[INFO] [stdout]    |
[INFO] [stdout] 11 |     fn size(&self) -> usize { ... }
[INFO] [stdout]    |                               ^^^
[INFO] [stdout]    |
[INFO] [stdout] help: use `..` for an exclusive range
[INFO] [stdout]    |
[INFO] [stdout] 11 |     fn size(&self) -> usize { .. }
[INFO] [stdout]    |                               ~~
[INFO] [stdout] help: or `..=` for an inclusive range
[INFO] [stdout]    |
[INFO] [stdout] 11 |     fn size(&self) -> usize { ..= }
[INFO] [stdout]    |                               ~~~
[INFO] [stdout] 
[INFO] [stdout] error[E0586]: inclusive range with no end
[INFO] [stdout]   --> src/lib.rs:68:31
[INFO] [stdout]    |
[INFO] [stdout] 11 |     fn size(&self) -> usize { ... }
[INFO] [stdout]    |                               ^^^
[INFO] [stdout]    |
[INFO] [stdout]    = note: inclusive ranges must be bounded at the end (`..=b` or `a..=b`)
[INFO] [stdout] help: use `..` instead
[INFO] [stdout]    |
[INFO] [stdout] 11 -     fn size(&self) -> usize { ... }
[INFO] [stdout] 11 +     fn size(&self) -> usize { .. }
[INFO] [stdout]    |
[INFO] [stdout] 
[INFO] [stdout] error[E0433]: failed to resolve: unresolved import
[INFO] [stdout]  --> src/lib.rs:60:12
[INFO] [stdout]   |
[INFO] [stdout] 3 | use crate::cache_behav::{general_cache_behavior::*};
[INFO] [stdout]   |            ^^^^^^^^^^^
[INFO] [stdout]   |            |
[INFO] [stdout]   |            unresolved import
[INFO] [stdout]   |            help: a similar path exists: `cachesim::cache_behav`
[INFO] [stdout] 
[INFO] [stdout] error[E0405]: cannot find trait `GeneralCacheBehavior` in this scope
[INFO] [stdout]  --> src/lib.rs:62:6
[INFO] [stdout]   |
[INFO] [stdout] 5 | impl GeneralCacheBehavior for OracleCache {
[INFO] [stdout]   |      ^^^^^^^^^^^^^^^^^^^^ not found in this scope
[INFO] [stdout]   |
[INFO] [stdout] help: consider importing this trait
[INFO] [stdout]   |
[INFO] [stdout] 2 + use cachesim::general_cache_behavior::GeneralCacheBehavior;
[INFO] [stdout]   |
[INFO] [stdout] 
[INFO] [stdout] error[E0412]: cannot find type `OracleCache` in this scope
[INFO] [stdout]  --> src/lib.rs:62:31
[INFO] [stdout]   |
[INFO] [stdout] 5 | impl GeneralCacheBehavior for OracleCache {
[INFO] [stdout]   |                               ^^^^^^^^^^^ not found in this scope
[INFO] [stdout]   |
[INFO] [stdout] help: consider importing this struct
[INFO] [stdout]   |
[INFO] [stdout] 2 + use cachesim::OracleCache;
[INFO] [stdout]   |
[INFO] [stdout] 
[INFO] [stdout] error[E0412]: cannot find type `AccessResult` in this scope
[INFO] [stdout]  --> src/lib.rs:66:40
[INFO] [stdout]   |
[INFO] [stdout] 9 |     fn access(&mut self, _addr:u32) -> AccessResult { ... }
[INFO] [stdout]   |                                        ^^^^^^^^^^^^ not found in this scope
[INFO] [stdout]   |
[INFO] [stdout] help: consider importing this struct
[INFO] [stdout]   |
[INFO] [stdout] 2 + use cachesim::general_cache_behavior::AccessResult;
[INFO] [stdout]   |
[INFO] [stdout] 
[INFO] [stdout] error: aborting due to 14 previous errors
[INFO] [stdout] 
[INFO] [stdout] Some errors have detailed explanations: E0405, E0412, E0433, E0586.
[INFO] [stdout] For more information about an error, try `rustc --explain E0405`.
[INFO] [stdout] Couldn't compile the test.
[INFO] [stdout] ---- src/lib.rs - (line 12) stdout ----
[INFO] [stdout] Test executable failed (exit status: 101).
[INFO] [stdout] 
[INFO] [stdout] stdout:
[INFO] [stdout] Constructing Cache Device...
[INFO] [stdout] Initializing default cache...
[INFO] [stdout] 
[INFO] [stdout] stderr:
[INFO] [stdout] thread 'main' panicked at /opt/rustwide/workdir/src/cache_device.rs:18:35:
[INFO] [stdout] Cache Init Error: "failed to read path\\to\\config\\file"
[INFO] [stdout] stack backtrace:
[INFO] [stdout]    0:     0x56d074cbb6fa - std::backtrace_rs::backtrace::libunwind::trace::h5a5b8284f2d0c266
[INFO] [stdout]                                at /rustc/90b35a6239c3d8bdabc530a6a0816f7ff89a0aaf/library/std/src/../../backtrace/src/backtrace/libunwind.rs:116:5
[INFO] [stdout]    1:     0x56d074cbb6fa - std::backtrace_rs::backtrace::trace_unsynchronized::h76d4f1c9b0b875e3
[INFO] [stdout]                                at /rustc/90b35a6239c3d8bdabc530a6a0816f7ff89a0aaf/library/std/src/../../backtrace/src/backtrace/mod.rs:66:5
[INFO] [stdout]    2:     0x56d074cbb6fa - std::sys::backtrace::_print_fmt::hc4546b8364a537c6
[INFO] [stdout]                                at /rustc/90b35a6239c3d8bdabc530a6a0816f7ff89a0aaf/library/std/src/sys/backtrace.rs:66:9
[INFO] [stdout]    3:     0x56d074cbb6fa - <std::sys::backtrace::BacktraceLock::print::DisplayBacktrace as core::fmt::Display>::fmt::h5b6bd5631a6d1f6b
[INFO] [stdout]                                at /rustc/90b35a6239c3d8bdabc530a6a0816f7ff89a0aaf/library/std/src/sys/backtrace.rs:39:26
[INFO] [stdout]    4:     0x56d074cdba03 - core::fmt::rt::Argument::fmt::h270f6602a2b96f62
[INFO] [stdout]                                at /rustc/90b35a6239c3d8bdabc530a6a0816f7ff89a0aaf/library/core/src/fmt/rt.rs:177:76
[INFO] [stdout]    5:     0x56d074cdba03 - core::fmt::write::h7550c97b06c86515
[INFO] [stdout]                                at /rustc/90b35a6239c3d8bdabc530a6a0816f7ff89a0aaf/library/core/src/fmt/mod.rs:1186:21
[INFO] [stdout]    6:     0x56d074cb93c3 - std::io::Write::write_fmt::h7b09c64fe0be9c84
[INFO] [stdout]                                at /rustc/90b35a6239c3d8bdabc530a6a0816f7ff89a0aaf/library/std/src/io/mod.rs:1839:15
[INFO] [stdout]    7:     0x56d074cbb542 - std::sys::backtrace::BacktraceLock::print::h2395ccd2c84ba3aa
[INFO] [stdout]                                at /rustc/90b35a6239c3d8bdabc530a6a0816f7ff89a0aaf/library/std/src/sys/backtrace.rs:42:9
[INFO] [stdout]    8:     0x56d074cbc4ec - std::panicking::default_hook::{{closure}}::he19d4c7230e07961
[INFO] [stdout]                                at /rustc/90b35a6239c3d8bdabc530a6a0816f7ff89a0aaf/library/std/src/panicking.rs:268:22
[INFO] [stdout]    9:     0x56d074cbc332 - std::panicking::default_hook::hf614597d3c67bbdb
[INFO] [stdout]                                at /rustc/90b35a6239c3d8bdabc530a6a0816f7ff89a0aaf/library/std/src/panicking.rs:295:9
[INFO] [stdout]   10:     0x56d074cbcac7 - std::panicking::rust_panic_with_hook::h8942133a8b252070
[INFO] [stdout]                                at /rustc/90b35a6239c3d8bdabc530a6a0816f7ff89a0aaf/library/std/src/panicking.rs:801:13
[INFO] [stdout]   11:     0x56d074cbc95a - std::panicking::begin_panic_handler::{{closure}}::hb5f5963570096b29
[INFO] [stdout]                                at /rustc/90b35a6239c3d8bdabc530a6a0816f7ff89a0aaf/library/std/src/panicking.rs:674:13
[INFO] [stdout]   12:     0x56d074cbbbd9 - std::sys::backtrace::__rust_end_short_backtrace::h6208cedc1922feda
[INFO] [stdout]                                at /rustc/90b35a6239c3d8bdabc530a6a0816f7ff89a0aaf/library/std/src/sys/backtrace.rs:170:18
[INFO] [stdout]   13:     0x56d074cbc5ec - rust_begin_unwind
[INFO] [stdout]                                at /rustc/90b35a6239c3d8bdabc530a6a0816f7ff89a0aaf/library/std/src/panicking.rs:665:5
[INFO] [stdout]   14:     0x56d074c94210 - core::panicking::panic_fmt::h0c3082644d1bf418
[INFO] [stdout]                                at /rustc/90b35a6239c3d8bdabc530a6a0816f7ff89a0aaf/library/core/src/panicking.rs:74:14
[INFO] [stdout]   15:     0x56d074c945b6 - core::result::unwrap_failed::hd20b4aa073bda1e2
[INFO] [stdout]                                at /rustc/90b35a6239c3d8bdabc530a6a0816f7ff89a0aaf/library/core/src/result.rs:1700:5
[INFO] [stdout]   16:     0x56d074c94fa3 - core::result::Result<T,E>::expect::h8a90a64701127a87
[INFO] [stdout]   17:     0x56d074c9527a - cachesim::cache_device::CacheDevice<T>::new::h56e800c6856024e3
[INFO] [stdout]   18:     0x56d074c954fd - rust_out::main::h86d391cc11b8a827
[INFO] [stdout]   19:     0x56d074c94bc3 - core::ops::function::FnOnce::call_once::hd1e0b33d350e8c2e
[INFO] [stdout]   20:     0x56d074c94b66 - std::sys::backtrace::__rust_begin_short_backtrace::hb7c4fd168269da08
[INFO] [stdout]   21:     0x56d074c94b49 - std::rt::lang_start::{{closure}}::h7630186e3858a44d
[INFO] [stdout]   22:     0x56d074cb68fe - core::ops::function::impls::<impl core::ops::function::FnOnce<A> for &F>::call_once::hfdb85f4ee94732d3
[INFO] [stdout]                                at /rustc/90b35a6239c3d8bdabc530a6a0816f7ff89a0aaf/library/core/src/ops/function.rs:284:13
[INFO] [stdout]   23:     0x56d074cb68fe - std::panicking::try::do_call::h6e577310f330cbef
[INFO] [stdout]                                at /rustc/90b35a6239c3d8bdabc530a6a0816f7ff89a0aaf/library/std/src/panicking.rs:557:40
[INFO] [stdout]   24:     0x56d074cb68fe - std::panicking::try::ha588d438267d2645
[INFO] [stdout]                                at /rustc/90b35a6239c3d8bdabc530a6a0816f7ff89a0aaf/library/std/src/panicking.rs:520:19
[INFO] [stdout]   25:     0x56d074cb68fe - std::panic::catch_unwind::h429fda1e025f26d9
[INFO] [stdout]                                at /rustc/90b35a6239c3d8bdabc530a6a0816f7ff89a0aaf/library/std/src/panic.rs:358:14
[INFO] [stdout]   26:     0x56d074cb68fe - std::rt::lang_start_internal::{{closure}}::h7b731265e841c4bf
[INFO] [stdout]                                at /rustc/90b35a6239c3d8bdabc530a6a0816f7ff89a0aaf/library/std/src/rt.rs:174:48
[INFO] [stdout]   27:     0x56d074cb68fe - std::panicking::try::do_call::hc0f6a675b7ae5a36
[INFO] [stdout]                                at /rustc/90b35a6239c3d8bdabc530a6a0816f7ff89a0aaf/library/std/src/panicking.rs:557:40
[INFO] [stdout]   28:     0x56d074cb68fe - std::panicking::try::h4c93b7ff0671f1ff
[INFO] [stdout]                                at /rustc/90b35a6239c3d8bdabc530a6a0816f7ff89a0aaf/library/std/src/panicking.rs:520:19
[INFO] [stdout]   29:     0x56d074cb68fe - std::panic::catch_unwind::hcc1e154961d16ce6
[INFO] [stdout]                                at /rustc/90b35a6239c3d8bdabc530a6a0816f7ff89a0aaf/library/std/src/panic.rs:358:14
[INFO] [stdout]   30:     0x56d074cb68fe - std::rt::lang_start_internal::h1c66660c99c8424c
[INFO] [stdout]                                at /rustc/90b35a6239c3d8bdabc530a6a0816f7ff89a0aaf/library/std/src/rt.rs:174:20
[INFO] [stdout]   31:     0x56d074c94b27 - std::rt::lang_start::hcdb31f4834f76b8c
[INFO] [stdout]   32:     0x56d074c958d5 - main
[INFO] [stdout]   33:     0x775088386d90 - <unknown>
[INFO] [stdout]   34:     0x775088386e40 - __libc_start_main
[INFO] [stdout]   35:     0x56d074c94a35 - _start
[INFO] [stdout]   36:                0x0 - <unknown>
[INFO] [stdout] 
[INFO] [stdout] 
[INFO] [stdout] 
[INFO] [stdout] failures:
[INFO] [stdout]     src/lib.rs - (line 12)
[INFO] [stdout]     src/lib.rs - (line 59)
[INFO] [stdout]     src/lib.rs - (line 75)
[INFO] [stdout] 
[INFO] [stdout] test result: FAILED. 1 passed; 3 failed; 0 ignored; 0 measured; 0 filtered out; finished in 0.48s
[INFO] [stdout] 
[INFO] [stderr] error: doctest failed, to rerun pass `--doc`
[INFO] running `Command { std: "docker" "inspect" "301c4cce25471364d849d389db3e585122d2e5309cc35f492af8a5f26a933dd7", kill_on_drop: false }`
[INFO] running `Command { std: "docker" "rm" "-f" "301c4cce25471364d849d389db3e585122d2e5309cc35f492af8a5f26a933dd7", kill_on_drop: false }`
[INFO] [stdout] 301c4cce25471364d849d389db3e585122d2e5309cc35f492af8a5f26a933dd7
