[INFO] fetching crate c-lexer-stable 0.1.4...
[INFO] testing c-lexer-stable-0.1.4 against 1.83.0 for beta-1.84.0-4-retry
[INFO] extracting crate c-lexer-stable 0.1.4 into /workspace/builds/worker-0-tc1/source
[INFO] validating manifest of crates.io crate c-lexer-stable 0.1.4 on toolchain 1.83.0
[INFO] running `Command { std: CARGO_HOME="/workspace/cargo-home" RUSTUP_HOME="/workspace/rustup-home" "/workspace/cargo-home/bin/cargo" "+1.83.0" "metadata" "--manifest-path" "Cargo.toml" "--no-deps", kill_on_drop: false }`
[INFO] started tweaking crates.io crate c-lexer-stable 0.1.4
[INFO] finished tweaking crates.io crate c-lexer-stable 0.1.4
[INFO] tweaked toml for crates.io crate c-lexer-stable 0.1.4 written to /workspace/builds/worker-0-tc1/source/Cargo.toml
[INFO] running `Command { std: CARGO_HOME="/workspace/cargo-home" RUSTUP_HOME="/workspace/rustup-home" "/workspace/cargo-home/bin/cargo" "+1.83.0" "generate-lockfile" "--manifest-path" "Cargo.toml", kill_on_drop: false }`
[INFO] [stderr]     Updating crates.io index
[INFO] [stderr]      Locking 36 packages to latest compatible versions
[INFO] [stderr]       Adding phf v0.7.24 (available: v0.11.2)
[INFO] running `Command { std: CARGO_HOME="/workspace/cargo-home" RUSTUP_HOME="/workspace/rustup-home" "/workspace/cargo-home/bin/cargo" "+1.83.0" "fetch" "--manifest-path" "Cargo.toml", kill_on_drop: false }`
[INFO] [stderr]  Downloading crates ...
[INFO] [stderr]   Downloaded phf_macros v0.7.24
[INFO] [stderr]   Downloaded internship v0.6.0
[INFO] running `Command { std: "docker" "create" "-v" "/var/lib/crater-agent-workspace/builds/worker-0-tc1/target:/opt/rustwide/target:rw,Z" "-v" "/var/lib/crater-agent-workspace/builds/worker-0-tc1/source:/opt/rustwide/workdir:ro,Z" "-v" "/var/lib/crater-agent-workspace/cargo-home:/opt/rustwide/cargo-home:ro,Z" "-v" "/var/lib/crater-agent-workspace/rustup-home:/opt/rustwide/rustup-home:ro,Z" "-e" "SOURCE_DIR=/opt/rustwide/workdir" "-e" "CARGO_TARGET_DIR=/opt/rustwide/target" "-e" "CARGO_HOME=/opt/rustwide/cargo-home" "-e" "RUSTUP_HOME=/opt/rustwide/rustup-home" "-w" "/opt/rustwide/workdir" "-m" "1610612736" "--user" "0:0" "--network" "none" "ghcr.io/rust-lang/crates-build-env/linux@sha256:f3a9d4ad9d972b27faf3965f35b62e55ba32bbce8f20bc8fe909558a86702fde" "/opt/rustwide/cargo-home/bin/cargo" "+1.83.0" "metadata" "--no-deps" "--format-version=1", kill_on_drop: false }`
[INFO] [stdout] 0e6ae4ff360bf97d6384e2c54447a4f52e710a41fb6c60d560675a1b505fc28c
[INFO] running `Command { std: "docker" "start" "-a" "0e6ae4ff360bf97d6384e2c54447a4f52e710a41fb6c60d560675a1b505fc28c", kill_on_drop: false }`
[INFO] running `Command { std: "docker" "inspect" "0e6ae4ff360bf97d6384e2c54447a4f52e710a41fb6c60d560675a1b505fc28c", kill_on_drop: false }`
[INFO] running `Command { std: "docker" "rm" "-f" "0e6ae4ff360bf97d6384e2c54447a4f52e710a41fb6c60d560675a1b505fc28c", kill_on_drop: false }`
[INFO] [stdout] 0e6ae4ff360bf97d6384e2c54447a4f52e710a41fb6c60d560675a1b505fc28c
[INFO] running `Command { std: "docker" "create" "-v" "/var/lib/crater-agent-workspace/builds/worker-0-tc1/target:/opt/rustwide/target:rw,Z" "-v" "/var/lib/crater-agent-workspace/builds/worker-0-tc1/source:/opt/rustwide/workdir:ro,Z" "-v" "/var/lib/crater-agent-workspace/cargo-home:/opt/rustwide/cargo-home:ro,Z" "-v" "/var/lib/crater-agent-workspace/rustup-home:/opt/rustwide/rustup-home:ro,Z" "-e" "SOURCE_DIR=/opt/rustwide/workdir" "-e" "CARGO_TARGET_DIR=/opt/rustwide/target" "-e" "CARGO_INCREMENTAL=0" "-e" "RUST_BACKTRACE=full" "-e" "RUSTFLAGS=--cap-lints=warn" "-e" "RUSTDOCFLAGS=--cap-lints=warn" "-e" "CARGO_HOME=/opt/rustwide/cargo-home" "-e" "RUSTUP_HOME=/opt/rustwide/rustup-home" "-w" "/opt/rustwide/workdir" "-m" "1610612736" "--user" "0:0" "--network" "none" "ghcr.io/rust-lang/crates-build-env/linux@sha256:f3a9d4ad9d972b27faf3965f35b62e55ba32bbce8f20bc8fe909558a86702fde" "/opt/rustwide/cargo-home/bin/cargo" "+1.83.0" "build" "--frozen" "--message-format=json", kill_on_drop: false }`
[INFO] [stdout] c637cc147a09669bdb575f406f1c64d6607f52f327b00e439bdce9b931522b4d
[INFO] running `Command { std: "docker" "start" "-a" "c637cc147a09669bdb575f406f1c64d6607f52f327b00e439bdce9b931522b4d", kill_on_drop: false }`
[INFO] [stderr]    Compiling autocfg v1.4.0
[INFO] [stderr]    Compiling rand_core v0.4.2
[INFO] [stderr]    Compiling libc v0.2.168
[INFO] [stderr]    Compiling proc-macro2 v0.4.30
[INFO] [stderr]    Compiling unicode-xid v0.1.0
[INFO] [stderr]    Compiling syn v0.15.44
[INFO] [stderr]    Compiling siphasher v0.2.3
[INFO] [stderr]    Compiling serde v1.0.216
[INFO] [stderr]    Compiling autocfg v0.1.8
[INFO] [stderr]    Compiling rand_core v0.3.1
[INFO] [stderr]    Compiling rand_jitter v0.1.4
[INFO] [stderr]    Compiling rand_hc v0.1.0
[INFO] [stderr]    Compiling rand_xorshift v0.1.1
[INFO] [stderr]    Compiling rand_isaac v0.1.1
[INFO] [stderr]    Compiling rand_pcg v0.1.2
[INFO] [stderr]    Compiling rand_chacha v0.1.1
[INFO] [stderr]    Compiling rand v0.6.5
[INFO] [stderr]    Compiling phf_shared v0.7.24
[INFO] [stderr]    Compiling quote v0.6.13
[INFO] [stderr]    Compiling rand_os v0.1.3
[INFO] [stderr]    Compiling phf_generator v0.7.24
[INFO] [stderr]    Compiling phf_macros v0.7.24
[INFO] [stderr]    Compiling internship v0.6.0
[INFO] [stderr]    Compiling phf v0.7.24
[INFO] [stderr]    Compiling c-lexer-stable v0.1.4 (/opt/rustwide/workdir)
[INFO] [stderr]     Finished `dev` profile [unoptimized + debuginfo] target(s) in 12.48s
[INFO] running `Command { std: "docker" "inspect" "c637cc147a09669bdb575f406f1c64d6607f52f327b00e439bdce9b931522b4d", kill_on_drop: false }`
[INFO] running `Command { std: "docker" "rm" "-f" "c637cc147a09669bdb575f406f1c64d6607f52f327b00e439bdce9b931522b4d", kill_on_drop: false }`
[INFO] [stdout] c637cc147a09669bdb575f406f1c64d6607f52f327b00e439bdce9b931522b4d
[INFO] running `Command { std: "docker" "create" "-v" "/var/lib/crater-agent-workspace/builds/worker-0-tc1/target:/opt/rustwide/target:rw,Z" "-v" "/var/lib/crater-agent-workspace/builds/worker-0-tc1/source:/opt/rustwide/workdir:ro,Z" "-v" "/var/lib/crater-agent-workspace/cargo-home:/opt/rustwide/cargo-home:ro,Z" "-v" "/var/lib/crater-agent-workspace/rustup-home:/opt/rustwide/rustup-home:ro,Z" "-e" "SOURCE_DIR=/opt/rustwide/workdir" "-e" "CARGO_TARGET_DIR=/opt/rustwide/target" "-e" "CARGO_INCREMENTAL=0" "-e" "RUST_BACKTRACE=full" "-e" "RUSTFLAGS=--cap-lints=warn" "-e" "RUSTDOCFLAGS=--cap-lints=warn" "-e" "CARGO_HOME=/opt/rustwide/cargo-home" "-e" "RUSTUP_HOME=/opt/rustwide/rustup-home" "-w" "/opt/rustwide/workdir" "-m" "1610612736" "--user" "0:0" "--network" "none" "ghcr.io/rust-lang/crates-build-env/linux@sha256:f3a9d4ad9d972b27faf3965f35b62e55ba32bbce8f20bc8fe909558a86702fde" "/opt/rustwide/cargo-home/bin/cargo" "+1.83.0" "test" "--frozen" "--no-run" "--message-format=json", kill_on_drop: false }`
[INFO] [stdout] 665945cc4d4bc9008ffa46874343f21360b5e22571280c5d8ecbca35c6abaf43
[INFO] running `Command { std: "docker" "start" "-a" "665945cc4d4bc9008ffa46874343f21360b5e22571280c5d8ecbca35c6abaf43", kill_on_drop: false }`
[INFO] [stderr]    Compiling c-lexer-stable v0.1.4 (/opt/rustwide/workdir)
[INFO] [stderr]     Finished `test` profile [unoptimized + debuginfo] target(s) in 1.29s
[INFO] running `Command { std: "docker" "inspect" "665945cc4d4bc9008ffa46874343f21360b5e22571280c5d8ecbca35c6abaf43", kill_on_drop: false }`
[INFO] running `Command { std: "docker" "rm" "-f" "665945cc4d4bc9008ffa46874343f21360b5e22571280c5d8ecbca35c6abaf43", kill_on_drop: false }`
[INFO] [stdout] 665945cc4d4bc9008ffa46874343f21360b5e22571280c5d8ecbca35c6abaf43
[INFO] running `Command { std: "docker" "create" "-v" "/var/lib/crater-agent-workspace/builds/worker-0-tc1/target:/opt/rustwide/target:rw,Z" "-v" "/var/lib/crater-agent-workspace/builds/worker-0-tc1/source:/opt/rustwide/workdir:ro,Z" "-v" "/var/lib/crater-agent-workspace/cargo-home:/opt/rustwide/cargo-home:ro,Z" "-v" "/var/lib/crater-agent-workspace/rustup-home:/opt/rustwide/rustup-home:ro,Z" "-e" "SOURCE_DIR=/opt/rustwide/workdir" "-e" "CARGO_TARGET_DIR=/opt/rustwide/target" "-e" "CARGO_INCREMENTAL=0" "-e" "RUST_BACKTRACE=full" "-e" "RUSTFLAGS=--cap-lints=warn" "-e" "RUSTDOCFLAGS=--cap-lints=warn" "-e" "CARGO_HOME=/opt/rustwide/cargo-home" "-e" "RUSTUP_HOME=/opt/rustwide/rustup-home" "-w" "/opt/rustwide/workdir" "-m" "1610612736" "--user" "0:0" "--network" "none" "ghcr.io/rust-lang/crates-build-env/linux@sha256:f3a9d4ad9d972b27faf3965f35b62e55ba32bbce8f20bc8fe909558a86702fde" "/opt/rustwide/cargo-home/bin/cargo" "+1.83.0" "test" "--frozen", kill_on_drop: false }`
[INFO] [stdout] c207bb36cfa23b5ec063fb9bc8946d8bc99f05ddcf8933a7a26edbd785fe55d1
[INFO] running `Command { std: "docker" "start" "-a" "c207bb36cfa23b5ec063fb9bc8946d8bc99f05ddcf8933a7a26edbd785fe55d1", kill_on_drop: false }`
[INFO] [stderr]     Finished `test` profile [unoptimized + debuginfo] target(s) in 0.05s
[INFO] [stderr]      Running unittests src/lib.rs (/opt/rustwide/target/debug/deps/c_lexer_stable-79183b853452b5f9)
[INFO] [stdout] 
[INFO] [stdout] running 79 tests
[INFO] [stdout] test identifier::tests::parsing_after_token_2 ... ok
[INFO] [stdout] test identifier::tests::parsing_after_token ... ok
[INFO] [stdout] test identifier::tests::keyword ... ok
[INFO] [stdout] test number::tests::binary ... FAILED
[INFO] [stdout] test number::tests::decimal ... FAILED
[INFO] [stdout] test number::tests::binary_capital ... FAILED
[INFO] [stdout] test number::tests::decimal_exponent_signed_plus ... FAILED
[INFO] [stdout] test number::tests::decimal_exponent_unsigneds ... FAILED
[INFO] [stdout] test number::tests::hex ... FAILED
[INFO] [stdout] test number::tests::binary_four ... FAILED
[INFO] [stdout] test number::tests::decimal_exponent_signed ... FAILED
[INFO] [stdout] test number::tests::decimaldigits ... FAILED
[INFO] [stdout] test number::tests::decimaldigits_exponent_signed ... FAILED
[INFO] [stdout] test number::tests::hex_capital ... FAILED
[INFO] [stdout] test number::tests::decimal_ten ... FAILED
[INFO] [stdout] test number::tests::hex_sixteen ... FAILED
[INFO] [stdout] test number::tests::octal_eight ... FAILED
[INFO] [stdout] test state_machine::tests::assign_double ... FAILED
[INFO] [stdout] test state_machine::tests::assign ... FAILED
[INFO] [stdout] test state_machine::tests::and_assign ... FAILED
[INFO] [stdout] test state_machine::tests::and ... FAILED
[INFO] [stdout] test number::tests::octal ... FAILED
[INFO] [stdout] test number::tests::octal_cpaital ... FAILED
[INFO] [stdout] test state_machine::tests::bigger ... FAILED
[INFO] [stdout] test state_machine::tests::bigger_equal ... FAILED
[INFO] [stdout] test state_machine::tests::bigger_double ... FAILED
[INFO] [stdout] test state_machine::tests::bigger_double_equal ... FAILED
[INFO] [stdout] test state_machine::tests::colon ... FAILED
[INFO] [stdout] test state_machine::tests::caret ... FAILED
[INFO] [stderr] thread 'state_machine::tests::left_curly' panicked at core/src/panicking.rs:221:5:
[INFO] [stderr] unsafe precondition(s) violated: slice::get_unchecked requires that the index is within the slice
[INFO] [stderr] stack backtrace:
[INFO] [stderr]    0:     0x6442de56e04a - std::backtrace_rs::backtrace::libunwind::trace::h5a5b8284f2d0c266
[INFO] [stderr]                                at /rustc/90b35a6239c3d8bdabc530a6a0816f7ff89a0aaf/library/std/src/../../backtrace/src/backtrace/libunwind.rs:116:5
[INFO] [stderr]    1:     0x6442de56e04a - std::backtrace_rs::backtrace::trace_unsynchronized::h76d4f1c9b0b875e3
[INFO] [stderr]                                at /rustc/90b35a6239c3d8bdabc530a6a0816f7ff89a0aaf/library/std/src/../../backtrace/src/backtrace/mod.rs:66:5
[INFO] [stderr]    2:     0x6442de56e04a - std::sys::backtrace::_print_fmt::hc4546b8364a537c6
[INFO] [stdout] test state_machine::tests::caret_assign ... FAILED
[INFO] [stderr]                                at /rustc/90b35a6239c3d8bdabc530a6a0816f7ff89a0aaf/library/std/src/sys/backtrace.rs:66:9
[INFO] [stderr]    3:     0x6442de56e04a - <std::sys::backtrace::BacktraceLock::print::DisplayBacktrace as core::fmt::Display>::fmt::h5b6bd5631a6d1f6b
[INFO] [stderr]                                at /rustc/90b35a6239c3d8bdabc530a6a0816f7ff89a0aaf/library/std/src/sys/backtrace.rs:39:26
[INFO] [stderr]    4:     0x6442de5934f3 - core::fmt::rt::Argument::fmt::h270f6602a2b96f62
[INFO] [stderr]                                at /rustc/90b35a6239c3d8bdabc530a6a0816f7ff89a0aaf/library/core/src/fmt/rt.rs:177:76
[INFO] [stderr]    5:     0x6442de5934f3 - core::fmt::write::h7550c97b06c86515
[INFO] [stderr]                                at /rustc/90b35a6239c3d8bdabc530a6a0816f7ff89a0aaf/library/core/src/fmt/mod.rs:1186:21
[INFO] [stderr]    6:     0x6442de56b343 - std::io::Write::write_fmt::h7b09c64fe0be9c84
[INFO] [stderr]                                at /rustc/90b35a6239c3d8bdabc530a6a0816f7ff89a0aaf/library/std/src/io/mod.rs:1839:15
[INFO] [stderr]    7:     0x6442de56de92 - std::sys::backtrace::BacktraceLock::print::h2395ccd2c84ba3aa
[INFO] [stderr]                                at /rustc/90b35a6239c3d8bdabc530a6a0816f7ff89a0aaf/library/std/src/sys/backtrace.rs:42:9
[INFO] [stderr]    8:     0x6442de56f4aa - std::panicking::default_hook::{{closure}}::he19d4c7230e07961
[INFO] [stderr]                                at /rustc/90b35a6239c3d8bdabc530a6a0816f7ff89a0aaf/library/std/src/panicking.rs:268:22
[INFO] [stderr]    9:     0x6442de56f2f0 - std::panicking::default_hook::hf614597d3c67bbdb
[INFO] [stderr]                                at /rustc/90b35a6239c3d8bdabc530a6a0816f7ff89a0aaf/library/std/src/panicking.rs:295:9
[INFO] [stderr]   10:     0x6442de52bf79 - <alloc::boxed::Box<F,A> as core::ops::function::Fn<Args>>::call::h39b51ce4599c23d1
[INFO] [stderr]                                at /rustc/90b35a6239c3d8bdabc530a6a0816f7ff89a0aaf/library/alloc/src/boxed.rs:2468:9
[INFO] [stderr]   11:     0x6442de52bf79 - test::test_main::{{closure}}::he977ae839a582784
[INFO] [stderr]                                at /rustc/90b35a6239c3d8bdabc530a6a0816f7ff89a0aaf/library/test/src/lib.rs:133:21
[INFO] [stderr]   12:     0x6442de56fb48 - <alloc::boxed::Box<F,A> as core::ops::function::Fn<Args>>::call::h9455091b6b06f9fb
[INFO] [stderr]                                at /rustc/90b35a6239c3d8bdabc530a6a0816f7ff89a0aaf/library/alloc/src/boxed.rs:2468:9
[INFO] [stderr]   13:     0x6442de56fb48 - std::panicking::rust_panic_with_hook::h8942133a8b252070
[INFO] [stderr]                                at /rustc/90b35a6239c3d8bdabc530a6a0816f7ff89a0aaf/library/std/src/panicking.rs:809:13
[INFO] [stderr]   14:     0x6442de56f8d6 - std::panicking::begin_panic_handler::{{closure}}::hb5f5963570096b29
[INFO] [stderr]                                at /rustc/90b35a6239c3d8bdabc530a6a0816f7ff89a0aaf/library/std/src/panicking.rs:667:13
[INFO] [stderr]   15:     0x6442de56e529 - std::sys::backtrace::__rust_end_short_backtrace::h6208cedc1922feda
[INFO] [stderr]                                at /rustc/90b35a6239c3d8bdabc530a6a0816f7ff89a0aaf/library/std/src/sys/backtrace.rs:170:18
[INFO] [stderr]   16:     0x6442de56f59c - rust_begin_unwind
[INFO] [stderr]                                at /rustc/90b35a6239c3d8bdabc530a6a0816f7ff89a0aaf/library/std/src/panicking.rs:665:5
[INFO] [stderr]   17:     0x6442de4ceafd - core::panicking::panic_nounwind_fmt::runtime::h1f507a806003dfb2
[INFO] [stderr]                                at /rustc/90b35a6239c3d8bdabc530a6a0816f7ff89a0aaf/library/core/src/panicking.rs:112:18
[INFO] [stderr]   18:     0x6442de4ceafd - core::panicking::panic_nounwind_fmt::h357fc035dc231634
[INFO] [stderr]                                at /rustc/90b35a6239c3d8bdabc530a6a0816f7ff89a0aaf/library/core/src/panicking.rs:122:5
[INFO] [stderr]   19:     0x6442de4ceb92 - core::panicking::panic_nounwind::hd0dad372654c389a
[INFO] [stderr]                                at /rustc/90b35a6239c3d8bdabc530a6a0816f7ff89a0aaf/library/core/src/panicking.rs:221:5
[INFO] [stderr]   20:     0x6442de4f1c68 - <usize as core::slice::index::SliceIndex<[T]>>::get_unchecked::precondition_check::hbad70c301b6ed838
[INFO] [stderr]                                at /rustc/90b35a6239c3d8bdabc530a6a0816f7ff89a0aaf/library/core/src/ub_checks.rs:70:21
[INFO] [stderr]   21:     0x6442de4f1c1f - <usize as core::slice::index::SliceIndex<[T]>>::get_unchecked::h20f44a8d1844904b
[INFO] [stderr]                                at /rustc/90b35a6239c3d8bdabc530a6a0816f7ff89a0aaf/library/core/src/ub_checks.rs:77:17
[INFO] [stderr]   22:     0x6442de4d1348 - core::slice::<impl [T]>::get_unchecked::ha208db65188dffeb
[INFO] [stderr]                                at /rustc/90b35a6239c3d8bdabc530a6a0816f7ff89a0aaf/library/core/src/slice/mod.rs:672:20
[INFO] [stderr]   23:     0x6442de4de6f6 - c_lexer_stable::state_machine::parse::h752b1c2b85032c99
[INFO] [stderr]                                at /opt/rustwide/workdir/src/state_machine.rs:742:32
[INFO] [stderr]   24:     0x6442de4ee05a - c_lexer_stable::Lexer::lex::hf77f9a0d91a34a17
[INFO] [stderr]                                at /opt/rustwide/workdir/src/lib.rs:33:26
[INFO] [stderr]   25:     0x6442de4e380c - c_lexer_stable::state_machine::tests::left_curly::h409f01d0c53182f2
[INFO] [stderr]                                at /opt/rustwide/workdir/src/macros.rs:9:26
[INFO] [stderr]   26:     0x6442de4e37b7 - c_lexer_stable::state_machine::tests::left_curly::{{closure}}::h0174d6af24af000e
[INFO] [stderr]                                at /opt/rustwide/workdir/src/macros.rs:5:19
[INFO] [stderr]   27:     0x6442de4d0e76 - core::ops::function::FnOnce::call_once::hf3799ed5d8c418aa
[INFO] [stderr]                                at /rustc/90b35a6239c3d8bdabc530a6a0816f7ff89a0aaf/library/core/src/ops/function.rs:250:5
[INFO] [stderr]   28:     0x6442de53093b - core::ops::function::FnOnce::call_once::h109cf8051a59b34e
[INFO] [stderr]                                at /rustc/90b35a6239c3d8bdabc530a6a0816f7ff89a0aaf/library/core/src/ops/function.rs:250:5
[INFO] [stderr]   29:     0x6442de53093b - test::__rust_begin_short_backtrace::hf4fff89d377446ba
[INFO] [stderr]                                at /rustc/90b35a6239c3d8bdabc530a6a0816f7ff89a0aaf/library/test/src/lib.rs:621:18
[INFO] [stderr]   30:     0x6442de530177 - test::run_test_in_process::{{closure}}::h0e39181dd7ee5a43
[INFO] [stderr]                                at /rustc/90b35a6239c3d8bdabc530a6a0816f7ff89a0aaf/library/test/src/lib.rs:644:60
[INFO] [stderr]   31:     0x6442de530177 - <core::panic::unwind_safe::AssertUnwindSafe<F> as core::ops::function::FnOnce<()>>::call_once::hc5a66a30f0bdfd1f
[INFO] [stderr]                                at /rustc/90b35a6239c3d8bdabc530a6a0816f7ff89a0aaf/library/core/src/panic/unwind_safe.rs:272:9
[INFO] [stderr]   32:     0x6442de530177 - std::panicking::try::do_call::h873b7cf639554a5e
[INFO] [stderr]                                at /rustc/90b35a6239c3d8bdabc530a6a0816f7ff89a0aaf/library/std/src/panicking.rs:557:40
[INFO] [stderr]   33:     0x6442de530177 - std::panicking::try::hdb19862fad9c8bd1
[INFO] [stderr]                                at /rustc/90b35a6239c3d8bdabc530a6a0816f7ff89a0aaf/library/std/src/panicking.rs:520:19
[INFO] [stderr]   34:     0x6442de530177 - std::panic::catch_unwind::h281fe732d236d260
[INFO] [stderr]                                at /rustc/90b35a6239c3d8bdabc530a6a0816f7ff89a0aaf/library/std/src/panic.rs:358:14
[INFO] [stderr]   35:     0x6442de530177 - test::run_test_in_process::h949b6df8457ed338
[INFO] [stderr]                                at /rustc/90b35a6239c3d8bdabc530a6a0816f7ff89a0aaf/library/test/src/lib.rs:644:27
[INFO] [stderr]   36:     0x6442de530177 - test::run_test::{{closure}}::h52c556a6d4740e10
[INFO] [stderr]                                at /rustc/90b35a6239c3d8bdabc530a6a0816f7ff89a0aaf/library/test/src/lib.rs:565:43
[INFO] [stderr]   37:     0x6442de4f5454 - test::run_test::{{closure}}::h4237f6381c45ccb9
[INFO] [stderr]                                at /rustc/90b35a6239c3d8bdabc530a6a0816f7ff89a0aaf/library/test/src/lib.rs:595:41
[INFO] [stderr]   38:     0x6442de4f5454 - std::sys::backtrace::__rust_begin_short_backtrace::h505c97a579eca628
[INFO] [stderr]                                at /rustc/90b35a6239c3d8bdabc530a6a0816f7ff89a0aaf/library/std/src/sys/backtrace.rs:154:18
[INFO] [stderr]   39:     0x6442de4f8b1e - std::thread::Builder::spawn_unchecked_::{{closure}}::{{closure}}::h9e86b2e2bc107ea3
[INFO] [stderr]                                at /rustc/90b35a6239c3d8bdabc530a6a0816f7ff89a0aaf/library/std/src/thread/mod.rs:538:17
[INFO] [stderr]   40:     0x6442de4f8b1e - <core::panic::unwind_safe::AssertUnwindSafe<F> as core::ops::function::FnOnce<()>>::call_once::h8b06ddb275ff4a25
[INFO] [stderr]                                at /rustc/90b35a6239c3d8bdabc530a6a0816f7ff89a0aaf/library/core/src/panic/unwind_safe.rs:272:9
[INFO] [stderr]   41:     0x6442de4f8b1e - std::panicking::try::do_call::hb26ecd7cd9a9355d
[INFO] [stderr]                                at /rustc/90b35a6239c3d8bdabc530a6a0816f7ff89a0aaf/library/std/src/panicking.rs:557:40
[INFO] [stderr]   42:     0x6442de4f8b1e - std::panicking::try::h8ddeca9d705f9069
[INFO] [stderr]                                at /rustc/90b35a6239c3d8bdabc530a6a0816f7ff89a0aaf/library/std/src/panicking.rs:520:19
[INFO] [stderr]   43:     0x6442de4f8b1e - std::panic::catch_unwind::h49e1c33078844c46
[INFO] [stderr]                                at /rustc/90b35a6239c3d8bdabc530a6a0816f7ff89a0aaf/library/std/src/panic.rs:358:14
[INFO] [stderr]   44:     0x6442de4f8b1e - std::thread::Builder::spawn_unchecked_::{{closure}}::h6073db6ff56ad35d
[INFO] [stderr]                                at /rustc/90b35a6239c3d8bdabc530a6a0816f7ff89a0aaf/library/std/src/thread/mod.rs:537:30
[INFO] [stderr]   45:     0x6442de4f8b1e - core::ops::function::FnOnce::call_once{{vtable.shim}}::h2c5a5f3779c774f1
[INFO] [stderr]                                at /rustc/90b35a6239c3d8bdabc530a6a0816f7ff89a0aaf/library/core/src/ops/function.rs:250:5
[INFO] [stderr]   46:     0x6442de57389b - <alloc::boxed::Box<F,A> as core::ops::function::FnOnce<Args>>::call_once::hf75717d9f28faebf
[INFO] [stderr]                                at /rustc/90b35a6239c3d8bdabc530a6a0816f7ff89a0aaf/library/alloc/src/boxed.rs:2454:9
[INFO] [stderr]   47:     0x6442de57389b - <alloc::boxed::Box<F,A> as core::ops::function::FnOnce<Args>>::call_once::h7bd883a5f3c5f3c1
[INFO] [stderr]                                at /rustc/90b35a6239c3d8bdabc530a6a0816f7ff89a0aaf/library/alloc/src/boxed.rs:2454:9
[INFO] [stderr]   48:     0x6442de57389b - std::sys::pal::unix::thread::Thread::new::thread_start::hcc78f3943333fa94
[INFO] [stderr]                                at /rustc/90b35a6239c3d8bdabc530a6a0816f7ff89a0aaf/library/std/src/sys/pal/unix/thread.rs:105:17
[INFO] [stderr]   49:     0x7296a8cf6ac3 - <unknown>
[INFO] [stderr]   50:     0x7296a8d87a04 - clone
[INFO] [stderr]   51:                0x0 - <unknown>
[INFO] [stderr] thread caused non-unwinding panic. aborting.
[INFO] [stderr] error: test failed, to rerun pass `--lib`
[INFO] [stderr] 
[INFO] [stderr] Caused by:
[INFO] [stderr]   process didn't exit successfully: `/opt/rustwide/target/debug/deps/c_lexer_stable-79183b853452b5f9` (signal: 6, SIGABRT: process abort signal)
[INFO] running `Command { std: "docker" "inspect" "c207bb36cfa23b5ec063fb9bc8946d8bc99f05ddcf8933a7a26edbd785fe55d1", kill_on_drop: false }`
[INFO] running `Command { std: "docker" "rm" "-f" "c207bb36cfa23b5ec063fb9bc8946d8bc99f05ddcf8933a7a26edbd785fe55d1", kill_on_drop: false }`
[INFO] [stdout] c207bb36cfa23b5ec063fb9bc8946d8bc99f05ddcf8933a7a26edbd785fe55d1
