[INFO] fetching crate byteflags 0.1.0...
[INFO] testing byteflags-0.1.0 against 1.83.0 for beta-1.84.0-4-retry
[INFO] extracting crate byteflags 0.1.0 into /workspace/builds/worker-6-tc1/source
[INFO] validating manifest of crates.io crate byteflags 0.1.0 on toolchain 1.83.0
[INFO] running `Command { std: CARGO_HOME="/workspace/cargo-home" RUSTUP_HOME="/workspace/rustup-home" "/workspace/cargo-home/bin/cargo" "+1.83.0" "metadata" "--manifest-path" "Cargo.toml" "--no-deps", kill_on_drop: false }`
[INFO] started tweaking crates.io crate byteflags 0.1.0
[INFO] finished tweaking crates.io crate byteflags 0.1.0
[INFO] tweaked toml for crates.io crate byteflags 0.1.0 written to /workspace/builds/worker-6-tc1/source/Cargo.toml
[INFO] running `Command { std: CARGO_HOME="/workspace/cargo-home" RUSTUP_HOME="/workspace/rustup-home" "/workspace/cargo-home/bin/cargo" "+1.83.0" "generate-lockfile" "--manifest-path" "Cargo.toml", kill_on_drop: false }`
[INFO] [stderr]     Updating crates.io index
[INFO] [stderr]      Locking 21 packages to latest compatible versions
[INFO] running `Command { std: CARGO_HOME="/workspace/cargo-home" RUSTUP_HOME="/workspace/rustup-home" "/workspace/cargo-home/bin/cargo" "+1.83.0" "fetch" "--manifest-path" "Cargo.toml", kill_on_drop: false }`
[INFO] running `Command { std: "docker" "create" "-v" "/var/lib/crater-agent-workspace/builds/worker-6-tc1/target:/opt/rustwide/target:rw,Z" "-v" "/var/lib/crater-agent-workspace/builds/worker-6-tc1/source:/opt/rustwide/workdir:ro,Z" "-v" "/var/lib/crater-agent-workspace/cargo-home:/opt/rustwide/cargo-home:ro,Z" "-v" "/var/lib/crater-agent-workspace/rustup-home:/opt/rustwide/rustup-home:ro,Z" "-e" "SOURCE_DIR=/opt/rustwide/workdir" "-e" "CARGO_TARGET_DIR=/opt/rustwide/target" "-e" "CARGO_HOME=/opt/rustwide/cargo-home" "-e" "RUSTUP_HOME=/opt/rustwide/rustup-home" "-w" "/opt/rustwide/workdir" "-m" "1610612736" "--user" "0:0" "--network" "none" "ghcr.io/rust-lang/crates-build-env/linux@sha256:f3a9d4ad9d972b27faf3965f35b62e55ba32bbce8f20bc8fe909558a86702fde" "/opt/rustwide/cargo-home/bin/cargo" "+1.83.0" "metadata" "--no-deps" "--format-version=1", kill_on_drop: false }`
[INFO] [stdout] b97f4c9281adc7dd6ac8ec6e0dffc6820625e1502432abb54f38e6aa7fe5b95c
[INFO] running `Command { std: "docker" "start" "-a" "b97f4c9281adc7dd6ac8ec6e0dffc6820625e1502432abb54f38e6aa7fe5b95c", kill_on_drop: false }`
[INFO] running `Command { std: "docker" "inspect" "b97f4c9281adc7dd6ac8ec6e0dffc6820625e1502432abb54f38e6aa7fe5b95c", kill_on_drop: false }`
[INFO] running `Command { std: "docker" "rm" "-f" "b97f4c9281adc7dd6ac8ec6e0dffc6820625e1502432abb54f38e6aa7fe5b95c", kill_on_drop: false }`
[INFO] [stdout] b97f4c9281adc7dd6ac8ec6e0dffc6820625e1502432abb54f38e6aa7fe5b95c
[INFO] running `Command { std: "docker" "create" "-v" "/var/lib/crater-agent-workspace/builds/worker-6-tc1/target:/opt/rustwide/target:rw,Z" "-v" "/var/lib/crater-agent-workspace/builds/worker-6-tc1/source:/opt/rustwide/workdir:ro,Z" "-v" "/var/lib/crater-agent-workspace/cargo-home:/opt/rustwide/cargo-home:ro,Z" "-v" "/var/lib/crater-agent-workspace/rustup-home:/opt/rustwide/rustup-home:ro,Z" "-e" "SOURCE_DIR=/opt/rustwide/workdir" "-e" "CARGO_TARGET_DIR=/opt/rustwide/target" "-e" "CARGO_INCREMENTAL=0" "-e" "RUST_BACKTRACE=full" "-e" "RUSTFLAGS=--cap-lints=warn" "-e" "RUSTDOCFLAGS=--cap-lints=warn" "-e" "CARGO_HOME=/opt/rustwide/cargo-home" "-e" "RUSTUP_HOME=/opt/rustwide/rustup-home" "-w" "/opt/rustwide/workdir" "-m" "1610612736" "--user" "0:0" "--network" "none" "ghcr.io/rust-lang/crates-build-env/linux@sha256:f3a9d4ad9d972b27faf3965f35b62e55ba32bbce8f20bc8fe909558a86702fde" "/opt/rustwide/cargo-home/bin/cargo" "+1.83.0" "build" "--frozen" "--message-format=json", kill_on_drop: false }`
[INFO] [stdout] cc13cbd69c289b10fc1c3e642da76a238da75897a3e68e830882fa1bf948249f
[INFO] running `Command { std: "docker" "start" "-a" "cc13cbd69c289b10fc1c3e642da76a238da75897a3e68e830882fa1bf948249f", kill_on_drop: false }`
[INFO] [stderr]    Compiling proc-macro2 v1.0.92
[INFO] [stderr]    Compiling unicode-ident v1.0.14
[INFO] [stderr]    Compiling serde v1.0.216
[INFO] [stderr]    Compiling serde_json v1.0.133
[INFO] [stderr]    Compiling ryu v1.0.18
[INFO] [stderr]    Compiling memchr v2.7.4
[INFO] [stderr]    Compiling itoa v1.0.14
[INFO] [stderr]    Compiling quote v1.0.37
[INFO] [stderr]    Compiling syn v2.0.90
[INFO] [stderr]    Compiling serde_derive v1.0.216
[INFO] [stderr]    Compiling byteflags v0.1.0 (/opt/rustwide/workdir)
[INFO] [stderr]     Finished `dev` profile [unoptimized + debuginfo] target(s) in 10.86s
[INFO] running `Command { std: "docker" "inspect" "cc13cbd69c289b10fc1c3e642da76a238da75897a3e68e830882fa1bf948249f", kill_on_drop: false }`
[INFO] running `Command { std: "docker" "rm" "-f" "cc13cbd69c289b10fc1c3e642da76a238da75897a3e68e830882fa1bf948249f", kill_on_drop: false }`
[INFO] [stdout] cc13cbd69c289b10fc1c3e642da76a238da75897a3e68e830882fa1bf948249f
[INFO] running `Command { std: "docker" "create" "-v" "/var/lib/crater-agent-workspace/builds/worker-6-tc1/target:/opt/rustwide/target:rw,Z" "-v" "/var/lib/crater-agent-workspace/builds/worker-6-tc1/source:/opt/rustwide/workdir:ro,Z" "-v" "/var/lib/crater-agent-workspace/cargo-home:/opt/rustwide/cargo-home:ro,Z" "-v" "/var/lib/crater-agent-workspace/rustup-home:/opt/rustwide/rustup-home:ro,Z" "-e" "SOURCE_DIR=/opt/rustwide/workdir" "-e" "CARGO_TARGET_DIR=/opt/rustwide/target" "-e" "CARGO_INCREMENTAL=0" "-e" "RUST_BACKTRACE=full" "-e" "RUSTFLAGS=--cap-lints=warn" "-e" "RUSTDOCFLAGS=--cap-lints=warn" "-e" "CARGO_HOME=/opt/rustwide/cargo-home" "-e" "RUSTUP_HOME=/opt/rustwide/rustup-home" "-w" "/opt/rustwide/workdir" "-m" "1610612736" "--user" "0:0" "--network" "none" "ghcr.io/rust-lang/crates-build-env/linux@sha256:f3a9d4ad9d972b27faf3965f35b62e55ba32bbce8f20bc8fe909558a86702fde" "/opt/rustwide/cargo-home/bin/cargo" "+1.83.0" "test" "--frozen" "--no-run" "--message-format=json", kill_on_drop: false }`
[INFO] [stdout] 8202f0fbe9c8ceaa0b2bc0b0db6914406082b206e314f9f82fb11ce5a8f8a80d
[INFO] running `Command { std: "docker" "start" "-a" "8202f0fbe9c8ceaa0b2bc0b0db6914406082b206e314f9f82fb11ce5a8f8a80d", kill_on_drop: false }`
[INFO] [stderr]    Compiling byteflags v0.1.0 (/opt/rustwide/workdir)
[INFO] [stderr]     Finished `test` profile [unoptimized + debuginfo] target(s) in 0.86s
[INFO] running `Command { std: "docker" "inspect" "8202f0fbe9c8ceaa0b2bc0b0db6914406082b206e314f9f82fb11ce5a8f8a80d", kill_on_drop: false }`
[INFO] running `Command { std: "docker" "rm" "-f" "8202f0fbe9c8ceaa0b2bc0b0db6914406082b206e314f9f82fb11ce5a8f8a80d", kill_on_drop: false }`
[INFO] [stdout] 8202f0fbe9c8ceaa0b2bc0b0db6914406082b206e314f9f82fb11ce5a8f8a80d
[INFO] running `Command { std: "docker" "create" "-v" "/var/lib/crater-agent-workspace/builds/worker-6-tc1/target:/opt/rustwide/target:rw,Z" "-v" "/var/lib/crater-agent-workspace/builds/worker-6-tc1/source:/opt/rustwide/workdir:ro,Z" "-v" "/var/lib/crater-agent-workspace/cargo-home:/opt/rustwide/cargo-home:ro,Z" "-v" "/var/lib/crater-agent-workspace/rustup-home:/opt/rustwide/rustup-home:ro,Z" "-e" "SOURCE_DIR=/opt/rustwide/workdir" "-e" "CARGO_TARGET_DIR=/opt/rustwide/target" "-e" "CARGO_INCREMENTAL=0" "-e" "RUST_BACKTRACE=full" "-e" "RUSTFLAGS=--cap-lints=warn" "-e" "RUSTDOCFLAGS=--cap-lints=warn" "-e" "CARGO_HOME=/opt/rustwide/cargo-home" "-e" "RUSTUP_HOME=/opt/rustwide/rustup-home" "-w" "/opt/rustwide/workdir" "-m" "1610612736" "--user" "0:0" "--network" "none" "ghcr.io/rust-lang/crates-build-env/linux@sha256:f3a9d4ad9d972b27faf3965f35b62e55ba32bbce8f20bc8fe909558a86702fde" "/opt/rustwide/cargo-home/bin/cargo" "+1.83.0" "test" "--frozen", kill_on_drop: false }`
[INFO] [stdout] 40021966d843503075d0db706a47c0699b950ca2645f9843665c53b11b0a2e00
[INFO] running `Command { std: "docker" "start" "-a" "40021966d843503075d0db706a47c0699b950ca2645f9843665c53b11b0a2e00", kill_on_drop: false }`
[INFO] [stderr]     Finished `test` profile [unoptimized + debuginfo] target(s) in 0.04s
[INFO] [stderr]      Running unittests src/lib.rs (/opt/rustwide/target/debug/deps/byteflags-b1b4c21461d3bd73)
[INFO] [stdout] 
[INFO] [stdout] running 0 tests
[INFO] [stdout] 
[INFO] [stdout] test result: ok. 0 passed; 0 failed; 0 ignored; 0 measured; 0 filtered out; finished in 0.00s
[INFO] [stdout] 
[INFO] [stderr]      Running tests/tests.rs (/opt/rustwide/target/debug/deps/tests-67b0e98fa395341a)
[INFO] [stdout] 
[INFO] [stdout] running 22 tests
[INFO] [stdout] test test_addition ... ok
[INFO] [stdout] test test_add_assign ... ok
[INFO] [stdout] test test_all_consts ... ok
[INFO] [stdout] test test_all ... ok
[INFO] [stdout] test test_all_fields ... ok
[INFO] [stdout] test test_const ... ok
[INFO] [stdout] test test_all_names ... ok
[INFO] [stdout] test test_deserialize ... ok
[INFO] [stdout] test test_left_intersection ... ok
[INFO] [stdout] test test_match ... ok
[INFO] [stdout] test test_mul_assign_byteflags ... ok
[INFO] [stdout] test test_mul_assign_u8 ... ok
[INFO] [stdout] test test_contains ... ok
[INFO] [stdout] test test_mul_byteflags ... ok
[INFO] [stdout] test test_display ... ok
[INFO] [stdout] test test_mul_u8 ... ok
[INFO] [stderr]    Doc-tests byteflags
[INFO] [stdout] test test_new ... ok
[INFO] [stdout] test test_serialize ... ok
[INFO] [stdout] test test_sub_assign ... ok
[INFO] [stdout] test test_union ... ok
[INFO] [stdout] test test_subtraction ... ok
[INFO] [stdout] test test_to_vec ... ok
[INFO] [stdout] 
[INFO] [stdout] test result: ok. 22 passed; 0 failed; 0 ignored; 0 measured; 0 filtered out; finished in 0.01s
[INFO] [stdout] 
[INFO] [stdout] 
[INFO] [stdout] running 3 tests
[INFO] [stdout] test src/../README.md - (line 29) ... FAILED
[INFO] [stdout] test src/../README.md - (line 21) ... ok
[INFO] [stdout] test src/../README.md - (line 141) ... ok
[INFO] [stdout] 
[INFO] [stdout] failures:
[INFO] [stdout] 
[INFO] [stdout] ---- src/../README.md - (line 29) stdout ----
[INFO] [stdout] error[E0599]: no method named `get_random` found for struct `MyFlags` in the current scope
[INFO] [stdout]    --> src/../README.md:132:32
[INFO] [stdout]     |
[INFO] [stdout] 6   | / byteflags! {
[INFO] [stdout] 7   | |     /// The structure definition contains a set of named flags
[INFO] [stdout] 8   | |     struct MyFlags {
[INFO] [stdout] 9   | |         A = "Flag A",
[INFO] [stdout] ...   |
[INFO] [stdout] 13  | |     }
[INFO] [stdout] 14  | | }
[INFO] [stdout]     | |_- method `get_random` not found for this struct
[INFO] [stdout] ...
[INFO] [stdout] 105 |       let random_value = weights.get_random();
[INFO] [stdout]     |                                  ^^^^^^^^^^ method not found in `MyFlags`
[INFO] [stdout] 
[INFO] [stdout] error: aborting due to 1 previous error
[INFO] [stdout] 
[INFO] [stdout] For more information about this error, try `rustc --explain E0599`.
[INFO] [stdout] Couldn't compile the test.
[INFO] [stdout] 
[INFO] [stdout] failures:
[INFO] [stdout]     src/../README.md - (line 29)
[INFO] [stdout] 
[INFO] [stdout] test result: FAILED. 2 passed; 1 failed; 0 ignored; 0 measured; 0 filtered out; finished in 0.41s
[INFO] [stdout] 
[INFO] [stderr] error: doctest failed, to rerun pass `--doc`
[INFO] running `Command { std: "docker" "inspect" "40021966d843503075d0db706a47c0699b950ca2645f9843665c53b11b0a2e00", kill_on_drop: false }`
[INFO] running `Command { std: "docker" "rm" "-f" "40021966d843503075d0db706a47c0699b950ca2645f9843665c53b11b0a2e00", kill_on_drop: false }`
[INFO] [stdout] 40021966d843503075d0db706a47c0699b950ca2645f9843665c53b11b0a2e00
