[INFO] fetching crate buyu_crate_test_demo 0.1.0...
[INFO] testing buyu_crate_test_demo-0.1.0 against beta-2024-12-08 for beta-1.84.0-4-retry
[INFO] extracting crate buyu_crate_test_demo 0.1.0 into /workspace/builds/worker-5-tc2/source
[INFO] validating manifest of crates.io crate buyu_crate_test_demo 0.1.0 on toolchain beta-2024-12-08
[INFO] running `Command { std: CARGO_HOME="/workspace/cargo-home" RUSTUP_HOME="/workspace/rustup-home" "/workspace/cargo-home/bin/cargo" "+beta-2024-12-08" "metadata" "--manifest-path" "Cargo.toml" "--no-deps", kill_on_drop: false }`
[INFO] started tweaking crates.io crate buyu_crate_test_demo 0.1.0
[INFO] finished tweaking crates.io crate buyu_crate_test_demo 0.1.0
[INFO] tweaked toml for crates.io crate buyu_crate_test_demo 0.1.0 written to /workspace/builds/worker-5-tc2/source/Cargo.toml
[INFO] crate crates.io crate buyu_crate_test_demo 0.1.0 already has a lockfile, it will not be regenerated
[INFO] running `Command { std: CARGO_HOME="/workspace/cargo-home" RUSTUP_HOME="/workspace/rustup-home" "/workspace/cargo-home/bin/cargo" "+beta-2024-12-08" "fetch" "--manifest-path" "Cargo.toml", kill_on_drop: false }`
[INFO] [stderr]     Blocking waiting for file lock on package cache
[INFO] running `Command { std: "docker" "create" "-v" "/var/lib/crater-agent-workspace/builds/worker-5-tc2/target:/opt/rustwide/target:rw,Z" "-v" "/var/lib/crater-agent-workspace/builds/worker-5-tc2/source:/opt/rustwide/workdir:ro,Z" "-v" "/var/lib/crater-agent-workspace/cargo-home:/opt/rustwide/cargo-home:ro,Z" "-v" "/var/lib/crater-agent-workspace/rustup-home:/opt/rustwide/rustup-home:ro,Z" "-e" "SOURCE_DIR=/opt/rustwide/workdir" "-e" "CARGO_TARGET_DIR=/opt/rustwide/target" "-e" "CARGO_HOME=/opt/rustwide/cargo-home" "-e" "RUSTUP_HOME=/opt/rustwide/rustup-home" "-w" "/opt/rustwide/workdir" "-m" "1610612736" "--user" "0:0" "--network" "none" "ghcr.io/rust-lang/crates-build-env/linux@sha256:f3a9d4ad9d972b27faf3965f35b62e55ba32bbce8f20bc8fe909558a86702fde" "/opt/rustwide/cargo-home/bin/cargo" "+beta-2024-12-08" "metadata" "--no-deps" "--format-version=1", kill_on_drop: false }`
[INFO] [stdout] f63c0cd288c52ec4f43f54ef1d0f333557d41bfa246107960c0ed39cb6b84f0e
[INFO] running `Command { std: "docker" "start" "-a" "f63c0cd288c52ec4f43f54ef1d0f333557d41bfa246107960c0ed39cb6b84f0e", kill_on_drop: false }`
[INFO] running `Command { std: "docker" "inspect" "f63c0cd288c52ec4f43f54ef1d0f333557d41bfa246107960c0ed39cb6b84f0e", kill_on_drop: false }`
[INFO] running `Command { std: "docker" "rm" "-f" "f63c0cd288c52ec4f43f54ef1d0f333557d41bfa246107960c0ed39cb6b84f0e", kill_on_drop: false }`
[INFO] [stdout] f63c0cd288c52ec4f43f54ef1d0f333557d41bfa246107960c0ed39cb6b84f0e
[INFO] running `Command { std: "docker" "create" "-v" "/var/lib/crater-agent-workspace/builds/worker-5-tc2/target:/opt/rustwide/target:rw,Z" "-v" "/var/lib/crater-agent-workspace/builds/worker-5-tc2/source:/opt/rustwide/workdir:ro,Z" "-v" "/var/lib/crater-agent-workspace/cargo-home:/opt/rustwide/cargo-home:ro,Z" "-v" "/var/lib/crater-agent-workspace/rustup-home:/opt/rustwide/rustup-home:ro,Z" "-e" "SOURCE_DIR=/opt/rustwide/workdir" "-e" "CARGO_TARGET_DIR=/opt/rustwide/target" "-e" "CARGO_INCREMENTAL=0" "-e" "RUST_BACKTRACE=full" "-e" "RUSTFLAGS=--cap-lints=warn" "-e" "RUSTDOCFLAGS=--cap-lints=warn" "-e" "CARGO_HOME=/opt/rustwide/cargo-home" "-e" "RUSTUP_HOME=/opt/rustwide/rustup-home" "-w" "/opt/rustwide/workdir" "-m" "1610612736" "--user" "0:0" "--network" "none" "ghcr.io/rust-lang/crates-build-env/linux@sha256:f3a9d4ad9d972b27faf3965f35b62e55ba32bbce8f20bc8fe909558a86702fde" "/opt/rustwide/cargo-home/bin/cargo" "+beta-2024-12-08" "build" "--frozen" "--message-format=json", kill_on_drop: false }`
[INFO] [stdout] 8cf2233329dd2a107479720ccf546cb99a3b1308b785e69b6050bda5f67bdf58
[INFO] running `Command { std: "docker" "start" "-a" "8cf2233329dd2a107479720ccf546cb99a3b1308b785e69b6050bda5f67bdf58", kill_on_drop: false }`
[INFO] [stderr]    Compiling buyu_crate_test_demo v0.1.0 (/opt/rustwide/workdir)
[INFO] [stderr]     Finished `dev` profile [unoptimized + debuginfo] target(s) in 0.51s
[INFO] running `Command { std: "docker" "inspect" "8cf2233329dd2a107479720ccf546cb99a3b1308b785e69b6050bda5f67bdf58", kill_on_drop: false }`
[INFO] running `Command { std: "docker" "rm" "-f" "8cf2233329dd2a107479720ccf546cb99a3b1308b785e69b6050bda5f67bdf58", kill_on_drop: false }`
[INFO] [stdout] 8cf2233329dd2a107479720ccf546cb99a3b1308b785e69b6050bda5f67bdf58
[INFO] running `Command { std: "docker" "create" "-v" "/var/lib/crater-agent-workspace/builds/worker-5-tc2/target:/opt/rustwide/target:rw,Z" "-v" "/var/lib/crater-agent-workspace/builds/worker-5-tc2/source:/opt/rustwide/workdir:ro,Z" "-v" "/var/lib/crater-agent-workspace/cargo-home:/opt/rustwide/cargo-home:ro,Z" "-v" "/var/lib/crater-agent-workspace/rustup-home:/opt/rustwide/rustup-home:ro,Z" "-e" "SOURCE_DIR=/opt/rustwide/workdir" "-e" "CARGO_TARGET_DIR=/opt/rustwide/target" "-e" "CARGO_INCREMENTAL=0" "-e" "RUST_BACKTRACE=full" "-e" "RUSTFLAGS=--cap-lints=warn" "-e" "RUSTDOCFLAGS=--cap-lints=warn" "-e" "CARGO_HOME=/opt/rustwide/cargo-home" "-e" "RUSTUP_HOME=/opt/rustwide/rustup-home" "-w" "/opt/rustwide/workdir" "-m" "1610612736" "--user" "0:0" "--network" "none" "ghcr.io/rust-lang/crates-build-env/linux@sha256:f3a9d4ad9d972b27faf3965f35b62e55ba32bbce8f20bc8fe909558a86702fde" "/opt/rustwide/cargo-home/bin/cargo" "+beta-2024-12-08" "test" "--frozen" "--no-run" "--message-format=json", kill_on_drop: false }`
[INFO] [stdout] 5fefd148006c18295f3d9e695f3a29749929eb56b07f95dc35048d858751b6cd
[INFO] running `Command { std: "docker" "start" "-a" "5fefd148006c18295f3d9e695f3a29749929eb56b07f95dc35048d858751b6cd", kill_on_drop: false }`
[INFO] [stderr]    Compiling buyu_crate_test_demo v0.1.0 (/opt/rustwide/workdir)
[INFO] [stderr]     Finished `test` profile [unoptimized + debuginfo] target(s) in 0.19s
[INFO] running `Command { std: "docker" "inspect" "5fefd148006c18295f3d9e695f3a29749929eb56b07f95dc35048d858751b6cd", kill_on_drop: false }`
[INFO] running `Command { std: "docker" "rm" "-f" "5fefd148006c18295f3d9e695f3a29749929eb56b07f95dc35048d858751b6cd", kill_on_drop: false }`
[INFO] [stdout] 5fefd148006c18295f3d9e695f3a29749929eb56b07f95dc35048d858751b6cd
[INFO] running `Command { std: "docker" "create" "-v" "/var/lib/crater-agent-workspace/builds/worker-5-tc2/target:/opt/rustwide/target:rw,Z" "-v" "/var/lib/crater-agent-workspace/builds/worker-5-tc2/source:/opt/rustwide/workdir:ro,Z" "-v" "/var/lib/crater-agent-workspace/cargo-home:/opt/rustwide/cargo-home:ro,Z" "-v" "/var/lib/crater-agent-workspace/rustup-home:/opt/rustwide/rustup-home:ro,Z" "-e" "SOURCE_DIR=/opt/rustwide/workdir" "-e" "CARGO_TARGET_DIR=/opt/rustwide/target" "-e" "CARGO_INCREMENTAL=0" "-e" "RUST_BACKTRACE=full" "-e" "RUSTFLAGS=--cap-lints=warn" "-e" "RUSTDOCFLAGS=--cap-lints=warn" "-e" "CARGO_HOME=/opt/rustwide/cargo-home" "-e" "RUSTUP_HOME=/opt/rustwide/rustup-home" "-w" "/opt/rustwide/workdir" "-m" "1610612736" "--user" "0:0" "--network" "none" "ghcr.io/rust-lang/crates-build-env/linux@sha256:f3a9d4ad9d972b27faf3965f35b62e55ba32bbce8f20bc8fe909558a86702fde" "/opt/rustwide/cargo-home/bin/cargo" "+beta-2024-12-08" "test" "--frozen", kill_on_drop: false }`
[INFO] [stdout] f36907893f0fb894ea767707603229ae68eee92025087d6387edad99b0fdb7b5
[INFO] running `Command { std: "docker" "start" "-a" "f36907893f0fb894ea767707603229ae68eee92025087d6387edad99b0fdb7b5", kill_on_drop: false }`
[INFO] [stderr]     Finished `test` profile [unoptimized + debuginfo] target(s) in 0.00s
[INFO] [stderr]      Running unittests src/lib.rs (/opt/rustwide/target/debug/deps/buyu_crate_test_demo-e948755cfc8dde89)
[INFO] [stdout] 
[INFO] [stdout] running 0 tests
[INFO] [stdout] 
[INFO] [stdout] test result: ok. 0 passed; 0 failed; 0 ignored; 0 measured; 0 filtered out; finished in 0.00s
[INFO] [stdout] 
[INFO] [stderr]      Running unittests src/main.rs (/opt/rustwide/target/debug/deps/buyu_crate_test_demo-676b977e615c92a7)
[INFO] [stdout] 
[INFO] [stdout] running 0 tests
[INFO] [stdout] 
[INFO] [stdout] test result: ok. 0 passed; 0 failed; 0 ignored; 0 measured; 0 filtered out; finished in 0.00s
[INFO] [stdout] 
[INFO] [stderr]    Doc-tests buyu_crate_test_demo
[INFO] [stdout] 
[INFO] [stdout] running 1 test
[INFO] [stdout] test src/lib.rs - add_one (line 7) ... FAILED
[INFO] [stdout] 
[INFO] [stdout] failures:
[INFO] [stdout] 
[INFO] [stdout] ---- src/lib.rs - add_one (line 7) stdout ----
[INFO] [stdout] error[E0433]: failed to resolve: use of undeclared crate or module `fourteen`
[INFO] [stdout]  --> src/lib.rs:9:14
[INFO] [stdout]   |
[INFO] [stdout] 4 | let answer = fourteen::add_one(arg);
[INFO] [stdout]   |              ^^^^^^^^ use of undeclared crate or module `fourteen`
[INFO] [stdout] 
[INFO] [stdout] error: aborting due to 1 previous error
[INFO] [stdout] 
[INFO] [stdout] For more information about this error, try `rustc --explain E0433`.
[INFO] [stdout] Couldn't compile the test.
[INFO] [stdout] 
[INFO] [stdout] failures:
[INFO] [stdout]     src/lib.rs - add_one (line 7)
[INFO] [stdout] 
[INFO] [stdout] test result: FAILED. 0 passed; 1 failed; 0 ignored; 0 measured; 0 filtered out; finished in 0.05s
[INFO] [stdout] 
[INFO] [stderr] error: doctest failed, to rerun pass `--doc`
[INFO] running `Command { std: "docker" "inspect" "f36907893f0fb894ea767707603229ae68eee92025087d6387edad99b0fdb7b5", kill_on_drop: false }`
[INFO] running `Command { std: "docker" "rm" "-f" "f36907893f0fb894ea767707603229ae68eee92025087d6387edad99b0fdb7b5", kill_on_drop: false }`
[INFO] [stdout] f36907893f0fb894ea767707603229ae68eee92025087d6387edad99b0fdb7b5
