[INFO] fetching crate button-driver 0.2.2...
[INFO] testing button-driver-0.2.2 against 1.83.0 for beta-1.84.0-4-retry
[INFO] extracting crate button-driver 0.2.2 into /workspace/builds/worker-7-tc1/source
[INFO] validating manifest of crates.io crate button-driver 0.2.2 on toolchain 1.83.0
[INFO] running `Command { std: CARGO_HOME="/workspace/cargo-home" RUSTUP_HOME="/workspace/rustup-home" "/workspace/cargo-home/bin/cargo" "+1.83.0" "metadata" "--manifest-path" "Cargo.toml" "--no-deps", kill_on_drop: false }`
[INFO] started tweaking crates.io crate button-driver 0.2.2
[INFO] finished tweaking crates.io crate button-driver 0.2.2
[INFO] tweaked toml for crates.io crate button-driver 0.2.2 written to /workspace/builds/worker-7-tc1/source/Cargo.toml
[INFO] running `Command { std: CARGO_HOME="/workspace/cargo-home" RUSTUP_HOME="/workspace/rustup-home" "/workspace/cargo-home/bin/cargo" "+1.83.0" "generate-lockfile" "--manifest-path" "Cargo.toml", kill_on_drop: false }`
[INFO] [stderr]     Updating crates.io index
[INFO] [stderr]      Locking 40 packages to latest compatible versions
[INFO] [stderr]       Adding embedded-hal v0.2.7 (available: v1.0.0)
[INFO] running `Command { std: CARGO_HOME="/workspace/cargo-home" RUSTUP_HOME="/workspace/rustup-home" "/workspace/cargo-home/bin/cargo" "+1.83.0" "fetch" "--manifest-path" "Cargo.toml", kill_on_drop: false }`
[INFO] running `Command { std: "docker" "create" "-v" "/var/lib/crater-agent-workspace/builds/worker-7-tc1/target:/opt/rustwide/target:rw,Z" "-v" "/var/lib/crater-agent-workspace/builds/worker-7-tc1/source:/opt/rustwide/workdir:ro,Z" "-v" "/var/lib/crater-agent-workspace/cargo-home:/opt/rustwide/cargo-home:ro,Z" "-v" "/var/lib/crater-agent-workspace/rustup-home:/opt/rustwide/rustup-home:ro,Z" "-e" "SOURCE_DIR=/opt/rustwide/workdir" "-e" "CARGO_TARGET_DIR=/opt/rustwide/target" "-e" "CARGO_HOME=/opt/rustwide/cargo-home" "-e" "RUSTUP_HOME=/opt/rustwide/rustup-home" "-w" "/opt/rustwide/workdir" "-m" "1610612736" "--user" "0:0" "--network" "none" "ghcr.io/rust-lang/crates-build-env/linux@sha256:f3a9d4ad9d972b27faf3965f35b62e55ba32bbce8f20bc8fe909558a86702fde" "/opt/rustwide/cargo-home/bin/cargo" "+1.83.0" "metadata" "--no-deps" "--format-version=1", kill_on_drop: false }`
[INFO] [stdout] 2036180b8d4ce432896c0e75c84fe1fe3ddffe49f87f42e399fab7369176c09f
[INFO] running `Command { std: "docker" "start" "-a" "2036180b8d4ce432896c0e75c84fe1fe3ddffe49f87f42e399fab7369176c09f", kill_on_drop: false }`
[INFO] running `Command { std: "docker" "inspect" "2036180b8d4ce432896c0e75c84fe1fe3ddffe49f87f42e399fab7369176c09f", kill_on_drop: false }`
[INFO] running `Command { std: "docker" "rm" "-f" "2036180b8d4ce432896c0e75c84fe1fe3ddffe49f87f42e399fab7369176c09f", kill_on_drop: false }`
[INFO] [stdout] 2036180b8d4ce432896c0e75c84fe1fe3ddffe49f87f42e399fab7369176c09f
[INFO] running `Command { std: "docker" "create" "-v" "/var/lib/crater-agent-workspace/builds/worker-7-tc1/target:/opt/rustwide/target:rw,Z" "-v" "/var/lib/crater-agent-workspace/builds/worker-7-tc1/source:/opt/rustwide/workdir:ro,Z" "-v" "/var/lib/crater-agent-workspace/cargo-home:/opt/rustwide/cargo-home:ro,Z" "-v" "/var/lib/crater-agent-workspace/rustup-home:/opt/rustwide/rustup-home:ro,Z" "-e" "SOURCE_DIR=/opt/rustwide/workdir" "-e" "CARGO_TARGET_DIR=/opt/rustwide/target" "-e" "CARGO_INCREMENTAL=0" "-e" "RUST_BACKTRACE=full" "-e" "RUSTFLAGS=--cap-lints=warn" "-e" "RUSTDOCFLAGS=--cap-lints=warn" "-e" "CARGO_HOME=/opt/rustwide/cargo-home" "-e" "RUSTUP_HOME=/opt/rustwide/rustup-home" "-w" "/opt/rustwide/workdir" "-m" "1610612736" "--user" "0:0" "--network" "none" "ghcr.io/rust-lang/crates-build-env/linux@sha256:f3a9d4ad9d972b27faf3965f35b62e55ba32bbce8f20bc8fe909558a86702fde" "/opt/rustwide/cargo-home/bin/cargo" "+1.83.0" "build" "--frozen" "--message-format=json", kill_on_drop: false }`
[INFO] [stdout] e8e28d2234ff7f64123b095530faeed59e39b33379b63e1997875c3841d5632e
[INFO] running `Command { std: "docker" "start" "-a" "e8e28d2234ff7f64123b095530faeed59e39b33379b63e1997875c3841d5632e", kill_on_drop: false }`
[INFO] [stderr]    Compiling button-driver v0.2.2 (/opt/rustwide/workdir)
[INFO] [stderr]     Finished `dev` profile [unoptimized + debuginfo] target(s) in 0.29s
[INFO] running `Command { std: "docker" "inspect" "e8e28d2234ff7f64123b095530faeed59e39b33379b63e1997875c3841d5632e", kill_on_drop: false }`
[INFO] running `Command { std: "docker" "rm" "-f" "e8e28d2234ff7f64123b095530faeed59e39b33379b63e1997875c3841d5632e", kill_on_drop: false }`
[INFO] [stdout] e8e28d2234ff7f64123b095530faeed59e39b33379b63e1997875c3841d5632e
[INFO] running `Command { std: "docker" "create" "-v" "/var/lib/crater-agent-workspace/builds/worker-7-tc1/target:/opt/rustwide/target:rw,Z" "-v" "/var/lib/crater-agent-workspace/builds/worker-7-tc1/source:/opt/rustwide/workdir:ro,Z" "-v" "/var/lib/crater-agent-workspace/cargo-home:/opt/rustwide/cargo-home:ro,Z" "-v" "/var/lib/crater-agent-workspace/rustup-home:/opt/rustwide/rustup-home:ro,Z" "-e" "SOURCE_DIR=/opt/rustwide/workdir" "-e" "CARGO_TARGET_DIR=/opt/rustwide/target" "-e" "CARGO_INCREMENTAL=0" "-e" "RUST_BACKTRACE=full" "-e" "RUSTFLAGS=--cap-lints=warn" "-e" "RUSTDOCFLAGS=--cap-lints=warn" "-e" "CARGO_HOME=/opt/rustwide/cargo-home" "-e" "RUSTUP_HOME=/opt/rustwide/rustup-home" "-w" "/opt/rustwide/workdir" "-m" "1610612736" "--user" "0:0" "--network" "none" "ghcr.io/rust-lang/crates-build-env/linux@sha256:f3a9d4ad9d972b27faf3965f35b62e55ba32bbce8f20bc8fe909558a86702fde" "/opt/rustwide/cargo-home/bin/cargo" "+1.83.0" "test" "--frozen" "--no-run" "--message-format=json", kill_on_drop: false }`
[INFO] [stdout] 488b801158034c35d3160256da5b23e8efbd801f2750bfe24744bcce24f6f290
[INFO] running `Command { std: "docker" "start" "-a" "488b801158034c35d3160256da5b23e8efbd801f2750bfe24744bcce24f6f290", kill_on_drop: false }`
[INFO] [stderr]    Compiling libc v0.2.168
[INFO] [stderr]    Compiling autocfg v1.4.0
[INFO] [stderr]    Compiling parking_lot_core v0.9.10
[INFO] [stderr]    Compiling smallvec v1.13.2
[INFO] [stderr]    Compiling cfg-if v1.0.0
[INFO] [stderr]    Compiling scopeguard v1.2.0
[INFO] [stderr]    Compiling lock_api v0.4.12
[INFO] [stderr]    Compiling parking_lot v0.12.3
[INFO] [stderr]    Compiling button-driver v0.2.2 (/opt/rustwide/workdir)
[INFO] [stderr]     Finished `test` profile [unoptimized + debuginfo] target(s) in 4.63s
[INFO] running `Command { std: "docker" "inspect" "488b801158034c35d3160256da5b23e8efbd801f2750bfe24744bcce24f6f290", kill_on_drop: false }`
[INFO] running `Command { std: "docker" "rm" "-f" "488b801158034c35d3160256da5b23e8efbd801f2750bfe24744bcce24f6f290", kill_on_drop: false }`
[INFO] [stdout] 488b801158034c35d3160256da5b23e8efbd801f2750bfe24744bcce24f6f290
[INFO] running `Command { std: "docker" "create" "-v" "/var/lib/crater-agent-workspace/builds/worker-7-tc1/target:/opt/rustwide/target:rw,Z" "-v" "/var/lib/crater-agent-workspace/builds/worker-7-tc1/source:/opt/rustwide/workdir:ro,Z" "-v" "/var/lib/crater-agent-workspace/cargo-home:/opt/rustwide/cargo-home:ro,Z" "-v" "/var/lib/crater-agent-workspace/rustup-home:/opt/rustwide/rustup-home:ro,Z" "-e" "SOURCE_DIR=/opt/rustwide/workdir" "-e" "CARGO_TARGET_DIR=/opt/rustwide/target" "-e" "CARGO_INCREMENTAL=0" "-e" "RUST_BACKTRACE=full" "-e" "RUSTFLAGS=--cap-lints=warn" "-e" "RUSTDOCFLAGS=--cap-lints=warn" "-e" "CARGO_HOME=/opt/rustwide/cargo-home" "-e" "RUSTUP_HOME=/opt/rustwide/rustup-home" "-w" "/opt/rustwide/workdir" "-m" "1610612736" "--user" "0:0" "--network" "none" "ghcr.io/rust-lang/crates-build-env/linux@sha256:f3a9d4ad9d972b27faf3965f35b62e55ba32bbce8f20bc8fe909558a86702fde" "/opt/rustwide/cargo-home/bin/cargo" "+1.83.0" "test" "--frozen", kill_on_drop: false }`
[INFO] [stdout] 5fc464d6a095ed30228a24f15c058ea4d6ce921a384382a5d98ac5eeb28218f7
[INFO] running `Command { std: "docker" "start" "-a" "5fc464d6a095ed30228a24f15c058ea4d6ce921a384382a5d98ac5eeb28218f7", kill_on_drop: false }`
[INFO] [stderr]     Finished `test` profile [unoptimized + debuginfo] target(s) in 0.03s
[INFO] [stderr]      Running unittests src/lib.rs (/opt/rustwide/target/debug/deps/button_driver-5708f5724124c9a0)
[INFO] [stdout] 
[INFO] [stdout] running 0 tests
[INFO] [stdout] 
[INFO] [stdout] test result: ok. 0 passed; 0 failed; 0 ignored; 0 measured; 0 filtered out; finished in 0.00s
[INFO] [stdout] 
[INFO] [stderr]    Doc-tests button_driver
[INFO] [stdout] 
[INFO] [stdout] running 3 tests
[INFO] [stdout] test src/lib.rs - Button<P,I,D>::reset (line 139) ... ignored
[INFO] [stdout] test src/lib.rs - State (line 40) ... ignored
[INFO] [stdout] test src/../README.md - (line 19) ... FAILED
[INFO] [stdout] 
[INFO] [stdout] failures:
[INFO] [stdout] 
[INFO] [stdout] ---- src/../README.md - (line 19) stdout ----
[INFO] [stdout] error[E0433]: failed to resolve: use of undeclared crate or module `esp_idf_hal`
[INFO] [stdout]  --> src/../README.md:24:5
[INFO] [stdout]   |
[INFO] [stdout] 7 | use esp_idf_hal::{gpio::PinDriver, prelude::Peripherals};
[INFO] [stdout]   |     ^^^^^^^^^^^ use of undeclared crate or module `esp_idf_hal`
[INFO] [stdout] 
[INFO] [stdout] error[E0432]: unresolved import `esp_idf_sys`
[INFO] [stdout]  --> src/../README.md:25:5
[INFO] [stdout]   |
[INFO] [stdout] 8 | use esp_idf_sys::EspError;
[INFO] [stdout]   |     ^^^^^^^^^^^ use of undeclared crate or module `esp_idf_sys`
[INFO] [stdout] 
[INFO] [stdout] error[E0432]: unresolved import `log`
[INFO] [stdout]  --> src/../README.md:26:5
[INFO] [stdout]   |
[INFO] [stdout] 9 | use log::info;
[INFO] [stdout]   |     ^^^ use of undeclared crate or module `log`
[INFO] [stdout] 
[INFO] [stdout] error[E0433]: failed to resolve: use of undeclared crate or module `esp_idf_svc`
[INFO] [stdout]   --> src/../README.md:29:5
[INFO] [stdout]    |
[INFO] [stdout] 12 |     esp_idf_svc::log::EspLogger::initialize_default();
[INFO] [stdout]    |     ^^^^^^^^^^^ use of undeclared crate or module `esp_idf_svc`
[INFO] [stdout] 
[INFO] [stdout] error[E0599]: the function or associated item `new` exists for struct `Button<_, Instant>`, but its trait bounds were not satisfied
[INFO] [stdout]   --> src/../README.md:34:44
[INFO] [stdout]    |
[INFO] [stdout] 17 |     let mut button = Button::<_, Instant>::new(pin, ButtonConfig::default());
[INFO] [stdout]    |                                            ^^^ function or associated item cannot be called on `Button<_, Instant>` due to unsatisfied trait bounds
[INFO] [stdout]    |
[INFO] [stdout]    = note: the following trait bounds were not satisfied:
[INFO] [stdout]            `Instant: InstantProvider`
[INFO] [stdout] 
[INFO] [stdout] error: aborting due to 5 previous errors
[INFO] [stdout] 
[INFO] [stdout] Some errors have detailed explanations: E0432, E0433, E0599.
[INFO] [stdout] For more information about an error, try `rustc --explain E0432`.
[INFO] [stdout] Couldn't compile the test.
[INFO] [stdout] 
[INFO] [stdout] failures:
[INFO] [stdout]     src/../README.md - (line 19)
[INFO] [stdout] 
[INFO] [stdout] test result: FAILED. 0 passed; 1 failed; 2 ignored; 0 measured; 0 filtered out; finished in 0.15s
[INFO] [stdout] 
[INFO] [stderr] error: doctest failed, to rerun pass `--doc`
[INFO] running `Command { std: "docker" "inspect" "5fc464d6a095ed30228a24f15c058ea4d6ce921a384382a5d98ac5eeb28218f7", kill_on_drop: false }`
[INFO] running `Command { std: "docker" "rm" "-f" "5fc464d6a095ed30228a24f15c058ea4d6ce921a384382a5d98ac5eeb28218f7", kill_on_drop: false }`
[INFO] [stdout] 5fc464d6a095ed30228a24f15c058ea4d6ce921a384382a5d98ac5eeb28218f7
