[INFO] fetching crate bulwark-config 0.6.0...
[INFO] testing bulwark-config-0.6.0 against beta-2024-12-08 for beta-1.84.0-4-retry
[INFO] extracting crate bulwark-config 0.6.0 into /workspace/builds/worker-1-tc2/source
[INFO] validating manifest of crates.io crate bulwark-config 0.6.0 on toolchain beta-2024-12-08
[INFO] running `Command { std: CARGO_HOME="/workspace/cargo-home" RUSTUP_HOME="/workspace/rustup-home" "/workspace/cargo-home/bin/cargo" "+beta-2024-12-08" "metadata" "--manifest-path" "Cargo.toml" "--no-deps", kill_on_drop: false }`
[INFO] started tweaking crates.io crate bulwark-config 0.6.0
[INFO] finished tweaking crates.io crate bulwark-config 0.6.0
[INFO] tweaked toml for crates.io crate bulwark-config 0.6.0 written to /workspace/builds/worker-1-tc2/source/Cargo.toml
[INFO] running `Command { std: CARGO_HOME="/workspace/cargo-home" RUSTUP_HOME="/workspace/rustup-home" "/workspace/cargo-home/bin/cargo" "+beta-2024-12-08" "generate-lockfile" "--manifest-path" "Cargo.toml", kill_on_drop: false }`
[INFO] [stderr]     Updating crates.io index
[INFO] [stderr]      Locking 138 packages to latest compatible versions
[INFO] [stderr]       Adding itertools v0.12.1 (available: v0.13.0)
[INFO] [stderr]       Adding thiserror v1.0.43 (available: v1.0.69)
[INFO] [stderr]       Adding thiserror-impl v1.0.43 (available: v1.0.69)
[INFO] [stderr]       Adding validator v0.16.1 (available: v0.19.0)
[INFO] running `Command { std: CARGO_HOME="/workspace/cargo-home" RUSTUP_HOME="/workspace/rustup-home" "/workspace/cargo-home/bin/cargo" "+beta-2024-12-08" "fetch" "--manifest-path" "Cargo.toml", kill_on_drop: false }`
[INFO] running `Command { std: "docker" "create" "-v" "/var/lib/crater-agent-workspace/builds/worker-1-tc2/target:/opt/rustwide/target:rw,Z" "-v" "/var/lib/crater-agent-workspace/builds/worker-1-tc2/source:/opt/rustwide/workdir:ro,Z" "-v" "/var/lib/crater-agent-workspace/cargo-home:/opt/rustwide/cargo-home:ro,Z" "-v" "/var/lib/crater-agent-workspace/rustup-home:/opt/rustwide/rustup-home:ro,Z" "-e" "SOURCE_DIR=/opt/rustwide/workdir" "-e" "CARGO_TARGET_DIR=/opt/rustwide/target" "-e" "CARGO_HOME=/opt/rustwide/cargo-home" "-e" "RUSTUP_HOME=/opt/rustwide/rustup-home" "-w" "/opt/rustwide/workdir" "-m" "1610612736" "--user" "0:0" "--network" "none" "ghcr.io/rust-lang/crates-build-env/linux@sha256:f3a9d4ad9d972b27faf3965f35b62e55ba32bbce8f20bc8fe909558a86702fde" "/opt/rustwide/cargo-home/bin/cargo" "+beta-2024-12-08" "metadata" "--no-deps" "--format-version=1", kill_on_drop: false }`
[INFO] [stdout] ed59768e32155a00859d47f57d8e6365d0c5dcc143a9b7c8a9df0c7787d5e7d3
[INFO] running `Command { std: "docker" "start" "-a" "ed59768e32155a00859d47f57d8e6365d0c5dcc143a9b7c8a9df0c7787d5e7d3", kill_on_drop: false }`
[INFO] running `Command { std: "docker" "inspect" "ed59768e32155a00859d47f57d8e6365d0c5dcc143a9b7c8a9df0c7787d5e7d3", kill_on_drop: false }`
[INFO] running `Command { std: "docker" "rm" "-f" "ed59768e32155a00859d47f57d8e6365d0c5dcc143a9b7c8a9df0c7787d5e7d3", kill_on_drop: false }`
[INFO] [stdout] ed59768e32155a00859d47f57d8e6365d0c5dcc143a9b7c8a9df0c7787d5e7d3
[INFO] running `Command { std: "docker" "create" "-v" "/var/lib/crater-agent-workspace/builds/worker-1-tc2/target:/opt/rustwide/target:rw,Z" "-v" "/var/lib/crater-agent-workspace/builds/worker-1-tc2/source:/opt/rustwide/workdir:ro,Z" "-v" "/var/lib/crater-agent-workspace/cargo-home:/opt/rustwide/cargo-home:ro,Z" "-v" "/var/lib/crater-agent-workspace/rustup-home:/opt/rustwide/rustup-home:ro,Z" "-e" "SOURCE_DIR=/opt/rustwide/workdir" "-e" "CARGO_TARGET_DIR=/opt/rustwide/target" "-e" "CARGO_INCREMENTAL=0" "-e" "RUST_BACKTRACE=full" "-e" "RUSTFLAGS=--cap-lints=warn" "-e" "RUSTDOCFLAGS=--cap-lints=warn" "-e" "CARGO_HOME=/opt/rustwide/cargo-home" "-e" "RUSTUP_HOME=/opt/rustwide/rustup-home" "-w" "/opt/rustwide/workdir" "-m" "1610612736" "--user" "0:0" "--network" "none" "ghcr.io/rust-lang/crates-build-env/linux@sha256:f3a9d4ad9d972b27faf3965f35b62e55ba32bbce8f20bc8fe909558a86702fde" "/opt/rustwide/cargo-home/bin/cargo" "+beta-2024-12-08" "build" "--frozen" "--message-format=json", kill_on_drop: false }`
[INFO] [stdout] d18802026af732bcd19c695035c9eff9232a9120d1673b940d5c0e559a4e2e70
[INFO] running `Command { std: "docker" "start" "-a" "d18802026af732bcd19c695035c9eff9232a9120d1673b940d5c0e559a4e2e70", kill_on_drop: false }`
[INFO] [stderr]    Compiling syn v1.0.109
[INFO] [stderr]    Compiling proc-macro-error-attr v1.0.4
[INFO] [stderr]    Compiling num-traits v0.2.19
[INFO] [stderr]    Compiling proc-macro-error v1.0.4
[INFO] [stderr]    Compiling rustversion v1.0.18
[INFO] [stderr]    Compiling unicode-bidi v0.3.17
[INFO] [stderr]    Compiling hashbrown v0.15.2
[INFO] [stderr]    Compiling equivalent v1.0.1
[INFO] [stderr]    Compiling thiserror v1.0.43
[INFO] [stderr]    Compiling syn v2.0.90
[INFO] [stderr]    Compiling unicode-normalization v0.1.24
[INFO] [stderr]    Compiling if_chain v1.0.2
[INFO] [stderr]    Compiling winnow v0.6.20
[INFO] [stderr]    Compiling heck v0.5.0
[INFO] [stderr]    Compiling tracing-core v0.1.33
[INFO] [stderr]    Compiling pin-project-lite v0.2.15
[INFO] [stderr]    Compiling iana-time-zone v0.1.61
[INFO] [stderr]    Compiling strum v0.26.3
[INFO] [stderr]    Compiling itertools v0.12.1
[INFO] [stderr]    Compiling num_cpus v1.16.0
[INFO] [stderr]    Compiling bytes v1.9.0
[INFO] [stderr]    Compiling hex v0.4.3
[INFO] [stderr]    Compiling idna v0.4.0
[INFO] [stderr]    Compiling indexmap v2.7.0
[INFO] [stderr]    Compiling approx v0.5.1
[INFO] [stderr]    Compiling validator_types v0.16.0
[INFO] [stderr]    Compiling validator_derive v0.16.0
[INFO] [stderr]    Compiling synstructure v0.13.1
[INFO] [stderr]    Compiling zerofrom-derive v0.1.5
[INFO] [stderr]    Compiling yoke-derive v0.7.5
[INFO] [stderr]    Compiling zerovec-derive v0.10.3
[INFO] [stderr]    Compiling displaydoc v0.2.5
[INFO] [stderr]    Compiling icu_provider_macros v1.5.0
[INFO] [stderr]    Compiling serde_derive v1.0.216
[INFO] [stderr]    Compiling thiserror-impl v1.0.43
[INFO] [stderr]    Compiling strum_macros v0.26.4
[INFO] [stderr]    Compiling tracing-attributes v0.1.28
[INFO] [stderr]    Compiling tracing v0.1.41
[INFO] [stderr]    Compiling zerofrom v0.1.5
[INFO] [stderr]    Compiling yoke v0.7.5
[INFO] [stderr]    Compiling zerovec v0.10.4
[INFO] [stderr]    Compiling tinystr v0.7.6
[INFO] [stderr]    Compiling icu_collections v1.5.0
[INFO] [stderr]    Compiling icu_locid v1.5.0
[INFO] [stderr]    Compiling serde v1.0.216
[INFO] [stderr]    Compiling icu_provider v1.5.0
[INFO] [stderr]    Compiling icu_locid_transform v1.5.0
[INFO] [stderr]    Compiling icu_properties v1.5.1
[INFO] [stderr]    Compiling serde_json v1.0.133
[INFO] [stderr]    Compiling serde_spanned v0.6.8
[INFO] [stderr]    Compiling toml_datetime v0.6.8
[INFO] [stderr]    Compiling chrono v0.4.39
[INFO] [stderr]    Compiling toml_edit v0.22.22
[INFO] [stderr]    Compiling icu_normalizer v1.5.0
[INFO] [stderr]    Compiling idna_adapter v1.2.0
[INFO] [stderr]    Compiling idna v1.0.3
[INFO] [stderr]    Compiling url v2.5.4
[INFO] [stderr]    Compiling validator v0.16.1
[INFO] [stderr]    Compiling toml v0.8.19
[INFO] [stderr]    Compiling bulwark-decision v0.6.0
[INFO] [stderr]    Compiling bulwark-config v0.6.0 (/opt/rustwide/workdir)
[INFO] [stdout] warning: elided lifetime has a name
[INFO] [stdout]    --> src/config.rs:405:21
[INFO] [stdout]     |
[INFO] [stdout] 402 |     pub fn resolve_plugins<'a>(
[INFO] [stdout]     |                            -- lifetime `'a` declared here
[INFO] [stdout] ...
[INFO] [stdout] 405 |     ) -> Result<Vec<&Plugin>, ResolutionError> {
[INFO] [stdout]     |                     ^ this elided lifetime gets resolved as `'a`
[INFO] [stdout]     |
[INFO] [stdout]     = note: `#[warn(elided_named_lifetimes)]` on by default
[INFO] [stdout] 
[INFO] [stdout] 
[INFO] [stdout] warning: elided lifetime has a name
[INFO] [stdout]    --> src/config.rs:415:21
[INFO] [stdout]     |
[INFO] [stdout] 411 |     fn resolve_plugins_recursive<'a>(
[INFO] [stdout]     |                                  -- lifetime `'a` declared here
[INFO] [stdout] ...
[INFO] [stdout] 415 |     ) -> Result<Vec<&Plugin>, ResolutionError> {
[INFO] [stdout]     |                     ^ this elided lifetime gets resolved as `'a`
[INFO] [stdout] 
[INFO] [stdout] 
[INFO] [stdout] warning: elided lifetime has a name
[INFO] [stdout]    --> src/config.rs:512:21
[INFO] [stdout]     |
[INFO] [stdout] 509 |     pub fn resolve_plugins<'a>(
[INFO] [stdout]     |                            -- lifetime `'a` declared here
[INFO] [stdout] ...
[INFO] [stdout] 512 |     ) -> Result<Vec<&Plugin>, ResolutionError> {
[INFO] [stdout]     |                     ^ this elided lifetime gets resolved as `'a`
[INFO] [stdout] 
[INFO] [stdout] 
[INFO] [stderr]     Finished `dev` profile [unoptimized + debuginfo] target(s) in 42.65s
[INFO] running `Command { std: "docker" "inspect" "d18802026af732bcd19c695035c9eff9232a9120d1673b940d5c0e559a4e2e70", kill_on_drop: false }`
[INFO] running `Command { std: "docker" "rm" "-f" "d18802026af732bcd19c695035c9eff9232a9120d1673b940d5c0e559a4e2e70", kill_on_drop: false }`
[INFO] [stdout] d18802026af732bcd19c695035c9eff9232a9120d1673b940d5c0e559a4e2e70
[INFO] running `Command { std: "docker" "create" "-v" "/var/lib/crater-agent-workspace/builds/worker-1-tc2/target:/opt/rustwide/target:rw,Z" "-v" "/var/lib/crater-agent-workspace/builds/worker-1-tc2/source:/opt/rustwide/workdir:ro,Z" "-v" "/var/lib/crater-agent-workspace/cargo-home:/opt/rustwide/cargo-home:ro,Z" "-v" "/var/lib/crater-agent-workspace/rustup-home:/opt/rustwide/rustup-home:ro,Z" "-e" "SOURCE_DIR=/opt/rustwide/workdir" "-e" "CARGO_TARGET_DIR=/opt/rustwide/target" "-e" "CARGO_INCREMENTAL=0" "-e" "RUST_BACKTRACE=full" "-e" "RUSTFLAGS=--cap-lints=warn" "-e" "RUSTDOCFLAGS=--cap-lints=warn" "-e" "CARGO_HOME=/opt/rustwide/cargo-home" "-e" "RUSTUP_HOME=/opt/rustwide/rustup-home" "-w" "/opt/rustwide/workdir" "-m" "1610612736" "--user" "0:0" "--network" "none" "ghcr.io/rust-lang/crates-build-env/linux@sha256:f3a9d4ad9d972b27faf3965f35b62e55ba32bbce8f20bc8fe909558a86702fde" "/opt/rustwide/cargo-home/bin/cargo" "+beta-2024-12-08" "test" "--frozen" "--no-run" "--message-format=json", kill_on_drop: false }`
[INFO] [stdout] d2f528a46a7cb9fd42c8cff66a3735e68948fa1b91bc739b0369005ab357e94e
[INFO] running `Command { std: "docker" "start" "-a" "d2f528a46a7cb9fd42c8cff66a3735e68948fa1b91bc739b0369005ab357e94e", kill_on_drop: false }`
[INFO] [stderr]    Compiling serde v1.0.216
[INFO] [stderr]    Compiling serde_json v1.0.133
[INFO] [stderr]    Compiling ahash v0.8.11
[INFO] [stderr]    Compiling semver v1.0.24
[INFO] [stderr]    Compiling zerocopy v0.7.35
[INFO] [stderr]    Compiling bitflags v2.6.0
[INFO] [stderr]    Compiling anyhow v1.0.94
[INFO] [stderr]    Compiling leb128 v0.2.5
[INFO] [stderr]    Compiling camino v1.1.9
[INFO] [stderr]    Compiling spdx v0.10.7
[INFO] [stderr]    Compiling id-arena v2.2.1
[INFO] [stderr]    Compiling unicode-xid v0.2.6
[INFO] [stderr]    Compiling log v0.4.22
[INFO] [stderr]    Compiling owo-colors v3.5.0
[INFO] [stderr]    Compiling matchit v0.8.5
[INFO] [stderr]    Compiling hashbrown v0.14.5
[INFO] [stderr]    Compiling indexmap v2.7.0
[INFO] [stderr]    Compiling toml_datetime v0.6.8
[INFO] [stderr]    Compiling serde_spanned v0.6.8
[INFO] [stderr]    Compiling cargo-platform v0.1.9
[INFO] [stderr]    Compiling chrono v0.4.39
[INFO] [stderr]    Compiling wasmparser v0.211.1
[INFO] [stderr]    Compiling toml_edit v0.22.22
[INFO] [stderr]    Compiling validator v0.16.1
[INFO] [stderr]    Compiling cargo_metadata v0.18.1
[INFO] [stderr]    Compiling bulwark-decision v0.6.0
[INFO] [stderr]    Compiling toml v0.8.19
[INFO] [stderr]    Compiling bulwark-config v0.6.0 (/opt/rustwide/workdir)
[INFO] [stdout] warning: elided lifetime has a name
[INFO] [stdout]    --> src/config.rs:405:21
[INFO] [stdout]     |
[INFO] [stdout] 402 |     pub fn resolve_plugins<'a>(
[INFO] [stdout]     |                            -- lifetime `'a` declared here
[INFO] [stdout] ...
[INFO] [stdout] 405 |     ) -> Result<Vec<&Plugin>, ResolutionError> {
[INFO] [stdout]     |                     ^ this elided lifetime gets resolved as `'a`
[INFO] [stdout]     |
[INFO] [stdout]     = note: `#[warn(elided_named_lifetimes)]` on by default
[INFO] [stdout] 
[INFO] [stdout] 
[INFO] [stdout] warning: elided lifetime has a name
[INFO] [stdout]    --> src/config.rs:415:21
[INFO] [stdout]     |
[INFO] [stdout] 411 |     fn resolve_plugins_recursive<'a>(
[INFO] [stdout]     |                                  -- lifetime `'a` declared here
[INFO] [stdout] ...
[INFO] [stdout] 415 |     ) -> Result<Vec<&Plugin>, ResolutionError> {
[INFO] [stdout]     |                     ^ this elided lifetime gets resolved as `'a`
[INFO] [stdout] 
[INFO] [stdout] 
[INFO] [stdout] warning: elided lifetime has a name
[INFO] [stdout]    --> src/config.rs:512:21
[INFO] [stdout]     |
[INFO] [stdout] 509 |     pub fn resolve_plugins<'a>(
[INFO] [stdout]     |                            -- lifetime `'a` declared here
[INFO] [stdout] ...
[INFO] [stdout] 512 |     ) -> Result<Vec<&Plugin>, ResolutionError> {
[INFO] [stdout]     |                     ^ this elided lifetime gets resolved as `'a`
[INFO] [stdout] 
[INFO] [stdout] 
[INFO] [stderr]    Compiling wasm-encoder v0.211.1
[INFO] [stderr]    Compiling wit-parser v0.211.1
[INFO] [stderr]    Compiling wasm-metadata v0.211.1
[INFO] [stderr]    Compiling wit-component v0.211.1
[INFO] [stderr]    Compiling bulwark-build v0.6.0
[INFO] [stdout] warning: elided lifetime has a name
[INFO] [stdout]    --> src/config.rs:405:21
[INFO] [stdout]     |
[INFO] [stdout] 402 |     pub fn resolve_plugins<'a>(
[INFO] [stdout]     |                            -- lifetime `'a` declared here
[INFO] [stdout] ...
[INFO] [stdout] 405 |     ) -> Result<Vec<&Plugin>, ResolutionError> {
[INFO] [stdout]     |                     ^ this elided lifetime gets resolved as `'a`
[INFO] [stdout]     |
[INFO] [stdout]     = note: `#[warn(elided_named_lifetimes)]` on by default
[INFO] [stdout] 
[INFO] [stdout] 
[INFO] [stdout] warning: elided lifetime has a name
[INFO] [stdout]    --> src/config.rs:415:21
[INFO] [stdout]     |
[INFO] [stdout] 411 |     fn resolve_plugins_recursive<'a>(
[INFO] [stdout]     |                                  -- lifetime `'a` declared here
[INFO] [stdout] ...
[INFO] [stdout] 415 |     ) -> Result<Vec<&Plugin>, ResolutionError> {
[INFO] [stdout]     |                     ^ this elided lifetime gets resolved as `'a`
[INFO] [stdout] 
[INFO] [stdout] 
[INFO] [stdout] warning: elided lifetime has a name
[INFO] [stdout]    --> src/config.rs:512:21
[INFO] [stdout]     |
[INFO] [stdout] 509 |     pub fn resolve_plugins<'a>(
[INFO] [stdout]     |                            -- lifetime `'a` declared here
[INFO] [stdout] ...
[INFO] [stdout] 512 |     ) -> Result<Vec<&Plugin>, ResolutionError> {
[INFO] [stdout]     |                     ^ this elided lifetime gets resolved as `'a`
[INFO] [stdout] 
[INFO] [stdout] 
[INFO] [stderr]     Finished `test` profile [unoptimized + debuginfo] target(s) in 44.61s
[INFO] running `Command { std: "docker" "inspect" "d2f528a46a7cb9fd42c8cff66a3735e68948fa1b91bc739b0369005ab357e94e", kill_on_drop: false }`
[INFO] running `Command { std: "docker" "rm" "-f" "d2f528a46a7cb9fd42c8cff66a3735e68948fa1b91bc739b0369005ab357e94e", kill_on_drop: false }`
[INFO] [stdout] d2f528a46a7cb9fd42c8cff66a3735e68948fa1b91bc739b0369005ab357e94e
[INFO] running `Command { std: "docker" "create" "-v" "/var/lib/crater-agent-workspace/builds/worker-1-tc2/target:/opt/rustwide/target:rw,Z" "-v" "/var/lib/crater-agent-workspace/builds/worker-1-tc2/source:/opt/rustwide/workdir:ro,Z" "-v" "/var/lib/crater-agent-workspace/cargo-home:/opt/rustwide/cargo-home:ro,Z" "-v" "/var/lib/crater-agent-workspace/rustup-home:/opt/rustwide/rustup-home:ro,Z" "-e" "SOURCE_DIR=/opt/rustwide/workdir" "-e" "CARGO_TARGET_DIR=/opt/rustwide/target" "-e" "CARGO_INCREMENTAL=0" "-e" "RUST_BACKTRACE=full" "-e" "RUSTFLAGS=--cap-lints=warn" "-e" "RUSTDOCFLAGS=--cap-lints=warn" "-e" "CARGO_HOME=/opt/rustwide/cargo-home" "-e" "RUSTUP_HOME=/opt/rustwide/rustup-home" "-w" "/opt/rustwide/workdir" "-m" "1610612736" "--user" "0:0" "--network" "none" "ghcr.io/rust-lang/crates-build-env/linux@sha256:f3a9d4ad9d972b27faf3965f35b62e55ba32bbce8f20bc8fe909558a86702fde" "/opt/rustwide/cargo-home/bin/cargo" "+beta-2024-12-08" "test" "--frozen", kill_on_drop: false }`
[INFO] [stdout] 7a31c40545a2c6165e07929d8c18dc7bcc43678afb8eb57da3552dc20a1a9656
[INFO] running `Command { std: "docker" "start" "-a" "7a31c40545a2c6165e07929d8c18dc7bcc43678afb8eb57da3552dc20a1a9656", kill_on_drop: false }`
[INFO] [stderr] warning: elided lifetime has a name
[INFO] [stderr]    --> src/config.rs:405:21
[INFO] [stderr]     |
[INFO] [stderr] 402 |     pub fn resolve_plugins<'a>(
[INFO] [stderr]     |                            -- lifetime `'a` declared here
[INFO] [stderr] ...
[INFO] [stderr] 405 |     ) -> Result<Vec<&Plugin>, ResolutionError> {
[INFO] [stderr]     |                     ^ this elided lifetime gets resolved as `'a`
[INFO] [stderr]     |
[INFO] [stderr]     = note: `#[warn(elided_named_lifetimes)]` on by default
[INFO] [stderr] 
[INFO] [stderr] warning: elided lifetime has a name
[INFO] [stderr]    --> src/config.rs:415:21
[INFO] [stderr]     |
[INFO] [stderr] 411 |     fn resolve_plugins_recursive<'a>(
[INFO] [stderr]     |                                  -- lifetime `'a` declared here
[INFO] [stderr] ...
[INFO] [stderr] 415 |     ) -> Result<Vec<&Plugin>, ResolutionError> {
[INFO] [stderr]     |                     ^ this elided lifetime gets resolved as `'a`
[INFO] [stderr] 
[INFO] [stderr] warning: elided lifetime has a name
[INFO] [stderr]    --> src/config.rs:512:21
[INFO] [stderr]     |
[INFO] [stderr] 509 |     pub fn resolve_plugins<'a>(
[INFO] [stderr]     |                            -- lifetime `'a` declared here
[INFO] [stderr] ...
[INFO] [stderr] 512 |     ) -> Result<Vec<&Plugin>, ResolutionError> {
[INFO] [stderr]     |                     ^ this elided lifetime gets resolved as `'a`
[INFO] [stderr] 
[INFO] [stderr] warning: `bulwark-config` (lib) generated 3 warnings
[INFO] [stderr] warning: `bulwark-config` (lib test) generated 3 warnings (3 duplicates)
[INFO] [stderr]     Finished `test` profile [unoptimized + debuginfo] target(s) in 0.17s
[INFO] [stderr]      Running unittests src/lib.rs (/opt/rustwide/target/debug/deps/bulwark_config-7a015f3cf745cb0a)
[INFO] [stdout] 
[INFO] [stdout] running 25 tests
[INFO] [stdout] test toml::tests::test_load_config_circular_preset ... FAILED
[INFO] [stdout] test toml::tests::test_exact_resource_route ... FAILED
[INFO] [stdout] test toml::tests::test_load_config ... FAILED
[INFO] [stdout] test toml::tests::test_deserialize ... FAILED
[INFO] [stdout] test toml::tests::test_load_config_circular_include ... FAILED
[INFO] [stdout] test toml::tests::test_load_config_duplicate_mixed ... FAILED
[INFO] [stdout] test toml::tests::test_load_config_duplicate_plugin ... FAILED
[INFO] [stdout] test toml::tests::test_inexact_resource_route ... FAILED
[INFO] [stdout] test toml::tests::test_load_config_exact_resource_route ... FAILED
[INFO] [stdout] test toml::tests::test_load_config_inexact_resource_route ... FAILED
[INFO] [stdout] test toml::tests::test_load_config_invalid_config_object ... FAILED
[INFO] [stdout] test toml::tests::test_load_config_invalid_plugin_reference ... FAILED
[INFO] [stdout] test toml::tests::test_load_config_invalid_config_array ... FAILED
[INFO] [stdout] test toml::tests::test_load_config_missing_include ... FAILED
[INFO] [stdout] test toml::tests::test_load_config_missing ... ok
[INFO] [stdout] test toml::tests::test_load_config_missing_plugin ... FAILED
[INFO] [stdout] test toml::tests::test_load_config_nonprefixed_resource_route ... FAILED
[INFO] [stdout] test toml::tests::test_load_config_duplicate_preset ... FAILED
[INFO] [stdout] test toml::tests::test_load_config_overlapping_preset ... FAILED
[INFO] [stdout] test toml::tests::test_load_config_prefixed_resource_route ... FAILED
[INFO] [stdout] test toml::tests::test_load_config_resolution_missing ... FAILED
[INFO] [stdout] test toml::tests::test_load_config_valid_numeric_plugin_reference ... FAILED
[INFO] [stdout] test toml::tests::test_nonprefixed_resource_route_match ... FAILED
[INFO] [stdout] test toml::tests::test_prefixed_resource_route_match ... FAILED
[INFO] [stdout] test toml::tests::test_resolve_path ... FAILED
[INFO] [stdout] 
[INFO] [stdout] failures:
[INFO] [stdout] 
[INFO] [stdout] ---- toml::tests::test_load_config_circular_preset stdout ----
[INFO] [stdout] Error: Io(Os { code: 2, kind: NotFound, message: "No such file or directory" })
[INFO] [stdout] 
[INFO] [stdout] ---- toml::tests::test_exact_resource_route stdout ----
[INFO] [stdout] Error: Io(Os { code: 2, kind: NotFound, message: "No such file or directory" })
[INFO] [stdout] 
[INFO] [stdout] ---- toml::tests::test_load_config stdout ----
[INFO] [stdout] Error: Io(Os { code: 2, kind: NotFound, message: "No such file or directory" })
[INFO] [stdout] 
[INFO] [stdout] ---- toml::tests::test_deserialize stdout ----
[INFO] [stdout] Error: Io(Os { code: 2, kind: NotFound, message: "No such file or directory" })
[INFO] [stdout] 
[INFO] [stdout] ---- toml::tests::test_load_config_circular_include stdout ----
[INFO] [stdout] Error: Io(Os { code: 2, kind: NotFound, message: "No such file or directory" })
[INFO] [stdout] 
[INFO] [stdout] ---- toml::tests::test_load_config_duplicate_mixed stdout ----
[INFO] [stdout] Error: Io(Os { code: 2, kind: NotFound, message: "No such file or directory" })
[INFO] [stdout] 
[INFO] [stdout] ---- toml::tests::test_load_config_duplicate_plugin stdout ----
[INFO] [stdout] Error: Io(Os { code: 2, kind: NotFound, message: "No such file or directory" })
[INFO] [stdout] 
[INFO] [stdout] ---- toml::tests::test_inexact_resource_route stdout ----
[INFO] [stdout] Error: Io(Os { code: 2, kind: NotFound, message: "No such file or directory" })
[INFO] [stdout] 
[INFO] [stdout] ---- toml::tests::test_load_config_exact_resource_route stdout ----
[INFO] [stdout] Error: Io(Os { code: 2, kind: NotFound, message: "No such file or directory" })
[INFO] [stdout] 
[INFO] [stdout] ---- toml::tests::test_load_config_inexact_resource_route stdout ----
[INFO] [stdout] Error: Io(Os { code: 2, kind: NotFound, message: "No such file or directory" })
[INFO] [stdout] 
[INFO] [stdout] ---- toml::tests::test_load_config_invalid_config_object stdout ----
[INFO] [stdout] Error: Io(Os { code: 2, kind: NotFound, message: "No such file or directory" })
[INFO] [stdout] 
[INFO] [stdout] ---- toml::tests::test_load_config_invalid_plugin_reference stdout ----
[INFO] [stdout] Error: Io(Os { code: 2, kind: NotFound, message: "No such file or directory" })
[INFO] [stdout] 
[INFO] [stdout] ---- toml::tests::test_load_config_invalid_config_array stdout ----
[INFO] [stdout] Error: Io(Os { code: 2, kind: NotFound, message: "No such file or directory" })
[INFO] [stdout] 
[INFO] [stdout] ---- toml::tests::test_load_config_missing_include stdout ----
[INFO] [stdout] Error: Io(Os { code: 2, kind: NotFound, message: "No such file or directory" })
[INFO] [stdout] 
[INFO] [stdout] ---- toml::tests::test_load_config_missing_plugin stdout ----
[INFO] [stdout] Error: Io(Os { code: 2, kind: NotFound, message: "No such file or directory" })
[INFO] [stdout] 
[INFO] [stdout] ---- toml::tests::test_load_config_nonprefixed_resource_route stdout ----
[INFO] [stdout] Error: Io(Os { code: 2, kind: NotFound, message: "No such file or directory" })
[INFO] [stdout] 
[INFO] [stdout] ---- toml::tests::test_load_config_duplicate_preset stdout ----
[INFO] [stdout] Error: Io(Os { code: 2, kind: NotFound, message: "No such file or directory" })
[INFO] [stdout] 
[INFO] [stdout] ---- toml::tests::test_load_config_overlapping_preset stdout ----
[INFO] [stdout] Error: Io(Os { code: 2, kind: NotFound, message: "No such file or directory" })
[INFO] [stdout] 
[INFO] [stdout] ---- toml::tests::test_load_config_prefixed_resource_route stdout ----
[INFO] [stdout] Error: Io(Os { code: 2, kind: NotFound, message: "No such file or directory" })
[INFO] [stdout] 
[INFO] [stdout] ---- toml::tests::test_load_config_resolution_missing stdout ----
[INFO] [stdout] Error: Io(Os { code: 2, kind: NotFound, message: "No such file or directory" })
[INFO] [stdout] 
[INFO] [stdout] ---- toml::tests::test_load_config_valid_numeric_plugin_reference stdout ----
[INFO] [stdout] Error: Io(Os { code: 2, kind: NotFound, message: "No such file or directory" })
[INFO] [stdout] 
[INFO] [stdout] ---- toml::tests::test_nonprefixed_resource_route_match stdout ----
[INFO] [stdout] Error: Io(Os { code: 2, kind: NotFound, message: "No such file or directory" })
[INFO] [stdout] 
[INFO] [stdout] ---- toml::tests::test_prefixed_resource_route_match stdout ----
[INFO] [stdout] Error: Io(Os { code: 2, kind: NotFound, message: "No such file or directory" })
[INFO] [stdout] 
[INFO] [stdout] ---- toml::tests::test_resolve_path stdout ----
[INFO] [stdout] thread 'toml::tests::test_resolve_path' panicked at src/toml.rs:1406:9:
[INFO] [stdout] assertion failed: resolved_path.ends_with("crates/config/src")
[INFO] [stdout] stack backtrace:
[INFO] [stdout]    0:     0x5a64967ab42a - std::backtrace_rs::backtrace::libunwind::trace::h8810477743020387
[INFO] [stdout]                                at /rustc/202008a1b8de96d2e5b6bc02d379db03a877d34d/library/std/src/../../backtrace/src/backtrace/libunwind.rs:116:5
[INFO] [stdout]    1:     0x5a64967ab42a - std::backtrace_rs::backtrace::trace_unsynchronized::h3aa55355dd6c54a6
[INFO] [stdout]                                at /rustc/202008a1b8de96d2e5b6bc02d379db03a877d34d/library/std/src/../../backtrace/src/backtrace/mod.rs:66:5
[INFO] [stdout]    2:     0x5a64967ab42a - std::sys::backtrace::_print_fmt::h8588b0f62410823f
[INFO] [stdout]                                at /rustc/202008a1b8de96d2e5b6bc02d379db03a877d34d/library/std/src/sys/backtrace.rs:66:9
[INFO] [stdout]    3:     0x5a64967ab42a - <std::sys::backtrace::BacktraceLock::print::DisplayBacktrace as core::fmt::Display>::fmt::h98c26ac25ffe89bb
[INFO] [stdout]                                at /rustc/202008a1b8de96d2e5b6bc02d379db03a877d34d/library/std/src/sys/backtrace.rs:39:26
[INFO] [stdout]    4:     0x5a64967d3b53 - core::fmt::rt::Argument::fmt::hf95377f4aebd453b
[INFO] [stdout]                                at /rustc/202008a1b8de96d2e5b6bc02d379db03a877d34d/library/core/src/fmt/rt.rs:177:76
[INFO] [stdout]    5:     0x5a64967d3b53 - core::fmt::write::h0dd5f6e2238c7982
[INFO] [stdout]                                at /rustc/202008a1b8de96d2e5b6bc02d379db03a877d34d/library/core/src/fmt/mod.rs:1189:21
[INFO] [stdout]    6:     0x5a64967a7e83 - std::io::Write::write_fmt::h03bb0ca26e6faf8c
[INFO] [stdout]                                at /rustc/202008a1b8de96d2e5b6bc02d379db03a877d34d/library/std/src/io/mod.rs:1884:15
[INFO] [stdout]    7:     0x5a64967ab272 - std::sys::backtrace::BacktraceLock::print::h5c19c1c038ee186d
[INFO] [stdout]                                at /rustc/202008a1b8de96d2e5b6bc02d379db03a877d34d/library/std/src/sys/backtrace.rs:42:9
[INFO] [stdout]    8:     0x5a64967ac8ad - std::panicking::default_hook::{{closure}}::h77172f079a1fcb13
[INFO] [stdout]                                at /rustc/202008a1b8de96d2e5b6bc02d379db03a877d34d/library/std/src/panicking.rs:268:22
[INFO] [stdout]    9:     0x5a64967ac6b7 - std::panicking::default_hook::he5f8e3b203ccddba
[INFO] [stdout]                                at /rustc/202008a1b8de96d2e5b6bc02d379db03a877d34d/library/std/src/panicking.rs:292:9
[INFO] [stdout]   10:     0x5a6496426b37 - <alloc::boxed::Box<F,A> as core::ops::function::Fn<Args>>::call::h7a3c7b4a1ae77f2f
[INFO] [stdout]                                at /rustc/202008a1b8de96d2e5b6bc02d379db03a877d34d/library/alloc/src/boxed.rs:1986:9
[INFO] [stdout]   11:     0x5a6496426b37 - test::test_main::{{closure}}::hf0d3b69ae9b353d1
[INFO] [stdout]                                at /rustc/202008a1b8de96d2e5b6bc02d379db03a877d34d/library/test/src/lib.rs:134:21
[INFO] [stdout]   12:     0x5a64967acf58 - <alloc::boxed::Box<F,A> as core::ops::function::Fn<Args>>::call::h6332e82e7b189abd
[INFO] [stdout]                                at /rustc/202008a1b8de96d2e5b6bc02d379db03a877d34d/library/alloc/src/boxed.rs:1986:9
[INFO] [stdout]   13:     0x5a64967acf58 - std::panicking::rust_panic_with_hook::h53863d4e9018df39
[INFO] [stdout]                                at /rustc/202008a1b8de96d2e5b6bc02d379db03a877d34d/library/std/src/panicking.rs:809:13
[INFO] [stdout]   14:     0x5a64967acce6 - std::panicking::begin_panic_handler::{{closure}}::h67280e6fa0757873
[INFO] [stdout]                                at /rustc/202008a1b8de96d2e5b6bc02d379db03a877d34d/library/std/src/panicking.rs:667:13
[INFO] [stdout]   15:     0x5a64967ab909 - std::sys::backtrace::__rust_end_short_backtrace::h1dac3f54d6fbbeb2
[INFO] [stdout]                                at /rustc/202008a1b8de96d2e5b6bc02d379db03a877d34d/library/std/src/sys/backtrace.rs:170:18
[INFO] [stdout]   16:     0x5a64967ac9ac - rust_begin_unwind
[INFO] [stdout]                                at /rustc/202008a1b8de96d2e5b6bc02d379db03a877d34d/library/std/src/panicking.rs:665:5
[INFO] [stdout]   17:     0x5a6495d43290 - core::panicking::panic_fmt::h6792bd1b2bf01041
[INFO] [stdout]                                at /rustc/202008a1b8de96d2e5b6bc02d379db03a877d34d/library/core/src/panicking.rs:76:14
[INFO] [stdout]   18:     0x5a6495d4331c - core::panicking::panic::hbb5c236a846c507c
[INFO] [stdout]                                at /rustc/202008a1b8de96d2e5b6bc02d379db03a877d34d/library/core/src/panicking.rs:148:5
[INFO] [stdout]   19:     0x5a6495dbb536 - bulwark_config::toml::tests::test_resolve_path::h47dc820c5cf6d185
[INFO] [stdout]                                at /opt/rustwide/workdir/src/toml.rs:1406:9
[INFO] [stdout]   20:     0x5a6495dbb287 - bulwark_config::toml::tests::test_resolve_path::{{closure}}::hdf4e4e0c2c78a918
[INFO] [stdout]                                at /opt/rustwide/workdir/src/toml.rs:1401:31
[INFO] [stdout]   21:     0x5a6495dfd9c6 - core::ops::function::FnOnce::call_once::hac277258d07cdcbb
[INFO] [stdout]                                at /rustc/202008a1b8de96d2e5b6bc02d379db03a877d34d/library/core/src/ops/function.rs:250:5
[INFO] [stdout]   22:     0x5a649642b65b - core::ops::function::FnOnce::call_once::h871bf86719ec9aa4
[INFO] [stdout]                                at /rustc/202008a1b8de96d2e5b6bc02d379db03a877d34d/library/core/src/ops/function.rs:250:5
[INFO] [stdout]   23:     0x5a649642b65b - test::__rust_begin_short_backtrace::h2167df1e2b7d76fd
[INFO] [stdout]                                at /rustc/202008a1b8de96d2e5b6bc02d379db03a877d34d/library/test/src/lib.rs:632:18
[INFO] [stdout]   24:     0x5a649642b048 - test::run_test_in_process::{{closure}}::h15d92f75a3adfb79
[INFO] [stdout]                                at /rustc/202008a1b8de96d2e5b6bc02d379db03a877d34d/library/test/src/lib.rs:655:60
[INFO] [stdout]   25:     0x5a649642b048 - <core::panic::unwind_safe::AssertUnwindSafe<F> as core::ops::function::FnOnce<()>>::call_once::hb6c8955835a8dbbb
[INFO] [stdout]                                at /rustc/202008a1b8de96d2e5b6bc02d379db03a877d34d/library/core/src/panic/unwind_safe.rs:272:9
[INFO] [stdout]   26:     0x5a649642b048 - std::panicking::try::do_call::hc79d0fc888a0bd30
[INFO] [stdout]                                at /rustc/202008a1b8de96d2e5b6bc02d379db03a877d34d/library/std/src/panicking.rs:557:40
[INFO] [stdout]   27:     0x5a649642b048 - std::panicking::try::hb8a7878e3a8589d6
[INFO] [stdout]                                at /rustc/202008a1b8de96d2e5b6bc02d379db03a877d34d/library/std/src/panicking.rs:520:19
[INFO] [stdout]   28:     0x5a649642b048 - std::panic::catch_unwind::hb8e4600ff0ff5cfa
[INFO] [stdout]                                at /rustc/202008a1b8de96d2e5b6bc02d379db03a877d34d/library/std/src/panic.rs:358:14
[INFO] [stdout]   29:     0x5a649642b048 - test::run_test_in_process::hc2900b0b18688dd6
[INFO] [stdout]                                at /rustc/202008a1b8de96d2e5b6bc02d379db03a877d34d/library/test/src/lib.rs:655:27
[INFO] [stdout]   30:     0x5a649642b048 - test::run_test::{{closure}}::hac2a9cb07be3d48d
[INFO] [stdout]                                at /rustc/202008a1b8de96d2e5b6bc02d379db03a877d34d/library/test/src/lib.rs:576:43
[INFO] [stdout]   31:     0x5a64963eeaea - test::run_test::{{closure}}::h4a5b729e66a38cd8
[INFO] [stdout]                                at /rustc/202008a1b8de96d2e5b6bc02d379db03a877d34d/library/test/src/lib.rs:606:41
[INFO] [stdout]   32:     0x5a64963eeaea - std::sys::backtrace::__rust_begin_short_backtrace::h0496fb742492f573
[INFO] [stdout]                                at /rustc/202008a1b8de96d2e5b6bc02d379db03a877d34d/library/std/src/sys/backtrace.rs:154:18
[INFO] [stdout]   33:     0x5a64963f2464 - std::thread::Builder::spawn_unchecked_::{{closure}}::{{closure}}::hbb6d257c550a54bd
[INFO] [stdout]                                at /rustc/202008a1b8de96d2e5b6bc02d379db03a877d34d/library/std/src/thread/mod.rs:561:17
[INFO] [stdout]   34:     0x5a64963f2464 - <core::panic::unwind_safe::AssertUnwindSafe<F> as core::ops::function::FnOnce<()>>::call_once::h46696fe4a6832328
[INFO] [stdout]                                at /rustc/202008a1b8de96d2e5b6bc02d379db03a877d34d/library/core/src/panic/unwind_safe.rs:272:9
[INFO] [stdout]   35:     0x5a64963f2464 - std::panicking::try::do_call::h2625a51b667bfb64
[INFO] [stdout]                                at /rustc/202008a1b8de96d2e5b6bc02d379db03a877d34d/library/std/src/panicking.rs:557:40
[INFO] [stdout]   36:     0x5a64963f2464 - std::panicking::try::hb956a59a1973aa4c
[INFO] [stdout]                                at /rustc/202008a1b8de96d2e5b6bc02d379db03a877d34d/library/std/src/panicking.rs:520:19
[INFO] [stdout]   37:     0x5a64963f2464 - std::panic::catch_unwind::h64f3b9d1067ef6a0
[INFO] [stdout]                                at /rustc/202008a1b8de96d2e5b6bc02d379db03a877d34d/library/std/src/panic.rs:358:14
[INFO] [stdout]   38:     0x5a64963f2464 - std::thread::Builder::spawn_unchecked_::{{closure}}::h42b2841295b6c0b2
[INFO] [stdout]                                at /rustc/202008a1b8de96d2e5b6bc02d379db03a877d34d/library/std/src/thread/mod.rs:559:30
[INFO] [stdout]   39:     0x5a64963f2464 - core::ops::function::FnOnce::call_once{{vtable.shim}}::h6127de71b8124639
[INFO] [stdout]                                at /rustc/202008a1b8de96d2e5b6bc02d379db03a877d34d/library/core/src/ops/function.rs:250:5
[INFO] [stdout]   40:     0x5a64967b103b - <alloc::boxed::Box<F,A> as core::ops::function::FnOnce<Args>>::call_once::h42f0ba71002a1b2c
[INFO] [stdout]                                at /rustc/202008a1b8de96d2e5b6bc02d379db03a877d34d/library/alloc/src/boxed.rs:1972:9
[INFO] [stdout]   41:     0x5a64967b103b - <alloc::boxed::Box<F,A> as core::ops::function::FnOnce<Args>>::call_once::had9e47d7a3dcecb8
[INFO] [stdout]                                at /rustc/202008a1b8de96d2e5b6bc02d379db03a877d34d/library/alloc/src/boxed.rs:1972:9
[INFO] [stdout]   42:     0x5a64967b103b - std::sys::pal::unix::thread::Thread::new::thread_start::h48cf765408f6f5f2
[INFO] [stdout]                                at /rustc/202008a1b8de96d2e5b6bc02d379db03a877d34d/library/std/src/sys/pal/unix/thread.rs:105:17
[INFO] [stdout]   43:     0x7228057cbac3 - <unknown>
[INFO] [stdout]   44:     0x72280585ca04 - clone
[INFO] [stdout]   45:                0x0 - <unknown>
[INFO] [stdout] 
[INFO] [stdout] 
[INFO] [stdout] failures:
[INFO] [stdout]     toml::tests::test_deserialize
[INFO] [stdout]     toml::tests::test_exact_resource_route
[INFO] [stdout]     toml::tests::test_inexact_resource_route
[INFO] [stdout]     toml::tests::test_load_config
[INFO] [stdout]     toml::tests::test_load_config_circular_include
[INFO] [stdout]     toml::tests::test_load_config_circular_preset
[INFO] [stdout]     toml::tests::test_load_config_duplicate_mixed
[INFO] [stdout]     toml::tests::test_load_config_duplicate_plugin
[INFO] [stdout]     toml::tests::test_load_config_duplicate_preset
[INFO] [stdout]     toml::tests::test_load_config_exact_resource_route
[INFO] [stdout]     toml::tests::test_load_config_inexact_resource_route
[INFO] [stdout]     toml::tests::test_load_config_invalid_config_array
[INFO] [stdout]     toml::tests::test_load_config_invalid_config_object
[INFO] [stdout]     toml::tests::test_load_config_invalid_plugin_reference
[INFO] [stdout]     toml::tests::test_load_config_missing_include
[INFO] [stdout]     toml::tests::test_load_config_missing_plugin
[INFO] [stdout]     toml::tests::test_load_config_nonprefixed_resource_route
[INFO] [stdout]     toml::tests::test_load_config_overlapping_preset
[INFO] [stdout]     toml::tests::test_load_config_prefixed_resource_route
[INFO] [stdout]     toml::tests::test_load_config_resolution_missing
[INFO] [stdout]     toml::tests::test_load_config_valid_numeric_plugin_reference
[INFO] [stdout]     toml::tests::test_nonprefixed_resource_route_match
[INFO] [stdout]     toml::tests::test_prefixed_resource_route_match
[INFO] [stdout]     toml::tests::test_resolve_path
[INFO] [stdout] 
[INFO] [stdout] test result: FAILED. 1 passed; 24 failed; 0 ignored; 0 measured; 0 filtered out; finished in 0.07s
[INFO] [stdout] 
[INFO] [stderr] error: test failed, to rerun pass `--lib`
[INFO] running `Command { std: "docker" "inspect" "7a31c40545a2c6165e07929d8c18dc7bcc43678afb8eb57da3552dc20a1a9656", kill_on_drop: false }`
[INFO] running `Command { std: "docker" "rm" "-f" "7a31c40545a2c6165e07929d8c18dc7bcc43678afb8eb57da3552dc20a1a9656", kill_on_drop: false }`
[INFO] [stdout] 7a31c40545a2c6165e07929d8c18dc7bcc43678afb8eb57da3552dc20a1a9656
