[INFO] fetching crate builder_option 0.1.0...
[INFO] testing builder_option-0.1.0 against beta-2024-12-08 for beta-1.84.0-4-retry
[INFO] extracting crate builder_option 0.1.0 into /workspace/builds/worker-5-tc2/source
[INFO] validating manifest of crates.io crate builder_option 0.1.0 on toolchain beta-2024-12-08
[INFO] running `Command { std: CARGO_HOME="/workspace/cargo-home" RUSTUP_HOME="/workspace/rustup-home" "/workspace/cargo-home/bin/cargo" "+beta-2024-12-08" "metadata" "--manifest-path" "Cargo.toml" "--no-deps", kill_on_drop: false }`
[INFO] started tweaking crates.io crate builder_option 0.1.0
[INFO] finished tweaking crates.io crate builder_option 0.1.0
[INFO] tweaked toml for crates.io crate builder_option 0.1.0 written to /workspace/builds/worker-5-tc2/source/Cargo.toml
[INFO] crate crates.io crate builder_option 0.1.0 already has a lockfile, it will not be regenerated
[INFO] running `Command { std: CARGO_HOME="/workspace/cargo-home" RUSTUP_HOME="/workspace/rustup-home" "/workspace/cargo-home/bin/cargo" "+beta-2024-12-08" "fetch" "--manifest-path" "Cargo.toml", kill_on_drop: false }`
[INFO] running `Command { std: "docker" "create" "-v" "/var/lib/crater-agent-workspace/builds/worker-5-tc2/target:/opt/rustwide/target:rw,Z" "-v" "/var/lib/crater-agent-workspace/builds/worker-5-tc2/source:/opt/rustwide/workdir:ro,Z" "-v" "/var/lib/crater-agent-workspace/cargo-home:/opt/rustwide/cargo-home:ro,Z" "-v" "/var/lib/crater-agent-workspace/rustup-home:/opt/rustwide/rustup-home:ro,Z" "-e" "SOURCE_DIR=/opt/rustwide/workdir" "-e" "CARGO_TARGET_DIR=/opt/rustwide/target" "-e" "CARGO_HOME=/opt/rustwide/cargo-home" "-e" "RUSTUP_HOME=/opt/rustwide/rustup-home" "-w" "/opt/rustwide/workdir" "-m" "1610612736" "--user" "0:0" "--network" "none" "ghcr.io/rust-lang/crates-build-env/linux@sha256:f3a9d4ad9d972b27faf3965f35b62e55ba32bbce8f20bc8fe909558a86702fde" "/opt/rustwide/cargo-home/bin/cargo" "+beta-2024-12-08" "metadata" "--no-deps" "--format-version=1", kill_on_drop: false }`
[INFO] [stdout] aa0c010d0076a541b0323090e2b7c1dd0b1ece0fc9654c7e6a47638f7fbda88c
[INFO] running `Command { std: "docker" "start" "-a" "aa0c010d0076a541b0323090e2b7c1dd0b1ece0fc9654c7e6a47638f7fbda88c", kill_on_drop: false }`
[INFO] running `Command { std: "docker" "inspect" "aa0c010d0076a541b0323090e2b7c1dd0b1ece0fc9654c7e6a47638f7fbda88c", kill_on_drop: false }`
[INFO] running `Command { std: "docker" "rm" "-f" "aa0c010d0076a541b0323090e2b7c1dd0b1ece0fc9654c7e6a47638f7fbda88c", kill_on_drop: false }`
[INFO] [stdout] aa0c010d0076a541b0323090e2b7c1dd0b1ece0fc9654c7e6a47638f7fbda88c
[INFO] running `Command { std: "docker" "create" "-v" "/var/lib/crater-agent-workspace/builds/worker-5-tc2/target:/opt/rustwide/target:rw,Z" "-v" "/var/lib/crater-agent-workspace/builds/worker-5-tc2/source:/opt/rustwide/workdir:ro,Z" "-v" "/var/lib/crater-agent-workspace/cargo-home:/opt/rustwide/cargo-home:ro,Z" "-v" "/var/lib/crater-agent-workspace/rustup-home:/opt/rustwide/rustup-home:ro,Z" "-e" "SOURCE_DIR=/opt/rustwide/workdir" "-e" "CARGO_TARGET_DIR=/opt/rustwide/target" "-e" "CARGO_INCREMENTAL=0" "-e" "RUST_BACKTRACE=full" "-e" "RUSTFLAGS=--cap-lints=warn" "-e" "RUSTDOCFLAGS=--cap-lints=warn" "-e" "CARGO_HOME=/opt/rustwide/cargo-home" "-e" "RUSTUP_HOME=/opt/rustwide/rustup-home" "-w" "/opt/rustwide/workdir" "-m" "1610612736" "--user" "0:0" "--network" "none" "ghcr.io/rust-lang/crates-build-env/linux@sha256:f3a9d4ad9d972b27faf3965f35b62e55ba32bbce8f20bc8fe909558a86702fde" "/opt/rustwide/cargo-home/bin/cargo" "+beta-2024-12-08" "build" "--frozen" "--message-format=json", kill_on_drop: false }`
[INFO] [stdout] 99012ecd23c54de2a3d881921749186d3b306200bc52b5b9bace76ca9e6c3062
[INFO] running `Command { std: "docker" "start" "-a" "99012ecd23c54de2a3d881921749186d3b306200bc52b5b9bace76ca9e6c3062", kill_on_drop: false }`
[INFO] [stderr]    Compiling paste v1.0.15
[INFO] [stderr]    Compiling builder_option v0.1.0 (/opt/rustwide/workdir)
[INFO] [stderr]     Finished `dev` profile [unoptimized + debuginfo] target(s) in 1.20s
[INFO] running `Command { std: "docker" "inspect" "99012ecd23c54de2a3d881921749186d3b306200bc52b5b9bace76ca9e6c3062", kill_on_drop: false }`
[INFO] running `Command { std: "docker" "rm" "-f" "99012ecd23c54de2a3d881921749186d3b306200bc52b5b9bace76ca9e6c3062", kill_on_drop: false }`
[INFO] [stdout] 99012ecd23c54de2a3d881921749186d3b306200bc52b5b9bace76ca9e6c3062
[INFO] running `Command { std: "docker" "create" "-v" "/var/lib/crater-agent-workspace/builds/worker-5-tc2/target:/opt/rustwide/target:rw,Z" "-v" "/var/lib/crater-agent-workspace/builds/worker-5-tc2/source:/opt/rustwide/workdir:ro,Z" "-v" "/var/lib/crater-agent-workspace/cargo-home:/opt/rustwide/cargo-home:ro,Z" "-v" "/var/lib/crater-agent-workspace/rustup-home:/opt/rustwide/rustup-home:ro,Z" "-e" "SOURCE_DIR=/opt/rustwide/workdir" "-e" "CARGO_TARGET_DIR=/opt/rustwide/target" "-e" "CARGO_INCREMENTAL=0" "-e" "RUST_BACKTRACE=full" "-e" "RUSTFLAGS=--cap-lints=warn" "-e" "RUSTDOCFLAGS=--cap-lints=warn" "-e" "CARGO_HOME=/opt/rustwide/cargo-home" "-e" "RUSTUP_HOME=/opt/rustwide/rustup-home" "-w" "/opt/rustwide/workdir" "-m" "1610612736" "--user" "0:0" "--network" "none" "ghcr.io/rust-lang/crates-build-env/linux@sha256:f3a9d4ad9d972b27faf3965f35b62e55ba32bbce8f20bc8fe909558a86702fde" "/opt/rustwide/cargo-home/bin/cargo" "+beta-2024-12-08" "test" "--frozen" "--no-run" "--message-format=json", kill_on_drop: false }`
[INFO] [stdout] bdb20cd0bfaca8fb4c4374add5aa2f3e791a9074b5f5c55f2ac2d355fec0e8dc
[INFO] running `Command { std: "docker" "start" "-a" "bdb20cd0bfaca8fb4c4374add5aa2f3e791a9074b5f5c55f2ac2d355fec0e8dc", kill_on_drop: false }`
[INFO] [stderr]    Compiling num-traits v0.2.19
[INFO] [stderr]    Compiling iana-time-zone v0.1.61
[INFO] [stderr]    Compiling chrono v0.4.38
[INFO] [stderr]    Compiling builder_option v0.1.0 (/opt/rustwide/workdir)
[INFO] [stderr]     Finished `test` profile [unoptimized + debuginfo] target(s) in 3.65s
[INFO] running `Command { std: "docker" "inspect" "bdb20cd0bfaca8fb4c4374add5aa2f3e791a9074b5f5c55f2ac2d355fec0e8dc", kill_on_drop: false }`
[INFO] running `Command { std: "docker" "rm" "-f" "bdb20cd0bfaca8fb4c4374add5aa2f3e791a9074b5f5c55f2ac2d355fec0e8dc", kill_on_drop: false }`
[INFO] [stdout] bdb20cd0bfaca8fb4c4374add5aa2f3e791a9074b5f5c55f2ac2d355fec0e8dc
[INFO] running `Command { std: "docker" "create" "-v" "/var/lib/crater-agent-workspace/builds/worker-5-tc2/target:/opt/rustwide/target:rw,Z" "-v" "/var/lib/crater-agent-workspace/builds/worker-5-tc2/source:/opt/rustwide/workdir:ro,Z" "-v" "/var/lib/crater-agent-workspace/cargo-home:/opt/rustwide/cargo-home:ro,Z" "-v" "/var/lib/crater-agent-workspace/rustup-home:/opt/rustwide/rustup-home:ro,Z" "-e" "SOURCE_DIR=/opt/rustwide/workdir" "-e" "CARGO_TARGET_DIR=/opt/rustwide/target" "-e" "CARGO_INCREMENTAL=0" "-e" "RUST_BACKTRACE=full" "-e" "RUSTFLAGS=--cap-lints=warn" "-e" "RUSTDOCFLAGS=--cap-lints=warn" "-e" "CARGO_HOME=/opt/rustwide/cargo-home" "-e" "RUSTUP_HOME=/opt/rustwide/rustup-home" "-w" "/opt/rustwide/workdir" "-m" "1610612736" "--user" "0:0" "--network" "none" "ghcr.io/rust-lang/crates-build-env/linux@sha256:f3a9d4ad9d972b27faf3965f35b62e55ba32bbce8f20bc8fe909558a86702fde" "/opt/rustwide/cargo-home/bin/cargo" "+beta-2024-12-08" "test" "--frozen", kill_on_drop: false }`
[INFO] [stdout] 4c94bb9d8e2a60f19c4950f2740fcd2ead8ce602be2eea8d4a42519e467e51d7
[INFO] running `Command { std: "docker" "start" "-a" "4c94bb9d8e2a60f19c4950f2740fcd2ead8ce602be2eea8d4a42519e467e51d7", kill_on_drop: false }`
[INFO] [stderr]     Finished `test` profile [unoptimized + debuginfo] target(s) in 0.03s
[INFO] [stderr]      Running unittests src/lib.rs (/opt/rustwide/target/debug/deps/builder_option-600d7a49555fc440)
[INFO] [stdout] 
[INFO] [stdout] running 0 tests
[INFO] [stdout] 
[INFO] [stdout] test result: ok. 0 passed; 0 failed; 0 ignored; 0 measured; 0 filtered out; finished in 0.00s
[INFO] [stdout] 
[INFO] [stderr]    Doc-tests builder_option
[INFO] [stdout] 
[INFO] [stdout] running 6 tests
[INFO] [stdout] test src/lib.rs - (line 102) ... FAILED
[INFO] [stdout] test src/lib.rs - (line 53) ... FAILED
[INFO] [stdout] test src/lib.rs - (line 128) ... FAILED
[INFO] [stdout] test src/lib.rs - (line 82) ... FAILED
[INFO] [stdout] test src/lib.rs - (line 61) ... FAILED
[INFO] [stdout] test src/lib.rs - (line 37) ... ok
[INFO] [stdout] 
[INFO] [stdout] failures:
[INFO] [stdout] 
[INFO] [stdout] ---- src/lib.rs - (line 102) stdout ----
[INFO] [stdout] error: macros that expand to items must be delimited with braces or followed by a semicolon
[INFO] [stdout]   --> src/lib.rs:106:9
[INFO] [stdout]    |
[INFO] [stdout] 6  |   builder!(ClientBuilder -> Client {
[INFO] [stdout]    |  _________^
[INFO] [stdout] 7  | |     pub required{bool},
[INFO] [stdout] 8  | |     pub optional1{Option<bool>},
[INFO] [stdout] 9  | |     pub optional2{Option<Option<bool>>},
[INFO] [stdout] 10 | |     pub optional3{String},
[INFO] [stdout] 11 | | })
[INFO] [stdout]    | |__^
[INFO] [stdout]    |
[INFO] [stdout] help: change the delimiters to curly braces
[INFO] [stdout]    |
[INFO] [stdout] 6  ~ builder!{ClientBuilder -> Client {
[INFO] [stdout] 7  |     pub required{bool},
[INFO] [stdout] ...
[INFO] [stdout] 10 |     pub optional3{String},
[INFO] [stdout] 11 ~ }}
[INFO] [stdout]    |
[INFO] [stdout] help: add a semicolon
[INFO] [stdout]    |
[INFO] [stdout] 11 | });
[INFO] [stdout]    |   +
[INFO] [stdout] 
[INFO] [stdout] error: no rules expected `required`
[INFO] [stdout]    --> src/lib.rs:107:9
[INFO] [stdout]     |
[INFO] [stdout] 7   |     pub required{bool},
[INFO] [stdout]     |         ^^^^^^^^ no rules expected this token in macro call
[INFO] [stdout]     |
[INFO] [stdout] note: while trying to match `{`
[INFO] [stdout]    --> /opt/rustwide/workdir/src/lib.rs:152:55
[INFO] [stdout]     |
[INFO] [stdout] 152 |     ($builder:ident -> $client:ident { $( $fname:ident{$($ftype:tt)+} $(,)? )* }) => {
[INFO] [stdout]     |                                                       ^
[INFO] [stdout] 
[INFO] [stdout] error[E0405]: cannot find trait `Error` in this scope
[INFO] [stdout]   --> src/lib.rs:113:33
[INFO] [stdout]    |
[INFO] [stdout] 13 | fn main() -> Result<(), Box<dyn Error>> {
[INFO] [stdout]    |                                 ^^^^^ not found in this scope
[INFO] [stdout]    |
[INFO] [stdout] help: consider importing this trait
[INFO] [stdout]    |
[INFO] [stdout] 4  + use std::error::Error;
[INFO] [stdout]    |
[INFO] [stdout] 
[INFO] [stdout] error[E0433]: failed to resolve: use of undeclared type `Client`
[INFO] [stdout]   --> src/lib.rs:114:18
[INFO] [stdout]    |
[INFO] [stdout] 14 |     let client = Client::builder()
[INFO] [stdout]    |                  ^^^^^^ use of undeclared type `Client`
[INFO] [stdout] 
[INFO] [stdout] error: aborting due to 4 previous errors
[INFO] [stdout] 
[INFO] [stdout] Some errors have detailed explanations: E0405, E0433.
[INFO] [stdout] For more information about an error, try `rustc --explain E0405`.
[INFO] [stdout] Couldn't compile the test.
[INFO] [stdout] ---- src/lib.rs - (line 53) stdout ----
[INFO] [stdout] error[E0432]: unresolved import `builder_option::Builder`
[INFO] [stdout]    --> src/lib.rs:55:5
[INFO] [stdout]     |
[INFO] [stdout] 5   | use builder_option::Builder;
[INFO] [stdout]     |     ^^^^^^^^^^^^^^^^^^^^^^^ no `Builder` in the root
[INFO] [stdout]     |
[INFO] [stdout] note: found an item that was configured out
[INFO] [stdout]    --> /opt/rustwide/workdir/src/lib.rs:192:32
[INFO] [stdout]     |
[INFO] [stdout] 192 | pub use builder_option_derive::Builder;
[INFO] [stdout]     |                                ^^^^^^^
[INFO] [stdout] note: the item is gated behind the `derive` feature
[INFO] [stdout]    --> /opt/rustwide/workdir/src/lib.rs:190:7
[INFO] [stdout]     |
[INFO] [stdout] 190 | #[cfg(feature = "derive")]
[INFO] [stdout]     |       ^^^^^^^^^^^^^^^^^^
[INFO] [stdout] help: a similar name exists in the module
[INFO] [stdout]     |
[INFO] [stdout] 5   | use builder_option::builder;
[INFO] [stdout]     |                     ~~~~~~~
[INFO] [stdout] help: consider importing this struct instead
[INFO] [stdout]     |
[INFO] [stdout] 5   | use std::thread::Builder;
[INFO] [stdout]     |     ~~~~~~~~~~~~~~~~~~~~
[INFO] [stdout] 
[INFO] [stdout] error: aborting due to 1 previous error
[INFO] [stdout] 
[INFO] [stdout] For more information about this error, try `rustc --explain E0432`.
[INFO] [stdout] Couldn't compile the test.
[INFO] [stdout] ---- src/lib.rs - (line 128) stdout ----
[INFO] [stdout] error[E0432]: unresolved import `builder_option::Builder`
[INFO] [stdout]    --> src/lib.rs:130:5
[INFO] [stdout]     |
[INFO] [stdout] 5   | use builder_option::Builder;
[INFO] [stdout]     |     ^^^^^^^^^^^^^^^^^^^^^^^ no `Builder` in the root
[INFO] [stdout]     |
[INFO] [stdout] note: found an item that was configured out
[INFO] [stdout]    --> /opt/rustwide/workdir/src/lib.rs:192:32
[INFO] [stdout]     |
[INFO] [stdout] 192 | pub use builder_option_derive::Builder;
[INFO] [stdout]     |                                ^^^^^^^
[INFO] [stdout] note: the item is gated behind the `derive` feature
[INFO] [stdout]    --> /opt/rustwide/workdir/src/lib.rs:190:7
[INFO] [stdout]     |
[INFO] [stdout] 190 | #[cfg(feature = "derive")]
[INFO] [stdout]     |       ^^^^^^^^^^^^^^^^^^
[INFO] [stdout] help: a similar name exists in the module
[INFO] [stdout]     |
[INFO] [stdout] 5   | use builder_option::builder;
[INFO] [stdout]     |                     ~~~~~~~
[INFO] [stdout] help: consider importing this struct instead
[INFO] [stdout]     |
[INFO] [stdout] 5   | use std::thread::Builder;
[INFO] [stdout]     |     ~~~~~~~~~~~~~~~~~~~~
[INFO] [stdout] 
[INFO] [stdout] error: aborting due to 1 previous error
[INFO] [stdout] 
[INFO] [stdout] For more information about this error, try `rustc --explain E0432`.
[INFO] [stdout] Couldn't compile the test.
[INFO] [stdout] ---- src/lib.rs - (line 82) stdout ----
[INFO] [stdout] error: macros that expand to items must be delimited with braces or followed by a semicolon
[INFO] [stdout]  --> src/lib.rs:86:9
[INFO] [stdout]   |
[INFO] [stdout] 6 |   builder!(ClientBuilder -> Client {
[INFO] [stdout]   |  _________^
[INFO] [stdout] 7 | |     pub required{bool},
[INFO] [stdout] 8 | | })
[INFO] [stdout]   | |__^
[INFO] [stdout]   |
[INFO] [stdout] help: change the delimiters to curly braces
[INFO] [stdout]   |
[INFO] [stdout] 6 ~ builder!{ClientBuilder -> Client {
[INFO] [stdout] 7 |     pub required{bool},
[INFO] [stdout] 8 ~ }}
[INFO] [stdout]   |
[INFO] [stdout] help: add a semicolon
[INFO] [stdout]   |
[INFO] [stdout] 8 | });
[INFO] [stdout]   |   +
[INFO] [stdout] 
[INFO] [stdout] error: no rules expected `required`
[INFO] [stdout]    --> src/lib.rs:87:9
[INFO] [stdout]     |
[INFO] [stdout] 7   |     pub required{bool},
[INFO] [stdout]     |         ^^^^^^^^ no rules expected this token in macro call
[INFO] [stdout]     |
[INFO] [stdout] note: while trying to match `{`
[INFO] [stdout]    --> /opt/rustwide/workdir/src/lib.rs:152:55
[INFO] [stdout]     |
[INFO] [stdout] 152 |     ($builder:ident -> $client:ident { $( $fname:ident{$($ftype:tt)+} $(,)? )* }) => {
[INFO] [stdout]     |                                                       ^
[INFO] [stdout] 
[INFO] [stdout] error[E0433]: failed to resolve: use of undeclared type `Client`
[INFO] [stdout]   --> src/lib.rs:91:18
[INFO] [stdout]    |
[INFO] [stdout] 11 |     let client = Client::builder()
[INFO] [stdout]    |                  ^^^^^^ use of undeclared type `Client`
[INFO] [stdout] 
[INFO] [stdout] error: aborting due to 3 previous errors
[INFO] [stdout] 
[INFO] [stdout] For more information about this error, try `rustc --explain E0433`.
[INFO] [stdout] Couldn't compile the test.
[INFO] [stdout] ---- src/lib.rs - (line 61) stdout ----
[INFO] [stdout] error: macros that expand to items must be delimited with braces or followed by a semicolon
[INFO] [stdout]  --> src/lib.rs:65:9
[INFO] [stdout]   |
[INFO] [stdout] 6 |   builder!(ClientBuilder -> Client {
[INFO] [stdout]   |  _________^
[INFO] [stdout] 7 | |     pub required{bool},
[INFO] [stdout] 8 | | })
[INFO] [stdout]   | |__^
[INFO] [stdout]   |
[INFO] [stdout] help: change the delimiters to curly braces
[INFO] [stdout]   |
[INFO] [stdout] 6 ~ builder!{ClientBuilder -> Client {
[INFO] [stdout] 7 |     pub required{bool},
[INFO] [stdout] 8 ~ }}
[INFO] [stdout]   |
[INFO] [stdout] help: add a semicolon
[INFO] [stdout]   |
[INFO] [stdout] 8 | });
[INFO] [stdout]   |   +
[INFO] [stdout] 
[INFO] [stdout] error: no rules expected `required`
[INFO] [stdout]    --> src/lib.rs:66:9
[INFO] [stdout]     |
[INFO] [stdout] 7   |     pub required{bool},
[INFO] [stdout]     |         ^^^^^^^^ no rules expected this token in macro call
[INFO] [stdout]     |
[INFO] [stdout] note: while trying to match `{`
[INFO] [stdout]    --> /opt/rustwide/workdir/src/lib.rs:152:55
[INFO] [stdout]     |
[INFO] [stdout] 152 |     ($builder:ident -> $client:ident { $( $fname:ident{$($ftype:tt)+} $(,)? )* }) => {
[INFO] [stdout]     |                                                       ^
[INFO] [stdout] 
[INFO] [stdout] error[E0405]: cannot find trait `Error` in this scope
[INFO] [stdout]   --> src/lib.rs:69:33
[INFO] [stdout]    |
[INFO] [stdout] 10 | fn main() -> Result<(), Box<dyn Error>> {
[INFO] [stdout]    |                                 ^^^^^ not found in this scope
[INFO] [stdout]    |
[INFO] [stdout] help: consider importing this trait
[INFO] [stdout]    |
[INFO] [stdout] 4  + use std::error::Error;
[INFO] [stdout]    |
[INFO] [stdout] 
[INFO] [stdout] error[E0433]: failed to resolve: use of undeclared type `Client`
[INFO] [stdout]   --> src/lib.rs:70:18
[INFO] [stdout]    |
[INFO] [stdout] 11 |     let client = Client::builder()
[INFO] [stdout]    |                  ^^^^^^ use of undeclared type `Client`
[INFO] [stdout] 
[INFO] [stdout] error: aborting due to 4 previous errors
[INFO] [stdout] 
[INFO] [stdout] Some errors have detailed explanations: E0405, E0433.
[INFO] [stdout] For more information about an error, try `rustc --explain E0405`.
[INFO] [stdout] Couldn't compile the test.
[INFO] [stdout] 
[INFO] [stdout] failures:
[INFO] [stdout]     src/lib.rs - (line 102)
[INFO] [stdout]     src/lib.rs - (line 128)
[INFO] [stdout]     src/lib.rs - (line 53)
[INFO] [stdout]     src/lib.rs - (line 61)
[INFO] [stdout]     src/lib.rs - (line 82)
[INFO] [stdout] 
[INFO] [stdout] test result: FAILED. 1 passed; 5 failed; 0 ignored; 0 measured; 0 filtered out; finished in 0.35s
[INFO] [stdout] 
[INFO] [stderr] error: doctest failed, to rerun pass `--doc`
[INFO] running `Command { std: "docker" "inspect" "4c94bb9d8e2a60f19c4950f2740fcd2ead8ce602be2eea8d4a42519e467e51d7", kill_on_drop: false }`
[INFO] running `Command { std: "docker" "rm" "-f" "4c94bb9d8e2a60f19c4950f2740fcd2ead8ce602be2eea8d4a42519e467e51d7", kill_on_drop: false }`
[INFO] [stdout] 4c94bb9d8e2a60f19c4950f2740fcd2ead8ce602be2eea8d4a42519e467e51d7
