[INFO] fetching crate buf_sized_derive 0.1.0...
[INFO] testing buf_sized_derive-0.1.0 against beta-2024-12-08 for beta-1.84.0-4-retry
[INFO] extracting crate buf_sized_derive 0.1.0 into /workspace/builds/worker-2-tc2/source
[INFO] validating manifest of crates.io crate buf_sized_derive 0.1.0 on toolchain beta-2024-12-08
[INFO] running `Command { std: CARGO_HOME="/workspace/cargo-home" RUSTUP_HOME="/workspace/rustup-home" "/workspace/cargo-home/bin/cargo" "+beta-2024-12-08" "metadata" "--manifest-path" "Cargo.toml" "--no-deps", kill_on_drop: false }`
[INFO] started tweaking crates.io crate buf_sized_derive 0.1.0
[INFO] finished tweaking crates.io crate buf_sized_derive 0.1.0
[INFO] tweaked toml for crates.io crate buf_sized_derive 0.1.0 written to /workspace/builds/worker-2-tc2/source/Cargo.toml
[INFO] running `Command { std: CARGO_HOME="/workspace/cargo-home" RUSTUP_HOME="/workspace/rustup-home" "/workspace/cargo-home/bin/cargo" "+beta-2024-12-08" "generate-lockfile" "--manifest-path" "Cargo.toml", kill_on_drop: false }`
[INFO] [stderr]     Updating crates.io index
[INFO] [stderr]      Locking 4 packages to latest compatible versions
[INFO] running `Command { std: CARGO_HOME="/workspace/cargo-home" RUSTUP_HOME="/workspace/rustup-home" "/workspace/cargo-home/bin/cargo" "+beta-2024-12-08" "fetch" "--manifest-path" "Cargo.toml", kill_on_drop: false }`
[INFO] running `Command { std: "docker" "create" "-v" "/var/lib/crater-agent-workspace/builds/worker-2-tc2/target:/opt/rustwide/target:rw,Z" "-v" "/var/lib/crater-agent-workspace/builds/worker-2-tc2/source:/opt/rustwide/workdir:ro,Z" "-v" "/var/lib/crater-agent-workspace/cargo-home:/opt/rustwide/cargo-home:ro,Z" "-v" "/var/lib/crater-agent-workspace/rustup-home:/opt/rustwide/rustup-home:ro,Z" "-e" "SOURCE_DIR=/opt/rustwide/workdir" "-e" "CARGO_TARGET_DIR=/opt/rustwide/target" "-e" "CARGO_HOME=/opt/rustwide/cargo-home" "-e" "RUSTUP_HOME=/opt/rustwide/rustup-home" "-w" "/opt/rustwide/workdir" "-m" "1610612736" "--user" "0:0" "--network" "none" "ghcr.io/rust-lang/crates-build-env/linux@sha256:f3a9d4ad9d972b27faf3965f35b62e55ba32bbce8f20bc8fe909558a86702fde" "/opt/rustwide/cargo-home/bin/cargo" "+beta-2024-12-08" "metadata" "--no-deps" "--format-version=1", kill_on_drop: false }`
[INFO] [stdout] f0a485f1620b8a51135ab54a0945d1cce372c109e74258bae90d7eb83cf93215
[INFO] running `Command { std: "docker" "start" "-a" "f0a485f1620b8a51135ab54a0945d1cce372c109e74258bae90d7eb83cf93215", kill_on_drop: false }`
[INFO] running `Command { std: "docker" "inspect" "f0a485f1620b8a51135ab54a0945d1cce372c109e74258bae90d7eb83cf93215", kill_on_drop: false }`
[INFO] running `Command { std: "docker" "rm" "-f" "f0a485f1620b8a51135ab54a0945d1cce372c109e74258bae90d7eb83cf93215", kill_on_drop: false }`
[INFO] [stdout] f0a485f1620b8a51135ab54a0945d1cce372c109e74258bae90d7eb83cf93215
[INFO] running `Command { std: "docker" "create" "-v" "/var/lib/crater-agent-workspace/builds/worker-2-tc2/target:/opt/rustwide/target:rw,Z" "-v" "/var/lib/crater-agent-workspace/builds/worker-2-tc2/source:/opt/rustwide/workdir:ro,Z" "-v" "/var/lib/crater-agent-workspace/cargo-home:/opt/rustwide/cargo-home:ro,Z" "-v" "/var/lib/crater-agent-workspace/rustup-home:/opt/rustwide/rustup-home:ro,Z" "-e" "SOURCE_DIR=/opt/rustwide/workdir" "-e" "CARGO_TARGET_DIR=/opt/rustwide/target" "-e" "CARGO_INCREMENTAL=0" "-e" "RUST_BACKTRACE=full" "-e" "RUSTFLAGS=--cap-lints=warn" "-e" "RUSTDOCFLAGS=--cap-lints=warn" "-e" "CARGO_HOME=/opt/rustwide/cargo-home" "-e" "RUSTUP_HOME=/opt/rustwide/rustup-home" "-w" "/opt/rustwide/workdir" "-m" "1610612736" "--user" "0:0" "--network" "none" "ghcr.io/rust-lang/crates-build-env/linux@sha256:f3a9d4ad9d972b27faf3965f35b62e55ba32bbce8f20bc8fe909558a86702fde" "/opt/rustwide/cargo-home/bin/cargo" "+beta-2024-12-08" "build" "--frozen" "--message-format=json", kill_on_drop: false }`
[INFO] [stdout] dcede107d3ee0a982426c1b1c4efbda6b774b2e31bf84f859e0290a5f630bc6a
[INFO] running `Command { std: "docker" "start" "-a" "dcede107d3ee0a982426c1b1c4efbda6b774b2e31bf84f859e0290a5f630bc6a", kill_on_drop: false }`
[INFO] [stderr]    Compiling syn v2.0.90
[INFO] [stderr]    Compiling buf_sized_derive v0.1.0 (/opt/rustwide/workdir)
[INFO] [stderr]     Finished `dev` profile [unoptimized + debuginfo] target(s) in 3.39s
[INFO] running `Command { std: "docker" "inspect" "dcede107d3ee0a982426c1b1c4efbda6b774b2e31bf84f859e0290a5f630bc6a", kill_on_drop: false }`
[INFO] running `Command { std: "docker" "rm" "-f" "dcede107d3ee0a982426c1b1c4efbda6b774b2e31bf84f859e0290a5f630bc6a", kill_on_drop: false }`
[INFO] [stdout] dcede107d3ee0a982426c1b1c4efbda6b774b2e31bf84f859e0290a5f630bc6a
[INFO] running `Command { std: "docker" "create" "-v" "/var/lib/crater-agent-workspace/builds/worker-2-tc2/target:/opt/rustwide/target:rw,Z" "-v" "/var/lib/crater-agent-workspace/builds/worker-2-tc2/source:/opt/rustwide/workdir:ro,Z" "-v" "/var/lib/crater-agent-workspace/cargo-home:/opt/rustwide/cargo-home:ro,Z" "-v" "/var/lib/crater-agent-workspace/rustup-home:/opt/rustwide/rustup-home:ro,Z" "-e" "SOURCE_DIR=/opt/rustwide/workdir" "-e" "CARGO_TARGET_DIR=/opt/rustwide/target" "-e" "CARGO_INCREMENTAL=0" "-e" "RUST_BACKTRACE=full" "-e" "RUSTFLAGS=--cap-lints=warn" "-e" "RUSTDOCFLAGS=--cap-lints=warn" "-e" "CARGO_HOME=/opt/rustwide/cargo-home" "-e" "RUSTUP_HOME=/opt/rustwide/rustup-home" "-w" "/opt/rustwide/workdir" "-m" "1610612736" "--user" "0:0" "--network" "none" "ghcr.io/rust-lang/crates-build-env/linux@sha256:f3a9d4ad9d972b27faf3965f35b62e55ba32bbce8f20bc8fe909558a86702fde" "/opt/rustwide/cargo-home/bin/cargo" "+beta-2024-12-08" "test" "--frozen" "--no-run" "--message-format=json", kill_on_drop: false }`
[INFO] [stdout] 5477f1bbc41d124b42f9a3a2509a2cf2906f69b80afb6d8ef2cdf281c071a0fa
[INFO] running `Command { std: "docker" "start" "-a" "5477f1bbc41d124b42f9a3a2509a2cf2906f69b80afb6d8ef2cdf281c071a0fa", kill_on_drop: false }`
[INFO] [stderr]    Compiling buf_sized_derive v0.1.0 (/opt/rustwide/workdir)
[INFO] [stderr]     Finished `test` profile [unoptimized + debuginfo] target(s) in 0.77s
[INFO] running `Command { std: "docker" "inspect" "5477f1bbc41d124b42f9a3a2509a2cf2906f69b80afb6d8ef2cdf281c071a0fa", kill_on_drop: false }`
[INFO] running `Command { std: "docker" "rm" "-f" "5477f1bbc41d124b42f9a3a2509a2cf2906f69b80afb6d8ef2cdf281c071a0fa", kill_on_drop: false }`
[INFO] [stdout] 5477f1bbc41d124b42f9a3a2509a2cf2906f69b80afb6d8ef2cdf281c071a0fa
[INFO] running `Command { std: "docker" "create" "-v" "/var/lib/crater-agent-workspace/builds/worker-2-tc2/target:/opt/rustwide/target:rw,Z" "-v" "/var/lib/crater-agent-workspace/builds/worker-2-tc2/source:/opt/rustwide/workdir:ro,Z" "-v" "/var/lib/crater-agent-workspace/cargo-home:/opt/rustwide/cargo-home:ro,Z" "-v" "/var/lib/crater-agent-workspace/rustup-home:/opt/rustwide/rustup-home:ro,Z" "-e" "SOURCE_DIR=/opt/rustwide/workdir" "-e" "CARGO_TARGET_DIR=/opt/rustwide/target" "-e" "CARGO_INCREMENTAL=0" "-e" "RUST_BACKTRACE=full" "-e" "RUSTFLAGS=--cap-lints=warn" "-e" "RUSTDOCFLAGS=--cap-lints=warn" "-e" "CARGO_HOME=/opt/rustwide/cargo-home" "-e" "RUSTUP_HOME=/opt/rustwide/rustup-home" "-w" "/opt/rustwide/workdir" "-m" "1610612736" "--user" "0:0" "--network" "none" "ghcr.io/rust-lang/crates-build-env/linux@sha256:f3a9d4ad9d972b27faf3965f35b62e55ba32bbce8f20bc8fe909558a86702fde" "/opt/rustwide/cargo-home/bin/cargo" "+beta-2024-12-08" "test" "--frozen", kill_on_drop: false }`
[INFO] [stdout] 8c460b26806231bd82dabee56d6eca9914b557078ce51e502b9a7fd52e9c2c76
[INFO] running `Command { std: "docker" "start" "-a" "8c460b26806231bd82dabee56d6eca9914b557078ce51e502b9a7fd52e9c2c76", kill_on_drop: false }`
[INFO] [stderr]     Finished `test` profile [unoptimized + debuginfo] target(s) in 0.02s
[INFO] [stderr]      Running unittests src/lib.rs (/opt/rustwide/target/debug/deps/buf_sized_derive-e810772bbd633d87)
[INFO] [stdout] 
[INFO] [stdout] running 0 tests
[INFO] [stdout] 
[INFO] [stdout] test result: ok. 0 passed; 0 failed; 0 ignored; 0 measured; 0 filtered out; finished in 0.00s
[INFO] [stdout] 
[INFO] [stderr]    Doc-tests buf_sized_derive
[INFO] [stdout] 
[INFO] [stdout] running 1 test
[INFO] [stdout] test src/lib.rs - (line 4) ... FAILED
[INFO] [stdout] 
[INFO] [stdout] failures:
[INFO] [stdout] 
[INFO] [stdout] ---- src/lib.rs - (line 4) stdout ----
[INFO] [stdout] error[E0433]: failed to resolve: could not find `buf_sized` in the list of imported crates
[INFO] [stdout]  --> src/lib.rs:8:10
[INFO] [stdout]   |
[INFO] [stdout] 7 | #[derive(BufSized)]
[INFO] [stdout]   |          ^^^^^^^^ could not find `buf_sized` in the list of imported crates
[INFO] [stdout]   |
[INFO] [stdout]   = note: this error originates in the derive macro `BufSized` (in Nightly builds, run with -Z macro-backtrace for more info)
[INFO] [stdout] 
[INFO] [stdout] error: aborting due to 1 previous error
[INFO] [stdout] 
[INFO] [stdout] For more information about this error, try `rustc --explain E0433`.
[INFO] [stdout] Couldn't compile the test.
[INFO] [stdout] 
[INFO] [stdout] failures:
[INFO] [stdout]     src/lib.rs - (line 4)
[INFO] [stdout] 
[INFO] [stdout] test result: FAILED. 0 passed; 1 failed; 0 ignored; 0 measured; 0 filtered out; finished in 0.10s
[INFO] [stdout] 
[INFO] [stderr] error: doctest failed, to rerun pass `--doc`
[INFO] running `Command { std: "docker" "inspect" "8c460b26806231bd82dabee56d6eca9914b557078ce51e502b9a7fd52e9c2c76", kill_on_drop: false }`
[INFO] running `Command { std: "docker" "rm" "-f" "8c460b26806231bd82dabee56d6eca9914b557078ce51e502b9a7fd52e9c2c76", kill_on_drop: false }`
[INFO] [stdout] 8c460b26806231bd82dabee56d6eca9914b557078ce51e502b9a7fd52e9c2c76
