[INFO] fetching crate bubblemath 0.1.2...
[INFO] testing bubblemath-0.1.2 against 1.83.0 for beta-1.84.0-4-retry
[INFO] extracting crate bubblemath 0.1.2 into /workspace/builds/worker-1-tc1/source
[INFO] validating manifest of crates.io crate bubblemath 0.1.2 on toolchain 1.83.0
[INFO] running `Command { std: CARGO_HOME="/workspace/cargo-home" RUSTUP_HOME="/workspace/rustup-home" "/workspace/cargo-home/bin/cargo" "+1.83.0" "metadata" "--manifest-path" "Cargo.toml" "--no-deps", kill_on_drop: false }`
[INFO] started tweaking crates.io crate bubblemath 0.1.2
[INFO] finished tweaking crates.io crate bubblemath 0.1.2
[INFO] tweaked toml for crates.io crate bubblemath 0.1.2 written to /workspace/builds/worker-1-tc1/source/Cargo.toml
[INFO] running `Command { std: CARGO_HOME="/workspace/cargo-home" RUSTUP_HOME="/workspace/rustup-home" "/workspace/cargo-home/bin/cargo" "+1.83.0" "generate-lockfile" "--manifest-path" "Cargo.toml", kill_on_drop: false }`
[INFO] [stderr]     Updating crates.io index
[INFO] [stderr]      Locking 10 packages to latest compatible versions
[INFO] [stderr]       Adding itertools v0.10.5 (available: v0.13.0)
[INFO] running `Command { std: CARGO_HOME="/workspace/cargo-home" RUSTUP_HOME="/workspace/rustup-home" "/workspace/cargo-home/bin/cargo" "+1.83.0" "fetch" "--manifest-path" "Cargo.toml", kill_on_drop: false }`
[INFO] running `Command { std: "docker" "create" "-v" "/var/lib/crater-agent-workspace/builds/worker-1-tc1/target:/opt/rustwide/target:rw,Z" "-v" "/var/lib/crater-agent-workspace/builds/worker-1-tc1/source:/opt/rustwide/workdir:ro,Z" "-v" "/var/lib/crater-agent-workspace/cargo-home:/opt/rustwide/cargo-home:ro,Z" "-v" "/var/lib/crater-agent-workspace/rustup-home:/opt/rustwide/rustup-home:ro,Z" "-e" "SOURCE_DIR=/opt/rustwide/workdir" "-e" "CARGO_TARGET_DIR=/opt/rustwide/target" "-e" "CARGO_HOME=/opt/rustwide/cargo-home" "-e" "RUSTUP_HOME=/opt/rustwide/rustup-home" "-w" "/opt/rustwide/workdir" "-m" "1610612736" "--user" "0:0" "--network" "none" "ghcr.io/rust-lang/crates-build-env/linux@sha256:f3a9d4ad9d972b27faf3965f35b62e55ba32bbce8f20bc8fe909558a86702fde" "/opt/rustwide/cargo-home/bin/cargo" "+1.83.0" "metadata" "--no-deps" "--format-version=1", kill_on_drop: false }`
[INFO] [stdout] 6a8339c50aba3063621d59fa53d4cba65dcb1636bd07dc685f0eb96a5aca01c2
[INFO] running `Command { std: "docker" "start" "-a" "6a8339c50aba3063621d59fa53d4cba65dcb1636bd07dc685f0eb96a5aca01c2", kill_on_drop: false }`
[INFO] running `Command { std: "docker" "inspect" "6a8339c50aba3063621d59fa53d4cba65dcb1636bd07dc685f0eb96a5aca01c2", kill_on_drop: false }`
[INFO] running `Command { std: "docker" "rm" "-f" "6a8339c50aba3063621d59fa53d4cba65dcb1636bd07dc685f0eb96a5aca01c2", kill_on_drop: false }`
[INFO] [stdout] 6a8339c50aba3063621d59fa53d4cba65dcb1636bd07dc685f0eb96a5aca01c2
[INFO] running `Command { std: "docker" "create" "-v" "/var/lib/crater-agent-workspace/builds/worker-1-tc1/target:/opt/rustwide/target:rw,Z" "-v" "/var/lib/crater-agent-workspace/builds/worker-1-tc1/source:/opt/rustwide/workdir:ro,Z" "-v" "/var/lib/crater-agent-workspace/cargo-home:/opt/rustwide/cargo-home:ro,Z" "-v" "/var/lib/crater-agent-workspace/rustup-home:/opt/rustwide/rustup-home:ro,Z" "-e" "SOURCE_DIR=/opt/rustwide/workdir" "-e" "CARGO_TARGET_DIR=/opt/rustwide/target" "-e" "CARGO_INCREMENTAL=0" "-e" "RUST_BACKTRACE=full" "-e" "RUSTFLAGS=--cap-lints=warn" "-e" "RUSTDOCFLAGS=--cap-lints=warn" "-e" "CARGO_HOME=/opt/rustwide/cargo-home" "-e" "RUSTUP_HOME=/opt/rustwide/rustup-home" "-w" "/opt/rustwide/workdir" "-m" "1610612736" "--user" "0:0" "--network" "none" "ghcr.io/rust-lang/crates-build-env/linux@sha256:f3a9d4ad9d972b27faf3965f35b62e55ba32bbce8f20bc8fe909558a86702fde" "/opt/rustwide/cargo-home/bin/cargo" "+1.83.0" "build" "--frozen" "--message-format=json", kill_on_drop: false }`
[INFO] [stdout] 8cb83ee6034653fc6ab5e1b25849da7ad98625bc550126333d8f5e9328444da9
[INFO] running `Command { std: "docker" "start" "-a" "8cb83ee6034653fc6ab5e1b25849da7ad98625bc550126333d8f5e9328444da9", kill_on_drop: false }`
[INFO] [stderr]    Compiling autocfg v1.4.0
[INFO] [stderr]    Compiling either v1.13.0
[INFO] [stderr]    Compiling itertools v0.10.5
[INFO] [stderr]    Compiling num-traits v0.2.19
[INFO] [stderr]    Compiling num-integer v0.1.46
[INFO] [stderr]    Compiling num-complex v0.4.6
[INFO] [stderr]    Compiling num-bigint v0.4.6
[INFO] [stderr]    Compiling num-iter v0.1.45
[INFO] [stderr]    Compiling num-rational v0.4.2
[INFO] [stderr]    Compiling num v0.4.3
[INFO] [stderr]    Compiling bubblemath v0.1.2 (/opt/rustwide/workdir)
[INFO] [stderr]     Finished `dev` profile [unoptimized + debuginfo] target(s) in 7.96s
[INFO] running `Command { std: "docker" "inspect" "8cb83ee6034653fc6ab5e1b25849da7ad98625bc550126333d8f5e9328444da9", kill_on_drop: false }`
[INFO] running `Command { std: "docker" "rm" "-f" "8cb83ee6034653fc6ab5e1b25849da7ad98625bc550126333d8f5e9328444da9", kill_on_drop: false }`
[INFO] [stdout] 8cb83ee6034653fc6ab5e1b25849da7ad98625bc550126333d8f5e9328444da9
[INFO] running `Command { std: "docker" "create" "-v" "/var/lib/crater-agent-workspace/builds/worker-1-tc1/target:/opt/rustwide/target:rw,Z" "-v" "/var/lib/crater-agent-workspace/builds/worker-1-tc1/source:/opt/rustwide/workdir:ro,Z" "-v" "/var/lib/crater-agent-workspace/cargo-home:/opt/rustwide/cargo-home:ro,Z" "-v" "/var/lib/crater-agent-workspace/rustup-home:/opt/rustwide/rustup-home:ro,Z" "-e" "SOURCE_DIR=/opt/rustwide/workdir" "-e" "CARGO_TARGET_DIR=/opt/rustwide/target" "-e" "CARGO_INCREMENTAL=0" "-e" "RUST_BACKTRACE=full" "-e" "RUSTFLAGS=--cap-lints=warn" "-e" "RUSTDOCFLAGS=--cap-lints=warn" "-e" "CARGO_HOME=/opt/rustwide/cargo-home" "-e" "RUSTUP_HOME=/opt/rustwide/rustup-home" "-w" "/opt/rustwide/workdir" "-m" "1610612736" "--user" "0:0" "--network" "none" "ghcr.io/rust-lang/crates-build-env/linux@sha256:f3a9d4ad9d972b27faf3965f35b62e55ba32bbce8f20bc8fe909558a86702fde" "/opt/rustwide/cargo-home/bin/cargo" "+1.83.0" "test" "--frozen" "--no-run" "--message-format=json", kill_on_drop: false }`
[INFO] [stdout] 9ffbb85aec550f6ce1a299b3bc9ca2fc0b698f43f60612136169b37079598c97
[INFO] running `Command { std: "docker" "start" "-a" "9ffbb85aec550f6ce1a299b3bc9ca2fc0b698f43f60612136169b37079598c97", kill_on_drop: false }`
[INFO] [stderr]    Compiling bubblemath v0.1.2 (/opt/rustwide/workdir)
[INFO] [stderr]     Finished `test` profile [unoptimized + debuginfo] target(s) in 0.98s
[INFO] running `Command { std: "docker" "inspect" "9ffbb85aec550f6ce1a299b3bc9ca2fc0b698f43f60612136169b37079598c97", kill_on_drop: false }`
[INFO] running `Command { std: "docker" "rm" "-f" "9ffbb85aec550f6ce1a299b3bc9ca2fc0b698f43f60612136169b37079598c97", kill_on_drop: false }`
[INFO] [stdout] 9ffbb85aec550f6ce1a299b3bc9ca2fc0b698f43f60612136169b37079598c97
[INFO] running `Command { std: "docker" "create" "-v" "/var/lib/crater-agent-workspace/builds/worker-1-tc1/target:/opt/rustwide/target:rw,Z" "-v" "/var/lib/crater-agent-workspace/builds/worker-1-tc1/source:/opt/rustwide/workdir:ro,Z" "-v" "/var/lib/crater-agent-workspace/cargo-home:/opt/rustwide/cargo-home:ro,Z" "-v" "/var/lib/crater-agent-workspace/rustup-home:/opt/rustwide/rustup-home:ro,Z" "-e" "SOURCE_DIR=/opt/rustwide/workdir" "-e" "CARGO_TARGET_DIR=/opt/rustwide/target" "-e" "CARGO_INCREMENTAL=0" "-e" "RUST_BACKTRACE=full" "-e" "RUSTFLAGS=--cap-lints=warn" "-e" "RUSTDOCFLAGS=--cap-lints=warn" "-e" "CARGO_HOME=/opt/rustwide/cargo-home" "-e" "RUSTUP_HOME=/opt/rustwide/rustup-home" "-w" "/opt/rustwide/workdir" "-m" "1610612736" "--user" "0:0" "--network" "none" "ghcr.io/rust-lang/crates-build-env/linux@sha256:f3a9d4ad9d972b27faf3965f35b62e55ba32bbce8f20bc8fe909558a86702fde" "/opt/rustwide/cargo-home/bin/cargo" "+1.83.0" "test" "--frozen", kill_on_drop: false }`
[INFO] [stdout] 33fb55e1864aae2cb0d55573ddde5201364a8ed5469405cb8f2a01b47788a5d3
[INFO] running `Command { std: "docker" "start" "-a" "33fb55e1864aae2cb0d55573ddde5201364a8ed5469405cb8f2a01b47788a5d3", kill_on_drop: false }`
[INFO] [stderr]     Finished `test` profile [unoptimized + debuginfo] target(s) in 0.04s
[INFO] [stderr]      Running unittests src/lib.rs (/opt/rustwide/target/debug/deps/bubblemath-c35c143a05ff9222)
[INFO] [stdout] 
[INFO] [stdout] running 2 tests
[INFO] [stdout] test number_theory::tests::factorization ... ok
[INFO] [stdout] test number_theory::tests::primality_test ... ok
[INFO] [stdout] 
[INFO] [stdout] test result: ok. 2 passed; 0 failed; 0 ignored; 0 measured; 0 filtered out; finished in 0.13s
[INFO] [stdout] 
[INFO] [stderr]    Doc-tests bubblemath
[INFO] [stdout] 
[INFO] [stdout] running 1 test
[INFO] [stdout] test src/number_theory.rs - number_theory::mod_inv_sieve (line 387) ... FAILED
[INFO] [stdout] 
[INFO] [stdout] failures:
[INFO] [stdout] 
[INFO] [stdout] ---- src/number_theory.rs - number_theory::mod_inv_sieve (line 387) stdout ----
[INFO] [stdout] error: expected `;`, found `r`
[INFO] [stdout]  --> src/number_theory.rs:388:11
[INFO] [stdout]   |
[INFO] [stdout] 3 | p = qa + r
[INFO] [stdout]   |           ^ help: add `;` here
[INFO] [stdout] 4 | r = -qa (mod p)
[INFO] [stdout]   | - unexpected token
[INFO] [stdout] 
[INFO] [stdout] error: expected expression, found keyword `mod`
[INFO] [stdout]  --> src/number_theory.rs:389:10
[INFO] [stdout]   |
[INFO] [stdout] 4 | r = -qa (mod p)
[INFO] [stdout]   |          ^^^ expected expression
[INFO] [stdout] 
[INFO] [stdout] error: expected `;`, found `inv`
[INFO] [stdout]  --> src/number_theory.rs:389:16
[INFO] [stdout]   |
[INFO] [stdout] 4 | r = -qa (mod p)
[INFO] [stdout]   |                ^ help: add `;` here
[INFO] [stdout] 5 | inv(a) = -q * inv(r) (mod p)
[INFO] [stdout]   | --- unexpected token
[INFO] [stdout] 
[INFO] [stdout] error: expected expression, found keyword `mod`
[INFO] [stdout]  --> src/number_theory.rs:390:23
[INFO] [stdout]   |
[INFO] [stdout] 5 | inv(a) = -q * inv(r) (mod p)
[INFO] [stdout]   |                       ^^^ expected expression
[INFO] [stdout] 
[INFO] [stdout] error[E0425]: cannot find value `a` in this scope
[INFO] [stdout]  --> src/number_theory.rs:390:5
[INFO] [stdout]   |
[INFO] [stdout] 5 | inv(a) = -q * inv(r) (mod p)
[INFO] [stdout]   |     ^ not found in this scope
[INFO] [stdout] 
[INFO] [stdout] error[E0425]: cannot find value `q` in this scope
[INFO] [stdout]  --> src/number_theory.rs:390:11
[INFO] [stdout]   |
[INFO] [stdout] 5 | inv(a) = -q * inv(r) (mod p)
[INFO] [stdout]   |           ^ not found in this scope
[INFO] [stdout] 
[INFO] [stdout] error[E0425]: cannot find function `inv` in this scope
[INFO] [stdout]  --> src/number_theory.rs:390:1
[INFO] [stdout]   |
[INFO] [stdout] 5 | inv(a) = -q * inv(r) (mod p)
[INFO] [stdout]   | ^^^ not found in this scope
[INFO] [stdout] 
[INFO] [stdout] error[E0070]: invalid left-hand side of assignment
[INFO] [stdout]  --> src/number_theory.rs:390:8
[INFO] [stdout]   |
[INFO] [stdout] 5 | inv(a) = -q * inv(r) (mod p)
[INFO] [stdout]   | ------ ^
[INFO] [stdout]   | |
[INFO] [stdout]   | cannot assign to this expression
[INFO] [stdout] 
[INFO] [stdout] error: aborting due to 8 previous errors
[INFO] [stdout] 
[INFO] [stdout] Some errors have detailed explanations: E0070, E0425.
[INFO] [stdout] For more information about an error, try `rustc --explain E0070`.
[INFO] [stdout] Couldn't compile the test.
[INFO] [stdout] 
[INFO] [stdout] failures:
[INFO] [stdout]     src/number_theory.rs - number_theory::mod_inv_sieve (line 387)
[INFO] [stdout] 
[INFO] [stdout] test result: FAILED. 0 passed; 1 failed; 0 ignored; 0 measured; 0 filtered out; finished in 0.12s
[INFO] [stdout] 
[INFO] [stderr] error: doctest failed, to rerun pass `--doc`
[INFO] running `Command { std: "docker" "inspect" "33fb55e1864aae2cb0d55573ddde5201364a8ed5469405cb8f2a01b47788a5d3", kill_on_drop: false }`
[INFO] running `Command { std: "docker" "rm" "-f" "33fb55e1864aae2cb0d55573ddde5201364a8ed5469405cb8f2a01b47788a5d3", kill_on_drop: false }`
[INFO] [stdout] 33fb55e1864aae2cb0d55573ddde5201364a8ed5469405cb8f2a01b47788a5d3
