[INFO] fetching crate btcturk_websockets 0.1.1...
[INFO] testing btcturk_websockets-0.1.1 against 1.83.0 for beta-1.84.0-4-retry
[INFO] extracting crate btcturk_websockets 0.1.1 into /workspace/builds/worker-0-tc1/source
[INFO] validating manifest of crates.io crate btcturk_websockets 0.1.1 on toolchain 1.83.0
[INFO] running `Command { std: CARGO_HOME="/workspace/cargo-home" RUSTUP_HOME="/workspace/rustup-home" "/workspace/cargo-home/bin/cargo" "+1.83.0" "metadata" "--manifest-path" "Cargo.toml" "--no-deps", kill_on_drop: false }`
[INFO] started tweaking crates.io crate btcturk_websockets 0.1.1
[INFO] finished tweaking crates.io crate btcturk_websockets 0.1.1
[INFO] tweaked toml for crates.io crate btcturk_websockets 0.1.1 written to /workspace/builds/worker-0-tc1/source/Cargo.toml
[INFO] running `Command { std: CARGO_HOME="/workspace/cargo-home" RUSTUP_HOME="/workspace/rustup-home" "/workspace/cargo-home/bin/cargo" "+1.83.0" "generate-lockfile" "--manifest-path" "Cargo.toml", kill_on_drop: false }`
[INFO] [stderr]     Updating crates.io index
[INFO] [stderr]      Locking 154 packages to latest compatible versions
[INFO] [stderr]       Adding base64 v0.21.7 (available: v0.22.1)
[INFO] [stderr]       Adding tokio-tungstenite v0.17.2 (available: v0.24.0)
[INFO] running `Command { std: CARGO_HOME="/workspace/cargo-home" RUSTUP_HOME="/workspace/rustup-home" "/workspace/cargo-home/bin/cargo" "+1.83.0" "fetch" "--manifest-path" "Cargo.toml", kill_on_drop: false }`
[INFO] [stderr]  Downloading crates ...
[INFO] [stderr]   Downloaded tokio-tungstenite v0.17.2
[INFO] running `Command { std: "docker" "create" "-v" "/var/lib/crater-agent-workspace/builds/worker-0-tc1/target:/opt/rustwide/target:rw,Z" "-v" "/var/lib/crater-agent-workspace/builds/worker-0-tc1/source:/opt/rustwide/workdir:ro,Z" "-v" "/var/lib/crater-agent-workspace/cargo-home:/opt/rustwide/cargo-home:ro,Z" "-v" "/var/lib/crater-agent-workspace/rustup-home:/opt/rustwide/rustup-home:ro,Z" "-e" "SOURCE_DIR=/opt/rustwide/workdir" "-e" "CARGO_TARGET_DIR=/opt/rustwide/target" "-e" "CARGO_HOME=/opt/rustwide/cargo-home" "-e" "RUSTUP_HOME=/opt/rustwide/rustup-home" "-w" "/opt/rustwide/workdir" "-m" "1610612736" "--user" "0:0" "--network" "none" "ghcr.io/rust-lang/crates-build-env/linux@sha256:f3a9d4ad9d972b27faf3965f35b62e55ba32bbce8f20bc8fe909558a86702fde" "/opt/rustwide/cargo-home/bin/cargo" "+1.83.0" "metadata" "--no-deps" "--format-version=1", kill_on_drop: false }`
[INFO] [stdout] 1c75dd5019bd1dd199d643629489472da5f0aabd72766bf828472f4971a45d24
[INFO] running `Command { std: "docker" "start" "-a" "1c75dd5019bd1dd199d643629489472da5f0aabd72766bf828472f4971a45d24", kill_on_drop: false }`
[INFO] running `Command { std: "docker" "inspect" "1c75dd5019bd1dd199d643629489472da5f0aabd72766bf828472f4971a45d24", kill_on_drop: false }`
[INFO] running `Command { std: "docker" "rm" "-f" "1c75dd5019bd1dd199d643629489472da5f0aabd72766bf828472f4971a45d24", kill_on_drop: false }`
[INFO] [stdout] 1c75dd5019bd1dd199d643629489472da5f0aabd72766bf828472f4971a45d24
[INFO] running `Command { std: "docker" "create" "-v" "/var/lib/crater-agent-workspace/builds/worker-0-tc1/target:/opt/rustwide/target:rw,Z" "-v" "/var/lib/crater-agent-workspace/builds/worker-0-tc1/source:/opt/rustwide/workdir:ro,Z" "-v" "/var/lib/crater-agent-workspace/cargo-home:/opt/rustwide/cargo-home:ro,Z" "-v" "/var/lib/crater-agent-workspace/rustup-home:/opt/rustwide/rustup-home:ro,Z" "-e" "SOURCE_DIR=/opt/rustwide/workdir" "-e" "CARGO_TARGET_DIR=/opt/rustwide/target" "-e" "CARGO_INCREMENTAL=0" "-e" "RUST_BACKTRACE=full" "-e" "RUSTFLAGS=--cap-lints=warn" "-e" "RUSTDOCFLAGS=--cap-lints=warn" "-e" "CARGO_HOME=/opt/rustwide/cargo-home" "-e" "RUSTUP_HOME=/opt/rustwide/rustup-home" "-w" "/opt/rustwide/workdir" "-m" "1610612736" "--user" "0:0" "--network" "none" "ghcr.io/rust-lang/crates-build-env/linux@sha256:f3a9d4ad9d972b27faf3965f35b62e55ba32bbce8f20bc8fe909558a86702fde" "/opt/rustwide/cargo-home/bin/cargo" "+1.83.0" "build" "--frozen" "--message-format=json", kill_on_drop: false }`
[INFO] [stdout] 3597aac091c9b43486253cf9ed5b3c11b964f7a3860acdc91e4d3bed81e0a962
[INFO] running `Command { std: "docker" "start" "-a" "3597aac091c9b43486253cf9ed5b3c11b964f7a3860acdc91e4d3bed81e0a962", kill_on_drop: false }`
[INFO] [stderr]    Compiling syn v2.0.90
[INFO] [stderr]    Compiling typenum v1.17.0
[INFO] [stderr]    Compiling generic-array v0.14.7
[INFO] [stderr]    Compiling smallvec v1.13.2
[INFO] [stderr]    Compiling subtle v2.6.1
[INFO] [stderr]    Compiling byteorder v1.5.0
[INFO] [stderr]    Compiling futures-channel v0.3.31
[INFO] [stderr]    Compiling cpufeatures v0.2.16
[INFO] [stderr]    Compiling percent-encoding v2.3.1
[INFO] [stderr]    Compiling signal-hook-registry v1.4.2
[INFO] [stderr]    Compiling parking_lot_core v0.9.10
[INFO] [stderr]    Compiling form_urlencoded v1.2.1
[INFO] [stderr]    Compiling num-traits v0.2.19
[INFO] [stderr]    Compiling http v0.2.12
[INFO] [stderr]    Compiling utf-8 v0.7.6
[INFO] [stderr]    Compiling iana-time-zone v0.1.61
[INFO] [stderr]    Compiling parking_lot v0.12.3
[INFO] [stderr]    Compiling dotenv v0.15.0
[INFO] [stderr]    Compiling hex-literal v0.4.1
[INFO] [stderr]    Compiling chrono v0.4.39
[INFO] [stderr]    Compiling crypto-common v0.1.6
[INFO] [stderr]    Compiling block-buffer v0.10.4
[INFO] [stderr]    Compiling digest v0.10.7
[INFO] [stderr]    Compiling sha-1 v0.10.1
[INFO] [stderr]    Compiling hmac v0.12.1
[INFO] [stderr]    Compiling sha2 v0.10.8
[INFO] [stderr]    Compiling synstructure v0.13.1
[INFO] [stderr]    Compiling zerofrom-derive v0.1.5
[INFO] [stderr]    Compiling yoke-derive v0.7.5
[INFO] [stderr]    Compiling zerovec-derive v0.10.3
[INFO] [stderr]    Compiling displaydoc v0.2.5
[INFO] [stderr]    Compiling icu_provider_macros v1.5.0
[INFO] [stderr]    Compiling zerocopy-derive v0.7.35
[INFO] [stderr]    Compiling openssl-macros v0.1.1
[INFO] [stderr]    Compiling futures-macro v0.3.31
[INFO] [stderr]    Compiling openssl v0.10.68
[INFO] [stderr]    Compiling thiserror-impl v1.0.69
[INFO] [stderr]    Compiling tokio-macros v2.4.0
[INFO] [stderr]    Compiling futures-util v0.3.31
[INFO] [stderr]    Compiling zerocopy v0.7.35
[INFO] [stderr]    Compiling tokio v1.42.0
[INFO] [stderr]    Compiling zerofrom v0.1.5
[INFO] [stderr]    Compiling yoke v0.7.5
[INFO] [stderr]    Compiling zerovec v0.10.4
[INFO] [stderr]    Compiling thiserror v1.0.69
[INFO] [stderr]    Compiling ppv-lite86 v0.2.20
[INFO] [stderr]    Compiling rand_chacha v0.3.1
[INFO] [stderr]    Compiling rand v0.8.5
[INFO] [stderr]    Compiling tinystr v0.7.6
[INFO] [stderr]    Compiling icu_collections v1.5.0
[INFO] [stderr]    Compiling icu_locid v1.5.0
[INFO] [stderr]    Compiling icu_provider v1.5.0
[INFO] [stderr]    Compiling futures-executor v0.3.31
[INFO] [stderr]    Compiling native-tls v0.2.12
[INFO] [stderr]    Compiling icu_locid_transform v1.5.0
[INFO] [stderr]    Compiling futures v0.3.31
[INFO] [stderr]    Compiling icu_properties v1.5.1
[INFO] [stderr]    Compiling tokio-native-tls v0.3.1
[INFO] [stderr]    Compiling icu_normalizer v1.5.0
[INFO] [stderr]    Compiling idna_adapter v1.2.0
[INFO] [stderr]    Compiling idna v1.0.3
[INFO] [stderr]    Compiling url v2.5.4
[INFO] [stderr]    Compiling tungstenite v0.17.3
[INFO] [stderr]    Compiling tokio-tungstenite v0.17.2
[INFO] [stderr]    Compiling btcturk_websockets v0.1.1 (/opt/rustwide/workdir)
[INFO] [stdout] warning: use of deprecated function `base64::decode`: Use Engine::decode
[INFO] [stdout]   --> src/lib.rs:54:63
[INFO] [stdout]    |
[INFO] [stdout] 54 |         let mut mac = Hmac::<Sha256>::new_from_slice(&base64::decode(self.keys.private_key.clone()).unwrap()).unwrap();
[INFO] [stdout]    |                                                               ^^^^^^
[INFO] [stdout]    |
[INFO] [stdout]    = note: `#[warn(deprecated)]` on by default
[INFO] [stdout] 
[INFO] [stdout] 
[INFO] [stdout] warning: use of deprecated function `base64::encode`: Use Engine::encode
[INFO] [stdout]   --> src/lib.rs:56:41
[INFO] [stdout]    |
[INFO] [stdout] 56 |         let signature: String = base64::encode(mac.finalize().into_bytes());
[INFO] [stdout]    |                                         ^^^^^^
[INFO] [stdout] 
[INFO] [stdout] 
[INFO] [stderr]     Finished `dev` profile [unoptimized + debuginfo] target(s) in 54.44s
[INFO] running `Command { std: "docker" "inspect" "3597aac091c9b43486253cf9ed5b3c11b964f7a3860acdc91e4d3bed81e0a962", kill_on_drop: false }`
[INFO] running `Command { std: "docker" "rm" "-f" "3597aac091c9b43486253cf9ed5b3c11b964f7a3860acdc91e4d3bed81e0a962", kill_on_drop: false }`
[INFO] [stdout] 3597aac091c9b43486253cf9ed5b3c11b964f7a3860acdc91e4d3bed81e0a962
[INFO] running `Command { std: "docker" "create" "-v" "/var/lib/crater-agent-workspace/builds/worker-0-tc1/target:/opt/rustwide/target:rw,Z" "-v" "/var/lib/crater-agent-workspace/builds/worker-0-tc1/source:/opt/rustwide/workdir:ro,Z" "-v" "/var/lib/crater-agent-workspace/cargo-home:/opt/rustwide/cargo-home:ro,Z" "-v" "/var/lib/crater-agent-workspace/rustup-home:/opt/rustwide/rustup-home:ro,Z" "-e" "SOURCE_DIR=/opt/rustwide/workdir" "-e" "CARGO_TARGET_DIR=/opt/rustwide/target" "-e" "CARGO_INCREMENTAL=0" "-e" "RUST_BACKTRACE=full" "-e" "RUSTFLAGS=--cap-lints=warn" "-e" "RUSTDOCFLAGS=--cap-lints=warn" "-e" "CARGO_HOME=/opt/rustwide/cargo-home" "-e" "RUSTUP_HOME=/opt/rustwide/rustup-home" "-w" "/opt/rustwide/workdir" "-m" "1610612736" "--user" "0:0" "--network" "none" "ghcr.io/rust-lang/crates-build-env/linux@sha256:f3a9d4ad9d972b27faf3965f35b62e55ba32bbce8f20bc8fe909558a86702fde" "/opt/rustwide/cargo-home/bin/cargo" "+1.83.0" "test" "--frozen" "--no-run" "--message-format=json", kill_on_drop: false }`
[INFO] [stdout] 04688072696a2cbded39b14b75232d6a12a229e2a0bc1153d65b039621d05ee3
[INFO] running `Command { std: "docker" "start" "-a" "04688072696a2cbded39b14b75232d6a12a229e2a0bc1153d65b039621d05ee3", kill_on_drop: false }`
[INFO] [stderr]    Compiling btcturk_websockets v0.1.1 (/opt/rustwide/workdir)
[INFO] [stdout] warning: use of deprecated function `base64::decode`: Use Engine::decode
[INFO] [stdout]   --> src/lib.rs:54:63
[INFO] [stdout]    |
[INFO] [stdout] 54 |         let mut mac = Hmac::<Sha256>::new_from_slice(&base64::decode(self.keys.private_key.clone()).unwrap()).unwrap();
[INFO] [stdout]    |                                                               ^^^^^^
[INFO] [stdout]    |
[INFO] [stdout]    = note: `#[warn(deprecated)]` on by default
[INFO] [stdout] 
[INFO] [stdout] 
[INFO] [stdout] warning: use of deprecated function `base64::encode`: Use Engine::encode
[INFO] [stdout]   --> src/lib.rs:56:41
[INFO] [stdout]    |
[INFO] [stdout] 56 |         let signature: String = base64::encode(mac.finalize().into_bytes());
[INFO] [stdout]    |                                         ^^^^^^
[INFO] [stdout] 
[INFO] [stdout] 
[INFO] [stdout] warning: unused variable: `token`
[INFO] [stdout]   --> tests/main.rs:10:9
[INFO] [stdout]    |
[INFO] [stdout] 10 |     let token = client.clone().generate_token_message();
[INFO] [stdout]    |         ^^^^^ help: if this is intentional, prefix it with an underscore: `_token`
[INFO] [stdout]    |
[INFO] [stdout]    = note: `#[warn(unused_variables)]` on by default
[INFO] [stdout] 
[INFO] [stdout] 
[INFO] [stdout] warning: unused variable: `connection`
[INFO] [stdout]   --> tests/main.rs:11:9
[INFO] [stdout]    |
[INFO] [stdout] 11 |     let connection = client.clone().create_connection().await;
[INFO] [stdout]    |         ^^^^^^^^^^ help: if this is intentional, prefix it with an underscore: `_connection`
[INFO] [stdout] 
[INFO] [stdout] 
[INFO] [stdout] warning: unused variable: `ticker`
[INFO] [stdout]   --> tests/main.rs:12:9
[INFO] [stdout]    |
[INFO] [stdout] 12 |     let ticker = client.clone().get_ticker().await;
[INFO] [stdout]    |         ^^^^^^ help: if this is intentional, prefix it with an underscore: `_ticker`
[INFO] [stdout] 
[INFO] [stdout] 
[INFO] [stdout] warning: use of deprecated function `base64::decode`: Use Engine::decode
[INFO] [stdout]   --> src/lib.rs:54:63
[INFO] [stdout]    |
[INFO] [stdout] 54 |         let mut mac = Hmac::<Sha256>::new_from_slice(&base64::decode(self.keys.private_key.clone()).unwrap()).unwrap();
[INFO] [stdout]    |                                                               ^^^^^^
[INFO] [stdout]    |
[INFO] [stdout]    = note: `#[warn(deprecated)]` on by default
[INFO] [stdout] 
[INFO] [stdout] 
[INFO] [stdout] warning: use of deprecated function `base64::encode`: Use Engine::encode
[INFO] [stdout]   --> src/lib.rs:56:41
[INFO] [stdout]    |
[INFO] [stdout] 56 |         let signature: String = base64::encode(mac.finalize().into_bytes());
[INFO] [stdout]    |                                         ^^^^^^
[INFO] [stdout] 
[INFO] [stdout] 
[INFO] [stdout] warning: use of deprecated function `base64::decode`: Use Engine::decode
[INFO] [stdout]    --> src/lib.rs:101:67
[INFO] [stdout]     |
[INFO] [stdout] 101 |             let mut mac = Hmac::<Sha256>::new_from_slice(&base64::decode(client.keys.private_key.clone()).unwrap()).unwrap();
[INFO] [stdout]     |                                                                   ^^^^^^
[INFO] [stdout] 
[INFO] [stdout] 
[INFO] [stdout] warning: use of deprecated function `base64::encode`: Use Engine::encode
[INFO] [stdout]    --> src/lib.rs:103:54
[INFO] [stdout]     |
[INFO] [stdout] 103 |             let expected_signature: String = base64::encode(mac.finalize().into_bytes());
[INFO] [stdout]     |                                                      ^^^^^^
[INFO] [stdout] 
[INFO] [stdout] 
[INFO] [stdout] warning: unused import: `std::borrow::Borrow`
[INFO] [stdout]  --> tests/example.rs:8:5
[INFO] [stdout]   |
[INFO] [stdout] 8 | use std::borrow::Borrow;
[INFO] [stdout]   |     ^^^^^^^^^^^^^^^^^^^
[INFO] [stdout]   |
[INFO] [stdout]   = note: `#[warn(unused_imports)]` on by default
[INFO] [stdout] 
[INFO] [stdout] 
[INFO] [stdout] warning: use of deprecated function `base64::decode`: Use Engine::decode
[INFO] [stdout]   --> tests/example.rs:24:59
[INFO] [stdout]    |
[INFO] [stdout] 24 |     let mut mac = Hmac::<Sha256>::new_from_slice(&base64::decode(btc_private_key).unwrap()).unwrap();
[INFO] [stdout]    |                                                           ^^^^^^
[INFO] [stdout]    |
[INFO] [stdout]    = note: `#[warn(deprecated)]` on by default
[INFO] [stdout] 
[INFO] [stdout] 
[INFO] [stdout] warning: use of deprecated function `base64::encode`: Use Engine::encode
[INFO] [stdout]   --> tests/example.rs:26:37
[INFO] [stdout]    |
[INFO] [stdout] 26 |     let signature: String = base64::encode(mac.finalize().into_bytes());
[INFO] [stdout]    |                                     ^^^^^^
[INFO] [stdout] 
[INFO] [stdout] 
[INFO] [stdout] warning: unused `Result` that must be used
[INFO] [stdout]   --> tests/example.rs:43:5
[INFO] [stdout]    |
[INFO] [stdout] 43 |     tokio::spawn(read_from_socket).await;
[INFO] [stdout]    |     ^^^^^^^^^^^^^^^^^^^^^^^^^^^^^^^^^^^^
[INFO] [stdout]    |
[INFO] [stdout]    = note: this `Result` may be an `Err` variant, which should be handled
[INFO] [stdout]    = note: `#[warn(unused_must_use)]` on by default
[INFO] [stdout] help: use `let _ = ...` to ignore the resulting value
[INFO] [stdout]    |
[INFO] [stdout] 43 |     let _ = tokio::spawn(read_from_socket).await;
[INFO] [stdout]    |     +++++++
[INFO] [stdout] 
[INFO] [stdout] 
[INFO] [stderr]     Finished `test` profile [unoptimized + debuginfo] target(s) in 5.53s
[INFO] running `Command { std: "docker" "inspect" "04688072696a2cbded39b14b75232d6a12a229e2a0bc1153d65b039621d05ee3", kill_on_drop: false }`
[INFO] running `Command { std: "docker" "rm" "-f" "04688072696a2cbded39b14b75232d6a12a229e2a0bc1153d65b039621d05ee3", kill_on_drop: false }`
[INFO] [stdout] 04688072696a2cbded39b14b75232d6a12a229e2a0bc1153d65b039621d05ee3
[INFO] running `Command { std: "docker" "create" "-v" "/var/lib/crater-agent-workspace/builds/worker-0-tc1/target:/opt/rustwide/target:rw,Z" "-v" "/var/lib/crater-agent-workspace/builds/worker-0-tc1/source:/opt/rustwide/workdir:ro,Z" "-v" "/var/lib/crater-agent-workspace/cargo-home:/opt/rustwide/cargo-home:ro,Z" "-v" "/var/lib/crater-agent-workspace/rustup-home:/opt/rustwide/rustup-home:ro,Z" "-e" "SOURCE_DIR=/opt/rustwide/workdir" "-e" "CARGO_TARGET_DIR=/opt/rustwide/target" "-e" "CARGO_INCREMENTAL=0" "-e" "RUST_BACKTRACE=full" "-e" "RUSTFLAGS=--cap-lints=warn" "-e" "RUSTDOCFLAGS=--cap-lints=warn" "-e" "CARGO_HOME=/opt/rustwide/cargo-home" "-e" "RUSTUP_HOME=/opt/rustwide/rustup-home" "-w" "/opt/rustwide/workdir" "-m" "1610612736" "--user" "0:0" "--network" "none" "ghcr.io/rust-lang/crates-build-env/linux@sha256:f3a9d4ad9d972b27faf3965f35b62e55ba32bbce8f20bc8fe909558a86702fde" "/opt/rustwide/cargo-home/bin/cargo" "+1.83.0" "test" "--frozen", kill_on_drop: false }`
[INFO] [stdout] d5b7215053bc8f54a73489ddcf19f0c95c3f1a6019bc1c53a4f3e0d80eb19e7c
[INFO] running `Command { std: "docker" "start" "-a" "d5b7215053bc8f54a73489ddcf19f0c95c3f1a6019bc1c53a4f3e0d80eb19e7c", kill_on_drop: false }`
[INFO] [stderr] warning: use of deprecated function `base64::decode`: Use Engine::decode
[INFO] [stderr]   --> src/lib.rs:54:63
[INFO] [stderr]    |
[INFO] [stderr] 54 |         let mut mac = Hmac::<Sha256>::new_from_slice(&base64::decode(self.keys.private_key.clone()).unwrap()).unwrap();
[INFO] [stderr]    |                                                               ^^^^^^
[INFO] [stderr]    |
[INFO] [stderr]    = note: `#[warn(deprecated)]` on by default
[INFO] [stderr] 
[INFO] [stderr] warning: use of deprecated function `base64::encode`: Use Engine::encode
[INFO] [stderr]   --> src/lib.rs:56:41
[INFO] [stderr]    |
[INFO] [stderr] 56 |         let signature: String = base64::encode(mac.finalize().into_bytes());
[INFO] [stderr]    |                                         ^^^^^^
[INFO] [stderr] 
[INFO] [stderr] warning: `btcturk_websockets` (lib) generated 2 warnings
[INFO] [stderr] warning: unused import: `std::borrow::Borrow`
[INFO] [stderr]  --> tests/example.rs:8:5
[INFO] [stderr]   |
[INFO] [stderr] 8 | use std::borrow::Borrow;
[INFO] [stderr]   |     ^^^^^^^^^^^^^^^^^^^
[INFO] [stderr]   |
[INFO] [stderr]   = note: `#[warn(unused_imports)]` on by default
[INFO] [stderr] 
[INFO] [stderr] warning: use of deprecated function `base64::decode`: Use Engine::decode
[INFO] [stderr]   --> tests/example.rs:24:59
[INFO] [stderr]    |
[INFO] [stderr] 24 |     let mut mac = Hmac::<Sha256>::new_from_slice(&base64::decode(btc_private_key).unwrap()).unwrap();
[INFO] [stderr]    |                                                           ^^^^^^
[INFO] [stderr]    |
[INFO] [stderr]    = note: `#[warn(deprecated)]` on by default
[INFO] [stderr] 
[INFO] [stderr] warning: use of deprecated function `base64::encode`: Use Engine::encode
[INFO] [stderr]   --> tests/example.rs:26:37
[INFO] [stderr]    |
[INFO] [stderr] 26 |     let signature: String = base64::encode(mac.finalize().into_bytes());
[INFO] [stderr]    |                                     ^^^^^^
[INFO] [stderr] 
[INFO] [stderr] warning: unused `Result` that must be used
[INFO] [stderr]   --> tests/example.rs:43:5
[INFO] [stderr]    |
[INFO] [stderr] 43 |     tokio::spawn(read_from_socket).await;
[INFO] [stderr]    |     ^^^^^^^^^^^^^^^^^^^^^^^^^^^^^^^^^^^^
[INFO] [stderr]    |
[INFO] [stderr]    = note: this `Result` may be an `Err` variant, which should be handled
[INFO] [stderr]    = note: `#[warn(unused_must_use)]` on by default
[INFO] [stderr] help: use `let _ = ...` to ignore the resulting value
[INFO] [stderr]    |
[INFO] [stderr] 43 |     let _ = tokio::spawn(read_from_socket).await;
[INFO] [stderr]    |     +++++++
[INFO] [stderr] 
[INFO] [stderr] warning: unused variable: `token`
[INFO] [stderr]   --> tests/main.rs:10:9
[INFO] [stderr]    |
[INFO] [stderr] 10 |     let token = client.clone().generate_token_message();
[INFO] [stderr]    |         ^^^^^ help: if this is intentional, prefix it with an underscore: `_token`
[INFO] [stderr]    |
[INFO] [stderr]    = note: `#[warn(unused_variables)]` on by default
[INFO] [stderr] 
[INFO] [stderr] warning: unused variable: `connection`
[INFO] [stderr]   --> tests/main.rs:11:9
[INFO] [stderr]    |
[INFO] [stderr] 11 |     let connection = client.clone().create_connection().await;
[INFO] [stderr]    |         ^^^^^^^^^^ help: if this is intentional, prefix it with an underscore: `_connection`
[INFO] [stderr] 
[INFO] [stderr] warning: unused variable: `ticker`
[INFO] [stderr]   --> tests/main.rs:12:9
[INFO] [stderr]    |
[INFO] [stderr] 12 |     let ticker = client.clone().get_ticker().await;
[INFO] [stderr]    |         ^^^^^^ help: if this is intentional, prefix it with an underscore: `_ticker`
[INFO] [stderr] 
[INFO] [stderr] warning: use of deprecated function `base64::decode`: Use Engine::decode
[INFO] [stderr]    --> src/lib.rs:101:67
[INFO] [stderr]     |
[INFO] [stderr] 101 |             let mut mac = Hmac::<Sha256>::new_from_slice(&base64::decode(client.keys.private_key.clone()).unwrap()).unwrap();
[INFO] [stderr]     |                                                                   ^^^^^^
[INFO] [stderr] 
[INFO] [stderr] warning: use of deprecated function `base64::encode`: Use Engine::encode
[INFO] [stderr]    --> src/lib.rs:103:54
[INFO] [stderr]     |
[INFO] [stderr] 103 |             let expected_signature: String = base64::encode(mac.finalize().into_bytes());
[INFO] [stderr]     |                                                      ^^^^^^
[INFO] [stderr] 
[INFO] [stderr] warning: `btcturk_websockets` (test "example") generated 4 warnings (run `cargo fix --test "example"` to apply 1 suggestion)
[INFO] [stderr] warning: `btcturk_websockets` (test "main") generated 3 warnings
[INFO] [stderr] warning: `btcturk_websockets` (lib test) generated 4 warnings (2 duplicates)
[INFO] [stderr]     Finished `test` profile [unoptimized + debuginfo] target(s) in 0.30s
[INFO] [stderr]      Running unittests src/lib.rs (/opt/rustwide/target/debug/deps/btcturk_websockets-da1fc183cf2066dd)
[INFO] [stdout] 
[INFO] [stdout] running 2 tests
[INFO] [stdout] test tests::create_api_keys ... ok
[INFO] [stdout] test tests::test_generate_token_message ... FAILED
[INFO] [stdout] 
[INFO] [stdout] failures:
[INFO] [stdout] 
[INFO] [stdout] ---- tests::test_generate_token_message stdout ----
[INFO] [stdout] thread 'tests::test_generate_token_message' panicked at src/lib.rs:106:13:
[INFO] [stdout] assertion `left == right` failed
[INFO] [stdout]   left: Text("[114,{\"type\":114, \"publicKey\":\"dG9rZW4=\", \"timestamp\":1734230315919, \"nonce\":3000, \"signature\": \"5I3PIuXL25p1UR0G8nJS6dXGzT8j1ibLuarQ9V9yGiw=\"}]")
[INFO] [stdout]  right: Text("[114,{\"type\":114, \"publicKey\":\"dG9rZW4=\", \"timestamp\":1734230315920, \"nonce\":3000, \"signature\": \"rDVmV/MSoRmNh68TxOzSt5r2z8gWd6XCQZnD8D30alg=\"}]")
[INFO] [stdout] stack backtrace:
[INFO] [stdout]    0:     0x615b091c3d1a - std::backtrace_rs::backtrace::libunwind::trace::h5a5b8284f2d0c266
[INFO] [stdout]                                at /rustc/90b35a6239c3d8bdabc530a6a0816f7ff89a0aaf/library/std/src/../../backtrace/src/backtrace/libunwind.rs:116:5
[INFO] [stdout]    1:     0x615b091c3d1a - std::backtrace_rs::backtrace::trace_unsynchronized::h76d4f1c9b0b875e3
[INFO] [stdout]                                at /rustc/90b35a6239c3d8bdabc530a6a0816f7ff89a0aaf/library/std/src/../../backtrace/src/backtrace/mod.rs:66:5
[INFO] [stdout]    2:     0x615b091c3d1a - std::sys::backtrace::_print_fmt::hc4546b8364a537c6
[INFO] [stdout]                                at /rustc/90b35a6239c3d8bdabc530a6a0816f7ff89a0aaf/library/std/src/sys/backtrace.rs:66:9
[INFO] [stdout]    3:     0x615b091c3d1a - <std::sys::backtrace::BacktraceLock::print::DisplayBacktrace as core::fmt::Display>::fmt::h5b6bd5631a6d1f6b
[INFO] [stdout]                                at /rustc/90b35a6239c3d8bdabc530a6a0816f7ff89a0aaf/library/std/src/sys/backtrace.rs:39:26
[INFO] [stdout]    4:     0x615b091e9133 - core::fmt::rt::Argument::fmt::h270f6602a2b96f62
[INFO] [stdout]                                at /rustc/90b35a6239c3d8bdabc530a6a0816f7ff89a0aaf/library/core/src/fmt/rt.rs:177:76
[INFO] [stdout]    5:     0x615b091e9133 - core::fmt::write::h7550c97b06c86515
[INFO] [stdout]                                at /rustc/90b35a6239c3d8bdabc530a6a0816f7ff89a0aaf/library/core/src/fmt/mod.rs:1186:21
[INFO] [stdout]    6:     0x615b091c0ee3 - std::io::Write::write_fmt::h509ff860e5956e5e
[INFO] [stdout]                                at /rustc/90b35a6239c3d8bdabc530a6a0816f7ff89a0aaf/library/std/src/io/mod.rs:1839:15
[INFO] [stdout]    7:     0x615b091c3b62 - std::sys::backtrace::BacktraceLock::print::h2395ccd2c84ba3aa
[INFO] [stdout]                                at /rustc/90b35a6239c3d8bdabc530a6a0816f7ff89a0aaf/library/std/src/sys/backtrace.rs:42:9
[INFO] [stdout]    8:     0x615b091c517a - std::panicking::default_hook::{{closure}}::he19d4c7230e07961
[INFO] [stdout]                                at /rustc/90b35a6239c3d8bdabc530a6a0816f7ff89a0aaf/library/std/src/panicking.rs:268:22
[INFO] [stdout]    9:     0x615b091c4f84 - std::panicking::default_hook::hf614597d3c67bbdb
[INFO] [stdout]                                at /rustc/90b35a6239c3d8bdabc530a6a0816f7ff89a0aaf/library/std/src/panicking.rs:292:9
[INFO] [stdout]   10:     0x615b09174789 - <alloc::boxed::Box<F,A> as core::ops::function::Fn<Args>>::call::h39b51ce4599c23d1
[INFO] [stdout]                                at /rustc/90b35a6239c3d8bdabc530a6a0816f7ff89a0aaf/library/alloc/src/boxed.rs:2468:9
[INFO] [stdout]   11:     0x615b09174789 - test::test_main::{{closure}}::he977ae839a582784
[INFO] [stdout]                                at /rustc/90b35a6239c3d8bdabc530a6a0816f7ff89a0aaf/library/test/src/lib.rs:133:21
[INFO] [stdout]   12:     0x615b091c5818 - <alloc::boxed::Box<F,A> as core::ops::function::Fn<Args>>::call::h9455091b6b06f9fb
[INFO] [stdout]                                at /rustc/90b35a6239c3d8bdabc530a6a0816f7ff89a0aaf/library/alloc/src/boxed.rs:2468:9
[INFO] [stdout]   13:     0x615b091c5818 - std::panicking::rust_panic_with_hook::h8942133a8b252070
[INFO] [stdout]                                at /rustc/90b35a6239c3d8bdabc530a6a0816f7ff89a0aaf/library/std/src/panicking.rs:809:13
[INFO] [stdout]   14:     0x615b091c55da - std::panicking::begin_panic_handler::{{closure}}::hb5f5963570096b29
[INFO] [stdout]                                at /rustc/90b35a6239c3d8bdabc530a6a0816f7ff89a0aaf/library/std/src/panicking.rs:674:13
[INFO] [stdout]   15:     0x615b091c41f9 - std::sys::backtrace::__rust_end_short_backtrace::h6208cedc1922feda
[INFO] [stdout]                                at /rustc/90b35a6239c3d8bdabc530a6a0816f7ff89a0aaf/library/std/src/sys/backtrace.rs:170:18
[INFO] [stdout]   16:     0x615b091c526c - rust_begin_unwind
[INFO] [stdout]                                at /rustc/90b35a6239c3d8bdabc530a6a0816f7ff89a0aaf/library/std/src/panicking.rs:665:5
[INFO] [stdout]   17:     0x615b09132a60 - core::panicking::panic_fmt::h0c3082644d1bf418
[INFO] [stdout]                                at /rustc/90b35a6239c3d8bdabc530a6a0816f7ff89a0aaf/library/core/src/panicking.rs:74:14
[INFO] [stdout]   18:     0x615b09132dc4 - core::panicking::assert_failed_inner::h2ddf1fcc067fa858
[INFO] [stdout]   19:     0x615b09136df3 - core::panicking::assert_failed::h8735b7e3d2c51e1e
[INFO] [stdout]                                at /rustc/90b35a6239c3d8bdabc530a6a0816f7ff89a0aaf/library/core/src/panicking.rs:367:5
[INFO] [stdout]   20:     0x615b0913c3b9 - btcturk_websockets::tests::test_generate_token_message::h6869c2a9741c970a
[INFO] [stdout]                                at /opt/rustwide/workdir/src/lib.rs:106:13
[INFO] [stdout]   21:     0x615b0913b947 - btcturk_websockets::tests::test_generate_token_message::{{closure}}::h93df8466a4aec560
[INFO] [stdout]                                at /opt/rustwide/workdir/src/lib.rs:94:41
[INFO] [stdout]   22:     0x615b09136516 - core::ops::function::FnOnce::call_once::h720587620c0ef88b
[INFO] [stdout]                                at /rustc/90b35a6239c3d8bdabc530a6a0816f7ff89a0aaf/library/core/src/ops/function.rs:250:5
[INFO] [stdout]   23:     0x615b0917914b - core::ops::function::FnOnce::call_once::h109cf8051a59b34e
[INFO] [stdout]                                at /rustc/90b35a6239c3d8bdabc530a6a0816f7ff89a0aaf/library/core/src/ops/function.rs:250:5
[INFO] [stdout]   24:     0x615b0917914b - test::__rust_begin_short_backtrace::hf4fff89d377446ba
[INFO] [stdout]                                at /rustc/90b35a6239c3d8bdabc530a6a0816f7ff89a0aaf/library/test/src/lib.rs:621:18
[INFO] [stdout]   25:     0x615b09178987 - test::run_test_in_process::{{closure}}::h0e39181dd7ee5a43
[INFO] [stdout]                                at /rustc/90b35a6239c3d8bdabc530a6a0816f7ff89a0aaf/library/test/src/lib.rs:644:60
[INFO] [stdout]   26:     0x615b09178987 - <core::panic::unwind_safe::AssertUnwindSafe<F> as core::ops::function::FnOnce<()>>::call_once::hc5a66a30f0bdfd1f
[INFO] [stdout]                                at /rustc/90b35a6239c3d8bdabc530a6a0816f7ff89a0aaf/library/core/src/panic/unwind_safe.rs:272:9
[INFO] [stdout]   27:     0x615b09178987 - std::panicking::try::do_call::h873b7cf639554a5e
[INFO] [stdout]                                at /rustc/90b35a6239c3d8bdabc530a6a0816f7ff89a0aaf/library/std/src/panicking.rs:557:40
[INFO] [stdout]   28:     0x615b09178987 - std::panicking::try::hdb19862fad9c8bd1
[INFO] [stdout]                                at /rustc/90b35a6239c3d8bdabc530a6a0816f7ff89a0aaf/library/std/src/panicking.rs:520:19
[INFO] [stdout]   29:     0x615b09178987 - std::panic::catch_unwind::h281fe732d236d260
[INFO] [stdout]                                at /rustc/90b35a6239c3d8bdabc530a6a0816f7ff89a0aaf/library/std/src/panic.rs:358:14
[INFO] [stdout]   30:     0x615b09178987 - test::run_test_in_process::h949b6df8457ed338
[INFO] [stdout]                                at /rustc/90b35a6239c3d8bdabc530a6a0816f7ff89a0aaf/library/test/src/lib.rs:644:27
[INFO] [stdout]   31:     0x615b09178987 - test::run_test::{{closure}}::h52c556a6d4740e10
[INFO] [stdout]                                at /rustc/90b35a6239c3d8bdabc530a6a0816f7ff89a0aaf/library/test/src/lib.rs:565:43
[INFO] [stdout]   32:     0x615b0913dc64 - test::run_test::{{closure}}::h4237f6381c45ccb9
[INFO] [stdout]                                at /rustc/90b35a6239c3d8bdabc530a6a0816f7ff89a0aaf/library/test/src/lib.rs:595:41
[INFO] [stdout]   33:     0x615b0913dc64 - std::sys::backtrace::__rust_begin_short_backtrace::h505c97a579eca628
[INFO] [stdout]                                at /rustc/90b35a6239c3d8bdabc530a6a0816f7ff89a0aaf/library/std/src/sys/backtrace.rs:154:18
[INFO] [stdout]   34:     0x615b0914132e - std::thread::Builder::spawn_unchecked_::{{closure}}::{{closure}}::h9e86b2e2bc107ea3
[INFO] [stdout]                                at /rustc/90b35a6239c3d8bdabc530a6a0816f7ff89a0aaf/library/std/src/thread/mod.rs:538:17
[INFO] [stdout]   35:     0x615b0914132e - <core::panic::unwind_safe::AssertUnwindSafe<F> as core::ops::function::FnOnce<()>>::call_once::h8b06ddb275ff4a25
[INFO] [stdout]                                at /rustc/90b35a6239c3d8bdabc530a6a0816f7ff89a0aaf/library/core/src/panic/unwind_safe.rs:272:9
[INFO] [stdout]   36:     0x615b0914132e - std::panicking::try::do_call::hb26ecd7cd9a9355d
[INFO] [stdout]                                at /rustc/90b35a6239c3d8bdabc530a6a0816f7ff89a0aaf/library/std/src/panicking.rs:557:40
[INFO] [stdout]   37:     0x615b0914132e - std::panicking::try::h8ddeca9d705f9069
[INFO] [stdout]                                at /rustc/90b35a6239c3d8bdabc530a6a0816f7ff89a0aaf/library/std/src/panicking.rs:520:19
[INFO] [stdout]   38:     0x615b0914132e - std::panic::catch_unwind::h49e1c33078844c46
[INFO] [stdout]                                at /rustc/90b35a6239c3d8bdabc530a6a0816f7ff89a0aaf/library/std/src/panic.rs:358:14
[INFO] [stdout]   39:     0x615b0914132e - std::thread::Builder::spawn_unchecked_::{{closure}}::h6073db6ff56ad35d
[INFO] [stdout]                                at /rustc/90b35a6239c3d8bdabc530a6a0816f7ff89a0aaf/library/std/src/thread/mod.rs:537:30
[INFO] [stdout]   40:     0x615b0914132e - core::ops::function::FnOnce::call_once{{vtable.shim}}::h2c5a5f3779c774f1
[INFO] [stdout]                                at /rustc/90b35a6239c3d8bdabc530a6a0816f7ff89a0aaf/library/core/src/ops/function.rs:250:5
[INFO] [stdout]   41:     0x615b091c956b - <alloc::boxed::Box<F,A> as core::ops::function::FnOnce<Args>>::call_once::hf75717d9f28faebf
[INFO] [stdout]                                at /rustc/90b35a6239c3d8bdabc530a6a0816f7ff89a0aaf/library/alloc/src/boxed.rs:2454:9
[INFO] [stdout]   42:     0x615b091c956b - <alloc::boxed::Box<F,A> as core::ops::function::FnOnce<Args>>::call_once::h7bd883a5f3c5f3c1
[INFO] [stdout]                                at /rustc/90b35a6239c3d8bdabc530a6a0816f7ff89a0aaf/library/alloc/src/boxed.rs:2454:9
[INFO] [stdout]   43:     0x615b091c956b - std::sys::pal::unix::thread::Thread::new::thread_start::hcc78f3943333fa94
[INFO] [stdout]                                at /rustc/90b35a6239c3d8bdabc530a6a0816f7ff89a0aaf/library/std/src/sys/pal/unix/thread.rs:105:17
[INFO] [stdout]   44:     0x7bd473bcaac3 - <unknown>
[INFO] [stdout]   45:     0x7bd473c5ba04 - clone
[INFO] [stdout]   46:                0x0 - <unknown>
[INFO] [stdout] 
[INFO] [stdout] 
[INFO] [stdout] failures:
[INFO] [stdout]     tests::test_generate_token_message
[INFO] [stdout] 
[INFO] [stdout] test result: FAILED. 1 passed; 1 failed; 0 ignored; 0 measured; 0 filtered out; finished in 0.08s
[INFO] [stdout] 
[INFO] [stderr] error: test failed, to rerun pass `--lib`
[INFO] running `Command { std: "docker" "inspect" "d5b7215053bc8f54a73489ddcf19f0c95c3f1a6019bc1c53a4f3e0d80eb19e7c", kill_on_drop: false }`
[INFO] running `Command { std: "docker" "rm" "-f" "d5b7215053bc8f54a73489ddcf19f0c95c3f1a6019bc1c53a4f3e0d80eb19e7c", kill_on_drop: false }`
[INFO] [stdout] d5b7215053bc8f54a73489ddcf19f0c95c3f1a6019bc1c53a4f3e0d80eb19e7c
