[INFO] fetching crate bsp-server 0.1.3...
[INFO] testing bsp-server-0.1.3 against beta-2024-12-08 for beta-1.84.0-4-retry
[INFO] extracting crate bsp-server 0.1.3 into /workspace/builds/worker-2-tc2/source
[INFO] validating manifest of crates.io crate bsp-server 0.1.3 on toolchain beta-2024-12-08
[INFO] running `Command { std: CARGO_HOME="/workspace/cargo-home" RUSTUP_HOME="/workspace/rustup-home" "/workspace/cargo-home/bin/cargo" "+beta-2024-12-08" "metadata" "--manifest-path" "Cargo.toml" "--no-deps", kill_on_drop: false }`
[INFO] started tweaking crates.io crate bsp-server 0.1.3
[INFO] finished tweaking crates.io crate bsp-server 0.1.3
[INFO] tweaked toml for crates.io crate bsp-server 0.1.3 written to /workspace/builds/worker-2-tc2/source/Cargo.toml
[INFO] running `Command { std: CARGO_HOME="/workspace/cargo-home" RUSTUP_HOME="/workspace/rustup-home" "/workspace/cargo-home/bin/cargo" "+beta-2024-12-08" "generate-lockfile" "--manifest-path" "Cargo.toml", kill_on_drop: false }`
[INFO] [stderr]     Updating crates.io index
[INFO] [stderr]      Locking 53 packages to latest compatible versions
[INFO] running `Command { std: CARGO_HOME="/workspace/cargo-home" RUSTUP_HOME="/workspace/rustup-home" "/workspace/cargo-home/bin/cargo" "+beta-2024-12-08" "fetch" "--manifest-path" "Cargo.toml", kill_on_drop: false }`
[INFO] running `Command { std: "docker" "create" "-v" "/var/lib/crater-agent-workspace/builds/worker-2-tc2/target:/opt/rustwide/target:rw,Z" "-v" "/var/lib/crater-agent-workspace/builds/worker-2-tc2/source:/opt/rustwide/workdir:ro,Z" "-v" "/var/lib/crater-agent-workspace/cargo-home:/opt/rustwide/cargo-home:ro,Z" "-v" "/var/lib/crater-agent-workspace/rustup-home:/opt/rustwide/rustup-home:ro,Z" "-e" "SOURCE_DIR=/opt/rustwide/workdir" "-e" "CARGO_TARGET_DIR=/opt/rustwide/target" "-e" "CARGO_HOME=/opt/rustwide/cargo-home" "-e" "RUSTUP_HOME=/opt/rustwide/rustup-home" "-w" "/opt/rustwide/workdir" "-m" "1610612736" "--user" "0:0" "--network" "none" "ghcr.io/rust-lang/crates-build-env/linux@sha256:f3a9d4ad9d972b27faf3965f35b62e55ba32bbce8f20bc8fe909558a86702fde" "/opt/rustwide/cargo-home/bin/cargo" "+beta-2024-12-08" "metadata" "--no-deps" "--format-version=1", kill_on_drop: false }`
[INFO] [stdout] aabe7354cf935d6ec0e61d0cda3feb7edb253fb19f15f709a5bf8be30211a79a
[INFO] running `Command { std: "docker" "start" "-a" "aabe7354cf935d6ec0e61d0cda3feb7edb253fb19f15f709a5bf8be30211a79a", kill_on_drop: false }`
[INFO] running `Command { std: "docker" "inspect" "aabe7354cf935d6ec0e61d0cda3feb7edb253fb19f15f709a5bf8be30211a79a", kill_on_drop: false }`
[INFO] running `Command { std: "docker" "rm" "-f" "aabe7354cf935d6ec0e61d0cda3feb7edb253fb19f15f709a5bf8be30211a79a", kill_on_drop: false }`
[INFO] [stdout] aabe7354cf935d6ec0e61d0cda3feb7edb253fb19f15f709a5bf8be30211a79a
[INFO] running `Command { std: "docker" "create" "-v" "/var/lib/crater-agent-workspace/builds/worker-2-tc2/target:/opt/rustwide/target:rw,Z" "-v" "/var/lib/crater-agent-workspace/builds/worker-2-tc2/source:/opt/rustwide/workdir:ro,Z" "-v" "/var/lib/crater-agent-workspace/cargo-home:/opt/rustwide/cargo-home:ro,Z" "-v" "/var/lib/crater-agent-workspace/rustup-home:/opt/rustwide/rustup-home:ro,Z" "-e" "SOURCE_DIR=/opt/rustwide/workdir" "-e" "CARGO_TARGET_DIR=/opt/rustwide/target" "-e" "CARGO_INCREMENTAL=0" "-e" "RUST_BACKTRACE=full" "-e" "RUSTFLAGS=--cap-lints=warn" "-e" "RUSTDOCFLAGS=--cap-lints=warn" "-e" "CARGO_HOME=/opt/rustwide/cargo-home" "-e" "RUSTUP_HOME=/opt/rustwide/rustup-home" "-w" "/opt/rustwide/workdir" "-m" "1610612736" "--user" "0:0" "--network" "none" "ghcr.io/rust-lang/crates-build-env/linux@sha256:f3a9d4ad9d972b27faf3965f35b62e55ba32bbce8f20bc8fe909558a86702fde" "/opt/rustwide/cargo-home/bin/cargo" "+beta-2024-12-08" "build" "--frozen" "--message-format=json", kill_on_drop: false }`
[INFO] [stdout] cde9a45628ebe714184aa37f56b67f90c4019b1a1cc8103d9e9dd14a4b58ec48
[INFO] running `Command { std: "docker" "start" "-a" "cde9a45628ebe714184aa37f56b67f90c4019b1a1cc8103d9e9dd14a4b58ec48", kill_on_drop: false }`
[INFO] [stderr]    Compiling proc-macro2 v1.0.92
[INFO] [stderr]    Compiling unicode-ident v1.0.14
[INFO] [stderr]    Compiling stable_deref_trait v1.2.0
[INFO] [stderr]    Compiling litemap v0.7.4
[INFO] [stderr]    Compiling writeable v0.5.5
[INFO] [stderr]    Compiling icu_locid_transform_data v1.5.0
[INFO] [stderr]    Compiling icu_properties_data v1.5.0
[INFO] [stderr]    Compiling smallvec v1.13.2
[INFO] [stderr]    Compiling write16 v1.0.0
[INFO] [stderr]    Compiling serde v1.0.216
[INFO] [stderr]    Compiling utf8_iter v1.0.4
[INFO] [stderr]    Compiling icu_normalizer_data v1.5.0
[INFO] [stderr]    Compiling utf16_iter v1.0.5
[INFO] [stderr]    Compiling percent-encoding v2.3.1
[INFO] [stderr]    Compiling serde_json v1.0.133
[INFO] [stderr]    Compiling crossbeam-utils v0.8.20
[INFO] [stderr]    Compiling ryu v1.0.18
[INFO] [stderr]    Compiling anyhow v1.0.94
[INFO] [stderr]    Compiling itoa v1.0.14
[INFO] [stderr]    Compiling memchr v2.7.4
[INFO] [stderr]    Compiling form_urlencoded v1.2.1
[INFO] [stderr]    Compiling bitflags v1.3.2
[INFO] [stderr]    Compiling once_cell v1.20.2
[INFO] [stderr]    Compiling pin-project-lite v0.2.15
[INFO] [stderr]    Compiling tracing-core v0.1.33
[INFO] [stderr]    Compiling crossbeam-channel v0.5.13
[INFO] [stderr]    Compiling quote v1.0.37
[INFO] [stderr]    Compiling syn v2.0.90
[INFO] [stderr]    Compiling synstructure v0.13.1
[INFO] [stderr]    Compiling zerofrom-derive v0.1.5
[INFO] [stderr]    Compiling yoke-derive v0.7.5
[INFO] [stderr]    Compiling zerovec-derive v0.10.3
[INFO] [stderr]    Compiling displaydoc v0.2.5
[INFO] [stderr]    Compiling icu_provider_macros v1.5.0
[INFO] [stderr]    Compiling serde_derive v1.0.216
[INFO] [stderr]    Compiling serde_repr v0.1.19
[INFO] [stderr]    Compiling tracing-attributes v0.1.28
[INFO] [stderr]    Compiling zerofrom v0.1.5
[INFO] [stderr]    Compiling tracing v0.1.41
[INFO] [stderr]    Compiling yoke v0.7.5
[INFO] [stderr]    Compiling zerovec v0.10.4
[INFO] [stderr]    Compiling tinystr v0.7.6
[INFO] [stderr]    Compiling icu_collections v1.5.0
[INFO] [stderr]    Compiling icu_locid v1.5.0
[INFO] [stderr]    Compiling icu_provider v1.5.0
[INFO] [stderr]    Compiling icu_locid_transform v1.5.0
[INFO] [stderr]    Compiling icu_properties v1.5.1
[INFO] [stderr]    Compiling icu_normalizer v1.5.0
[INFO] [stderr]    Compiling idna_adapter v1.2.0
[INFO] [stderr]    Compiling idna v1.0.3
[INFO] [stderr]    Compiling url v2.5.4
[INFO] [stderr]    Compiling lsp-types v0.93.2
[INFO] [stderr]    Compiling bsp-types v0.1.3
[INFO] [stderr]    Compiling bsp-server v0.1.3 (/opt/rustwide/workdir)
[INFO] [stderr]     Finished `dev` profile [unoptimized + debuginfo] target(s) in 29.01s
[INFO] running `Command { std: "docker" "inspect" "cde9a45628ebe714184aa37f56b67f90c4019b1a1cc8103d9e9dd14a4b58ec48", kill_on_drop: false }`
[INFO] running `Command { std: "docker" "rm" "-f" "cde9a45628ebe714184aa37f56b67f90c4019b1a1cc8103d9e9dd14a4b58ec48", kill_on_drop: false }`
[INFO] [stdout] cde9a45628ebe714184aa37f56b67f90c4019b1a1cc8103d9e9dd14a4b58ec48
[INFO] running `Command { std: "docker" "create" "-v" "/var/lib/crater-agent-workspace/builds/worker-2-tc2/target:/opt/rustwide/target:rw,Z" "-v" "/var/lib/crater-agent-workspace/builds/worker-2-tc2/source:/opt/rustwide/workdir:ro,Z" "-v" "/var/lib/crater-agent-workspace/cargo-home:/opt/rustwide/cargo-home:ro,Z" "-v" "/var/lib/crater-agent-workspace/rustup-home:/opt/rustwide/rustup-home:ro,Z" "-e" "SOURCE_DIR=/opt/rustwide/workdir" "-e" "CARGO_TARGET_DIR=/opt/rustwide/target" "-e" "CARGO_INCREMENTAL=0" "-e" "RUST_BACKTRACE=full" "-e" "RUSTFLAGS=--cap-lints=warn" "-e" "RUSTDOCFLAGS=--cap-lints=warn" "-e" "CARGO_HOME=/opt/rustwide/cargo-home" "-e" "RUSTUP_HOME=/opt/rustwide/rustup-home" "-w" "/opt/rustwide/workdir" "-m" "1610612736" "--user" "0:0" "--network" "none" "ghcr.io/rust-lang/crates-build-env/linux@sha256:f3a9d4ad9d972b27faf3965f35b62e55ba32bbce8f20bc8fe909558a86702fde" "/opt/rustwide/cargo-home/bin/cargo" "+beta-2024-12-08" "test" "--frozen" "--no-run" "--message-format=json", kill_on_drop: false }`
[INFO] [stdout] de292d10a1821d5b48e593cc7e86964869802b82170c204d703b3fe199cd3da1
[INFO] running `Command { std: "docker" "start" "-a" "de292d10a1821d5b48e593cc7e86964869802b82170c204d703b3fe199cd3da1", kill_on_drop: false }`
[INFO] [stderr]    Compiling bsp-server v0.1.3 (/opt/rustwide/workdir)
[INFO] [stderr]     Finished `test` profile [unoptimized + debuginfo] target(s) in 2.47s
[INFO] running `Command { std: "docker" "inspect" "de292d10a1821d5b48e593cc7e86964869802b82170c204d703b3fe199cd3da1", kill_on_drop: false }`
[INFO] running `Command { std: "docker" "rm" "-f" "de292d10a1821d5b48e593cc7e86964869802b82170c204d703b3fe199cd3da1", kill_on_drop: false }`
[INFO] [stdout] de292d10a1821d5b48e593cc7e86964869802b82170c204d703b3fe199cd3da1
[INFO] running `Command { std: "docker" "create" "-v" "/var/lib/crater-agent-workspace/builds/worker-2-tc2/target:/opt/rustwide/target:rw,Z" "-v" "/var/lib/crater-agent-workspace/builds/worker-2-tc2/source:/opt/rustwide/workdir:ro,Z" "-v" "/var/lib/crater-agent-workspace/cargo-home:/opt/rustwide/cargo-home:ro,Z" "-v" "/var/lib/crater-agent-workspace/rustup-home:/opt/rustwide/rustup-home:ro,Z" "-e" "SOURCE_DIR=/opt/rustwide/workdir" "-e" "CARGO_TARGET_DIR=/opt/rustwide/target" "-e" "CARGO_INCREMENTAL=0" "-e" "RUST_BACKTRACE=full" "-e" "RUSTFLAGS=--cap-lints=warn" "-e" "RUSTDOCFLAGS=--cap-lints=warn" "-e" "CARGO_HOME=/opt/rustwide/cargo-home" "-e" "RUSTUP_HOME=/opt/rustwide/rustup-home" "-w" "/opt/rustwide/workdir" "-m" "1610612736" "--user" "0:0" "--network" "none" "ghcr.io/rust-lang/crates-build-env/linux@sha256:f3a9d4ad9d972b27faf3965f35b62e55ba32bbce8f20bc8fe909558a86702fde" "/opt/rustwide/cargo-home/bin/cargo" "+beta-2024-12-08" "test" "--frozen", kill_on_drop: false }`
[INFO] [stdout] 50a8e6e24d81e3668ed690f50f02f495bb9c60303fc5225a27f25f8fba1a6a92
[INFO] running `Command { std: "docker" "start" "-a" "50a8e6e24d81e3668ed690f50f02f495bb9c60303fc5225a27f25f8fba1a6a92", kill_on_drop: false }`
[INFO] [stderr]     Finished `test` profile [unoptimized + debuginfo] target(s) in 0.07s
[INFO] [stderr]      Running unittests src/lib.rs (/opt/rustwide/target/debug/deps/bsp_server-b57e22bed008975c)
[INFO] [stdout] 
[INFO] [stdout] running 15 tests
[INFO] [stdout] test notification::de::initialized_with_params ... ok
[INFO] [stdout] test notification::se::exit ... ok
[INFO] [stdout] test notification::de::show_message ... ok
[INFO] [stdout] test notification::de::initialized_without_params ... ok
[INFO] [stdout] test request::de::initialize ... ok
[INFO] [stdout] test request::se::debug_session_start ... ok
[INFO] [stdout] test request::se::initialize ... ok
[INFO] [stdout] test tests::shutdown_with_no_params ... ignored, requires implementation of response or figuring out a way to ignore params in custom serde::de
[INFO] [stdout] test request::se::custom ... ok
[INFO] [stdout] test notification::se::initialized ... ok
[INFO] [stdout] test tests::serialize_request_with_null_params ... ok
[INFO] [stdout] test tests::shutdown_with_explicit_null ... ok
[INFO] [stdout] test notification::se::custom ... ok
[INFO] [stderr]    Doc-tests bsp_server
[INFO] [stdout] test request::se::shutdown ... ok
[INFO] [stdout] test notification::se::show_message ... ok
[INFO] [stdout] 
[INFO] [stdout] test result: ok. 14 passed; 0 failed; 1 ignored; 0 measured; 0 filtered out; finished in 0.00s
[INFO] [stdout] 
[INFO] [stdout] 
[INFO] [stdout] running 1 test
[INFO] [stdout] test src/lib.rs - Connection::initialize (line 90) - compile ... FAILED
[INFO] [stdout] 
[INFO] [stdout] failures:
[INFO] [stdout] 
[INFO] [stdout] ---- src/lib.rs - Connection::initialize (line 90) stdout ----
[INFO] [stdout] error[E0433]: failed to resolve: use of undeclared crate or module `build_server_protocol`
[INFO] [stdout]  --> src/lib.rs:92:5
[INFO] [stdout]   |
[INFO] [stdout] 3 | use build_server_protocol::types::InitializeBuildResult;
[INFO] [stdout]   |     ^^^^^^^^^^^^^^^^^^^^^ use of undeclared crate or module `build_server_protocol`
[INFO] [stdout] 
[INFO] [stdout] error[E0433]: failed to resolve: use of undeclared crate or module `build_server_protocol`
[INFO] [stdout]  --> src/lib.rs:93:5
[INFO] [stdout]   |
[INFO] [stdout] 4 | use build_server_protocol::server::{Connection, Message, Request, RequestId, Response};
[INFO] [stdout]   |     ^^^^^^^^^^^^^^^^^^^^^ use of undeclared crate or module `build_server_protocol`
[INFO] [stdout] 
[INFO] [stdout] error[E0433]: failed to resolve: use of undeclared type `ServerCapabilities`
[INFO] [stdout]   --> src/lib.rs:105:9
[INFO] [stdout]    |
[INFO] [stdout] 16 |         ServerCapabilities::default()))
[INFO] [stdout]    |         ^^^^^^^^^^^^^^^^^^ use of undeclared type `ServerCapabilities`
[INFO] [stdout]    |
[INFO] [stdout] help: consider importing this struct
[INFO] [stdout]    |
[INFO] [stdout] 2  + use bsp_types::ServerCapabilities;
[INFO] [stdout]    |
[INFO] [stdout] 
[INFO] [stdout] error: aborting due to 3 previous errors
[INFO] [stdout] 
[INFO] [stdout] For more information about this error, try `rustc --explain E0433`.
[INFO] [stdout] Couldn't compile the test.
[INFO] [stdout] 
[INFO] [stdout] failures:
[INFO] [stdout]     src/lib.rs - Connection::initialize (line 90)
[INFO] [stdout] 
[INFO] [stdout] test result: FAILED. 0 passed; 1 failed; 0 ignored; 0 measured; 0 filtered out; finished in 0.07s
[INFO] [stdout] 
[INFO] [stderr] error: doctest failed, to rerun pass `--doc`
[INFO] running `Command { std: "docker" "inspect" "50a8e6e24d81e3668ed690f50f02f495bb9c60303fc5225a27f25f8fba1a6a92", kill_on_drop: false }`
[INFO] running `Command { std: "docker" "rm" "-f" "50a8e6e24d81e3668ed690f50f02f495bb9c60303fc5225a27f25f8fba1a6a92", kill_on_drop: false }`
[INFO] [stdout] 50a8e6e24d81e3668ed690f50f02f495bb9c60303fc5225a27f25f8fba1a6a92
