[INFO] fetching crate bs_crate 0.1.5...
[INFO] testing bs_crate-0.1.5 against beta-2024-12-08 for beta-1.84.0-4-retry
[INFO] extracting crate bs_crate 0.1.5 into /workspace/builds/worker-5-tc2/source
[INFO] validating manifest of crates.io crate bs_crate 0.1.5 on toolchain beta-2024-12-08
[INFO] running `Command { std: CARGO_HOME="/workspace/cargo-home" RUSTUP_HOME="/workspace/rustup-home" "/workspace/cargo-home/bin/cargo" "+beta-2024-12-08" "metadata" "--manifest-path" "Cargo.toml" "--no-deps", kill_on_drop: false }`
[INFO] started tweaking crates.io crate bs_crate 0.1.5
[INFO] finished tweaking crates.io crate bs_crate 0.1.5
[INFO] tweaked toml for crates.io crate bs_crate 0.1.5 written to /workspace/builds/worker-5-tc2/source/Cargo.toml
[INFO] running `Command { std: CARGO_HOME="/workspace/cargo-home" RUSTUP_HOME="/workspace/rustup-home" "/workspace/cargo-home/bin/cargo" "+beta-2024-12-08" "generate-lockfile" "--manifest-path" "Cargo.toml", kill_on_drop: false }`
[INFO] running `Command { std: CARGO_HOME="/workspace/cargo-home" RUSTUP_HOME="/workspace/rustup-home" "/workspace/cargo-home/bin/cargo" "+beta-2024-12-08" "fetch" "--manifest-path" "Cargo.toml", kill_on_drop: false }`
[INFO] running `Command { std: "docker" "create" "-v" "/var/lib/crater-agent-workspace/builds/worker-5-tc2/target:/opt/rustwide/target:rw,Z" "-v" "/var/lib/crater-agent-workspace/builds/worker-5-tc2/source:/opt/rustwide/workdir:ro,Z" "-v" "/var/lib/crater-agent-workspace/cargo-home:/opt/rustwide/cargo-home:ro,Z" "-v" "/var/lib/crater-agent-workspace/rustup-home:/opt/rustwide/rustup-home:ro,Z" "-e" "SOURCE_DIR=/opt/rustwide/workdir" "-e" "CARGO_TARGET_DIR=/opt/rustwide/target" "-e" "CARGO_HOME=/opt/rustwide/cargo-home" "-e" "RUSTUP_HOME=/opt/rustwide/rustup-home" "-w" "/opt/rustwide/workdir" "-m" "1610612736" "--user" "0:0" "--network" "none" "ghcr.io/rust-lang/crates-build-env/linux@sha256:f3a9d4ad9d972b27faf3965f35b62e55ba32bbce8f20bc8fe909558a86702fde" "/opt/rustwide/cargo-home/bin/cargo" "+beta-2024-12-08" "metadata" "--no-deps" "--format-version=1", kill_on_drop: false }`
[INFO] [stdout] af525b68787c9cab7cf5bcdab9a7f600e57ff3fe9a98cadddffc3d8aa2e67dd4
[INFO] running `Command { std: "docker" "start" "-a" "af525b68787c9cab7cf5bcdab9a7f600e57ff3fe9a98cadddffc3d8aa2e67dd4", kill_on_drop: false }`
[INFO] running `Command { std: "docker" "inspect" "af525b68787c9cab7cf5bcdab9a7f600e57ff3fe9a98cadddffc3d8aa2e67dd4", kill_on_drop: false }`
[INFO] running `Command { std: "docker" "rm" "-f" "af525b68787c9cab7cf5bcdab9a7f600e57ff3fe9a98cadddffc3d8aa2e67dd4", kill_on_drop: false }`
[INFO] [stdout] af525b68787c9cab7cf5bcdab9a7f600e57ff3fe9a98cadddffc3d8aa2e67dd4
[INFO] running `Command { std: "docker" "create" "-v" "/var/lib/crater-agent-workspace/builds/worker-5-tc2/target:/opt/rustwide/target:rw,Z" "-v" "/var/lib/crater-agent-workspace/builds/worker-5-tc2/source:/opt/rustwide/workdir:ro,Z" "-v" "/var/lib/crater-agent-workspace/cargo-home:/opt/rustwide/cargo-home:ro,Z" "-v" "/var/lib/crater-agent-workspace/rustup-home:/opt/rustwide/rustup-home:ro,Z" "-e" "SOURCE_DIR=/opt/rustwide/workdir" "-e" "CARGO_TARGET_DIR=/opt/rustwide/target" "-e" "CARGO_INCREMENTAL=0" "-e" "RUST_BACKTRACE=full" "-e" "RUSTFLAGS=--cap-lints=warn" "-e" "RUSTDOCFLAGS=--cap-lints=warn" "-e" "CARGO_HOME=/opt/rustwide/cargo-home" "-e" "RUSTUP_HOME=/opt/rustwide/rustup-home" "-w" "/opt/rustwide/workdir" "-m" "1610612736" "--user" "0:0" "--network" "none" "ghcr.io/rust-lang/crates-build-env/linux@sha256:f3a9d4ad9d972b27faf3965f35b62e55ba32bbce8f20bc8fe909558a86702fde" "/opt/rustwide/cargo-home/bin/cargo" "+beta-2024-12-08" "build" "--frozen" "--message-format=json", kill_on_drop: false }`
[INFO] [stdout] 1d523d0b46c4449b3af22d5e82e8fc5da951707441de7401bb003e301e9a0695
[INFO] running `Command { std: "docker" "start" "-a" "1d523d0b46c4449b3af22d5e82e8fc5da951707441de7401bb003e301e9a0695", kill_on_drop: false }`
[INFO] [stderr]    Compiling bs_crate v0.1.5 (/opt/rustwide/workdir)
[INFO] [stderr]     Finished `dev` profile [unoptimized + debuginfo] target(s) in 0.27s
[INFO] running `Command { std: "docker" "inspect" "1d523d0b46c4449b3af22d5e82e8fc5da951707441de7401bb003e301e9a0695", kill_on_drop: false }`
[INFO] running `Command { std: "docker" "rm" "-f" "1d523d0b46c4449b3af22d5e82e8fc5da951707441de7401bb003e301e9a0695", kill_on_drop: false }`
[INFO] [stdout] 1d523d0b46c4449b3af22d5e82e8fc5da951707441de7401bb003e301e9a0695
[INFO] running `Command { std: "docker" "create" "-v" "/var/lib/crater-agent-workspace/builds/worker-5-tc2/target:/opt/rustwide/target:rw,Z" "-v" "/var/lib/crater-agent-workspace/builds/worker-5-tc2/source:/opt/rustwide/workdir:ro,Z" "-v" "/var/lib/crater-agent-workspace/cargo-home:/opt/rustwide/cargo-home:ro,Z" "-v" "/var/lib/crater-agent-workspace/rustup-home:/opt/rustwide/rustup-home:ro,Z" "-e" "SOURCE_DIR=/opt/rustwide/workdir" "-e" "CARGO_TARGET_DIR=/opt/rustwide/target" "-e" "CARGO_INCREMENTAL=0" "-e" "RUST_BACKTRACE=full" "-e" "RUSTFLAGS=--cap-lints=warn" "-e" "RUSTDOCFLAGS=--cap-lints=warn" "-e" "CARGO_HOME=/opt/rustwide/cargo-home" "-e" "RUSTUP_HOME=/opt/rustwide/rustup-home" "-w" "/opt/rustwide/workdir" "-m" "1610612736" "--user" "0:0" "--network" "none" "ghcr.io/rust-lang/crates-build-env/linux@sha256:f3a9d4ad9d972b27faf3965f35b62e55ba32bbce8f20bc8fe909558a86702fde" "/opt/rustwide/cargo-home/bin/cargo" "+beta-2024-12-08" "test" "--frozen" "--no-run" "--message-format=json", kill_on_drop: false }`
[INFO] [stdout] 6481bd47708a8a9255a2ad5f74d48bc3523fce3dd134992b273362e32b78b669
[INFO] running `Command { std: "docker" "start" "-a" "6481bd47708a8a9255a2ad5f74d48bc3523fce3dd134992b273362e32b78b669", kill_on_drop: false }`
[INFO] [stderr]    Compiling bs_crate v0.1.5 (/opt/rustwide/workdir)
[INFO] [stderr]     Finished `test` profile [unoptimized + debuginfo] target(s) in 0.53s
[INFO] running `Command { std: "docker" "inspect" "6481bd47708a8a9255a2ad5f74d48bc3523fce3dd134992b273362e32b78b669", kill_on_drop: false }`
[INFO] running `Command { std: "docker" "rm" "-f" "6481bd47708a8a9255a2ad5f74d48bc3523fce3dd134992b273362e32b78b669", kill_on_drop: false }`
[INFO] [stdout] 6481bd47708a8a9255a2ad5f74d48bc3523fce3dd134992b273362e32b78b669
[INFO] running `Command { std: "docker" "create" "-v" "/var/lib/crater-agent-workspace/builds/worker-5-tc2/target:/opt/rustwide/target:rw,Z" "-v" "/var/lib/crater-agent-workspace/builds/worker-5-tc2/source:/opt/rustwide/workdir:ro,Z" "-v" "/var/lib/crater-agent-workspace/cargo-home:/opt/rustwide/cargo-home:ro,Z" "-v" "/var/lib/crater-agent-workspace/rustup-home:/opt/rustwide/rustup-home:ro,Z" "-e" "SOURCE_DIR=/opt/rustwide/workdir" "-e" "CARGO_TARGET_DIR=/opt/rustwide/target" "-e" "CARGO_INCREMENTAL=0" "-e" "RUST_BACKTRACE=full" "-e" "RUSTFLAGS=--cap-lints=warn" "-e" "RUSTDOCFLAGS=--cap-lints=warn" "-e" "CARGO_HOME=/opt/rustwide/cargo-home" "-e" "RUSTUP_HOME=/opt/rustwide/rustup-home" "-w" "/opt/rustwide/workdir" "-m" "1610612736" "--user" "0:0" "--network" "none" "ghcr.io/rust-lang/crates-build-env/linux@sha256:f3a9d4ad9d972b27faf3965f35b62e55ba32bbce8f20bc8fe909558a86702fde" "/opt/rustwide/cargo-home/bin/cargo" "+beta-2024-12-08" "test" "--frozen", kill_on_drop: false }`
[INFO] [stdout] 2daf8d920d8f241e689cf467602f84c6e90666c6aba13e6b1e66bb5bbdbd3278
[INFO] running `Command { std: "docker" "start" "-a" "2daf8d920d8f241e689cf467602f84c6e90666c6aba13e6b1e66bb5bbdbd3278", kill_on_drop: false }`
[INFO] [stderr]     Finished `test` profile [unoptimized + debuginfo] target(s) in 0.02s
[INFO] [stderr]      Running unittests src/lib.rs (/opt/rustwide/target/debug/deps/bs_crate-b223b368204b6db2)
[INFO] [stdout] 
[INFO] [stdout] running 7 tests
[INFO] [stdout] test tests::is_palindrome_check_zero ... ok
[INFO] [stdout] test tests::first_10_palindromes_check_first_one ... ok
[INFO] [stdout] test tests::first_10_palindromes_check_first_three ... ok
[INFO] [stdout] test tests::is_palindrome_check_random ... ok
[INFO] [stdout] test tests::is_palindrome_check_above_limit - should panic ... ok
[INFO] [stdout] test tests::first_10_palindromes_check_last_one ... ok
[INFO] [stdout] test tests::first_10_palindromes_check_above_limit ... ok
[INFO] [stdout] 
[INFO] [stdout] test result: ok. 7 passed; 0 failed; 0 ignored; 0 measured; 0 filtered out; finished in 0.53s
[INFO] [stdout] 
[INFO] [stderr]    Doc-tests bs_crate
[INFO] [stdout] 
[INFO] [stdout] running 2 tests
[INFO] [stdout] test src/lib.rs - is_palindrome (line 73) ... FAILED
[INFO] [stdout] test src/lib.rs - first_n_palindromes (line 91) ... FAILED
[INFO] [stdout] 
[INFO] [stdout] failures:
[INFO] [stdout] 
[INFO] [stdout] ---- src/lib.rs - is_palindrome (line 73) stdout ----
[INFO] [stdout] error[E0425]: cannot find function `is_palindrome` in this scope
[INFO] [stdout]  --> src/lib.rs:75:9
[INFO] [stdout]   |
[INFO] [stdout] 4 | assert!(is_palindrome(x));
[INFO] [stdout]   |         ^^^^^^^^^^^^^ not found in this scope
[INFO] [stdout]   |
[INFO] [stdout] help: consider importing this function
[INFO] [stdout]   |
[INFO] [stdout] 2 + use bs_crate::is_palindrome;
[INFO] [stdout]   |
[INFO] [stdout] 
[INFO] [stdout] error: aborting due to 1 previous error
[INFO] [stdout] 
[INFO] [stdout] For more information about this error, try `rustc --explain E0425`.
[INFO] [stdout] Couldn't compile the test.
[INFO] [stdout] ---- src/lib.rs - first_n_palindromes (line 91) stdout ----
[INFO] [stdout] error[E0425]: cannot find function `first_n_palindromes` in this scope
[INFO] [stdout]  --> src/lib.rs:92:28
[INFO] [stdout]   |
[INFO] [stdout] 3 | let first_10_palindromes = first_n_palindromes(10);
[INFO] [stdout]   |                            ^^^^^^^^^^^^^^^^^^^ not found in this scope
[INFO] [stdout]   |
[INFO] [stdout] help: consider importing this function
[INFO] [stdout]   |
[INFO] [stdout] 2 + use bs_crate::first_n_palindromes;
[INFO] [stdout]   |
[INFO] [stdout] 
[INFO] [stdout] error: aborting due to 1 previous error
[INFO] [stdout] 
[INFO] [stdout] For more information about this error, try `rustc --explain E0425`.
[INFO] [stdout] Couldn't compile the test.
[INFO] [stdout] 
[INFO] [stdout] failures:
[INFO] [stdout]     src/lib.rs - first_n_palindromes (line 91)
[INFO] [stdout]     src/lib.rs - is_palindrome (line 73)
[INFO] [stdout] 
[INFO] [stdout] test result: FAILED. 0 passed; 2 failed; 0 ignored; 0 measured; 0 filtered out; finished in 0.10s
[INFO] [stdout] 
[INFO] [stderr] error: doctest failed, to rerun pass `--doc`
[INFO] running `Command { std: "docker" "inspect" "2daf8d920d8f241e689cf467602f84c6e90666c6aba13e6b1e66bb5bbdbd3278", kill_on_drop: false }`
[INFO] running `Command { std: "docker" "rm" "-f" "2daf8d920d8f241e689cf467602f84c6e90666c6aba13e6b1e66bb5bbdbd3278", kill_on_drop: false }`
[INFO] [stdout] 2daf8d920d8f241e689cf467602f84c6e90666c6aba13e6b1e66bb5bbdbd3278
