[INFO] fetching crate bright-lightning 0.1.1...
[INFO] testing bright-lightning-0.1.1 against beta-2024-12-08 for beta-1.84.0-4-retry
[INFO] extracting crate bright-lightning 0.1.1 into /workspace/builds/worker-3-tc2/source
[INFO] validating manifest of crates.io crate bright-lightning 0.1.1 on toolchain beta-2024-12-08
[INFO] running `Command { std: CARGO_HOME="/workspace/cargo-home" RUSTUP_HOME="/workspace/rustup-home" "/workspace/cargo-home/bin/cargo" "+beta-2024-12-08" "metadata" "--manifest-path" "Cargo.toml" "--no-deps", kill_on_drop: false }`
[INFO] started tweaking crates.io crate bright-lightning 0.1.1
[INFO] finished tweaking crates.io crate bright-lightning 0.1.1
[INFO] tweaked toml for crates.io crate bright-lightning 0.1.1 written to /workspace/builds/worker-3-tc2/source/Cargo.toml
[INFO] running `Command { std: CARGO_HOME="/workspace/cargo-home" RUSTUP_HOME="/workspace/rustup-home" "/workspace/cargo-home/bin/cargo" "+beta-2024-12-08" "generate-lockfile" "--manifest-path" "Cargo.toml", kill_on_drop: false }`
[INFO] [stderr]     Updating crates.io index
[INFO] [stderr]      Locking 220 packages to latest compatible versions
[INFO] running `Command { std: CARGO_HOME="/workspace/cargo-home" RUSTUP_HOME="/workspace/rustup-home" "/workspace/cargo-home/bin/cargo" "+beta-2024-12-08" "fetch" "--manifest-path" "Cargo.toml", kill_on_drop: false }`
[INFO] running `Command { std: "docker" "create" "-v" "/var/lib/crater-agent-workspace/builds/worker-3-tc2/target:/opt/rustwide/target:rw,Z" "-v" "/var/lib/crater-agent-workspace/builds/worker-3-tc2/source:/opt/rustwide/workdir:ro,Z" "-v" "/var/lib/crater-agent-workspace/cargo-home:/opt/rustwide/cargo-home:ro,Z" "-v" "/var/lib/crater-agent-workspace/rustup-home:/opt/rustwide/rustup-home:ro,Z" "-e" "SOURCE_DIR=/opt/rustwide/workdir" "-e" "CARGO_TARGET_DIR=/opt/rustwide/target" "-e" "CARGO_HOME=/opt/rustwide/cargo-home" "-e" "RUSTUP_HOME=/opt/rustwide/rustup-home" "-w" "/opt/rustwide/workdir" "-m" "1610612736" "--user" "0:0" "--network" "none" "ghcr.io/rust-lang/crates-build-env/linux@sha256:f3a9d4ad9d972b27faf3965f35b62e55ba32bbce8f20bc8fe909558a86702fde" "/opt/rustwide/cargo-home/bin/cargo" "+beta-2024-12-08" "metadata" "--no-deps" "--format-version=1", kill_on_drop: false }`
[INFO] [stdout] 0a97903368522e2d85a4e533c88304748f5e3d9fa2c8c8e8e54244f670dc207e
[INFO] running `Command { std: "docker" "start" "-a" "0a97903368522e2d85a4e533c88304748f5e3d9fa2c8c8e8e54244f670dc207e", kill_on_drop: false }`
[INFO] running `Command { std: "docker" "inspect" "0a97903368522e2d85a4e533c88304748f5e3d9fa2c8c8e8e54244f670dc207e", kill_on_drop: false }`
[INFO] running `Command { std: "docker" "rm" "-f" "0a97903368522e2d85a4e533c88304748f5e3d9fa2c8c8e8e54244f670dc207e", kill_on_drop: false }`
[INFO] [stdout] 0a97903368522e2d85a4e533c88304748f5e3d9fa2c8c8e8e54244f670dc207e
[INFO] running `Command { std: "docker" "create" "-v" "/var/lib/crater-agent-workspace/builds/worker-3-tc2/target:/opt/rustwide/target:rw,Z" "-v" "/var/lib/crater-agent-workspace/builds/worker-3-tc2/source:/opt/rustwide/workdir:ro,Z" "-v" "/var/lib/crater-agent-workspace/cargo-home:/opt/rustwide/cargo-home:ro,Z" "-v" "/var/lib/crater-agent-workspace/rustup-home:/opt/rustwide/rustup-home:ro,Z" "-e" "SOURCE_DIR=/opt/rustwide/workdir" "-e" "CARGO_TARGET_DIR=/opt/rustwide/target" "-e" "CARGO_INCREMENTAL=0" "-e" "RUST_BACKTRACE=full" "-e" "RUSTFLAGS=--cap-lints=warn" "-e" "RUSTDOCFLAGS=--cap-lints=warn" "-e" "CARGO_HOME=/opt/rustwide/cargo-home" "-e" "RUSTUP_HOME=/opt/rustwide/rustup-home" "-w" "/opt/rustwide/workdir" "-m" "1610612736" "--user" "0:0" "--network" "none" "ghcr.io/rust-lang/crates-build-env/linux@sha256:f3a9d4ad9d972b27faf3965f35b62e55ba32bbce8f20bc8fe909558a86702fde" "/opt/rustwide/cargo-home/bin/cargo" "+beta-2024-12-08" "build" "--frozen" "--message-format=json", kill_on_drop: false }`
[INFO] [stdout] 92e8128b2175aeffb852fa52491e0c4ba653bed186cc8c0b37484f7686af5295
[INFO] running `Command { std: "docker" "start" "-a" "92e8128b2175aeffb852fa52491e0c4ba653bed186cc8c0b37484f7686af5295", kill_on_drop: false }`
[INFO] [stderr]    Compiling proc-macro2 v1.0.92
[INFO] [stderr]    Compiling unicode-ident v1.0.14
[INFO] [stderr]    Compiling cfg-if v1.0.0
[INFO] [stderr]    Compiling libc v0.2.168
[INFO] [stderr]    Compiling shlex v1.3.0
[INFO] [stderr]    Compiling autocfg v1.4.0
[INFO] [stderr]    Compiling smallvec v1.13.2
[INFO] [stderr]    Compiling once_cell v1.20.2
[INFO] [stderr]    Compiling pin-project-lite v0.2.15
[INFO] [stderr]    Compiling bytes v1.9.0
[INFO] [stderr]    Compiling stable_deref_trait v1.2.0
[INFO] [stderr]    Compiling vcpkg v0.2.15
[INFO] [stderr]    Compiling pkg-config v0.3.31
[INFO] [stderr]    Compiling parking_lot_core v0.9.10
[INFO] [stderr]    Compiling itoa v1.0.14
[INFO] [stderr]    Compiling scopeguard v1.2.0
[INFO] [stderr]    Compiling futures-core v0.3.31
[INFO] [stderr]    Compiling fnv v1.0.7
[INFO] [stderr]    Compiling cc v1.2.4
[INFO] [stderr]    Compiling typenum v1.17.0
[INFO] [stderr]    Compiling version_check v0.9.5
[INFO] [stderr]    Compiling log v0.4.22
[INFO] [stderr]    Compiling writeable v0.5.5
[INFO] [stderr]    Compiling litemap v0.7.4
[INFO] [stderr]    Compiling futures-sink v0.3.31
[INFO] [stderr]    Compiling bitcoin-io v0.1.3
[INFO] [stderr]    Compiling foreign-types-shared v0.1.1
[INFO] [stderr]    Compiling tracing-core v0.1.33
[INFO] [stderr]    Compiling openssl v0.10.68
[INFO] [stderr]    Compiling httparse v1.9.5
[INFO] [stderr]    Compiling foreign-types v0.3.2
[INFO] [stderr]    Compiling icu_locid_transform_data v1.5.0
[INFO] [stderr]    Compiling native-tls v0.2.12
[INFO] [stderr]    Compiling lock_api v0.4.12
[INFO] [stderr]    Compiling slab v0.4.9
[INFO] [stderr]    Compiling bitcoin-internals v0.3.0
[INFO] [stderr]    Compiling generic-array v0.14.7
[INFO] [stderr]    Compiling pin-utils v0.1.0
[INFO] [stderr]    Compiling arrayvec v0.7.6
[INFO] [stderr]    Compiling http v1.2.0
[INFO] [stderr]    Compiling bitflags v2.6.0
[INFO] [stderr]    Compiling futures-task v0.3.31
[INFO] [stderr]    Compiling hex-conservative v0.2.1
[INFO] [stderr]    Compiling openssl-probe v0.1.5
[INFO] [stderr]    Compiling equivalent v1.0.1
[INFO] [stderr]    Compiling hashbrown v0.15.2
[INFO] [stderr]    Compiling icu_properties_data v1.5.0
[INFO] [stderr]    Compiling byteorder v1.5.0
[INFO] [stderr]    Compiling write16 v1.0.0
[INFO] [stderr]    Compiling quote v1.0.37
[INFO] [stderr]    Compiling utf8_iter v1.0.4
[INFO] [stderr]    Compiling try-lock v0.2.5
[INFO] [stderr]    Compiling utf16_iter v1.0.5
[INFO] [stderr]    Compiling signal-hook-registry v1.4.2
[INFO] [stderr]    Compiling mio v1.0.3
[INFO] [stderr]    Compiling socket2 v0.5.8
[INFO] [stderr]    Compiling bitcoin_hashes v0.14.0
[INFO] [stderr]    Compiling getrandom v0.2.15
[INFO] [stderr]    Compiling icu_normalizer_data v1.5.0
[INFO] [stderr]    Compiling serde v1.0.216
[INFO] [stderr]    Compiling hex_lit v0.1.1
[INFO] [stderr]    Compiling syn v2.0.90
[INFO] [stderr]    Compiling atomic-waker v1.1.2
[INFO] [stderr]    Compiling want v0.3.1
[INFO] [stderr]    Compiling rand_core v0.6.4
[INFO] [stderr]    Compiling futures-channel v0.3.31
[INFO] [stderr]    Compiling regex-syntax v0.6.29
[INFO] [stderr]    Compiling parking_lot v0.12.3
[INFO] [stderr]    Compiling percent-encoding v2.3.1
[INFO] [stderr]    Compiling thiserror v1.0.69
[INFO] [stderr]    Compiling regex-syntax v0.8.5
[INFO] [stderr]    Compiling http-body v1.0.1
[INFO] [stderr]    Compiling bitcoin v0.32.5
[INFO] [stderr]    Compiling cpufeatures v0.2.16
[INFO] [stderr]    Compiling form_urlencoded v1.2.1
[INFO] [stderr]    Compiling indexmap v2.7.0
[INFO] [stderr]    Compiling bitcoin-units v0.1.2
[INFO] [stderr]    Compiling bech32 v0.11.0
[INFO] [stderr]    Compiling overload v0.1.1
[INFO] [stderr]    Compiling lazy_static v1.5.0
[INFO] [stderr]    Compiling tower-service v0.3.3
[INFO] [stderr]    Compiling ryu v1.0.18
[INFO] [stderr]    Compiling serde_json v1.0.133
[INFO] [stderr]    Compiling sharded-slab v0.1.7
[INFO] [stderr]    Compiling nu-ansi-term v0.46.0
[INFO] [stderr]    Compiling block-buffer v0.10.4
[INFO] [stderr]    Compiling crypto-common v0.1.6
[INFO] [stderr]    Compiling tracing-log v0.2.0
[INFO] [stderr]    Compiling thread_local v1.1.8
[INFO] [stderr]    Compiling digest v0.10.7
[INFO] [stderr]    Compiling anyhow v1.0.94
[INFO] [stderr]    Compiling memchr v2.7.4
[INFO] [stderr]    Compiling bech32 v0.9.1
[INFO] [stderr]    Compiling openssl-sys v0.9.104
[INFO] [stderr]    Compiling secp256k1-sys v0.10.1
[INFO] [stderr]    Compiling data-encoding v2.6.0
[INFO] [stderr]    Compiling sha1 v0.10.6
[INFO] [stderr]    Compiling utf-8 v0.7.6
[INFO] [stderr]    Compiling rustls-pki-types v1.10.1
[INFO] [stderr]    Compiling sync_wrapper v1.0.2
[INFO] [stderr]    Compiling encoding_rs v0.8.35
[INFO] [stderr]    Compiling ipnet v2.10.1
[INFO] [stderr]    Compiling mime v0.3.17
[INFO] [stderr]    Compiling base64 v0.22.1
[INFO] [stderr]    Compiling base58ck v0.1.0
[INFO] [stderr]    Compiling sha2 v0.10.8
[INFO] [stderr]    Compiling rustls-pemfile v2.2.0
[INFO] [stderr]    Compiling regex-automata v0.4.9
[INFO] [stderr]    Compiling regex-automata v0.1.10
[INFO] [stderr]    Compiling regex v1.11.1
[INFO] [stderr]    Compiling matchers v0.1.0
[INFO] [stderr]    Compiling synstructure v0.13.1
[INFO] [stderr]    Compiling zerofrom-derive v0.1.5
[INFO] [stderr]    Compiling yoke-derive v0.7.5
[INFO] [stderr]    Compiling zerovec-derive v0.10.3
[INFO] [stderr]    Compiling displaydoc v0.2.5
[INFO] [stderr]    Compiling tokio-macros v2.4.0
[INFO] [stderr]    Compiling tracing-attributes v0.1.28
[INFO] [stderr]    Compiling icu_provider_macros v1.5.0
[INFO] [stderr]    Compiling openssl-macros v0.1.1
[INFO] [stderr]    Compiling futures-macro v0.3.31
[INFO] [stderr]    Compiling zerocopy-derive v0.7.35
[INFO] [stderr]    Compiling serde_derive v1.0.216
[INFO] [stderr]    Compiling thiserror-impl v1.0.69
[INFO] [stderr]    Compiling tracing-test-macro v0.2.5
[INFO] [stderr]    Compiling secp256k1 v0.29.1
[INFO] [stderr]    Compiling secp256k1 v0.30.0
[INFO] [stderr]    Compiling tokio v1.42.0
[INFO] [stderr]    Compiling zerocopy v0.7.35
[INFO] [stderr]    Compiling futures-util v0.3.31
[INFO] [stderr]    Compiling zerofrom v0.1.5
[INFO] [stderr]    Compiling tracing v0.1.41
[INFO] [stderr]    Compiling yoke v0.7.5
[INFO] [stderr]    Compiling zerovec v0.10.4
[INFO] [stderr]    Compiling tracing-subscriber v0.3.19
[INFO] [stderr]    Compiling ppv-lite86 v0.2.20
[INFO] [stderr]    Compiling rand_chacha v0.3.1
[INFO] [stderr]    Compiling rand v0.8.5
[INFO] [stderr]    Compiling tinystr v0.7.6
[INFO] [stderr]    Compiling icu_collections v1.5.0
[INFO] [stderr]    Compiling icu_locid v1.5.0
[INFO] [stderr]    Compiling tracing-test v0.2.5
[INFO] [stderr]    Compiling icu_provider v1.5.0
[INFO] [stderr]    Compiling icu_locid_transform v1.5.0
[INFO] [stderr]    Compiling http-body-util v0.1.2
[INFO] [stderr]    Compiling tungstenite v0.24.0
[INFO] [stderr]    Compiling lightning-types v0.1.0
[INFO] [stderr]    Compiling icu_properties v1.5.1
[INFO] [stderr]    Compiling lightning-invoice v0.32.0
[INFO] [stderr]    Compiling tokio-util v0.7.13
[INFO] [stderr]    Compiling tokio-native-tls v0.3.1
[INFO] [stderr]    Compiling tokio-tungstenite v0.24.0
[INFO] [stderr]    Compiling icu_normalizer v1.5.0
[INFO] [stderr]    Compiling serde_urlencoded v0.7.1
[INFO] [stderr]    Compiling h2 v0.4.7
[INFO] [stderr]    Compiling idna_adapter v1.2.0
[INFO] [stderr]    Compiling idna v1.0.3
[INFO] [stderr]    Compiling url v2.5.4
[INFO] [stderr]    Compiling hyper v1.5.1
[INFO] [stderr]    Compiling hyper-util v0.1.10
[INFO] [stderr]    Compiling hyper-tls v0.6.0
[INFO] [stderr]    Compiling reqwest v0.12.9
[INFO] [stderr]    Compiling bright-lightning v0.1.1 (/opt/rustwide/workdir)
[INFO] [stderr]     Finished `dev` profile [unoptimized + debuginfo] target(s) in 1m 20s
[INFO] running `Command { std: "docker" "inspect" "92e8128b2175aeffb852fa52491e0c4ba653bed186cc8c0b37484f7686af5295", kill_on_drop: false }`
[INFO] running `Command { std: "docker" "rm" "-f" "92e8128b2175aeffb852fa52491e0c4ba653bed186cc8c0b37484f7686af5295", kill_on_drop: false }`
[INFO] [stdout] 92e8128b2175aeffb852fa52491e0c4ba653bed186cc8c0b37484f7686af5295
[INFO] running `Command { std: "docker" "create" "-v" "/var/lib/crater-agent-workspace/builds/worker-3-tc2/target:/opt/rustwide/target:rw,Z" "-v" "/var/lib/crater-agent-workspace/builds/worker-3-tc2/source:/opt/rustwide/workdir:ro,Z" "-v" "/var/lib/crater-agent-workspace/cargo-home:/opt/rustwide/cargo-home:ro,Z" "-v" "/var/lib/crater-agent-workspace/rustup-home:/opt/rustwide/rustup-home:ro,Z" "-e" "SOURCE_DIR=/opt/rustwide/workdir" "-e" "CARGO_TARGET_DIR=/opt/rustwide/target" "-e" "CARGO_INCREMENTAL=0" "-e" "RUST_BACKTRACE=full" "-e" "RUSTFLAGS=--cap-lints=warn" "-e" "RUSTDOCFLAGS=--cap-lints=warn" "-e" "CARGO_HOME=/opt/rustwide/cargo-home" "-e" "RUSTUP_HOME=/opt/rustwide/rustup-home" "-w" "/opt/rustwide/workdir" "-m" "1610612736" "--user" "0:0" "--network" "none" "ghcr.io/rust-lang/crates-build-env/linux@sha256:f3a9d4ad9d972b27faf3965f35b62e55ba32bbce8f20bc8fe909558a86702fde" "/opt/rustwide/cargo-home/bin/cargo" "+beta-2024-12-08" "test" "--frozen" "--no-run" "--message-format=json", kill_on_drop: false }`
[INFO] [stdout] 510a88a332e95ba3eb2ff10fb9473579523275296ca1f2392582407446de22e0
[INFO] running `Command { std: "docker" "start" "-a" "510a88a332e95ba3eb2ff10fb9473579523275296ca1f2392582407446de22e0", kill_on_drop: false }`
[INFO] [stderr]    Compiling bright-lightning v0.1.1 (/opt/rustwide/workdir)
[INFO] [stderr]     Finished `test` profile [unoptimized + debuginfo] target(s) in 7.53s
[INFO] running `Command { std: "docker" "inspect" "510a88a332e95ba3eb2ff10fb9473579523275296ca1f2392582407446de22e0", kill_on_drop: false }`
[INFO] running `Command { std: "docker" "rm" "-f" "510a88a332e95ba3eb2ff10fb9473579523275296ca1f2392582407446de22e0", kill_on_drop: false }`
[INFO] [stdout] 510a88a332e95ba3eb2ff10fb9473579523275296ca1f2392582407446de22e0
[INFO] running `Command { std: "docker" "create" "-v" "/var/lib/crater-agent-workspace/builds/worker-3-tc2/target:/opt/rustwide/target:rw,Z" "-v" "/var/lib/crater-agent-workspace/builds/worker-3-tc2/source:/opt/rustwide/workdir:ro,Z" "-v" "/var/lib/crater-agent-workspace/cargo-home:/opt/rustwide/cargo-home:ro,Z" "-v" "/var/lib/crater-agent-workspace/rustup-home:/opt/rustwide/rustup-home:ro,Z" "-e" "SOURCE_DIR=/opt/rustwide/workdir" "-e" "CARGO_TARGET_DIR=/opt/rustwide/target" "-e" "CARGO_INCREMENTAL=0" "-e" "RUST_BACKTRACE=full" "-e" "RUSTFLAGS=--cap-lints=warn" "-e" "RUSTDOCFLAGS=--cap-lints=warn" "-e" "CARGO_HOME=/opt/rustwide/cargo-home" "-e" "RUSTUP_HOME=/opt/rustwide/rustup-home" "-w" "/opt/rustwide/workdir" "-m" "1610612736" "--user" "0:0" "--network" "none" "ghcr.io/rust-lang/crates-build-env/linux@sha256:f3a9d4ad9d972b27faf3965f35b62e55ba32bbce8f20bc8fe909558a86702fde" "/opt/rustwide/cargo-home/bin/cargo" "+beta-2024-12-08" "test" "--frozen", kill_on_drop: false }`
[INFO] [stdout] 121861048fd6f7b61577e0a710cd8101361287425886a1238f9327bdadfa9651
[INFO] running `Command { std: "docker" "start" "-a" "121861048fd6f7b61577e0a710cd8101361287425886a1238f9327bdadfa9651", kill_on_drop: false }`
[INFO] [stderr]     Finished `test` profile [unoptimized + debuginfo] target(s) in 0.22s
[INFO] [stderr]      Running unittests src/lib.rs (/opt/rustwide/target/debug/deps/bright_lightning-cacac8abf126d4e5)
[INFO] [stdout] 
[INFO] [stdout] running 4 tests
[INFO] [stdout] test lnd::rest_client::test::test_connection ... FAILED
[INFO] [stdout] test lnd::rest_client::test::get_hodl_invoice ... FAILED
[INFO] [stdout] test lnd::websocket::test::check_invoice_paid ... FAILED
[INFO] [stdout] test ln_address::tests::get_ln_url_invoice ... FAILED
[INFO] [stdout] 
[INFO] [stdout] failures:
[INFO] [stdout] 
[INFO] [stdout] ---- lnd::rest_client::test::test_connection stdout ----
[INFO] [stdout] Error: No such file or directory (os error 2)
[INFO] [stdout] 
[INFO] [stdout] Stack backtrace:
[INFO] [stdout]    0: anyhow::error::<impl core::convert::From<E> for anyhow::Error>::from
[INFO] [stdout]              at /opt/rustwide/cargo-home/registry/src/index.crates.io-6f17d22bba15001f/anyhow-1.0.94/src/backtrace.rs:27:14
[INFO] [stdout]    1: <core::result::Result<T,F> as core::ops::try_trait::FromResidual<core::result::Result<core::convert::Infallible,E>>>::from_residual
[INFO] [stdout]              at /rustc/202008a1b8de96d2e5b6bc02d379db03a877d34d/library/core/src/result.rs:2009:27
[INFO] [stdout]    2: bright_lightning::lnd::rest_client::LightningClient::macaroon
[INFO] [stdout]              at ./src/lnd/rest_client.rs:53:24
[INFO] [stdout]    3: bright_lightning::lnd::rest_client::LightningClient::new::{{closure}}
[INFO] [stdout]              at ./src/lnd/rest_client.rs:35:24
[INFO] [stdout]    4: bright_lightning::lnd::rest_client::test::test_connection::{{closure}}
[INFO] [stdout]              at ./src/lnd/rest_client.rs:171:86
[INFO] [stdout]    5: <core::pin::Pin<P> as core::future::future::Future>::poll
[INFO] [stdout]              at /rustc/202008a1b8de96d2e5b6bc02d379db03a877d34d/library/core/src/future/future.rs:124:9
[INFO] [stdout]    6: <core::pin::Pin<P> as core::future::future::Future>::poll
[INFO] [stdout]              at /rustc/202008a1b8de96d2e5b6bc02d379db03a877d34d/library/core/src/future/future.rs:124:9
[INFO] [stdout]    7: tokio::runtime::scheduler::current_thread::CoreGuard::block_on::{{closure}}::{{closure}}::{{closure}}
[INFO] [stdout]              at /opt/rustwide/cargo-home/registry/src/index.crates.io-6f17d22bba15001f/tokio-1.42.0/src/runtime/scheduler/current_thread/mod.rs:729:57
[INFO] [stdout]    8: tokio::runtime::coop::with_budget
[INFO] [stdout]              at /opt/rustwide/cargo-home/registry/src/index.crates.io-6f17d22bba15001f/tokio-1.42.0/src/runtime/coop.rs:107:5
[INFO] [stdout]    9: tokio::runtime::coop::budget
[INFO] [stdout]              at /opt/rustwide/cargo-home/registry/src/index.crates.io-6f17d22bba15001f/tokio-1.42.0/src/runtime/coop.rs:73:5
[INFO] [stdout]   10: tokio::runtime::scheduler::current_thread::CoreGuard::block_on::{{closure}}::{{closure}}
[INFO] [stdout]              at /opt/rustwide/cargo-home/registry/src/index.crates.io-6f17d22bba15001f/tokio-1.42.0/src/runtime/scheduler/current_thread/mod.rs:729:25
[INFO] [stdout]   11: tokio::runtime::scheduler::current_thread::Context::enter
[INFO] [stdout]              at /opt/rustwide/cargo-home/registry/src/index.crates.io-6f17d22bba15001f/tokio-1.42.0/src/runtime/scheduler/current_thread/mod.rs:428:19
[INFO] [stdout]   12: tokio::runtime::scheduler::current_thread::CoreGuard::block_on::{{closure}}
[INFO] [stdout]              at /opt/rustwide/cargo-home/registry/src/index.crates.io-6f17d22bba15001f/tokio-1.42.0/src/runtime/scheduler/current_thread/mod.rs:728:36
[INFO] [stdout]   13: tokio::runtime::scheduler::current_thread::CoreGuard::enter::{{closure}}
[INFO] [stdout]              at /opt/rustwide/cargo-home/registry/src/index.crates.io-6f17d22bba15001f/tokio-1.42.0/src/runtime/scheduler/current_thread/mod.rs:807:68
[INFO] [stdout]   14: tokio::runtime::context::scoped::Scoped<T>::set
[INFO] [stdout]              at /opt/rustwide/cargo-home/registry/src/index.crates.io-6f17d22bba15001f/tokio-1.42.0/src/runtime/context/scoped.rs:40:9
[INFO] [stdout]   15: tokio::runtime::context::set_scheduler::{{closure}}
[INFO] [stdout]              at /opt/rustwide/cargo-home/registry/src/index.crates.io-6f17d22bba15001f/tokio-1.42.0/src/runtime/context.rs:180:26
[INFO] [stdout]   16: std::thread::local::LocalKey<T>::try_with
[INFO] [stdout]              at /rustc/202008a1b8de96d2e5b6bc02d379db03a877d34d/library/std/src/thread/local.rs:283:12
[INFO] [stdout]   17: std::thread::local::LocalKey<T>::with
[INFO] [stdout]              at /rustc/202008a1b8de96d2e5b6bc02d379db03a877d34d/library/std/src/thread/local.rs:260:9
[INFO] [stdout]   18: tokio::runtime::context::set_scheduler
[INFO] [stdout]              at /opt/rustwide/cargo-home/registry/src/index.crates.io-6f17d22bba15001f/tokio-1.42.0/src/runtime/context.rs:180:9
[INFO] [stdout]   19: tokio::runtime::scheduler::current_thread::CoreGuard::enter
[INFO] [stdout]              at /opt/rustwide/cargo-home/registry/src/index.crates.io-6f17d22bba15001f/tokio-1.42.0/src/runtime/scheduler/current_thread/mod.rs:807:27
[INFO] [stdout]   20: tokio::runtime::scheduler::current_thread::CoreGuard::block_on
[INFO] [stdout]              at /opt/rustwide/cargo-home/registry/src/index.crates.io-6f17d22bba15001f/tokio-1.42.0/src/runtime/scheduler/current_thread/mod.rs:716:19
[INFO] [stdout]   21: tokio::runtime::scheduler::current_thread::CurrentThread::block_on::{{closure}}
[INFO] [stdout]              at /opt/rustwide/cargo-home/registry/src/index.crates.io-6f17d22bba15001f/tokio-1.42.0/src/runtime/scheduler/current_thread/mod.rs:196:28
[INFO] [stdout]   22: tokio::runtime::context::runtime::enter_runtime
[INFO] [stdout]              at /opt/rustwide/cargo-home/registry/src/index.crates.io-6f17d22bba15001f/tokio-1.42.0/src/runtime/context/runtime.rs:65:16
[INFO] [stdout]   23: tokio::runtime::scheduler::current_thread::CurrentThread::block_on
[INFO] [stdout]              at /opt/rustwide/cargo-home/registry/src/index.crates.io-6f17d22bba15001f/tokio-1.42.0/src/runtime/scheduler/current_thread/mod.rs:184:9
[INFO] [stdout]   24: tokio::runtime::runtime::Runtime::block_on_inner
[INFO] [stdout]              at /opt/rustwide/cargo-home/registry/src/index.crates.io-6f17d22bba15001f/tokio-1.42.0/src/runtime/runtime.rs:368:47
[INFO] [stdout]   25: tokio::runtime::runtime::Runtime::block_on
[INFO] [stdout]              at /opt/rustwide/cargo-home/registry/src/index.crates.io-6f17d22bba15001f/tokio-1.42.0/src/runtime/runtime.rs:342:13
[INFO] [stdout]   26: bright_lightning::lnd::rest_client::test::test_connection
[INFO] [stdout]              at ./src/lnd/rest_client.rs:177:9
[INFO] [stdout]   27: bright_lightning::lnd::rest_client::test::test_connection::{{closure}}
[INFO] [stdout]              at ./src/lnd/rest_client.rs:170:35
[INFO] [stdout]   28: core::ops::function::FnOnce::call_once
[INFO] [stdout]              at /rustc/202008a1b8de96d2e5b6bc02d379db03a877d34d/library/core/src/ops/function.rs:250:5
[INFO] [stdout]   29: core::ops::function::FnOnce::call_once
[INFO] [stdout]              at /rustc/202008a1b8de96d2e5b6bc02d379db03a877d34d/library/core/src/ops/function.rs:250:5
[INFO] [stdout]   30: test::__rust_begin_short_backtrace
[INFO] [stdout]              at /rustc/202008a1b8de96d2e5b6bc02d379db03a877d34d/library/test/src/lib.rs:632:18
[INFO] [stdout]   31: test::run_test_in_process::{{closure}}
[INFO] [stdout]              at /rustc/202008a1b8de96d2e5b6bc02d379db03a877d34d/library/test/src/lib.rs:655:60
[INFO] [stdout]   32: <core::panic::unwind_safe::AssertUnwindSafe<F> as core::ops::function::FnOnce<()>>::call_once
[INFO] [stdout]              at /rustc/202008a1b8de96d2e5b6bc02d379db03a877d34d/library/core/src/panic/unwind_safe.rs:272:9
[INFO] [stdout]   33: std::panicking::try::do_call
[INFO] [stdout]              at /rustc/202008a1b8de96d2e5b6bc02d379db03a877d34d/library/std/src/panicking.rs:557:40
[INFO] [stdout]   34: std::panicking::try
[INFO] [stdout]              at /rustc/202008a1b8de96d2e5b6bc02d379db03a877d34d/library/std/src/panicking.rs:520:19
[INFO] [stdout]   35: std::panic::catch_unwind
[INFO] [stdout]              at /rustc/202008a1b8de96d2e5b6bc02d379db03a877d34d/library/std/src/panic.rs:358:14
[INFO] [stdout]   36: test::run_test_in_process
[INFO] [stdout]              at /rustc/202008a1b8de96d2e5b6bc02d379db03a877d34d/library/test/src/lib.rs:655:27
[INFO] [stdout]   37: test::run_test::{{closure}}
[INFO] [stdout]              at /rustc/202008a1b8de96d2e5b6bc02d379db03a877d34d/library/test/src/lib.rs:576:43
[INFO] [stdout]   38: test::run_test::{{closure}}
[INFO] [stdout]              at /rustc/202008a1b8de96d2e5b6bc02d379db03a877d34d/library/test/src/lib.rs:606:41
[INFO] [stdout]   39: std::sys::backtrace::__rust_begin_short_backtrace
[INFO] [stdout]              at /rustc/202008a1b8de96d2e5b6bc02d379db03a877d34d/library/std/src/sys/backtrace.rs:154:18
[INFO] [stdout]   40: std::thread::Builder::spawn_unchecked_::{{closure}}::{{closure}}
[INFO] [stdout]              at /rustc/202008a1b8de96d2e5b6bc02d379db03a877d34d/library/std/src/thread/mod.rs:561:17
[INFO] [stdout]   41: <core::panic::unwind_safe::AssertUnwindSafe<F> as core::ops::function::FnOnce<()>>::call_once
[INFO] [stdout]              at /rustc/202008a1b8de96d2e5b6bc02d379db03a877d34d/library/core/src/panic/unwind_safe.rs:272:9
[INFO] [stdout]   42: std::panicking::try::do_call
[INFO] [stdout]              at /rustc/202008a1b8de96d2e5b6bc02d379db03a877d34d/library/std/src/panicking.rs:557:40
[INFO] [stdout]   43: std::panicking::try
[INFO] [stdout]              at /rustc/202008a1b8de96d2e5b6bc02d379db03a877d34d/library/std/src/panicking.rs:520:19
[INFO] [stdout]   44: std::panic::catch_unwind
[INFO] [stdout]              at /rustc/202008a1b8de96d2e5b6bc02d379db03a877d34d/library/std/src/panic.rs:358:14
[INFO] [stdout]   45: std::thread::Builder::spawn_unchecked_::{{closure}}
[INFO] [stdout]              at /rustc/202008a1b8de96d2e5b6bc02d379db03a877d34d/library/std/src/thread/mod.rs:559:30
[INFO] [stdout]   46: core::ops::function::FnOnce::call_once{{vtable.shim}}
[INFO] [stdout]              at /rustc/202008a1b8de96d2e5b6bc02d379db03a877d34d/library/core/src/ops/function.rs:250:5
[INFO] [stdout]   47: <alloc::boxed::Box<F,A> as core::ops::function::FnOnce<Args>>::call_once
[INFO] [stdout]              at /rustc/202008a1b8de96d2e5b6bc02d379db03a877d34d/library/alloc/src/boxed.rs:1972:9
[INFO] [stdout]   48: <alloc::boxed::Box<F,A> as core::ops::function::FnOnce<Args>>::call_once
[INFO] [stdout]              at /rustc/202008a1b8de96d2e5b6bc02d379db03a877d34d/library/alloc/src/boxed.rs:1972:9
[INFO] [stdout]   49: std::sys::pal::unix::thread::Thread::new::thread_start
[INFO] [stdout]              at /rustc/202008a1b8de96d2e5b6bc02d379db03a877d34d/library/std/src/sys/pal/unix/thread.rs:105:17
[INFO] [stdout]   50: <unknown>
[INFO] [stdout]   51: clone
[INFO] [stdout] 
[INFO] [stdout] ---- lnd::rest_client::test::get_hodl_invoice stdout ----
[INFO] [stdout] Error: No such file or directory (os error 2)
[INFO] [stdout] 
[INFO] [stdout] Stack backtrace:
[INFO] [stdout]    0: anyhow::error::<impl core::convert::From<E> for anyhow::Error>::from
[INFO] [stdout]              at /opt/rustwide/cargo-home/registry/src/index.crates.io-6f17d22bba15001f/anyhow-1.0.94/src/backtrace.rs:27:14
[INFO] [stdout]    1: <core::result::Result<T,F> as core::ops::try_trait::FromResidual<core::result::Result<core::convert::Infallible,E>>>::from_residual
[INFO] [stdout]              at /rustc/202008a1b8de96d2e5b6bc02d379db03a877d34d/library/core/src/result.rs:2009:27
[INFO] [stdout]    2: bright_lightning::lnd::rest_client::LightningClient::macaroon
[INFO] [stdout]              at ./src/lnd/rest_client.rs:53:24
[INFO] [stdout]    3: bright_lightning::lnd::rest_client::LightningClient::new::{{closure}}
[INFO] [stdout]              at ./src/lnd/rest_client.rs:35:24
[INFO] [stdout]    4: bright_lightning::lnd::rest_client::test::get_hodl_invoice::{{closure}}
[INFO] [stdout]              at ./src/lnd/rest_client.rs:201:86
[INFO] [stdout]    5: <core::pin::Pin<P> as core::future::future::Future>::poll
[INFO] [stdout]              at /rustc/202008a1b8de96d2e5b6bc02d379db03a877d34d/library/core/src/future/future.rs:124:9
[INFO] [stdout]    6: <core::pin::Pin<P> as core::future::future::Future>::poll
[INFO] [stdout]              at /rustc/202008a1b8de96d2e5b6bc02d379db03a877d34d/library/core/src/future/future.rs:124:9
[INFO] [stdout]    7: tokio::runtime::scheduler::current_thread::CoreGuard::block_on::{{closure}}::{{closure}}::{{closure}}
[INFO] [stdout]              at /opt/rustwide/cargo-home/registry/src/index.crates.io-6f17d22bba15001f/tokio-1.42.0/src/runtime/scheduler/current_thread/mod.rs:729:57
[INFO] [stdout]    8: tokio::runtime::coop::with_budget
[INFO] [stdout]              at /opt/rustwide/cargo-home/registry/src/index.crates.io-6f17d22bba15001f/tokio-1.42.0/src/runtime/coop.rs:107:5
[INFO] [stdout]    9: tokio::runtime::coop::budget
[INFO] [stdout]              at /opt/rustwide/cargo-home/registry/src/index.crates.io-6f17d22bba15001f/tokio-1.42.0/src/runtime/coop.rs:73:5
[INFO] [stdout]   10: tokio::runtime::scheduler::current_thread::CoreGuard::block_on::{{closure}}::{{closure}}
[INFO] [stdout]              at /opt/rustwide/cargo-home/registry/src/index.crates.io-6f17d22bba15001f/tokio-1.42.0/src/runtime/scheduler/current_thread/mod.rs:729:25
[INFO] [stdout]   11: tokio::runtime::scheduler::current_thread::Context::enter
[INFO] [stdout]              at /opt/rustwide/cargo-home/registry/src/index.crates.io-6f17d22bba15001f/tokio-1.42.0/src/runtime/scheduler/current_thread/mod.rs:428:19
[INFO] [stdout]   12: tokio::runtime::scheduler::current_thread::CoreGuard::block_on::{{closure}}
[INFO] [stdout]              at /opt/rustwide/cargo-home/registry/src/index.crates.io-6f17d22bba15001f/tokio-1.42.0/src/runtime/scheduler/current_thread/mod.rs:728:36
[INFO] [stdout]   13: tokio::runtime::scheduler::current_thread::CoreGuard::enter::{{closure}}
[INFO] [stdout]              at /opt/rustwide/cargo-home/registry/src/index.crates.io-6f17d22bba15001f/tokio-1.42.0/src/runtime/scheduler/current_thread/mod.rs:807:68
[INFO] [stdout]   14: tokio::runtime::context::scoped::Scoped<T>::set
[INFO] [stdout]              at /opt/rustwide/cargo-home/registry/src/index.crates.io-6f17d22bba15001f/tokio-1.42.0/src/runtime/context/scoped.rs:40:9
[INFO] [stdout]   15: tokio::runtime::context::set_scheduler::{{closure}}
[INFO] [stdout]              at /opt/rustwide/cargo-home/registry/src/index.crates.io-6f17d22bba15001f/tokio-1.42.0/src/runtime/context.rs:180:26
[INFO] [stdout]   16: std::thread::local::LocalKey<T>::try_with
[INFO] [stdout]              at /rustc/202008a1b8de96d2e5b6bc02d379db03a877d34d/library/std/src/thread/local.rs:283:12
[INFO] [stdout]   17: std::thread::local::LocalKey<T>::with
[INFO] [stdout]              at /rustc/202008a1b8de96d2e5b6bc02d379db03a877d34d/library/std/src/thread/local.rs:260:9
[INFO] [stdout]   18: tokio::runtime::context::set_scheduler
[INFO] [stdout]              at /opt/rustwide/cargo-home/registry/src/index.crates.io-6f17d22bba15001f/tokio-1.42.0/src/runtime/context.rs:180:9
[INFO] [stdout]   19: tokio::runtime::scheduler::current_thread::CoreGuard::enter
[INFO] [stdout]              at /opt/rustwide/cargo-home/registry/src/index.crates.io-6f17d22bba15001f/tokio-1.42.0/src/runtime/scheduler/current_thread/mod.rs:807:27
[INFO] [stdout]   20: tokio::runtime::scheduler::current_thread::CoreGuard::block_on
[INFO] [stdout]              at /opt/rustwide/cargo-home/registry/src/index.crates.io-6f17d22bba15001f/tokio-1.42.0/src/runtime/scheduler/current_thread/mod.rs:716:19
[INFO] [stdout]   21: tokio::runtime::scheduler::current_thread::CurrentThread::block_on::{{closure}}
[INFO] [stdout]              at /opt/rustwide/cargo-home/registry/src/index.crates.io-6f17d22bba15001f/tokio-1.42.0/src/runtime/scheduler/current_thread/mod.rs:196:28
[INFO] [stdout]   22: tokio::runtime::context::runtime::enter_runtime
[INFO] [stdout]              at /opt/rustwide/cargo-home/registry/src/index.crates.io-6f17d22bba15001f/tokio-1.42.0/src/runtime/context/runtime.rs:65:16
[INFO] [stdout]   23: tokio::runtime::scheduler::current_thread::CurrentThread::block_on
[INFO] [stdout]              at /opt/rustwide/cargo-home/registry/src/index.crates.io-6f17d22bba15001f/tokio-1.42.0/src/runtime/scheduler/current_thread/mod.rs:184:9
[INFO] [stdout]   24: tokio::runtime::runtime::Runtime::block_on_inner
[INFO] [stdout]              at /opt/rustwide/cargo-home/registry/src/index.crates.io-6f17d22bba15001f/tokio-1.42.0/src/runtime/runtime.rs:368:47
[INFO] [stdout]   25: tokio::runtime::runtime::Runtime::block_on
[INFO] [stdout]              at /opt/rustwide/cargo-home/registry/src/index.crates.io-6f17d22bba15001f/tokio-1.42.0/src/runtime/runtime.rs:342:13
[INFO] [stdout]   26: bright_lightning::lnd::rest_client::test::get_hodl_invoice
[INFO] [stdout]              at ./src/lnd/rest_client.rs:223:9
[INFO] [stdout]   27: bright_lightning::lnd::rest_client::test::get_hodl_invoice::{{closure}}
[INFO] [stdout]              at ./src/lnd/rest_client.rs:200:36
[INFO] [stdout]   28: core::ops::function::FnOnce::call_once
[INFO] [stdout]              at /rustc/202008a1b8de96d2e5b6bc02d379db03a877d34d/library/core/src/ops/function.rs:250:5
[INFO] [stdout]   29: core::ops::function::FnOnce::call_once
[INFO] [stdout]              at /rustc/202008a1b8de96d2e5b6bc02d379db03a877d34d/library/core/src/ops/function.rs:250:5
[INFO] [stdout]   30: test::__rust_begin_short_backtrace
[INFO] [stdout]              at /rustc/202008a1b8de96d2e5b6bc02d379db03a877d34d/library/test/src/lib.rs:632:18
[INFO] [stdout]   31: test::run_test_in_process::{{closure}}
[INFO] [stdout]              at /rustc/202008a1b8de96d2e5b6bc02d379db03a877d34d/library/test/src/lib.rs:655:60
[INFO] [stdout]   32: <core::panic::unwind_safe::AssertUnwindSafe<F> as core::ops::function::FnOnce<()>>::call_once
[INFO] [stdout]              at /rustc/202008a1b8de96d2e5b6bc02d379db03a877d34d/library/core/src/panic/unwind_safe.rs:272:9
[INFO] [stdout]   33: std::panicking::try::do_call
[INFO] [stdout]              at /rustc/202008a1b8de96d2e5b6bc02d379db03a877d34d/library/std/src/panicking.rs:557:40
[INFO] [stdout]   34: std::panicking::try
[INFO] [stdout]              at /rustc/202008a1b8de96d2e5b6bc02d379db03a877d34d/library/std/src/panicking.rs:520:19
[INFO] [stdout]   35: std::panic::catch_unwind
[INFO] [stdout]              at /rustc/202008a1b8de96d2e5b6bc02d379db03a877d34d/library/std/src/panic.rs:358:14
[INFO] [stdout]   36: test::run_test_in_process
[INFO] [stdout]              at /rustc/202008a1b8de96d2e5b6bc02d379db03a877d34d/library/test/src/lib.rs:655:27
[INFO] [stdout]   37: test::run_test::{{closure}}
[INFO] [stdout]              at /rustc/202008a1b8de96d2e5b6bc02d379db03a877d34d/library/test/src/lib.rs:576:43
[INFO] [stdout]   38: test::run_test::{{closure}}
[INFO] [stdout]              at /rustc/202008a1b8de96d2e5b6bc02d379db03a877d34d/library/test/src/lib.rs:606:41
[INFO] [stdout]   39: std::sys::backtrace::__rust_begin_short_backtrace
[INFO] [stdout]              at /rustc/202008a1b8de96d2e5b6bc02d379db03a877d34d/library/std/src/sys/backtrace.rs:154:18
[INFO] [stdout]   40: std::thread::Builder::spawn_unchecked_::{{closure}}::{{closure}}
[INFO] [stdout]              at /rustc/202008a1b8de96d2e5b6bc02d379db03a877d34d/library/std/src/thread/mod.rs:561:17
[INFO] [stdout]   41: <core::panic::unwind_safe::AssertUnwindSafe<F> as core::ops::function::FnOnce<()>>::call_once
[INFO] [stdout]              at /rustc/202008a1b8de96d2e5b6bc02d379db03a877d34d/library/core/src/panic/unwind_safe.rs:272:9
[INFO] [stdout]   42: std::panicking::try::do_call
[INFO] [stdout]              at /rustc/202008a1b8de96d2e5b6bc02d379db03a877d34d/library/std/src/panicking.rs:557:40
[INFO] [stdout]   43: std::panicking::try
[INFO] [stdout]              at /rustc/202008a1b8de96d2e5b6bc02d379db03a877d34d/library/std/src/panicking.rs:520:19
[INFO] [stdout]   44: std::panic::catch_unwind
[INFO] [stdout]              at /rustc/202008a1b8de96d2e5b6bc02d379db03a877d34d/library/std/src/panic.rs:358:14
[INFO] [stdout]   45: std::thread::Builder::spawn_unchecked_::{{closure}}
[INFO] [stdout]              at /rustc/202008a1b8de96d2e5b6bc02d379db03a877d34d/library/std/src/thread/mod.rs:559:30
[INFO] [stdout]   46: core::ops::function::FnOnce::call_once{{vtable.shim}}
[INFO] [stdout]              at /rustc/202008a1b8de96d2e5b6bc02d379db03a877d34d/library/core/src/ops/function.rs:250:5
[INFO] [stdout]   47: <alloc::boxed::Box<F,A> as core::ops::function::FnOnce<Args>>::call_once
[INFO] [stdout]              at /rustc/202008a1b8de96d2e5b6bc02d379db03a877d34d/library/alloc/src/boxed.rs:1972:9
[INFO] [stdout]   48: <alloc::boxed::Box<F,A> as core::ops::function::FnOnce<Args>>::call_once
[INFO] [stdout]              at /rustc/202008a1b8de96d2e5b6bc02d379db03a877d34d/library/alloc/src/boxed.rs:1972:9
[INFO] [stdout]   49: std::sys::pal::unix::thread::Thread::new::thread_start
[INFO] [stdout]              at /rustc/202008a1b8de96d2e5b6bc02d379db03a877d34d/library/std/src/sys/pal/unix/thread.rs:105:17
[INFO] [stdout]   50: <unknown>
[INFO] [stdout]   51: clone
[INFO] [stdout] 
[INFO] [stdout] ---- lnd::websocket::test::check_invoice_paid stdout ----
[INFO] [stdout] Error: No such file or directory (os error 2)
[INFO] [stdout] 
[INFO] [stdout] Stack backtrace:
[INFO] [stdout]    0: anyhow::error::<impl core::convert::From<E> for anyhow::Error>::from
[INFO] [stdout]              at /opt/rustwide/cargo-home/registry/src/index.crates.io-6f17d22bba15001f/anyhow-1.0.94/src/backtrace.rs:27:14
[INFO] [stdout]    1: <core::result::Result<T,F> as core::ops::try_trait::FromResidual<core::result::Result<core::convert::Infallible,E>>>::from_residual
[INFO] [stdout]              at /rustc/202008a1b8de96d2e5b6bc02d379db03a877d34d/library/core/src/result.rs:2009:27
[INFO] [stdout]    2: bright_lightning::lnd::rest_client::LightningClient::macaroon
[INFO] [stdout]              at ./src/lnd/rest_client.rs:53:24
[INFO] [stdout]    3: bright_lightning::lnd::rest_client::LightningClient::new::{{closure}}
[INFO] [stdout]              at ./src/lnd/rest_client.rs:35:24
[INFO] [stdout]    4: bright_lightning::lnd::websocket::test::check_invoice_paid::{{closure}}
[INFO] [stdout]              at ./src/lnd/websocket.rs:141:93
[INFO] [stdout]    5: <core::pin::Pin<P> as core::future::future::Future>::poll
[INFO] [stdout]              at /rustc/202008a1b8de96d2e5b6bc02d379db03a877d34d/library/core/src/future/future.rs:124:9
[INFO] [stdout]    6: <core::pin::Pin<P> as core::future::future::Future>::poll
[INFO] [stdout]              at /rustc/202008a1b8de96d2e5b6bc02d379db03a877d34d/library/core/src/future/future.rs:124:9
[INFO] [stdout]    7: tokio::runtime::scheduler::current_thread::CoreGuard::block_on::{{closure}}::{{closure}}::{{closure}}
[INFO] [stdout]              at /opt/rustwide/cargo-home/registry/src/index.crates.io-6f17d22bba15001f/tokio-1.42.0/src/runtime/scheduler/current_thread/mod.rs:729:57
[INFO] [stdout]    8: tokio::runtime::coop::with_budget
[INFO] [stdout]              at /opt/rustwide/cargo-home/registry/src/index.crates.io-6f17d22bba15001f/tokio-1.42.0/src/runtime/coop.rs:107:5
[INFO] [stdout]    9: tokio::runtime::coop::budget
[INFO] [stdout]              at /opt/rustwide/cargo-home/registry/src/index.crates.io-6f17d22bba15001f/tokio-1.42.0/src/runtime/coop.rs:73:5
[INFO] [stdout]   10: tokio::runtime::scheduler::current_thread::CoreGuard::block_on::{{closure}}::{{closure}}
[INFO] [stdout]              at /opt/rustwide/cargo-home/registry/src/index.crates.io-6f17d22bba15001f/tokio-1.42.0/src/runtime/scheduler/current_thread/mod.rs:729:25
[INFO] [stdout]   11: tokio::runtime::scheduler::current_thread::Context::enter
[INFO] [stdout]              at /opt/rustwide/cargo-home/registry/src/index.crates.io-6f17d22bba15001f/tokio-1.42.0/src/runtime/scheduler/current_thread/mod.rs:428:19
[INFO] [stdout]   12: tokio::runtime::scheduler::current_thread::CoreGuard::block_on::{{closure}}
[INFO] [stdout]              at /opt/rustwide/cargo-home/registry/src/index.crates.io-6f17d22bba15001f/tokio-1.42.0/src/runtime/scheduler/current_thread/mod.rs:728:36
[INFO] [stdout]   13: tokio::runtime::scheduler::current_thread::CoreGuard::enter::{{closure}}
[INFO] [stdout]              at /opt/rustwide/cargo-home/registry/src/index.crates.io-6f17d22bba15001f/tokio-1.42.0/src/runtime/scheduler/current_thread/mod.rs:807:68
[INFO] [stdout]   14: tokio::runtime::context::scoped::Scoped<T>::set
[INFO] [stdout]              at /opt/rustwide/cargo-home/registry/src/index.crates.io-6f17d22bba15001f/tokio-1.42.0/src/runtime/context/scoped.rs:40:9
[INFO] [stdout]   15: tokio::runtime::context::set_scheduler::{{closure}}
[INFO] [stdout]              at /opt/rustwide/cargo-home/registry/src/index.crates.io-6f17d22bba15001f/tokio-1.42.0/src/runtime/context.rs:180:26
[INFO] [stdout]   16: std::thread::local::LocalKey<T>::try_with
[INFO] [stdout]              at /rustc/202008a1b8de96d2e5b6bc02d379db03a877d34d/library/std/src/thread/local.rs:283:12
[INFO] [stdout]   17: std::thread::local::LocalKey<T>::with
[INFO] [stdout]              at /rustc/202008a1b8de96d2e5b6bc02d379db03a877d34d/library/std/src/thread/local.rs:260:9
[INFO] [stdout]   18: tokio::runtime::context::set_scheduler
[INFO] [stdout]              at /opt/rustwide/cargo-home/registry/src/index.crates.io-6f17d22bba15001f/tokio-1.42.0/src/runtime/context.rs:180:9
[INFO] [stdout]   19: tokio::runtime::scheduler::current_thread::CoreGuard::enter
[INFO] [stdout]              at /opt/rustwide/cargo-home/registry/src/index.crates.io-6f17d22bba15001f/tokio-1.42.0/src/runtime/scheduler/current_thread/mod.rs:807:27
[INFO] [stdout]   20: tokio::runtime::scheduler::current_thread::CoreGuard::block_on
[INFO] [stdout]              at /opt/rustwide/cargo-home/registry/src/index.crates.io-6f17d22bba15001f/tokio-1.42.0/src/runtime/scheduler/current_thread/mod.rs:716:19
[INFO] [stdout]   21: tokio::runtime::scheduler::current_thread::CurrentThread::block_on::{{closure}}
[INFO] [stdout]              at /opt/rustwide/cargo-home/registry/src/index.crates.io-6f17d22bba15001f/tokio-1.42.0/src/runtime/scheduler/current_thread/mod.rs:196:28
[INFO] [stdout]   22: tokio::runtime::context::runtime::enter_runtime
[INFO] [stdout]              at /opt/rustwide/cargo-home/registry/src/index.crates.io-6f17d22bba15001f/tokio-1.42.0/src/runtime/context/runtime.rs:65:16
[INFO] [stdout]   23: tokio::runtime::scheduler::current_thread::CurrentThread::block_on
[INFO] [stdout]              at /opt/rustwide/cargo-home/registry/src/index.crates.io-6f17d22bba15001f/tokio-1.42.0/src/runtime/scheduler/current_thread/mod.rs:184:9
[INFO] [stdout]   24: tokio::runtime::runtime::Runtime::block_on_inner
[INFO] [stdout]              at /opt/rustwide/cargo-home/registry/src/index.crates.io-6f17d22bba15001f/tokio-1.42.0/src/runtime/runtime.rs:368:47
[INFO] [stdout]   25: tokio::runtime::runtime::Runtime::block_on
[INFO] [stdout]              at /opt/rustwide/cargo-home/registry/src/index.crates.io-6f17d22bba15001f/tokio-1.42.0/src/runtime/runtime.rs:342:13
[INFO] [stdout]   26: bright_lightning::lnd::websocket::test::check_invoice_paid
[INFO] [stdout]              at ./src/lnd/websocket.rs:174:9
[INFO] [stdout]   27: bright_lightning::lnd::websocket::test::check_invoice_paid::{{closure}}
[INFO] [stdout]              at ./src/lnd/websocket.rs:139:38
[INFO] [stdout]   28: core::ops::function::FnOnce::call_once
[INFO] [stdout]              at /rustc/202008a1b8de96d2e5b6bc02d379db03a877d34d/library/core/src/ops/function.rs:250:5
[INFO] [stdout]   29: core::ops::function::FnOnce::call_once
[INFO] [stdout]              at /rustc/202008a1b8de96d2e5b6bc02d379db03a877d34d/library/core/src/ops/function.rs:250:5
[INFO] [stdout]   30: test::__rust_begin_short_backtrace
[INFO] [stdout]              at /rustc/202008a1b8de96d2e5b6bc02d379db03a877d34d/library/test/src/lib.rs:632:18
[INFO] [stdout]   31: test::run_test_in_process::{{closure}}
[INFO] [stdout]              at /rustc/202008a1b8de96d2e5b6bc02d379db03a877d34d/library/test/src/lib.rs:655:60
[INFO] [stdout]   32: <core::panic::unwind_safe::AssertUnwindSafe<F> as core::ops::function::FnOnce<()>>::call_once
[INFO] [stdout]              at /rustc/202008a1b8de96d2e5b6bc02d379db03a877d34d/library/core/src/panic/unwind_safe.rs:272:9
[INFO] [stdout]   33: std::panicking::try::do_call
[INFO] [stdout]              at /rustc/202008a1b8de96d2e5b6bc02d379db03a877d34d/library/std/src/panicking.rs:557:40
[INFO] [stdout]   34: std::panicking::try
[INFO] [stdout]              at /rustc/202008a1b8de96d2e5b6bc02d379db03a877d34d/library/std/src/panicking.rs:520:19
[INFO] [stdout]   35: std::panic::catch_unwind
[INFO] [stdout]              at /rustc/202008a1b8de96d2e5b6bc02d379db03a877d34d/library/std/src/panic.rs:358:14
[INFO] [stdout]   36: test::run_test_in_process
[INFO] [stdout]              at /rustc/202008a1b8de96d2e5b6bc02d379db03a877d34d/library/test/src/lib.rs:655:27
[INFO] [stdout]   37: test::run_test::{{closure}}
[INFO] [stdout]              at /rustc/202008a1b8de96d2e5b6bc02d379db03a877d34d/library/test/src/lib.rs:576:43
[INFO] [stdout]   38: test::run_test::{{closure}}
[INFO] [stdout]              at /rustc/202008a1b8de96d2e5b6bc02d379db03a877d34d/library/test/src/lib.rs:606:41
[INFO] [stdout]   39: std::sys::backtrace::__rust_begin_short_backtrace
[INFO] [stdout]              at /rustc/202008a1b8de96d2e5b6bc02d379db03a877d34d/library/std/src/sys/backtrace.rs:154:18
[INFO] [stdout]   40: std::thread::Builder::spawn_unchecked_::{{closure}}::{{closure}}
[INFO] [stdout]              at /rustc/202008a1b8de96d2e5b6bc02d379db03a877d34d/library/std/src/thread/mod.rs:561:17
[INFO] [stdout]   41: <core::panic::unwind_safe::AssertUnwindSafe<F> as core::ops::function::FnOnce<()>>::call_once
[INFO] [stdout]              at /rustc/202008a1b8de96d2e5b6bc02d379db03a877d34d/library/core/src/panic/unwind_safe.rs:272:9
[INFO] [stdout]   42: std::panicking::try::do_call
[INFO] [stdout]              at /rustc/202008a1b8de96d2e5b6bc02d379db03a877d34d/library/std/src/panicking.rs:557:40
[INFO] [stdout]   43: std::panicking::try
[INFO] [stdout]              at /rustc/202008a1b8de96d2e5b6bc02d379db03a877d34d/library/std/src/panicking.rs:520:19
[INFO] [stdout]   44: std::panic::catch_unwind
[INFO] [stdout]              at /rustc/202008a1b8de96d2e5b6bc02d379db03a877d34d/library/std/src/panic.rs:358:14
[INFO] [stdout]   45: std::thread::Builder::spawn_unchecked_::{{closure}}
[INFO] [stdout]              at /rustc/202008a1b8de96d2e5b6bc02d379db03a877d34d/library/std/src/thread/mod.rs:559:30
[INFO] [stdout]   46: core::ops::function::FnOnce::call_once{{vtable.shim}}
[INFO] [stdout]              at /rustc/202008a1b8de96d2e5b6bc02d379db03a877d34d/library/core/src/ops/function.rs:250:5
[INFO] [stdout]   47: <alloc::boxed::Box<F,A> as core::ops::function::FnOnce<Args>>::call_once
[INFO] [stdout]              at /rustc/202008a1b8de96d2e5b6bc02d379db03a877d34d/library/alloc/src/boxed.rs:1972:9
[INFO] [stdout]   48: <alloc::boxed::Box<F,A> as core::ops::function::FnOnce<Args>>::call_once
[INFO] [stdout]              at /rustc/202008a1b8de96d2e5b6bc02d379db03a877d34d/library/alloc/src/boxed.rs:1972:9
[INFO] [stdout]   49: std::sys::pal::unix::thread::Thread::new::thread_start
[INFO] [stdout]              at /rustc/202008a1b8de96d2e5b6bc02d379db03a877d34d/library/std/src/sys/pal/unix/thread.rs:105:17
[INFO] [stdout]   50: <unknown>
[INFO] [stdout]   51: clone
[INFO] [stdout] 
[INFO] [stdout] ---- ln_address::tests::get_ln_url_invoice stdout ----
[INFO] [stdout] Error: error sending request for url (https://blink.sv/.well-known/lnurlp/42pupusas)
[INFO] [stdout] 
[INFO] [stdout] Caused by:
[INFO] [stdout]     0: client error (Connect)
[INFO] [stdout]     1: dns error: failed to lookup address information: Temporary failure in name resolution
[INFO] [stdout]     2: failed to lookup address information: Temporary failure in name resolution
[INFO] [stdout] 
[INFO] [stdout] Stack backtrace:
[INFO] [stdout]    0: anyhow::error::<impl core::convert::From<E> for anyhow::Error>::from
[INFO] [stdout]              at /opt/rustwide/cargo-home/registry/src/index.crates.io-6f17d22bba15001f/anyhow-1.0.94/src/backtrace.rs:27:14
[INFO] [stdout]    1: <core::result::Result<T,F> as core::ops::try_trait::FromResidual<core::result::Result<core::convert::Infallible,E>>>::from_residual
[INFO] [stdout]              at /rustc/202008a1b8de96d2e5b6bc02d379db03a877d34d/library/core/src/result.rs:2009:27
[INFO] [stdout]    2: bright_lightning::ln_address::LnAddressConfirmation::new::{{closure}}
[INFO] [stdout]              at ./src/ln_address.rs:66:24
[INFO] [stdout]    3: bright_lightning::ln_address::LnAddressPaymentRequest::new::{{closure}}
[INFO] [stdout]              at ./src/ln_address.rs:16:72
[INFO] [stdout]    4: bright_lightning::ln_address::LightningAddress::get_invoice::{{closure}}
[INFO] [stdout]              at ./src/ln_address.rs:90:67
[INFO] [stdout]    5: bright_lightning::ln_address::tests::get_ln_url_invoice::{{closure}}
[INFO] [stdout]              at ./src/ln_address.rs:104:58
[INFO] [stdout]    6: <core::pin::Pin<P> as core::future::future::Future>::poll
[INFO] [stdout]              at /rustc/202008a1b8de96d2e5b6bc02d379db03a877d34d/library/core/src/future/future.rs:124:9
[INFO] [stdout]    7: <core::pin::Pin<P> as core::future::future::Future>::poll
[INFO] [stdout]              at /rustc/202008a1b8de96d2e5b6bc02d379db03a877d34d/library/core/src/future/future.rs:124:9
[INFO] [stdout]    8: tokio::runtime::scheduler::current_thread::CoreGuard::block_on::{{closure}}::{{closure}}::{{closure}}
[INFO] [stdout]              at /opt/rustwide/cargo-home/registry/src/index.crates.io-6f17d22bba15001f/tokio-1.42.0/src/runtime/scheduler/current_thread/mod.rs:729:57
[INFO] [stdout]    9: tokio::runtime::coop::with_budget
[INFO] [stdout]              at /opt/rustwide/cargo-home/registry/src/index.crates.io-6f17d22bba15001f/tokio-1.42.0/src/runtime/coop.rs:107:5
[INFO] [stdout]   10: tokio::runtime::coop::budget
[INFO] [stdout]              at /opt/rustwide/cargo-home/registry/src/index.crates.io-6f17d22bba15001f/tokio-1.42.0/src/runtime/coop.rs:73:5
[INFO] [stdout]   11: tokio::runtime::scheduler::current_thread::CoreGuard::block_on::{{closure}}::{{closure}}
[INFO] [stdout]              at /opt/rustwide/cargo-home/registry/src/index.crates.io-6f17d22bba15001f/tokio-1.42.0/src/runtime/scheduler/current_thread/mod.rs:729:25
[INFO] [stdout]   12: tokio::runtime::scheduler::current_thread::Context::enter
[INFO] [stdout]              at /opt/rustwide/cargo-home/registry/src/index.crates.io-6f17d22bba15001f/tokio-1.42.0/src/runtime/scheduler/current_thread/mod.rs:428:19
[INFO] [stdout]   13: tokio::runtime::scheduler::current_thread::CoreGuard::block_on::{{closure}}
[INFO] [stdout]              at /opt/rustwide/cargo-home/registry/src/index.crates.io-6f17d22bba15001f/tokio-1.42.0/src/runtime/scheduler/current_thread/mod.rs:728:36
[INFO] [stdout]   14: tokio::runtime::scheduler::current_thread::CoreGuard::enter::{{closure}}
[INFO] [stdout]              at /opt/rustwide/cargo-home/registry/src/index.crates.io-6f17d22bba15001f/tokio-1.42.0/src/runtime/scheduler/current_thread/mod.rs:807:68
[INFO] [stdout]   15: tokio::runtime::context::scoped::Scoped<T>::set
[INFO] [stdout]              at /opt/rustwide/cargo-home/registry/src/index.crates.io-6f17d22bba15001f/tokio-1.42.0/src/runtime/context/scoped.rs:40:9
[INFO] [stdout]   16: tokio::runtime::context::set_scheduler::{{closure}}
[INFO] [stdout]              at /opt/rustwide/cargo-home/registry/src/index.crates.io-6f17d22bba15001f/tokio-1.42.0/src/runtime/context.rs:180:26
[INFO] [stdout]   17: std::thread::local::LocalKey<T>::try_with
[INFO] [stdout]              at /rustc/202008a1b8de96d2e5b6bc02d379db03a877d34d/library/std/src/thread/local.rs:283:12
[INFO] [stdout]   18: std::thread::local::LocalKey<T>::with
[INFO] [stdout]              at /rustc/202008a1b8de96d2e5b6bc02d379db03a877d34d/library/std/src/thread/local.rs:260:9
[INFO] [stdout]   19: tokio::runtime::context::set_scheduler
[INFO] [stdout]              at /opt/rustwide/cargo-home/registry/src/index.crates.io-6f17d22bba15001f/tokio-1.42.0/src/runtime/context.rs:180:9
[INFO] [stdout]   20: tokio::runtime::scheduler::current_thread::CoreGuard::enter
[INFO] [stdout]              at /opt/rustwide/cargo-home/registry/src/index.crates.io-6f17d22bba15001f/tokio-1.42.0/src/runtime/scheduler/current_thread/mod.rs:807:27
[INFO] [stdout]   21: tokio::runtime::scheduler::current_thread::CoreGuard::block_on
[INFO] [stdout]              at /opt/rustwide/cargo-home/registry/src/index.crates.io-6f17d22bba15001f/tokio-1.42.0/src/runtime/scheduler/current_thread/mod.rs:716:19
[INFO] [stdout]   22: tokio::runtime::scheduler::current_thread::CurrentThread::block_on::{{closure}}
[INFO] [stdout]              at /opt/rustwide/cargo-home/registry/src/index.crates.io-6f17d22bba15001f/tokio-1.42.0/src/runtime/scheduler/current_thread/mod.rs:196:28
[INFO] [stdout]   23: tokio::runtime::context::runtime::enter_runtime
[INFO] [stdout]              at /opt/rustwide/cargo-home/registry/src/index.crates.io-6f17d22bba15001f/tokio-1.42.0/src/runtime/context/runtime.rs:65:16
[INFO] [stdout]   24: tokio::runtime::scheduler::current_thread::CurrentThread::block_on
[INFO] [stdout]              at /opt/rustwide/cargo-home/registry/src/index.crates.io-6f17d22bba15001f/tokio-1.42.0/src/runtime/scheduler/current_thread/mod.rs:184:9
[INFO] [stdout]   25: tokio::runtime::runtime::Runtime::block_on_inner
[INFO] [stdout]              at /opt/rustwide/cargo-home/registry/src/index.crates.io-6f17d22bba15001f/tokio-1.42.0/src/runtime/runtime.rs:368:47
[INFO] [stdout]   26: tokio::runtime::runtime::Runtime::block_on
[INFO] [stdout]              at /opt/rustwide/cargo-home/registry/src/index.crates.io-6f17d22bba15001f/tokio-1.42.0/src/runtime/runtime.rs:342:13
[INFO] [stdout]   27: bright_lightning::ln_address::tests::get_ln_url_invoice
[INFO] [stdout]              at ./src/ln_address.rs:106:9
[INFO] [stdout]   28: bright_lightning::ln_address::tests::get_ln_url_invoice::{{closure}}
[INFO] [stdout]              at ./src/ln_address.rs:101:42
[INFO] [stdout]   29: core::ops::function::FnOnce::call_once
[INFO] [stdout]              at /rustc/202008a1b8de96d2e5b6bc02d379db03a877d34d/library/core/src/ops/function.rs:250:5
[INFO] [stdout]   30: core::ops::function::FnOnce::call_once
[INFO] [stdout]              at /rustc/202008a1b8de96d2e5b6bc02d379db03a877d34d/library/core/src/ops/function.rs:250:5
[INFO] [stdout]   31: test::__rust_begin_short_backtrace
[INFO] [stdout]              at /rustc/202008a1b8de96d2e5b6bc02d379db03a877d34d/library/test/src/lib.rs:632:18
[INFO] [stdout]   32: test::run_test_in_process::{{closure}}
[INFO] [stdout]              at /rustc/202008a1b8de96d2e5b6bc02d379db03a877d34d/library/test/src/lib.rs:655:60
[INFO] [stdout]   33: <core::panic::unwind_safe::AssertUnwindSafe<F> as core::ops::function::FnOnce<()>>::call_once
[INFO] [stdout]              at /rustc/202008a1b8de96d2e5b6bc02d379db03a877d34d/library/core/src/panic/unwind_safe.rs:272:9
[INFO] [stdout]   34: std::panicking::try::do_call
[INFO] [stdout]              at /rustc/202008a1b8de96d2e5b6bc02d379db03a877d34d/library/std/src/panicking.rs:557:40
[INFO] [stdout]   35: std::panicking::try
[INFO] [stdout]              at /rustc/202008a1b8de96d2e5b6bc02d379db03a877d34d/library/std/src/panicking.rs:520:19
[INFO] [stdout]   36: std::panic::catch_unwind
[INFO] [stdout]              at /rustc/202008a1b8de96d2e5b6bc02d379db03a877d34d/library/std/src/panic.rs:358:14
[INFO] [stdout]   37: test::run_test_in_process
[INFO] [stdout]              at /rustc/202008a1b8de96d2e5b6bc02d379db03a877d34d/library/test/src/lib.rs:655:27
[INFO] [stdout]   38: test::run_test::{{closure}}
[INFO] [stdout]              at /rustc/202008a1b8de96d2e5b6bc02d379db03a877d34d/library/test/src/lib.rs:576:43
[INFO] [stdout]   39: test::run_test::{{closure}}
[INFO] [stdout]              at /rustc/202008a1b8de96d2e5b6bc02d379db03a877d34d/library/test/src/lib.rs:606:41
[INFO] [stdout]   40: std::sys::backtrace::__rust_begin_short_backtrace
[INFO] [stdout]              at /rustc/202008a1b8de96d2e5b6bc02d379db03a877d34d/library/std/src/sys/backtrace.rs:154:18
[INFO] [stdout]   41: std::thread::Builder::spawn_unchecked_::{{closure}}::{{closure}}
[INFO] [stdout]              at /rustc/202008a1b8de96d2e5b6bc02d379db03a877d34d/library/std/src/thread/mod.rs:561:17
[INFO] [stdout]   42: <core::panic::unwind_safe::AssertUnwindSafe<F> as core::ops::function::FnOnce<()>>::call_once
[INFO] [stdout]              at /rustc/202008a1b8de96d2e5b6bc02d379db03a877d34d/library/core/src/panic/unwind_safe.rs:272:9
[INFO] [stdout]   43: std::panicking::try::do_call
[INFO] [stdout]              at /rustc/202008a1b8de96d2e5b6bc02d379db03a877d34d/library/std/src/panicking.rs:557:40
[INFO] [stdout]   44: std::panicking::try
[INFO] [stdout]              at /rustc/202008a1b8de96d2e5b6bc02d379db03a877d34d/library/std/src/panicking.rs:520:19
[INFO] [stdout]   45: std::panic::catch_unwind
[INFO] [stdout]              at /rustc/202008a1b8de96d2e5b6bc02d379db03a877d34d/library/std/src/panic.rs:358:14
[INFO] [stdout]   46: std::thread::Builder::spawn_unchecked_::{{closure}}
[INFO] [stdout]              at /rustc/202008a1b8de96d2e5b6bc02d379db03a877d34d/library/std/src/thread/mod.rs:559:30
[INFO] [stdout]   47: core::ops::function::FnOnce::call_once{{vtable.shim}}
[INFO] [stdout]              at /rustc/202008a1b8de96d2e5b6bc02d379db03a877d34d/library/core/src/ops/function.rs:250:5
[INFO] [stdout]   48: <alloc::boxed::Box<F,A> as core::ops::function::FnOnce<Args>>::call_once
[INFO] [stdout]              at /rustc/202008a1b8de96d2e5b6bc02d379db03a877d34d/library/alloc/src/boxed.rs:1972:9
[INFO] [stdout]   49: <alloc::boxed::Box<F,A> as core::ops::function::FnOnce<Args>>::call_once
[INFO] [stdout]              at /rustc/202008a1b8de96d2e5b6bc02d379db03a877d34d/library/alloc/src/boxed.rs:1972:9
[INFO] [stdout]   50: std::sys::pal::unix::thread::Thread::new::thread_start
[INFO] [stdout]              at /rustc/202008a1b8de96d2e5b6bc02d379db03a877d34d/library/std/src/sys/pal/unix/thread.rs:105:17
[INFO] [stdout]   51: <unknown>
[INFO] [stdout]   52: clone
[INFO] [stdout] 
[INFO] [stdout] 
[INFO] [stdout] failures:
[INFO] [stdout]     ln_address::tests::get_ln_url_invoice
[INFO] [stdout]     lnd::rest_client::test::get_hodl_invoice
[INFO] [stdout]     lnd::rest_client::test::test_connection
[INFO] [stdout]     lnd::websocket::test::check_invoice_paid
[INFO] [stdout] 
[INFO] [stdout] test result: FAILED. 0 passed; 4 failed; 0 ignored; 0 measured; 0 filtered out; finished in 0.12s
[INFO] [stdout] 
[INFO] [stderr] error: test failed, to rerun pass `--lib`
[INFO] running `Command { std: "docker" "inspect" "121861048fd6f7b61577e0a710cd8101361287425886a1238f9327bdadfa9651", kill_on_drop: false }`
[INFO] running `Command { std: "docker" "rm" "-f" "121861048fd6f7b61577e0a710cd8101361287425886a1238f9327bdadfa9651", kill_on_drop: false }`
[INFO] [stdout] 121861048fd6f7b61577e0a710cd8101361287425886a1238f9327bdadfa9651
