[INFO] fetching crate br-mysql 0.0.4...
[INFO] testing br-mysql-0.0.4 against 1.83.0 for beta-1.84.0-4-retry
[INFO] extracting crate br-mysql 0.0.4 into /workspace/builds/worker-0-tc1/source
[INFO] validating manifest of crates.io crate br-mysql 0.0.4 on toolchain 1.83.0
[INFO] running `Command { std: CARGO_HOME="/workspace/cargo-home" RUSTUP_HOME="/workspace/rustup-home" "/workspace/cargo-home/bin/cargo" "+1.83.0" "metadata" "--manifest-path" "Cargo.toml" "--no-deps", kill_on_drop: false }`
[INFO] started tweaking crates.io crate br-mysql 0.0.4
[INFO] finished tweaking crates.io crate br-mysql 0.0.4
[INFO] tweaked toml for crates.io crate br-mysql 0.0.4 written to /workspace/builds/worker-0-tc1/source/Cargo.toml
[INFO] crate crates.io crate br-mysql 0.0.4 already has a lockfile, it will not be regenerated
[INFO] running `Command { std: CARGO_HOME="/workspace/cargo-home" RUSTUP_HOME="/workspace/rustup-home" "/workspace/cargo-home/bin/cargo" "+1.83.0" "fetch" "--manifest-path" "Cargo.toml", kill_on_drop: false }`
[INFO] running `Command { std: "docker" "create" "-v" "/var/lib/crater-agent-workspace/builds/worker-0-tc1/target:/opt/rustwide/target:rw,Z" "-v" "/var/lib/crater-agent-workspace/builds/worker-0-tc1/source:/opt/rustwide/workdir:ro,Z" "-v" "/var/lib/crater-agent-workspace/cargo-home:/opt/rustwide/cargo-home:ro,Z" "-v" "/var/lib/crater-agent-workspace/rustup-home:/opt/rustwide/rustup-home:ro,Z" "-e" "SOURCE_DIR=/opt/rustwide/workdir" "-e" "CARGO_TARGET_DIR=/opt/rustwide/target" "-e" "CARGO_HOME=/opt/rustwide/cargo-home" "-e" "RUSTUP_HOME=/opt/rustwide/rustup-home" "-w" "/opt/rustwide/workdir" "-m" "1610612736" "--user" "0:0" "--network" "none" "ghcr.io/rust-lang/crates-build-env/linux@sha256:f3a9d4ad9d972b27faf3965f35b62e55ba32bbce8f20bc8fe909558a86702fde" "/opt/rustwide/cargo-home/bin/cargo" "+1.83.0" "metadata" "--no-deps" "--format-version=1", kill_on_drop: false }`
[INFO] [stdout] 78ea75fcf92c4165ec440957f71fcc43c530040ccb18c336c42177702e030627
[INFO] running `Command { std: "docker" "start" "-a" "78ea75fcf92c4165ec440957f71fcc43c530040ccb18c336c42177702e030627", kill_on_drop: false }`
[INFO] running `Command { std: "docker" "inspect" "78ea75fcf92c4165ec440957f71fcc43c530040ccb18c336c42177702e030627", kill_on_drop: false }`
[INFO] running `Command { std: "docker" "rm" "-f" "78ea75fcf92c4165ec440957f71fcc43c530040ccb18c336c42177702e030627", kill_on_drop: false }`
[INFO] [stdout] 78ea75fcf92c4165ec440957f71fcc43c530040ccb18c336c42177702e030627
[INFO] running `Command { std: "docker" "create" "-v" "/var/lib/crater-agent-workspace/builds/worker-0-tc1/target:/opt/rustwide/target:rw,Z" "-v" "/var/lib/crater-agent-workspace/builds/worker-0-tc1/source:/opt/rustwide/workdir:ro,Z" "-v" "/var/lib/crater-agent-workspace/cargo-home:/opt/rustwide/cargo-home:ro,Z" "-v" "/var/lib/crater-agent-workspace/rustup-home:/opt/rustwide/rustup-home:ro,Z" "-e" "SOURCE_DIR=/opt/rustwide/workdir" "-e" "CARGO_TARGET_DIR=/opt/rustwide/target" "-e" "CARGO_INCREMENTAL=0" "-e" "RUST_BACKTRACE=full" "-e" "RUSTFLAGS=--cap-lints=warn" "-e" "RUSTDOCFLAGS=--cap-lints=warn" "-e" "CARGO_HOME=/opt/rustwide/cargo-home" "-e" "RUSTUP_HOME=/opt/rustwide/rustup-home" "-w" "/opt/rustwide/workdir" "-m" "1610612736" "--user" "0:0" "--network" "none" "ghcr.io/rust-lang/crates-build-env/linux@sha256:f3a9d4ad9d972b27faf3965f35b62e55ba32bbce8f20bc8fe909558a86702fde" "/opt/rustwide/cargo-home/bin/cargo" "+1.83.0" "build" "--frozen" "--message-format=json", kill_on_drop: false }`
[INFO] [stdout] 6b23cdcf0a12dd2b2534079f8820884572eeb4f802d9a2e32827189032f167de
[INFO] running `Command { std: "docker" "start" "-a" "6b23cdcf0a12dd2b2534079f8820884572eeb4f802d9a2e32827189032f167de", kill_on_drop: false }`
[INFO] [stderr]    Compiling typenum v1.17.0
[INFO] [stderr]    Compiling version_check v0.9.4
[INFO] [stderr]    Compiling cpufeatures v0.2.11
[INFO] [stderr]    Compiling cfg-if v1.0.0
[INFO] [stderr]    Compiling hex v0.4.3
[INFO] [stderr]    Compiling log v0.4.20
[INFO] [stderr]    Compiling json v0.12.4
[INFO] [stderr]    Compiling generic-array v0.14.7
[INFO] [stderr]    Compiling block-buffer v0.10.4
[INFO] [stderr]    Compiling crypto-common v0.1.6
[INFO] [stderr]    Compiling digest v0.10.7
[INFO] [stderr]    Compiling sha2 v0.10.8
[INFO] [stderr]    Compiling sha1 v0.10.6
[INFO] [stderr]    Compiling br-mysql v0.0.4 (/opt/rustwide/workdir)
[INFO] [stdout] warning: unused variable: `index`
[INFO] [stdout]    --> src/packet.rs:187:25
[INFO] [stdout]     |
[INFO] [stdout] 187 |                     let index = buf.remove(0);
[INFO] [stdout]     |                         ^^^^^ help: if this is intentional, prefix it with an underscore: `_index`
[INFO] [stdout]     |
[INFO] [stdout]     = note: `#[warn(unused_variables)]` on by default
[INFO] [stdout] 
[INFO] [stdout] 
[INFO] [stdout] warning: unused variable: `index`
[INFO] [stdout]    --> src/packet.rs:303:13
[INFO] [stdout]     |
[INFO] [stdout] 303 |         let index = buf.remove(0);
[INFO] [stdout]     |             ^^^^^ help: if this is intentional, prefix it with an underscore: `_index`
[INFO] [stdout] 
[INFO] [stdout] 
[INFO] [stdout] warning: unused variable: `index`
[INFO] [stdout]    --> src/packet.rs:338:17
[INFO] [stdout]     |
[INFO] [stdout] 338 |             let index = buf.remove(0);
[INFO] [stdout]     |                 ^^^^^ help: if this is intentional, prefix it with an underscore: `_index`
[INFO] [stdout] 
[INFO] [stdout] 
[INFO] [stdout] warning: variable does not need to be mutable
[INFO] [stdout]    --> src/packet.rs:241:17
[INFO] [stdout]     |
[INFO] [stdout] 241 |             let mut length = data.remove(0) as usize;
[INFO] [stdout]     |                 ----^^^^^^
[INFO] [stdout]     |                 |
[INFO] [stdout]     |                 help: remove this `mut`
[INFO] [stdout]     |
[INFO] [stdout]     = note: `#[warn(unused_mut)]` on by default
[INFO] [stdout] 
[INFO] [stdout] 
[INFO] [stdout] warning: variable does not need to be mutable
[INFO] [stdout]    --> src/packet.rs:246:17
[INFO] [stdout]     |
[INFO] [stdout] 246 |             let mut length = data.remove(0) as usize;
[INFO] [stdout]     |                 ----^^^^^^
[INFO] [stdout]     |                 |
[INFO] [stdout]     |                 help: remove this `mut`
[INFO] [stdout] 
[INFO] [stdout] 
[INFO] [stdout] warning: variable does not need to be mutable
[INFO] [stdout]    --> src/packet.rs:251:17
[INFO] [stdout]     |
[INFO] [stdout] 251 |             let mut length = data.remove(0) as usize;
[INFO] [stdout]     |                 ----^^^^^^
[INFO] [stdout]     |                 |
[INFO] [stdout]     |                 help: remove this `mut`
[INFO] [stdout] 
[INFO] [stdout] 
[INFO] [stdout] warning: variable does not need to be mutable
[INFO] [stdout]    --> src/packet.rs:256:17
[INFO] [stdout]     |
[INFO] [stdout] 256 |             let mut length = data.remove(0) as usize;
[INFO] [stdout]     |                 ----^^^^^^
[INFO] [stdout]     |                 |
[INFO] [stdout]     |                 help: remove this `mut`
[INFO] [stdout] 
[INFO] [stdout] 
[INFO] [stdout] warning: variable does not need to be mutable
[INFO] [stdout]    --> src/packet.rs:261:17
[INFO] [stdout]     |
[INFO] [stdout] 261 |             let mut length = data.remove(0) as usize;
[INFO] [stdout]     |                 ----^^^^^^
[INFO] [stdout]     |                 |
[INFO] [stdout]     |                 help: remove this `mut`
[INFO] [stdout] 
[INFO] [stdout] 
[INFO] [stdout] warning: variable does not need to be mutable
[INFO] [stdout]    --> src/packet.rs:266:17
[INFO] [stdout]     |
[INFO] [stdout] 266 |             let mut length = data.remove(0) as usize;
[INFO] [stdout]     |                 ----^^^^^^
[INFO] [stdout]     |                 |
[INFO] [stdout]     |                 help: remove this `mut`
[INFO] [stdout] 
[INFO] [stdout] 
[INFO] [stdout] warning: multiple variants are never constructed
[INFO] [stdout]    --> src/comm.rs:175:5
[INFO] [stdout]     |
[INFO] [stdout] 174 | pub enum CapabilityFlags {
[INFO] [stdout]     |          --------------- variants in this enum
[INFO] [stdout] 175 |     ClientLongPassword,
[INFO] [stdout]     |     ^^^^^^^^^^^^^^^^^^
[INFO] [stdout] 176 |     ClientFoundRows,
[INFO] [stdout]     |     ^^^^^^^^^^^^^^^
[INFO] [stdout] 177 |     ClientLongFlag,
[INFO] [stdout]     |     ^^^^^^^^^^^^^^
[INFO] [stdout] 178 |     ClientConnectWithDb,
[INFO] [stdout] 179 |     ClientNoSchema,
[INFO] [stdout]     |     ^^^^^^^^^^^^^^
[INFO] [stdout] 180 |     ClientCompress,
[INFO] [stdout]     |     ^^^^^^^^^^^^^^
[INFO] [stdout] 181 |     ClientOdbc,
[INFO] [stdout]     |     ^^^^^^^^^^
[INFO] [stdout] 182 |     ClientLocalFiles,
[INFO] [stdout]     |     ^^^^^^^^^^^^^^^^
[INFO] [stdout] 183 |
[INFO] [stdout] 184 |     ClientIgnoreSpace,
[INFO] [stdout]     |     ^^^^^^^^^^^^^^^^^
[INFO] [stdout] 185 |     ClientProtocol41,
[INFO] [stdout] 186 |     ClientInteractive,
[INFO] [stdout]     |     ^^^^^^^^^^^^^^^^^
[INFO] [stdout] 187 |     ClientSsl,
[INFO] [stdout]     |     ^^^^^^^^^
[INFO] [stdout] 188 |     ClientIgnoreSigpipe,
[INFO] [stdout]     |     ^^^^^^^^^^^^^^^^^^^
[INFO] [stdout] 189 |
[INFO] [stdout] 190 |     ClientTransactions,
[INFO] [stdout]     |     ^^^^^^^^^^^^^^^^^^
[INFO] [stdout] 191 |     ClientReserved,
[INFO] [stdout]     |     ^^^^^^^^^^^^^^
[INFO] [stdout] 192 |     ClientSecureConnection,
[INFO] [stdout] 193 |     ClientMultiStatements,
[INFO] [stdout]     |     ^^^^^^^^^^^^^^^^^^^^^
[INFO] [stdout] 194 |
[INFO] [stdout] 195 |     ClientMultiResults,
[INFO] [stdout]     |     ^^^^^^^^^^^^^^^^^^
[INFO] [stdout] 196 |     ClientPsMultiResults,
[INFO] [stdout]     |     ^^^^^^^^^^^^^^^^^^^^
[INFO] [stdout] ...
[INFO] [stdout] 201 |     ClientCanHandleExpiredPasswords,
[INFO] [stdout]     |     ^^^^^^^^^^^^^^^^^^^^^^^^^^^^^^^
[INFO] [stdout] 202 |     ClientSessionTrack,
[INFO] [stdout]     |     ^^^^^^^^^^^^^^^^^^
[INFO] [stdout] 203 |     ClientDeprecateEof,
[INFO] [stdout]     |     ^^^^^^^^^^^^^^^^^^
[INFO] [stdout] 204 |     ClientOptionalResultsetMetadata,
[INFO] [stdout]     |     ^^^^^^^^^^^^^^^^^^^^^^^^^^^^^^^
[INFO] [stdout] ...
[INFO] [stdout] 207 |     ClientQueryAttributes,
[INFO] [stdout]     |     ^^^^^^^^^^^^^^^^^^^^^
[INFO] [stdout] 208 |     MultiFactorAuthentication,
[INFO] [stdout]     |     ^^^^^^^^^^^^^^^^^^^^^^^^^
[INFO] [stdout] 209 |
[INFO] [stdout] 210 |     ClientProgressObsolete,
[INFO] [stdout]     |     ^^^^^^^^^^^^^^^^^^^^^^
[INFO] [stdout] 211 |     ClientSslVerifyServerCert,
[INFO] [stdout]     |     ^^^^^^^^^^^^^^^^^^^^^^^^^
[INFO] [stdout] 212 |     ClientRememberOptions,
[INFO] [stdout]     |     ^^^^^^^^^^^^^^^^^^^^^
[INFO] [stdout] 213 |     None,
[INFO] [stdout]     |     ^^^^
[INFO] [stdout]     |
[INFO] [stdout]     = note: `CapabilityFlags` has derived impls for the traits `Debug` and `Clone`, but these are intentionally ignored during dead code analysis
[INFO] [stdout]     = note: `#[warn(dead_code)]` on by default
[INFO] [stdout] 
[INFO] [stdout] 
[INFO] [stdout] warning: constant `CLIENT_QUERY_ATTRIBUTES` is never used
[INFO] [stdout]    --> src/comm.rs:249:7
[INFO] [stdout]     |
[INFO] [stdout] 249 | const CLIENT_QUERY_ATTRIBUTES: u32 = 1 << 8;
[INFO] [stdout]     |       ^^^^^^^^^^^^^^^^^^^^^^^
[INFO] [stdout] 
[INFO] [stdout] 
[INFO] [stdout] warning: associated function `from` is never used
[INFO] [stdout]    --> src/comm.rs:273:12
[INFO] [stdout]     |
[INFO] [stdout] 251 | impl CapabilityFlags {
[INFO] [stdout]     | -------------------- associated function in this implementation
[INFO] [stdout] ...
[INFO] [stdout] 273 |     pub fn from(flags: u32) -> CapabilityFlags {
[INFO] [stdout]     |            ^^^^
[INFO] [stdout] 
[INFO] [stdout] 
[INFO] [stdout] warning: associated constants `COM_CHANGE_USER`, `COM_STMT_FETCH`, and `COM_STMT_FETCHS` are never used
[INFO] [stdout]    --> src/comm.rs:393:15
[INFO] [stdout]     |
[INFO] [stdout] 385 | impl Command {
[INFO] [stdout]     | ------------ associated constants in this implementation
[INFO] [stdout] ...
[INFO] [stdout] 393 |     pub const COM_CHANGE_USER: u8 = 0x11;
[INFO] [stdout]     |               ^^^^^^^^^^^^^^^
[INFO] [stdout] ...
[INFO] [stdout] 398 |     pub const COM_STMT_FETCH: u8 = 0x19;
[INFO] [stdout]     |               ^^^^^^^^^^^^^^
[INFO] [stdout] 399 |     /// 返回的最大行数
[INFO] [stdout] 400 |     pub const COM_STMT_FETCHS: u8 = 0x22;
[INFO] [stdout]     |               ^^^^^^^^^^^^^^^
[INFO] [stdout] 
[INFO] [stdout] 
[INFO] [stdout] warning: associated constant `UTF8_MB4_GENERAL_CI` is never used
[INFO] [stdout]  --> src/character_set.rs:8:15
[INFO] [stdout]   |
[INFO] [stdout] 6 | impl Charset {
[INFO] [stdout]   | ------------ associated constant in this implementation
[INFO] [stdout] 7 |     pub const NONE: u8 = 0;
[INFO] [stdout] 8 |     pub const UTF8_MB4_GENERAL_CI: u8 = 45;
[INFO] [stdout]   |               ^^^^^^^^^^^^^^^^^^^
[INFO] [stdout] 
[INFO] [stdout] 
[INFO] [stdout] warning: fields `last_insert_id`, `database`, `table`, and `character_set` are never read
[INFO] [stdout]   --> src/response.rs:12:5
[INFO] [stdout]    |
[INFO] [stdout] 9  | pub struct Response {
[INFO] [stdout]    |            -------- fields in this struct
[INFO] [stdout] ...
[INFO] [stdout] 12 |     last_insert_id: String,
[INFO] [stdout]    |     ^^^^^^^^^^^^^^
[INFO] [stdout] ...
[INFO] [stdout] 22 |     database: String,
[INFO] [stdout]    |     ^^^^^^^^
[INFO] [stdout] 23 |     table: String,
[INFO] [stdout]    |     ^^^^^
[INFO] [stdout] 24 |     character_set: u8,
[INFO] [stdout]    |     ^^^^^^^^^^^^^
[INFO] [stdout]    |
[INFO] [stdout]    = note: `Response` has derived impls for the traits `Debug` and `Clone`, but these are intentionally ignored during dead code analysis
[INFO] [stdout] 
[INFO] [stdout] 
[INFO] [stderr]     Finished `dev` profile [unoptimized + debuginfo] target(s) in 4.78s
[INFO] running `Command { std: "docker" "inspect" "6b23cdcf0a12dd2b2534079f8820884572eeb4f802d9a2e32827189032f167de", kill_on_drop: false }`
[INFO] running `Command { std: "docker" "rm" "-f" "6b23cdcf0a12dd2b2534079f8820884572eeb4f802d9a2e32827189032f167de", kill_on_drop: false }`
[INFO] [stdout] 6b23cdcf0a12dd2b2534079f8820884572eeb4f802d9a2e32827189032f167de
[INFO] running `Command { std: "docker" "create" "-v" "/var/lib/crater-agent-workspace/builds/worker-0-tc1/target:/opt/rustwide/target:rw,Z" "-v" "/var/lib/crater-agent-workspace/builds/worker-0-tc1/source:/opt/rustwide/workdir:ro,Z" "-v" "/var/lib/crater-agent-workspace/cargo-home:/opt/rustwide/cargo-home:ro,Z" "-v" "/var/lib/crater-agent-workspace/rustup-home:/opt/rustwide/rustup-home:ro,Z" "-e" "SOURCE_DIR=/opt/rustwide/workdir" "-e" "CARGO_TARGET_DIR=/opt/rustwide/target" "-e" "CARGO_INCREMENTAL=0" "-e" "RUST_BACKTRACE=full" "-e" "RUSTFLAGS=--cap-lints=warn" "-e" "RUSTDOCFLAGS=--cap-lints=warn" "-e" "CARGO_HOME=/opt/rustwide/cargo-home" "-e" "RUSTUP_HOME=/opt/rustwide/rustup-home" "-w" "/opt/rustwide/workdir" "-m" "1610612736" "--user" "0:0" "--network" "none" "ghcr.io/rust-lang/crates-build-env/linux@sha256:f3a9d4ad9d972b27faf3965f35b62e55ba32bbce8f20bc8fe909558a86702fde" "/opt/rustwide/cargo-home/bin/cargo" "+1.83.0" "test" "--frozen" "--no-run" "--message-format=json", kill_on_drop: false }`
[INFO] [stdout] 63858964b87cdcc3f627906f870914f8e8bf44a935f67dbf808a1389baa5ec38
[INFO] running `Command { std: "docker" "start" "-a" "63858964b87cdcc3f627906f870914f8e8bf44a935f67dbf808a1389baa5ec38", kill_on_drop: false }`
[INFO] [stderr]    Compiling rustix v0.38.21
[INFO] [stderr]    Compiling memchr v2.6.4
[INFO] [stderr]    Compiling linux-raw-sys v0.4.11
[INFO] [stderr]    Compiling regex-syntax v0.8.2
[INFO] [stderr]    Compiling bitflags v2.4.1
[INFO] [stderr]    Compiling humantime v2.1.0
[INFO] [stderr]    Compiling termcolor v1.1.3
[INFO] [stdout] warning: unused variable: `index`
[INFO] [stdout]    --> src/packet.rs:187:25
[INFO] [stdout]     |
[INFO] [stdout] 187 |                     let index = buf.remove(0);
[INFO] [stdout]     |                         ^^^^^ help: if this is intentional, prefix it with an underscore: `_index`
[INFO] [stdout]     |
[INFO] [stdout]     = note: `#[warn(unused_variables)]` on by default
[INFO] [stdout] 
[INFO] [stdout] 
[INFO] [stdout] warning: unused variable: `index`
[INFO] [stdout]    --> src/packet.rs:303:13
[INFO] [stdout]     |
[INFO] [stdout] 303 |         let index = buf.remove(0);
[INFO] [stdout]     |             ^^^^^ help: if this is intentional, prefix it with an underscore: `_index`
[INFO] [stdout] 
[INFO] [stdout] 
[INFO] [stdout] warning: unused variable: `index`
[INFO] [stdout]    --> src/packet.rs:338:17
[INFO] [stdout]     |
[INFO] [stdout] 338 |             let index = buf.remove(0);
[INFO] [stdout]     |                 ^^^^^ help: if this is intentional, prefix it with an underscore: `_index`
[INFO] [stdout] 
[INFO] [stdout] 
[INFO] [stdout] warning: variable does not need to be mutable
[INFO] [stdout]    --> src/packet.rs:241:17
[INFO] [stdout]     |
[INFO] [stdout] 241 |             let mut length = data.remove(0) as usize;
[INFO] [stdout]     |                 ----^^^^^^
[INFO] [stdout]     |                 |
[INFO] [stdout]     |                 help: remove this `mut`
[INFO] [stdout]     |
[INFO] [stdout]     = note: `#[warn(unused_mut)]` on by default
[INFO] [stdout] 
[INFO] [stdout] 
[INFO] [stdout] warning: variable does not need to be mutable
[INFO] [stdout]    --> src/packet.rs:246:17
[INFO] [stdout]     |
[INFO] [stdout] 246 |             let mut length = data.remove(0) as usize;
[INFO] [stdout]     |                 ----^^^^^^
[INFO] [stdout]     |                 |
[INFO] [stdout]     |                 help: remove this `mut`
[INFO] [stdout] 
[INFO] [stdout] 
[INFO] [stdout] warning: variable does not need to be mutable
[INFO] [stdout]    --> src/packet.rs:251:17
[INFO] [stdout]     |
[INFO] [stdout] 251 |             let mut length = data.remove(0) as usize;
[INFO] [stdout]     |                 ----^^^^^^
[INFO] [stdout]     |                 |
[INFO] [stdout]     |                 help: remove this `mut`
[INFO] [stdout] 
[INFO] [stdout] 
[INFO] [stdout] warning: variable does not need to be mutable
[INFO] [stdout]    --> src/packet.rs:256:17
[INFO] [stdout]     |
[INFO] [stdout] 256 |             let mut length = data.remove(0) as usize;
[INFO] [stdout]     |                 ----^^^^^^
[INFO] [stdout]     |                 |
[INFO] [stdout]     |                 help: remove this `mut`
[INFO] [stdout] 
[INFO] [stdout] 
[INFO] [stdout] warning: variable does not need to be mutable
[INFO] [stdout]    --> src/packet.rs:261:17
[INFO] [stdout]     |
[INFO] [stdout] 261 |             let mut length = data.remove(0) as usize;
[INFO] [stdout]     |                 ----^^^^^^
[INFO] [stdout]     |                 |
[INFO] [stdout]     |                 help: remove this `mut`
[INFO] [stdout] 
[INFO] [stdout] 
[INFO] [stdout] warning: variable does not need to be mutable
[INFO] [stdout]    --> src/packet.rs:266:17
[INFO] [stdout]     |
[INFO] [stdout] 266 |             let mut length = data.remove(0) as usize;
[INFO] [stdout]     |                 ----^^^^^^
[INFO] [stdout]     |                 |
[INFO] [stdout]     |                 help: remove this `mut`
[INFO] [stdout] 
[INFO] [stdout] 
[INFO] [stdout] warning: multiple variants are never constructed
[INFO] [stdout]    --> src/comm.rs:175:5
[INFO] [stdout]     |
[INFO] [stdout] 174 | pub enum CapabilityFlags {
[INFO] [stdout]     |          --------------- variants in this enum
[INFO] [stdout] 175 |     ClientLongPassword,
[INFO] [stdout]     |     ^^^^^^^^^^^^^^^^^^
[INFO] [stdout] 176 |     ClientFoundRows,
[INFO] [stdout]     |     ^^^^^^^^^^^^^^^
[INFO] [stdout] 177 |     ClientLongFlag,
[INFO] [stdout]     |     ^^^^^^^^^^^^^^
[INFO] [stdout] 178 |     ClientConnectWithDb,
[INFO] [stdout] 179 |     ClientNoSchema,
[INFO] [stdout]     |     ^^^^^^^^^^^^^^
[INFO] [stdout] 180 |     ClientCompress,
[INFO] [stdout]     |     ^^^^^^^^^^^^^^
[INFO] [stdout] 181 |     ClientOdbc,
[INFO] [stdout]     |     ^^^^^^^^^^
[INFO] [stdout] 182 |     ClientLocalFiles,
[INFO] [stdout]     |     ^^^^^^^^^^^^^^^^
[INFO] [stdout] 183 |
[INFO] [stdout] 184 |     ClientIgnoreSpace,
[INFO] [stdout]     |     ^^^^^^^^^^^^^^^^^
[INFO] [stdout] 185 |     ClientProtocol41,
[INFO] [stdout] 186 |     ClientInteractive,
[INFO] [stdout]     |     ^^^^^^^^^^^^^^^^^
[INFO] [stdout] 187 |     ClientSsl,
[INFO] [stdout]     |     ^^^^^^^^^
[INFO] [stdout] 188 |     ClientIgnoreSigpipe,
[INFO] [stdout]     |     ^^^^^^^^^^^^^^^^^^^
[INFO] [stdout] 189 |
[INFO] [stdout] 190 |     ClientTransactions,
[INFO] [stdout]     |     ^^^^^^^^^^^^^^^^^^
[INFO] [stdout] 191 |     ClientReserved,
[INFO] [stdout]     |     ^^^^^^^^^^^^^^
[INFO] [stdout] 192 |     ClientSecureConnection,
[INFO] [stdout] 193 |     ClientMultiStatements,
[INFO] [stdout]     |     ^^^^^^^^^^^^^^^^^^^^^
[INFO] [stdout] 194 |
[INFO] [stdout] 195 |     ClientMultiResults,
[INFO] [stdout]     |     ^^^^^^^^^^^^^^^^^^
[INFO] [stdout] 196 |     ClientPsMultiResults,
[INFO] [stdout]     |     ^^^^^^^^^^^^^^^^^^^^
[INFO] [stdout] ...
[INFO] [stdout] 201 |     ClientCanHandleExpiredPasswords,
[INFO] [stdout]     |     ^^^^^^^^^^^^^^^^^^^^^^^^^^^^^^^
[INFO] [stdout] 202 |     ClientSessionTrack,
[INFO] [stdout]     |     ^^^^^^^^^^^^^^^^^^
[INFO] [stdout] 203 |     ClientDeprecateEof,
[INFO] [stdout]     |     ^^^^^^^^^^^^^^^^^^
[INFO] [stdout] 204 |     ClientOptionalResultsetMetadata,
[INFO] [stdout]     |     ^^^^^^^^^^^^^^^^^^^^^^^^^^^^^^^
[INFO] [stdout] ...
[INFO] [stdout] 207 |     ClientQueryAttributes,
[INFO] [stdout]     |     ^^^^^^^^^^^^^^^^^^^^^
[INFO] [stdout] 208 |     MultiFactorAuthentication,
[INFO] [stdout]     |     ^^^^^^^^^^^^^^^^^^^^^^^^^
[INFO] [stdout] 209 |
[INFO] [stdout] 210 |     ClientProgressObsolete,
[INFO] [stdout]     |     ^^^^^^^^^^^^^^^^^^^^^^
[INFO] [stdout] 211 |     ClientSslVerifyServerCert,
[INFO] [stdout]     |     ^^^^^^^^^^^^^^^^^^^^^^^^^
[INFO] [stdout] 212 |     ClientRememberOptions,
[INFO] [stdout]     |     ^^^^^^^^^^^^^^^^^^^^^
[INFO] [stdout] 213 |     None,
[INFO] [stdout]     |     ^^^^
[INFO] [stdout]     |
[INFO] [stdout]     = note: `CapabilityFlags` has derived impls for the traits `Debug` and `Clone`, but these are intentionally ignored during dead code analysis
[INFO] [stdout]     = note: `#[warn(dead_code)]` on by default
[INFO] [stdout] 
[INFO] [stdout] 
[INFO] [stdout] warning: constant `CLIENT_QUERY_ATTRIBUTES` is never used
[INFO] [stdout]    --> src/comm.rs:249:7
[INFO] [stdout]     |
[INFO] [stdout] 249 | const CLIENT_QUERY_ATTRIBUTES: u32 = 1 << 8;
[INFO] [stdout]     |       ^^^^^^^^^^^^^^^^^^^^^^^
[INFO] [stdout] 
[INFO] [stdout] 
[INFO] [stdout] warning: associated function `from` is never used
[INFO] [stdout]    --> src/comm.rs:273:12
[INFO] [stdout]     |
[INFO] [stdout] 251 | impl CapabilityFlags {
[INFO] [stdout]     | -------------------- associated function in this implementation
[INFO] [stdout] ...
[INFO] [stdout] 273 |     pub fn from(flags: u32) -> CapabilityFlags {
[INFO] [stdout]     |            ^^^^
[INFO] [stdout] 
[INFO] [stdout] 
[INFO] [stdout] warning: associated constants `COM_CHANGE_USER`, `COM_STMT_FETCH`, and `COM_STMT_FETCHS` are never used
[INFO] [stdout]    --> src/comm.rs:393:15
[INFO] [stdout]     |
[INFO] [stdout] 385 | impl Command {
[INFO] [stdout]     | ------------ associated constants in this implementation
[INFO] [stdout] ...
[INFO] [stdout] 393 |     pub const COM_CHANGE_USER: u8 = 0x11;
[INFO] [stdout]     |               ^^^^^^^^^^^^^^^
[INFO] [stdout] ...
[INFO] [stdout] 398 |     pub const COM_STMT_FETCH: u8 = 0x19;
[INFO] [stdout]     |               ^^^^^^^^^^^^^^
[INFO] [stdout] 399 |     /// 返回的最大行数
[INFO] [stdout] 400 |     pub const COM_STMT_FETCHS: u8 = 0x22;
[INFO] [stdout]     |               ^^^^^^^^^^^^^^^
[INFO] [stdout] 
[INFO] [stdout] 
[INFO] [stdout] warning: associated constant `UTF8_MB4_GENERAL_CI` is never used
[INFO] [stdout]  --> src/character_set.rs:8:15
[INFO] [stdout]   |
[INFO] [stdout] 6 | impl Charset {
[INFO] [stdout]   | ------------ associated constant in this implementation
[INFO] [stdout] 7 |     pub const NONE: u8 = 0;
[INFO] [stdout] 8 |     pub const UTF8_MB4_GENERAL_CI: u8 = 45;
[INFO] [stdout]   |               ^^^^^^^^^^^^^^^^^^^
[INFO] [stdout] 
[INFO] [stdout] 
[INFO] [stdout] warning: fields `last_insert_id`, `database`, `table`, and `character_set` are never read
[INFO] [stdout]   --> src/response.rs:12:5
[INFO] [stdout]    |
[INFO] [stdout] 9  | pub struct Response {
[INFO] [stdout]    |            -------- fields in this struct
[INFO] [stdout] ...
[INFO] [stdout] 12 |     last_insert_id: String,
[INFO] [stdout]    |     ^^^^^^^^^^^^^^
[INFO] [stdout] ...
[INFO] [stdout] 22 |     database: String,
[INFO] [stdout]    |     ^^^^^^^^
[INFO] [stdout] 23 |     table: String,
[INFO] [stdout]    |     ^^^^^
[INFO] [stdout] 24 |     character_set: u8,
[INFO] [stdout]    |     ^^^^^^^^^^^^^
[INFO] [stdout]    |
[INFO] [stdout]    = note: `Response` has derived impls for the traits `Debug` and `Clone`, but these are intentionally ignored during dead code analysis
[INFO] [stdout] 
[INFO] [stdout] 
[INFO] [stderr]    Compiling aho-corasick v1.1.2
[INFO] [stderr]    Compiling is-terminal v0.4.9
[INFO] [stderr]    Compiling regex-automata v0.4.3
[INFO] [stderr]    Compiling regex v1.10.2
[INFO] [stderr]    Compiling env_logger v0.10.1
[INFO] [stderr]    Compiling br-mysql v0.0.4 (/opt/rustwide/workdir)
[INFO] [stdout] warning: function `query_SELECT` should have a snake case name
[INFO] [stdout]   --> tests/index.rs:24:12
[INFO] [stdout]    |
[INFO] [stdout] 24 |         fn query_SELECT() {
[INFO] [stdout]    |            ^^^^^^^^^^^^ help: convert the identifier to snake case: `query_select`
[INFO] [stdout]    |
[INFO] [stdout]    = note: `#[warn(non_snake_case)]` on by default
[INFO] [stdout] 
[INFO] [stdout] 
[INFO] [stdout] warning: function `query_PROCESSLIST` should have a snake case name
[INFO] [stdout]   --> tests/index.rs:37:12
[INFO] [stdout]    |
[INFO] [stdout] 37 |         fn query_PROCESSLIST() {
[INFO] [stdout]    |            ^^^^^^^^^^^^^^^^^ help: convert the identifier to snake case: `query_processlist`
[INFO] [stdout] 
[INFO] [stdout] 
[INFO] [stdout] warning: function `execute_TRANSACTION` should have a snake case name
[INFO] [stdout]   --> tests/index.rs:54:12
[INFO] [stdout]    |
[INFO] [stdout] 54 |         fn execute_TRANSACTION() {
[INFO] [stdout]    |            ^^^^^^^^^^^^^^^^^^^ help: convert the identifier to snake case: `execute_transaction`
[INFO] [stdout] 
[INFO] [stdout] 
[INFO] [stdout] warning: unused variable: `index`
[INFO] [stdout]    --> src/packet.rs:187:25
[INFO] [stdout]     |
[INFO] [stdout] 187 |                     let index = buf.remove(0);
[INFO] [stdout]     |                         ^^^^^ help: if this is intentional, prefix it with an underscore: `_index`
[INFO] [stdout]     |
[INFO] [stdout]     = note: `#[warn(unused_variables)]` on by default
[INFO] [stdout] 
[INFO] [stdout] 
[INFO] [stdout] warning: unused variable: `index`
[INFO] [stdout]    --> src/packet.rs:303:13
[INFO] [stdout]     |
[INFO] [stdout] 303 |         let index = buf.remove(0);
[INFO] [stdout]     |             ^^^^^ help: if this is intentional, prefix it with an underscore: `_index`
[INFO] [stdout] 
[INFO] [stdout] 
[INFO] [stdout] warning: unused variable: `index`
[INFO] [stdout]    --> src/packet.rs:338:17
[INFO] [stdout]     |
[INFO] [stdout] 338 |             let index = buf.remove(0);
[INFO] [stdout]     |                 ^^^^^ help: if this is intentional, prefix it with an underscore: `_index`
[INFO] [stdout] 
[INFO] [stdout] 
[INFO] [stdout] warning: variable does not need to be mutable
[INFO] [stdout]    --> src/packet.rs:241:17
[INFO] [stdout]     |
[INFO] [stdout] 241 |             let mut length = data.remove(0) as usize;
[INFO] [stdout]     |                 ----^^^^^^
[INFO] [stdout]     |                 |
[INFO] [stdout]     |                 help: remove this `mut`
[INFO] [stdout]     |
[INFO] [stdout]     = note: `#[warn(unused_mut)]` on by default
[INFO] [stdout] 
[INFO] [stdout] 
[INFO] [stdout] warning: variable does not need to be mutable
[INFO] [stdout]    --> src/packet.rs:246:17
[INFO] [stdout]     |
[INFO] [stdout] 246 |             let mut length = data.remove(0) as usize;
[INFO] [stdout]     |                 ----^^^^^^
[INFO] [stdout]     |                 |
[INFO] [stdout]     |                 help: remove this `mut`
[INFO] [stdout] 
[INFO] [stdout] 
[INFO] [stdout] warning: variable does not need to be mutable
[INFO] [stdout]    --> src/packet.rs:251:17
[INFO] [stdout]     |
[INFO] [stdout] 251 |             let mut length = data.remove(0) as usize;
[INFO] [stdout]     |                 ----^^^^^^
[INFO] [stdout]     |                 |
[INFO] [stdout]     |                 help: remove this `mut`
[INFO] [stdout] 
[INFO] [stdout] 
[INFO] [stdout] warning: variable does not need to be mutable
[INFO] [stdout]    --> src/packet.rs:256:17
[INFO] [stdout]     |
[INFO] [stdout] 256 |             let mut length = data.remove(0) as usize;
[INFO] [stdout]     |                 ----^^^^^^
[INFO] [stdout]     |                 |
[INFO] [stdout]     |                 help: remove this `mut`
[INFO] [stdout] 
[INFO] [stdout] 
[INFO] [stdout] warning: variable does not need to be mutable
[INFO] [stdout]    --> src/packet.rs:261:17
[INFO] [stdout]     |
[INFO] [stdout] 261 |             let mut length = data.remove(0) as usize;
[INFO] [stdout]     |                 ----^^^^^^
[INFO] [stdout]     |                 |
[INFO] [stdout]     |                 help: remove this `mut`
[INFO] [stdout] 
[INFO] [stdout] 
[INFO] [stdout] warning: variable does not need to be mutable
[INFO] [stdout]    --> src/packet.rs:266:17
[INFO] [stdout]     |
[INFO] [stdout] 266 |             let mut length = data.remove(0) as usize;
[INFO] [stdout]     |                 ----^^^^^^
[INFO] [stdout]     |                 |
[INFO] [stdout]     |                 help: remove this `mut`
[INFO] [stdout] 
[INFO] [stdout] 
[INFO] [stdout] warning: multiple variants are never constructed
[INFO] [stdout]    --> src/comm.rs:175:5
[INFO] [stdout]     |
[INFO] [stdout] 174 | pub enum CapabilityFlags {
[INFO] [stdout]     |          --------------- variants in this enum
[INFO] [stdout] 175 |     ClientLongPassword,
[INFO] [stdout]     |     ^^^^^^^^^^^^^^^^^^
[INFO] [stdout] 176 |     ClientFoundRows,
[INFO] [stdout]     |     ^^^^^^^^^^^^^^^
[INFO] [stdout] 177 |     ClientLongFlag,
[INFO] [stdout]     |     ^^^^^^^^^^^^^^
[INFO] [stdout] 178 |     ClientConnectWithDb,
[INFO] [stdout] 179 |     ClientNoSchema,
[INFO] [stdout]     |     ^^^^^^^^^^^^^^
[INFO] [stdout] 180 |     ClientCompress,
[INFO] [stdout]     |     ^^^^^^^^^^^^^^
[INFO] [stdout] 181 |     ClientOdbc,
[INFO] [stdout]     |     ^^^^^^^^^^
[INFO] [stdout] 182 |     ClientLocalFiles,
[INFO] [stdout]     |     ^^^^^^^^^^^^^^^^
[INFO] [stdout] 183 |
[INFO] [stdout] 184 |     ClientIgnoreSpace,
[INFO] [stdout]     |     ^^^^^^^^^^^^^^^^^
[INFO] [stdout] 185 |     ClientProtocol41,
[INFO] [stdout] 186 |     ClientInteractive,
[INFO] [stdout]     |     ^^^^^^^^^^^^^^^^^
[INFO] [stdout] 187 |     ClientSsl,
[INFO] [stdout]     |     ^^^^^^^^^
[INFO] [stdout] 188 |     ClientIgnoreSigpipe,
[INFO] [stdout]     |     ^^^^^^^^^^^^^^^^^^^
[INFO] [stdout] 189 |
[INFO] [stdout] 190 |     ClientTransactions,
[INFO] [stdout]     |     ^^^^^^^^^^^^^^^^^^
[INFO] [stdout] 191 |     ClientReserved,
[INFO] [stdout]     |     ^^^^^^^^^^^^^^
[INFO] [stdout] 192 |     ClientSecureConnection,
[INFO] [stdout] 193 |     ClientMultiStatements,
[INFO] [stdout]     |     ^^^^^^^^^^^^^^^^^^^^^
[INFO] [stdout] 194 |
[INFO] [stdout] 195 |     ClientMultiResults,
[INFO] [stdout]     |     ^^^^^^^^^^^^^^^^^^
[INFO] [stdout] 196 |     ClientPsMultiResults,
[INFO] [stdout]     |     ^^^^^^^^^^^^^^^^^^^^
[INFO] [stdout] ...
[INFO] [stdout] 201 |     ClientCanHandleExpiredPasswords,
[INFO] [stdout]     |     ^^^^^^^^^^^^^^^^^^^^^^^^^^^^^^^
[INFO] [stdout] 202 |     ClientSessionTrack,
[INFO] [stdout]     |     ^^^^^^^^^^^^^^^^^^
[INFO] [stdout] 203 |     ClientDeprecateEof,
[INFO] [stdout]     |     ^^^^^^^^^^^^^^^^^^
[INFO] [stdout] 204 |     ClientOptionalResultsetMetadata,
[INFO] [stdout]     |     ^^^^^^^^^^^^^^^^^^^^^^^^^^^^^^^
[INFO] [stdout] ...
[INFO] [stdout] 207 |     ClientQueryAttributes,
[INFO] [stdout]     |     ^^^^^^^^^^^^^^^^^^^^^
[INFO] [stdout] 208 |     MultiFactorAuthentication,
[INFO] [stdout]     |     ^^^^^^^^^^^^^^^^^^^^^^^^^
[INFO] [stdout] 209 |
[INFO] [stdout] 210 |     ClientProgressObsolete,
[INFO] [stdout]     |     ^^^^^^^^^^^^^^^^^^^^^^
[INFO] [stdout] 211 |     ClientSslVerifyServerCert,
[INFO] [stdout]     |     ^^^^^^^^^^^^^^^^^^^^^^^^^
[INFO] [stdout] 212 |     ClientRememberOptions,
[INFO] [stdout]     |     ^^^^^^^^^^^^^^^^^^^^^
[INFO] [stdout] 213 |     None,
[INFO] [stdout]     |     ^^^^
[INFO] [stdout]     |
[INFO] [stdout]     = note: `CapabilityFlags` has derived impls for the traits `Debug` and `Clone`, but these are intentionally ignored during dead code analysis
[INFO] [stdout]     = note: `#[warn(dead_code)]` on by default
[INFO] [stdout] 
[INFO] [stdout] 
[INFO] [stdout] warning: constant `CLIENT_QUERY_ATTRIBUTES` is never used
[INFO] [stdout]    --> src/comm.rs:249:7
[INFO] [stdout]     |
[INFO] [stdout] 249 | const CLIENT_QUERY_ATTRIBUTES: u32 = 1 << 8;
[INFO] [stdout]     |       ^^^^^^^^^^^^^^^^^^^^^^^
[INFO] [stdout] 
[INFO] [stdout] 
[INFO] [stdout] warning: associated function `from` is never used
[INFO] [stdout]    --> src/comm.rs:273:12
[INFO] [stdout]     |
[INFO] [stdout] 251 | impl CapabilityFlags {
[INFO] [stdout]     | -------------------- associated function in this implementation
[INFO] [stdout] ...
[INFO] [stdout] 273 |     pub fn from(flags: u32) -> CapabilityFlags {
[INFO] [stdout]     |            ^^^^
[INFO] [stdout] 
[INFO] [stdout] 
[INFO] [stdout] warning: associated constants `COM_CHANGE_USER`, `COM_STMT_FETCH`, and `COM_STMT_FETCHS` are never used
[INFO] [stdout]    --> src/comm.rs:393:15
[INFO] [stdout]     |
[INFO] [stdout] 385 | impl Command {
[INFO] [stdout]     | ------------ associated constants in this implementation
[INFO] [stdout] ...
[INFO] [stdout] 393 |     pub const COM_CHANGE_USER: u8 = 0x11;
[INFO] [stdout]     |               ^^^^^^^^^^^^^^^
[INFO] [stdout] ...
[INFO] [stdout] 398 |     pub const COM_STMT_FETCH: u8 = 0x19;
[INFO] [stdout]     |               ^^^^^^^^^^^^^^
[INFO] [stdout] 399 |     /// 返回的最大行数
[INFO] [stdout] 400 |     pub const COM_STMT_FETCHS: u8 = 0x22;
[INFO] [stdout]     |               ^^^^^^^^^^^^^^^
[INFO] [stdout] 
[INFO] [stdout] 
[INFO] [stdout] warning: associated constant `UTF8_MB4_GENERAL_CI` is never used
[INFO] [stdout]  --> src/character_set.rs:8:15
[INFO] [stdout]   |
[INFO] [stdout] 6 | impl Charset {
[INFO] [stdout]   | ------------ associated constant in this implementation
[INFO] [stdout] 7 |     pub const NONE: u8 = 0;
[INFO] [stdout] 8 |     pub const UTF8_MB4_GENERAL_CI: u8 = 45;
[INFO] [stdout]   |               ^^^^^^^^^^^^^^^^^^^
[INFO] [stdout] 
[INFO] [stdout] 
[INFO] [stdout] warning: fields `last_insert_id`, `database`, `table`, and `character_set` are never read
[INFO] [stdout]   --> src/response.rs:12:5
[INFO] [stdout]    |
[INFO] [stdout] 9  | pub struct Response {
[INFO] [stdout]    |            -------- fields in this struct
[INFO] [stdout] ...
[INFO] [stdout] 12 |     last_insert_id: String,
[INFO] [stdout]    |     ^^^^^^^^^^^^^^
[INFO] [stdout] ...
[INFO] [stdout] 22 |     database: String,
[INFO] [stdout]    |     ^^^^^^^^
[INFO] [stdout] 23 |     table: String,
[INFO] [stdout]    |     ^^^^^
[INFO] [stdout] 24 |     character_set: u8,
[INFO] [stdout]    |     ^^^^^^^^^^^^^
[INFO] [stdout]    |
[INFO] [stdout]    = note: `Response` has derived impls for the traits `Debug` and `Clone`, but these are intentionally ignored during dead code analysis
[INFO] [stdout] 
[INFO] [stdout] 
[INFO] [stderr]     Finished `test` profile [unoptimized + debuginfo] target(s) in 12.11s
[INFO] running `Command { std: "docker" "inspect" "63858964b87cdcc3f627906f870914f8e8bf44a935f67dbf808a1389baa5ec38", kill_on_drop: false }`
[INFO] running `Command { std: "docker" "rm" "-f" "63858964b87cdcc3f627906f870914f8e8bf44a935f67dbf808a1389baa5ec38", kill_on_drop: false }`
[INFO] [stdout] 63858964b87cdcc3f627906f870914f8e8bf44a935f67dbf808a1389baa5ec38
[INFO] running `Command { std: "docker" "create" "-v" "/var/lib/crater-agent-workspace/builds/worker-0-tc1/target:/opt/rustwide/target:rw,Z" "-v" "/var/lib/crater-agent-workspace/builds/worker-0-tc1/source:/opt/rustwide/workdir:ro,Z" "-v" "/var/lib/crater-agent-workspace/cargo-home:/opt/rustwide/cargo-home:ro,Z" "-v" "/var/lib/crater-agent-workspace/rustup-home:/opt/rustwide/rustup-home:ro,Z" "-e" "SOURCE_DIR=/opt/rustwide/workdir" "-e" "CARGO_TARGET_DIR=/opt/rustwide/target" "-e" "CARGO_INCREMENTAL=0" "-e" "RUST_BACKTRACE=full" "-e" "RUSTFLAGS=--cap-lints=warn" "-e" "RUSTDOCFLAGS=--cap-lints=warn" "-e" "CARGO_HOME=/opt/rustwide/cargo-home" "-e" "RUSTUP_HOME=/opt/rustwide/rustup-home" "-w" "/opt/rustwide/workdir" "-m" "1610612736" "--user" "0:0" "--network" "none" "ghcr.io/rust-lang/crates-build-env/linux@sha256:f3a9d4ad9d972b27faf3965f35b62e55ba32bbce8f20bc8fe909558a86702fde" "/opt/rustwide/cargo-home/bin/cargo" "+1.83.0" "test" "--frozen", kill_on_drop: false }`
[INFO] [stdout] 37a91853d26b67b1d798cc802337fd6cad844525f3f4936b424ececc3060068f
[INFO] running `Command { std: "docker" "start" "-a" "37a91853d26b67b1d798cc802337fd6cad844525f3f4936b424ececc3060068f", kill_on_drop: false }`
[INFO] [stderr] warning: unused variable: `index`
[INFO] [stderr]    --> src/packet.rs:187:25
[INFO] [stderr]     |
[INFO] [stderr] 187 |                     let index = buf.remove(0);
[INFO] [stderr]     |                         ^^^^^ help: if this is intentional, prefix it with an underscore: `_index`
[INFO] [stderr]     |
[INFO] [stderr]     = note: `#[warn(unused_variables)]` on by default
[INFO] [stderr] 
[INFO] [stderr] warning: unused variable: `index`
[INFO] [stderr]    --> src/packet.rs:303:13
[INFO] [stderr]     |
[INFO] [stderr] 303 |         let index = buf.remove(0);
[INFO] [stderr]     |             ^^^^^ help: if this is intentional, prefix it with an underscore: `_index`
[INFO] [stderr] 
[INFO] [stderr] warning: unused variable: `index`
[INFO] [stderr]    --> src/packet.rs:338:17
[INFO] [stderr]     |
[INFO] [stderr] 338 |             let index = buf.remove(0);
[INFO] [stderr]     |                 ^^^^^ help: if this is intentional, prefix it with an underscore: `_index`
[INFO] [stderr] 
[INFO] [stderr] warning: variable does not need to be mutable
[INFO] [stderr]    --> src/packet.rs:241:17
[INFO] [stderr]     |
[INFO] [stderr] 241 |             let mut length = data.remove(0) as usize;
[INFO] [stderr]     |                 ----^^^^^^
[INFO] [stderr]     |                 |
[INFO] [stderr]     |                 help: remove this `mut`
[INFO] [stderr]     |
[INFO] [stderr]     = note: `#[warn(unused_mut)]` on by default
[INFO] [stderr] 
[INFO] [stderr] warning: variable does not need to be mutable
[INFO] [stderr]    --> src/packet.rs:246:17
[INFO] [stderr]     |
[INFO] [stderr] 246 |             let mut length = data.remove(0) as usize;
[INFO] [stderr]     |                 ----^^^^^^
[INFO] [stderr]     |                 |
[INFO] [stderr]     |                 help: remove this `mut`
[INFO] [stderr] 
[INFO] [stderr] warning: variable does not need to be mutable
[INFO] [stderr]    --> src/packet.rs:251:17
[INFO] [stderr]     |
[INFO] [stderr] 251 |             let mut length = data.remove(0) as usize;
[INFO] [stderr]     |                 ----^^^^^^
[INFO] [stderr]     |                 |
[INFO] [stderr]     |                 help: remove this `mut`
[INFO] [stderr] 
[INFO] [stderr] warning: variable does not need to be mutable
[INFO] [stderr]    --> src/packet.rs:256:17
[INFO] [stderr]     |
[INFO] [stderr] 256 |             let mut length = data.remove(0) as usize;
[INFO] [stderr]     |                 ----^^^^^^
[INFO] [stderr]     |                 |
[INFO] [stderr]     |                 help: remove this `mut`
[INFO] [stderr] 
[INFO] [stderr] warning: variable does not need to be mutable
[INFO] [stderr]    --> src/packet.rs:261:17
[INFO] [stderr]     |
[INFO] [stderr] 261 |             let mut length = data.remove(0) as usize;
[INFO] [stderr]     |                 ----^^^^^^
[INFO] [stderr]     |                 |
[INFO] [stderr]     |                 help: remove this `mut`
[INFO] [stderr] 
[INFO] [stderr] warning: variable does not need to be mutable
[INFO] [stderr]    --> src/packet.rs:266:17
[INFO] [stderr]     |
[INFO] [stderr] 266 |             let mut length = data.remove(0) as usize;
[INFO] [stderr]     |                 ----^^^^^^
[INFO] [stderr]     |                 |
[INFO] [stderr]     |                 help: remove this `mut`
[INFO] [stderr] 
[INFO] [stderr] warning: multiple variants are never constructed
[INFO] [stderr]    --> src/comm.rs:175:5
[INFO] [stderr]     |
[INFO] [stderr] 174 | pub enum CapabilityFlags {
[INFO] [stderr]     |          --------------- variants in this enum
[INFO] [stderr] 175 |     ClientLongPassword,
[INFO] [stderr]     |     ^^^^^^^^^^^^^^^^^^
[INFO] [stderr] 176 |     ClientFoundRows,
[INFO] [stderr]     |     ^^^^^^^^^^^^^^^
[INFO] [stderr] 177 |     ClientLongFlag,
[INFO] [stderr]     |     ^^^^^^^^^^^^^^
[INFO] [stderr] 178 |     ClientConnectWithDb,
[INFO] [stderr] 179 |     ClientNoSchema,
[INFO] [stderr]     |     ^^^^^^^^^^^^^^
[INFO] [stderr] 180 |     ClientCompress,
[INFO] [stderr]     |     ^^^^^^^^^^^^^^
[INFO] [stderr] 181 |     ClientOdbc,
[INFO] [stderr]     |     ^^^^^^^^^^
[INFO] [stderr] 182 |     ClientLocalFiles,
[INFO] [stderr]     |     ^^^^^^^^^^^^^^^^
[INFO] [stderr] 183 |
[INFO] [stderr] 184 |     ClientIgnoreSpace,
[INFO] [stderr]     |     ^^^^^^^^^^^^^^^^^
[INFO] [stderr] 185 |     ClientProtocol41,
[INFO] [stderr] 186 |     ClientInteractive,
[INFO] [stderr]     |     ^^^^^^^^^^^^^^^^^
[INFO] [stderr] 187 |     ClientSsl,
[INFO] [stderr]     |     ^^^^^^^^^
[INFO] [stderr] 188 |     ClientIgnoreSigpipe,
[INFO] [stderr]     |     ^^^^^^^^^^^^^^^^^^^
[INFO] [stderr] 189 |
[INFO] [stderr] 190 |     ClientTransactions,
[INFO] [stderr]     |     ^^^^^^^^^^^^^^^^^^
[INFO] [stderr] 191 |     ClientReserved,
[INFO] [stderr]     |     ^^^^^^^^^^^^^^
[INFO] [stderr] 192 |     ClientSecureConnection,
[INFO] [stderr] 193 |     ClientMultiStatements,
[INFO] [stderr]     |     ^^^^^^^^^^^^^^^^^^^^^
[INFO] [stderr] 194 |
[INFO] [stderr] 195 |     ClientMultiResults,
[INFO] [stderr]     |     ^^^^^^^^^^^^^^^^^^
[INFO] [stderr] 196 |     ClientPsMultiResults,
[INFO] [stderr]     |     ^^^^^^^^^^^^^^^^^^^^
[INFO] [stderr] ...
[INFO] [stderr] 201 |     ClientCanHandleExpiredPasswords,
[INFO] [stderr]     |     ^^^^^^^^^^^^^^^^^^^^^^^^^^^^^^^
[INFO] [stderr] 202 |     ClientSessionTrack,
[INFO] [stderr]     |     ^^^^^^^^^^^^^^^^^^
[INFO] [stderr] 203 |     ClientDeprecateEof,
[INFO] [stderr]     |     ^^^^^^^^^^^^^^^^^^
[INFO] [stderr] 204 |     ClientOptionalResultsetMetadata,
[INFO] [stderr]     |     ^^^^^^^^^^^^^^^^^^^^^^^^^^^^^^^
[INFO] [stderr] ...
[INFO] [stderr] 207 |     ClientQueryAttributes,
[INFO] [stderr]     |     ^^^^^^^^^^^^^^^^^^^^^
[INFO] [stderr] 208 |     MultiFactorAuthentication,
[INFO] [stderr]     |     ^^^^^^^^^^^^^^^^^^^^^^^^^
[INFO] [stderr] 209 |
[INFO] [stderr] 210 |     ClientProgressObsolete,
[INFO] [stderr]     |     ^^^^^^^^^^^^^^^^^^^^^^
[INFO] [stderr] 211 |     ClientSslVerifyServerCert,
[INFO] [stderr]     |     ^^^^^^^^^^^^^^^^^^^^^^^^^
[INFO] [stderr] 212 |     ClientRememberOptions,
[INFO] [stderr]     |     ^^^^^^^^^^^^^^^^^^^^^
[INFO] [stderr] 213 |     None,
[INFO] [stderr]     |     ^^^^
[INFO] [stderr]     |
[INFO] [stderr]     = note: `CapabilityFlags` has derived impls for the traits `Debug` and `Clone`, but these are intentionally ignored during dead code analysis
[INFO] [stderr]     = note: `#[warn(dead_code)]` on by default
[INFO] [stderr] 
[INFO] [stderr] warning: constant `CLIENT_QUERY_ATTRIBUTES` is never used
[INFO] [stderr]    --> src/comm.rs:249:7
[INFO] [stderr]     |
[INFO] [stderr] 249 | const CLIENT_QUERY_ATTRIBUTES: u32 = 1 << 8;
[INFO] [stderr]     |       ^^^^^^^^^^^^^^^^^^^^^^^
[INFO] [stderr] 
[INFO] [stderr] warning: associated function `from` is never used
[INFO] [stderr]    --> src/comm.rs:273:12
[INFO] [stderr]     |
[INFO] [stderr] 251 | impl CapabilityFlags {
[INFO] [stderr]     | -------------------- associated function in this implementation
[INFO] [stderr] ...
[INFO] [stderr] 273 |     pub fn from(flags: u32) -> CapabilityFlags {
[INFO] [stderr]     |            ^^^^
[INFO] [stderr] 
[INFO] [stderr] warning: associated constants `COM_CHANGE_USER`, `COM_STMT_FETCH`, and `COM_STMT_FETCHS` are never used
[INFO] [stderr]    --> src/comm.rs:393:15
[INFO] [stderr]     |
[INFO] [stderr] 385 | impl Command {
[INFO] [stderr]     | ------------ associated constants in this implementation
[INFO] [stderr] ...
[INFO] [stderr] 393 |     pub const COM_CHANGE_USER: u8 = 0x11;
[INFO] [stderr]     |               ^^^^^^^^^^^^^^^
[INFO] [stderr] ...
[INFO] [stderr] 398 |     pub const COM_STMT_FETCH: u8 = 0x19;
[INFO] [stderr]     |               ^^^^^^^^^^^^^^
[INFO] [stderr] 399 |     /// 返回的最大行数
[INFO] [stderr] 400 |     pub const COM_STMT_FETCHS: u8 = 0x22;
[INFO] [stderr]     |               ^^^^^^^^^^^^^^^
[INFO] [stderr] 
[INFO] [stderr] warning: associated constant `UTF8_MB4_GENERAL_CI` is never used
[INFO] [stderr]  --> src/character_set.rs:8:15
[INFO] [stderr]   |
[INFO] [stderr] 6 | impl Charset {
[INFO] [stderr]   | ------------ associated constant in this implementation
[INFO] [stderr] 7 |     pub const NONE: u8 = 0;
[INFO] [stderr] 8 |     pub const UTF8_MB4_GENERAL_CI: u8 = 45;
[INFO] [stderr]   |               ^^^^^^^^^^^^^^^^^^^
[INFO] [stderr] 
[INFO] [stderr] warning: fields `last_insert_id`, `database`, `table`, and `character_set` are never read
[INFO] [stderr]   --> src/response.rs:12:5
[INFO] [stderr]    |
[INFO] [stderr] 9  | pub struct Response {
[INFO] [stderr]    |            -------- fields in this struct
[INFO] [stderr] ...
[INFO] [stderr] 12 |     last_insert_id: String,
[INFO] [stderr]    |     ^^^^^^^^^^^^^^
[INFO] [stderr] ...
[INFO] [stderr] 22 |     database: String,
[INFO] [stderr]    |     ^^^^^^^^
[INFO] [stderr] 23 |     table: String,
[INFO] [stderr]    |     ^^^^^
[INFO] [stderr] 24 |     character_set: u8,
[INFO] [stderr]    |     ^^^^^^^^^^^^^
[INFO] [stderr]    |
[INFO] [stderr]    = note: `Response` has derived impls for the traits `Debug` and `Clone`, but these are intentionally ignored during dead code analysis
[INFO] [stderr] 
[INFO] [stderr] warning: `br-mysql` (lib) generated 15 warnings (run `cargo fix --lib -p br-mysql` to apply 6 suggestions)
[INFO] [stderr] warning: `br-mysql` (lib test) generated 15 warnings (15 duplicates)
[INFO] [stderr] warning: function `query_SELECT` should have a snake case name
[INFO] [stderr]   --> tests/index.rs:24:12
[INFO] [stderr]    |
[INFO] [stderr] 24 |         fn query_SELECT() {
[INFO] [stderr]    |            ^^^^^^^^^^^^ help: convert the identifier to snake case: `query_select`
[INFO] [stderr]    |
[INFO] [stderr]    = note: `#[warn(non_snake_case)]` on by default
[INFO] [stderr] 
[INFO] [stderr] warning: function `query_PROCESSLIST` should have a snake case name
[INFO] [stderr]   --> tests/index.rs:37:12
[INFO] [stderr]    |
[INFO] [stderr] 37 |         fn query_PROCESSLIST() {
[INFO] [stderr]    |            ^^^^^^^^^^^^^^^^^ help: convert the identifier to snake case: `query_processlist`
[INFO] [stderr] 
[INFO] [stderr] warning: function `execute_TRANSACTION` should have a snake case name
[INFO] [stderr]   --> tests/index.rs:54:12
[INFO] [stderr]    |
[INFO] [stderr] 54 |         fn execute_TRANSACTION() {
[INFO] [stderr]    |            ^^^^^^^^^^^^^^^^^^^ help: convert the identifier to snake case: `execute_transaction`
[INFO] [stderr] 
[INFO] [stderr] warning: `br-mysql` (test "index") generated 3 warnings
[INFO] [stderr]     Finished `test` profile [unoptimized + debuginfo] target(s) in 0.08s
[INFO] [stderr]      Running unittests src/lib.rs (/opt/rustwide/target/debug/deps/br_mysql-cefed5adee76d1f9)
[INFO] [stdout] 
[INFO] [stdout] running 0 tests
[INFO] [stdout] 
[INFO] [stdout] test result: ok. 0 passed; 0 failed; 0 ignored; 0 measured; 0 filtered out; finished in 0.00s
[INFO] [stdout] 
[INFO] [stderr]      Running tests/index.rs (/opt/rustwide/target/debug/deps/index-f3f3be00fe951d09)
[INFO] [stdout] 
[INFO] [stdout] running 4 tests
[INFO] [stdout] test mysql::query::query_count ... FAILED
[INFO] [stdout] test mysql::query::query_PROCESSLIST ... FAILED
[INFO] [stdout] test mysql::query::query_SELECT ... FAILED
[INFO] [stdout] test mysql::execute::execute_TRANSACTION ... FAILED
[INFO] [stdout] 
[INFO] [stdout] failures:
[INFO] [stdout] 
[INFO] [stdout] ---- mysql::query::query_count stdout ----
[INFO] [stdout] thread 'mysql::query::query_count' panicked at tests/index.rs:11:57:
[INFO] [stdout] called `Result::unwrap()` on an `Err` value: Os { code: 2, kind: NotFound, message: "No such file or directory" }
[INFO] [stdout] stack backtrace:
[INFO] [stdout]    0:     0x56e4dc21b22a - std::backtrace_rs::backtrace::libunwind::trace::h5a5b8284f2d0c266
[INFO] [stdout]                                at /rustc/90b35a6239c3d8bdabc530a6a0816f7ff89a0aaf/library/std/src/../../backtrace/src/backtrace/libunwind.rs:116:5
[INFO] [stdout]    1:     0x56e4dc21b22a - std::backtrace_rs::backtrace::trace_unsynchronized::h76d4f1c9b0b875e3
[INFO] [stdout]                                at /rustc/90b35a6239c3d8bdabc530a6a0816f7ff89a0aaf/library/std/src/../../backtrace/src/backtrace/mod.rs:66:5
[INFO] [stdout]    2:     0x56e4dc21b22a - std::sys::backtrace::_print_fmt::hc4546b8364a537c6
[INFO] [stdout]                                at /rustc/90b35a6239c3d8bdabc530a6a0816f7ff89a0aaf/library/std/src/sys/backtrace.rs:66:9
[INFO] [stdout]    3:     0x56e4dc21b22a - <std::sys::backtrace::BacktraceLock::print::DisplayBacktrace as core::fmt::Display>::fmt::h5b6bd5631a6d1f6b
[INFO] [stdout]                                at /rustc/90b35a6239c3d8bdabc530a6a0816f7ff89a0aaf/library/std/src/sys/backtrace.rs:39:26
[INFO] [stdout]    4:     0x56e4dc243163 - core::fmt::rt::Argument::fmt::h270f6602a2b96f62
[INFO] [stdout]                                at /rustc/90b35a6239c3d8bdabc530a6a0816f7ff89a0aaf/library/core/src/fmt/rt.rs:177:76
[INFO] [stdout]    5:     0x56e4dc243163 - core::fmt::write::h7550c97b06c86515
[INFO] [stdout]                                at /rustc/90b35a6239c3d8bdabc530a6a0816f7ff89a0aaf/library/core/src/fmt/mod.rs:1186:21
[INFO] [stdout]    6:     0x56e4dc217d23 - std::io::Write::write_fmt::h509ff860e5956e5e
[INFO] [stdout]                                at /rustc/90b35a6239c3d8bdabc530a6a0816f7ff89a0aaf/library/std/src/io/mod.rs:1839:15
[INFO] [stdout]    7:     0x56e4dc21b072 - std::sys::backtrace::BacktraceLock::print::h2395ccd2c84ba3aa
[INFO] [stdout]                                at /rustc/90b35a6239c3d8bdabc530a6a0816f7ff89a0aaf/library/std/src/sys/backtrace.rs:42:9
[INFO] [stdout]    8:     0x56e4dc21c68a - std::panicking::default_hook::{{closure}}::he19d4c7230e07961
[INFO] [stdout]                                at /rustc/90b35a6239c3d8bdabc530a6a0816f7ff89a0aaf/library/std/src/panicking.rs:268:22
[INFO] [stdout]    9:     0x56e4dc21c494 - std::panicking::default_hook::hf614597d3c67bbdb
[INFO] [stdout]                                at /rustc/90b35a6239c3d8bdabc530a6a0816f7ff89a0aaf/library/std/src/panicking.rs:292:9
[INFO] [stdout]   10:     0x56e4dc1772f9 - <alloc::boxed::Box<F,A> as core::ops::function::Fn<Args>>::call::h39b51ce4599c23d1
[INFO] [stdout]                                at /rustc/90b35a6239c3d8bdabc530a6a0816f7ff89a0aaf/library/alloc/src/boxed.rs:2468:9
[INFO] [stdout]   11:     0x56e4dc1772f9 - test::test_main::{{closure}}::he977ae839a582784
[INFO] [stdout]                                at /rustc/90b35a6239c3d8bdabc530a6a0816f7ff89a0aaf/library/test/src/lib.rs:133:21
[INFO] [stdout]   12:     0x56e4dc21cd28 - <alloc::boxed::Box<F,A> as core::ops::function::Fn<Args>>::call::h9455091b6b06f9fb
[INFO] [stdout]                                at /rustc/90b35a6239c3d8bdabc530a6a0816f7ff89a0aaf/library/alloc/src/boxed.rs:2468:9
[INFO] [stdout]   13:     0x56e4dc21cd28 - std::panicking::rust_panic_with_hook::h8942133a8b252070
[INFO] [stdout]                                at /rustc/90b35a6239c3d8bdabc530a6a0816f7ff89a0aaf/library/std/src/panicking.rs:809:13
[INFO] [stdout]   14:     0x56e4dc21caea - std::panicking::begin_panic_handler::{{closure}}::hb5f5963570096b29
[INFO] [stdout]                                at /rustc/90b35a6239c3d8bdabc530a6a0816f7ff89a0aaf/library/std/src/panicking.rs:674:13
[INFO] [stdout]   15:     0x56e4dc21b709 - std::sys::backtrace::__rust_end_short_backtrace::h6208cedc1922feda
[INFO] [stdout]                                at /rustc/90b35a6239c3d8bdabc530a6a0816f7ff89a0aaf/library/std/src/sys/backtrace.rs:170:18
[INFO] [stdout]   16:     0x56e4dc21c77c - rust_begin_unwind
[INFO] [stdout]                                at /rustc/90b35a6239c3d8bdabc530a6a0816f7ff89a0aaf/library/std/src/panicking.rs:665:5
[INFO] [stdout]   17:     0x56e4dbe972a0 - core::panicking::panic_fmt::h0c3082644d1bf418
[INFO] [stdout]                                at /rustc/90b35a6239c3d8bdabc530a6a0816f7ff89a0aaf/library/core/src/panicking.rs:74:14
[INFO] [stdout]   18:     0x56e4dbe97726 - core::result::unwrap_failed::hd20b4aa073bda1e2
[INFO] [stdout]                                at /rustc/90b35a6239c3d8bdabc530a6a0816f7ff89a0aaf/library/core/src/result.rs:1700:5
[INFO] [stdout]   19:     0x56e4dbe9ad45 - core::result::Result<T,E>::unwrap::h224a312577d384b9
[INFO] [stdout]                                at /rustc/90b35a6239c3d8bdabc530a6a0816f7ff89a0aaf/library/core/src/result.rs:1104:23
[INFO] [stdout]   20:     0x56e4dbe9ad45 - index::mysql::init::h35f57df3eac85aad
[INFO] [stdout]                                at /opt/rustwide/workdir/tests/index.rs:11:18
[INFO] [stdout]   21:     0x56e4dbe9b714 - index::mysql::query::query_count::h42c57d6dcc71ec3a
[INFO] [stdout]                                at /opt/rustwide/workdir/tests/index.rs:32:26
[INFO] [stdout]   22:     0x56e4dbe9b6e7 - index::mysql::query::query_count::{{closure}}::h7f492448a8a21a8c
[INFO] [stdout]                                at /opt/rustwide/workdir/tests/index.rs:31:25
[INFO] [stdout]   23:     0x56e4dbe98576 - core::ops::function::FnOnce::call_once::h55f36ad5fd09d015
[INFO] [stdout]                                at /rustc/90b35a6239c3d8bdabc530a6a0816f7ff89a0aaf/library/core/src/ops/function.rs:250:5
[INFO] [stdout]   24:     0x56e4dc17bcbb - core::ops::function::FnOnce::call_once::h109cf8051a59b34e
[INFO] [stdout]                                at /rustc/90b35a6239c3d8bdabc530a6a0816f7ff89a0aaf/library/core/src/ops/function.rs:250:5
[INFO] [stdout]   25:     0x56e4dc17bcbb - test::__rust_begin_short_backtrace::hf4fff89d377446ba
[INFO] [stdout]                                at /rustc/90b35a6239c3d8bdabc530a6a0816f7ff89a0aaf/library/test/src/lib.rs:621:18
[INFO] [stdout]   26:     0x56e4dc17b4f7 - test::run_test_in_process::{{closure}}::h0e39181dd7ee5a43
[INFO] [stdout]                                at /rustc/90b35a6239c3d8bdabc530a6a0816f7ff89a0aaf/library/test/src/lib.rs:644:60
[INFO] [stdout]   27:     0x56e4dc17b4f7 - <core::panic::unwind_safe::AssertUnwindSafe<F> as core::ops::function::FnOnce<()>>::call_once::hc5a66a30f0bdfd1f
[INFO] [stdout]                                at /rustc/90b35a6239c3d8bdabc530a6a0816f7ff89a0aaf/library/core/src/panic/unwind_safe.rs:272:9
[INFO] [stdout]   28:     0x56e4dc17b4f7 - std::panicking::try::do_call::h873b7cf639554a5e
[INFO] [stdout]                                at /rustc/90b35a6239c3d8bdabc530a6a0816f7ff89a0aaf/library/std/src/panicking.rs:557:40
[INFO] [stdout]   29:     0x56e4dc17b4f7 - std::panicking::try::hdb19862fad9c8bd1
[INFO] [stdout]                                at /rustc/90b35a6239c3d8bdabc530a6a0816f7ff89a0aaf/library/std/src/panicking.rs:520:19
[INFO] [stdout]   30:     0x56e4dc17b4f7 - std::panic::catch_unwind::h281fe732d236d260
[INFO] [stdout]                                at /rustc/90b35a6239c3d8bdabc530a6a0816f7ff89a0aaf/library/std/src/panic.rs:358:14
[INFO] [stdout]   31:     0x56e4dc17b4f7 - test::run_test_in_process::h949b6df8457ed338
[INFO] [stdout]                                at /rustc/90b35a6239c3d8bdabc530a6a0816f7ff89a0aaf/library/test/src/lib.rs:644:27
[INFO] [stdout]   32:     0x56e4dc17b4f7 - test::run_test::{{closure}}::h52c556a6d4740e10
[INFO] [stdout]                                at /rustc/90b35a6239c3d8bdabc530a6a0816f7ff89a0aaf/library/test/src/lib.rs:565:43
[INFO] [stdout]   33:     0x56e4dc1407d4 - test::run_test::{{closure}}::h4237f6381c45ccb9
[INFO] [stdout]                                at /rustc/90b35a6239c3d8bdabc530a6a0816f7ff89a0aaf/library/test/src/lib.rs:595:41
[INFO] [stdout]   34:     0x56e4dc1407d4 - std::sys::backtrace::__rust_begin_short_backtrace::h505c97a579eca628
[INFO] [stdout]                                at /rustc/90b35a6239c3d8bdabc530a6a0816f7ff89a0aaf/library/std/src/sys/backtrace.rs:154:18
[INFO] [stdout]   35:     0x56e4dc143e9e - std::thread::Builder::spawn_unchecked_::{{closure}}::{{closure}}::h9e86b2e2bc107ea3
[INFO] [stdout]                                at /rustc/90b35a6239c3d8bdabc530a6a0816f7ff89a0aaf/library/std/src/thread/mod.rs:538:17
[INFO] [stdout]   36:     0x56e4dc143e9e - <core::panic::unwind_safe::AssertUnwindSafe<F> as core::ops::function::FnOnce<()>>::call_once::h8b06ddb275ff4a25
[INFO] [stdout]                                at /rustc/90b35a6239c3d8bdabc530a6a0816f7ff89a0aaf/library/core/src/panic/unwind_safe.rs:272:9
[INFO] [stdout]   37:     0x56e4dc143e9e - std::panicking::try::do_call::hb26ecd7cd9a9355d
[INFO] [stdout]                                at /rustc/90b35a6239c3d8bdabc530a6a0816f7ff89a0aaf/library/std/src/panicking.rs:557:40
[INFO] [stdout]   38:     0x56e4dc143e9e - std::panicking::try::h8ddeca9d705f9069
[INFO] [stdout]                                at /rustc/90b35a6239c3d8bdabc530a6a0816f7ff89a0aaf/library/std/src/panicking.rs:520:19
[INFO] [stdout]   39:     0x56e4dc143e9e - std::panic::catch_unwind::h49e1c33078844c46
[INFO] [stdout]                                at /rustc/90b35a6239c3d8bdabc530a6a0816f7ff89a0aaf/library/std/src/panic.rs:358:14
[INFO] [stdout]   40:     0x56e4dc143e9e - std::thread::Builder::spawn_unchecked_::{{closure}}::h6073db6ff56ad35d
[INFO] [stdout]                                at /rustc/90b35a6239c3d8bdabc530a6a0816f7ff89a0aaf/library/std/src/thread/mod.rs:537:30
[INFO] [stdout]   41:     0x56e4dc143e9e - core::ops::function::FnOnce::call_once{{vtable.shim}}::h2c5a5f3779c774f1
[INFO] [stdout]                                at /rustc/90b35a6239c3d8bdabc530a6a0816f7ff89a0aaf/library/core/src/ops/function.rs:250:5
[INFO] [stdout]   42:     0x56e4dc220d6b - <alloc::boxed::Box<F,A> as core::ops::function::FnOnce<Args>>::call_once::hf75717d9f28faebf
[INFO] [stdout]                                at /rustc/90b35a6239c3d8bdabc530a6a0816f7ff89a0aaf/library/alloc/src/boxed.rs:2454:9
[INFO] [stdout]   43:     0x56e4dc220d6b - <alloc::boxed::Box<F,A> as core::ops::function::FnOnce<Args>>::call_once::h7bd883a5f3c5f3c1
[INFO] [stdout]                                at /rustc/90b35a6239c3d8bdabc530a6a0816f7ff89a0aaf/library/alloc/src/boxed.rs:2454:9
[INFO] [stdout]   44:     0x56e4dc220d6b - std::sys::pal::unix::thread::Thread::new::thread_start::hcc78f3943333fa94
[INFO] [stdout]                                at /rustc/90b35a6239c3d8bdabc530a6a0816f7ff89a0aaf/library/std/src/sys/pal/unix/thread.rs:105:17
[INFO] [stdout]   45:     0x7c4c20e14ac3 - <unknown>
[INFO] [stdout]   46:     0x7c4c20ea5a04 - clone
[INFO] [stdout]   47:                0x0 - <unknown>
[INFO] [stdout] 
[INFO] [stderr] error: test failed, to rerun pass `--test index`
[INFO] [stdout] ---- mysql::query::query_PROCESSLIST stdout ----
[INFO] [stdout] thread 'mysql::query::query_PROCESSLIST' panicked at /opt/rustwide/cargo-home/registry/src/index.crates.io-6f17d22bba15001f/env_logger-0.10.1/src/lib.rs:1144:16:
[INFO] [stdout] env_logger::init should not be called after logger initialized: SetLoggerError(())
[INFO] [stdout] stack backtrace:
[INFO] [stdout]    0:     0x56e4dc21b22a - std::backtrace_rs::backtrace::libunwind::trace::h5a5b8284f2d0c266
[INFO] [stdout]                                at /rustc/90b35a6239c3d8bdabc530a6a0816f7ff89a0aaf/library/std/src/../../backtrace/src/backtrace/libunwind.rs:116:5
[INFO] [stdout]    1:     0x56e4dc21b22a - std::backtrace_rs::backtrace::trace_unsynchronized::h76d4f1c9b0b875e3
[INFO] [stdout]                                at /rustc/90b35a6239c3d8bdabc530a6a0816f7ff89a0aaf/library/std/src/../../backtrace/src/backtrace/mod.rs:66:5
[INFO] [stdout]    2:     0x56e4dc21b22a - std::sys::backtrace::_print_fmt::hc4546b8364a537c6
[INFO] [stdout]                                at /rustc/90b35a6239c3d8bdabc530a6a0816f7ff89a0aaf/library/std/src/sys/backtrace.rs:66:9
[INFO] [stdout]    3:     0x56e4dc21b22a - <std::sys::backtrace::BacktraceLock::print::DisplayBacktrace as core::fmt::Display>::fmt::h5b6bd5631a6d1f6b
[INFO] [stdout]                                at /rustc/90b35a6239c3d8bdabc530a6a0816f7ff89a0aaf/library/std/src/sys/backtrace.rs:39:26
[INFO] [stdout]    4:     0x56e4dc243163 - core::fmt::rt::Argument::fmt::h270f6602a2b96f62
[INFO] [stdout]                                at /rustc/90b35a6239c3d8bdabc530a6a0816f7ff89a0aaf/library/core/src/fmt/rt.rs:177:76
[INFO] [stdout]    5:     0x56e4dc243163 - core::fmt::write::h7550c97b06c86515
[INFO] [stdout]                                at /rustc/90b35a6239c3d8bdabc530a6a0816f7ff89a0aaf/library/core/src/fmt/mod.rs:1186:21
[INFO] [stdout]    6:     0x56e4dc217d23 - std::io::Write::write_fmt::h509ff860e5956e5e
[INFO] [stdout]                                at /rustc/90b35a6239c3d8bdabc530a6a0816f7ff89a0aaf/library/std/src/io/mod.rs:1839:15
[INFO] [stdout]    7:     0x56e4dc21b072 - std::sys::backtrace::BacktraceLock::print::h2395ccd2c84ba3aa
[INFO] [stdout]                                at /rustc/90b35a6239c3d8bdabc530a6a0816f7ff89a0aaf/library/std/src/sys/backtrace.rs:42:9
[INFO] [stdout]    8:     0x56e4dc21c68a - std::panicking::default_hook::{{closure}}::he19d4c7230e07961
[INFO] [stdout]                                at /rustc/90b35a6239c3d8bdabc530a6a0816f7ff89a0aaf/library/std/src/panicking.rs:268:22
[INFO] [stdout]    9:     0x56e4dc21c494 - std::panicking::default_hook::hf614597d3c67bbdb
[INFO] [stdout]                                at /rustc/90b35a6239c3d8bdabc530a6a0816f7ff89a0aaf/library/std/src/panicking.rs:292:9
[INFO] [stdout]   10:     0x56e4dc1772f9 - <alloc::boxed::Box<F,A> as core::ops::function::Fn<Args>>::call::h39b51ce4599c23d1
[INFO] [stdout]                                at /rustc/90b35a6239c3d8bdabc530a6a0816f7ff89a0aaf/library/alloc/src/boxed.rs:2468:9
[INFO] [stdout]   11:     0x56e4dc1772f9 - test::test_main::{{closure}}::he977ae839a582784
[INFO] [stdout]                                at /rustc/90b35a6239c3d8bdabc530a6a0816f7ff89a0aaf/library/test/src/lib.rs:133:21
[INFO] [stdout]   12:     0x56e4dc21cd28 - <alloc::boxed::Box<F,A> as core::ops::function::Fn<Args>>::call::h9455091b6b06f9fb
[INFO] [stdout]                                at /rustc/90b35a6239c3d8bdabc530a6a0816f7ff89a0aaf/library/alloc/src/boxed.rs:2468:9
[INFO] [stdout]   13:     0x56e4dc21cd28 - std::panicking::rust_panic_with_hook::h8942133a8b252070
[INFO] [stdout]                                at /rustc/90b35a6239c3d8bdabc530a6a0816f7ff89a0aaf/library/std/src/panicking.rs:809:13
[INFO] [stdout]   14:     0x56e4dc21caea - std::panicking::begin_panic_handler::{{closure}}::hb5f5963570096b29
[INFO] [stdout]                                at /rustc/90b35a6239c3d8bdabc530a6a0816f7ff89a0aaf/library/std/src/panicking.rs:674:13
[INFO] [stdout]   15:     0x56e4dc21b709 - std::sys::backtrace::__rust_end_short_backtrace::h6208cedc1922feda
[INFO] [stdout]                                at /rustc/90b35a6239c3d8bdabc530a6a0816f7ff89a0aaf/library/std/src/sys/backtrace.rs:170:18
[INFO] [stdout]   16:     0x56e4dc21c77c - rust_begin_unwind
[INFO] [stdout]                                at /rustc/90b35a6239c3d8bdabc530a6a0816f7ff89a0aaf/library/std/src/panicking.rs:665:5
[INFO] [stdout]   17:     0x56e4dbe972a0 - core::panicking::panic_fmt::h0c3082644d1bf418
[INFO] [stdout]                                at /rustc/90b35a6239c3d8bdabc530a6a0816f7ff89a0aaf/library/core/src/panicking.rs:74:14
[INFO] [stdout]   18:     0x56e4dbe97726 - core::result::unwrap_failed::hd20b4aa073bda1e2
[INFO] [stdout]                                at /rustc/90b35a6239c3d8bdabc530a6a0816f7ff89a0aaf/library/core/src/result.rs:1700:5
[INFO] [stdout]   19:     0x56e4dbea765e - core::result::Result<T,E>::expect::h35b31db7d4df3223
[INFO] [stdout]                                at /rustc/90b35a6239c3d8bdabc530a6a0816f7ff89a0aaf/library/core/src/result.rs:1061:23
[INFO] [stdout]   20:     0x56e4dbe9ef49 - env_logger::init::hab44af28218a49c6
[INFO] [stdout]                                at /opt/rustwide/cargo-home/registry/src/index.crates.io-6f17d22bba15001f/env_logger-0.10.1/src/lib.rs:1144:5
[INFO] [stdout]   21:     0x56e4dbe9acca - index::mysql::init::h35f57df3eac85aad
[INFO] [stdout]                                at /opt/rustwide/workdir/tests/index.rs:9:9
[INFO] [stdout]   22:     0x56e4dbe9bab4 - index::mysql::query::query_PROCESSLIST::h45c6fad220def84c
[INFO] [stdout]                                at /opt/rustwide/workdir/tests/index.rs:38:26
[INFO] [stdout]   23:     0x56e4dbe9ba87 - index::mysql::query::query_PROCESSLIST::{{closure}}::h1fb3f8fb224df43a
[INFO] [stdout]                                at /opt/rustwide/workdir/tests/index.rs:37:31
[INFO] [stdout]   24:     0x56e4dbe98636 - core::ops::function::FnOnce::call_once::hb3f7b9ea9ae568c0
[INFO] [stdout]                                at /rustc/90b35a6239c3d8bdabc530a6a0816f7ff89a0aaf/library/core/src/ops/function.rs:250:5
[INFO] [stdout]   25:     0x56e4dc17bcbb - core::ops::function::FnOnce::call_once::h109cf8051a59b34e
[INFO] [stdout]                                at /rustc/90b35a6239c3d8bdabc530a6a0816f7ff89a0aaf/library/core/src/ops/function.rs:250:5
[INFO] [stdout]   26:     0x56e4dc17bcbb - test::__rust_begin_short_backtrace::hf4fff89d377446ba
[INFO] [stdout]                                at /rustc/90b35a6239c3d8bdabc530a6a0816f7ff89a0aaf/library/test/src/lib.rs:621:18
[INFO] [stdout]   27:     0x56e4dc17b4f7 - test::run_test_in_process::{{closure}}::h0e39181dd7ee5a43
[INFO] [stdout]                                at /rustc/90b35a6239c3d8bdabc530a6a0816f7ff89a0aaf/library/test/src/lib.rs:644:60
[INFO] [stdout]   28:     0x56e4dc17b4f7 - <core::panic::unwind_safe::AssertUnwindSafe<F> as core::ops::function::FnOnce<()>>::call_once::hc5a66a30f0bdfd1f
[INFO] [stdout]                                at /rustc/90b35a6239c3d8bdabc530a6a0816f7ff89a0aaf/library/core/src/panic/unwind_safe.rs:272:9
[INFO] [stdout]   29:     0x56e4dc17b4f7 - std::panicking::try::do_call::h873b7cf639554a5e
[INFO] [stdout]                                at /rustc/90b35a6239c3d8bdabc530a6a0816f7ff89a0aaf/library/std/src/panicking.rs:557:40
[INFO] [stdout]   30:     0x56e4dc17b4f7 - std::panicking::try::hdb19862fad9c8bd1
[INFO] [stdout]                                at /rustc/90b35a6239c3d8bdabc530a6a0816f7ff89a0aaf/library/std/src/panicking.rs:520:19
[INFO] [stdout]   31:     0x56e4dc17b4f7 - std::panic::catch_unwind::h281fe732d236d260
[INFO] [stdout]                                at /rustc/90b35a6239c3d8bdabc530a6a0816f7ff89a0aaf/library/std/src/panic.rs:358:14
[INFO] [stdout]   32:     0x56e4dc17b4f7 - test::run_test_in_process::h949b6df8457ed338
[INFO] [stdout]                                at /rustc/90b35a6239c3d8bdabc530a6a0816f7ff89a0aaf/library/test/src/lib.rs:644:27
[INFO] [stdout]   33:     0x56e4dc17b4f7 - test::run_test::{{closure}}::h52c556a6d4740e10
[INFO] [stdout]                                at /rustc/90b35a6239c3d8bdabc530a6a0816f7ff89a0aaf/library/test/src/lib.rs:565:43
[INFO] [stdout]   34:     0x56e4dc1407d4 - test::run_test::{{closure}}::h4237f6381c45ccb9
[INFO] [stdout]                                at /rustc/90b35a6239c3d8bdabc530a6a0816f7ff89a0aaf/library/test/src/lib.rs:595:41
[INFO] [stdout]   35:     0x56e4dc1407d4 - std::sys::backtrace::__rust_begin_short_backtrace::h505c97a579eca628
[INFO] [stdout]                                at /rustc/90b35a6239c3d8bdabc530a6a0816f7ff89a0aaf/library/std/src/sys/backtrace.rs:154:18
[INFO] [stdout]   36:     0x56e4dc143e9e - std::thread::Builder::spawn_unchecked_::{{closure}}::{{closure}}::h9e86b2e2bc107ea3
[INFO] [stdout]                                at /rustc/90b35a6239c3d8bdabc530a6a0816f7ff89a0aaf/library/std/src/thread/mod.rs:538:17
[INFO] [stdout]   37:     0x56e4dc143e9e - <core::panic::unwind_safe::AssertUnwindSafe<F> as core::ops::function::FnOnce<()>>::call_once::h8b06ddb275ff4a25
[INFO] [stdout]                                at /rustc/90b35a6239c3d8bdabc530a6a0816f7ff89a0aaf/library/core/src/panic/unwind_safe.rs:272:9
[INFO] [stdout]   38:     0x56e4dc143e9e - std::panicking::try::do_call::hb26ecd7cd9a9355d
[INFO] [stdout]                                at /rustc/90b35a6239c3d8bdabc530a6a0816f7ff89a0aaf/library/std/src/panicking.rs:557:40
[INFO] [stdout]   39:     0x56e4dc143e9e - std::panicking::try::h8ddeca9d705f9069
[INFO] [stdout]                                at /rustc/90b35a6239c3d8bdabc530a6a0816f7ff89a0aaf/library/std/src/panicking.rs:520:19
[INFO] [stdout]   40:     0x56e4dc143e9e - std::panic::catch_unwind::h49e1c33078844c46
[INFO] [stdout]                                at /rustc/90b35a6239c3d8bdabc530a6a0816f7ff89a0aaf/library/std/src/panic.rs:358:14
[INFO] [stdout]   41:     0x56e4dc143e9e - std::thread::Builder::spawn_unchecked_::{{closure}}::h6073db6ff56ad35d
[INFO] [stdout]                                at /rustc/90b35a6239c3d8bdabc530a6a0816f7ff89a0aaf/library/std/src/thread/mod.rs:537:30
[INFO] [stdout]   42:     0x56e4dc143e9e - core::ops::function::FnOnce::call_once{{vtable.shim}}::h2c5a5f3779c774f1
[INFO] [stdout]                                at /rustc/90b35a6239c3d8bdabc530a6a0816f7ff89a0aaf/library/core/src/ops/function.rs:250:5
[INFO] [stdout]   43:     0x56e4dc220d6b - <alloc::boxed::Box<F,A> as core::ops::function::FnOnce<Args>>::call_once::hf75717d9f28faebf
[INFO] [stdout]                                at /rustc/90b35a6239c3d8bdabc530a6a0816f7ff89a0aaf/library/alloc/src/boxed.rs:2454:9
[INFO] [stdout]   44:     0x56e4dc220d6b - <alloc::boxed::Box<F,A> as core::ops::function::FnOnce<Args>>::call_once::h7bd883a5f3c5f3c1
[INFO] [stdout]                                at /rustc/90b35a6239c3d8bdabc530a6a0816f7ff89a0aaf/library/alloc/src/boxed.rs:2454:9
[INFO] [stdout]   45:     0x56e4dc220d6b - std::sys::pal::unix::thread::Thread::new::thread_start::hcc78f3943333fa94
[INFO] [stdout]                                at /rustc/90b35a6239c3d8bdabc530a6a0816f7ff89a0aaf/library/std/src/sys/pal/unix/thread.rs:105:17
[INFO] [stdout]   46:     0x7c4c20e14ac3 - <unknown>
[INFO] [stdout]   47:     0x7c4c20ea5a04 - clone
[INFO] [stdout]   48:                0x0 - <unknown>
[INFO] [stdout] 
[INFO] [stdout] ---- mysql::query::query_SELECT stdout ----
[INFO] [stdout] thread 'mysql::query::query_SELECT' panicked at /opt/rustwide/cargo-home/registry/src/index.crates.io-6f17d22bba15001f/env_logger-0.10.1/src/lib.rs:1144:16:
[INFO] [stdout] env_logger::init should not be called after logger initialized: SetLoggerError(())
[INFO] [stdout] stack backtrace:
[INFO] [stdout]    0:     0x56e4dc21b22a - std::backtrace_rs::backtrace::libunwind::trace::h5a5b8284f2d0c266
[INFO] [stdout]                                at /rustc/90b35a6239c3d8bdabc530a6a0816f7ff89a0aaf/library/std/src/../../backtrace/src/backtrace/libunwind.rs:116:5
[INFO] [stdout]    1:     0x56e4dc21b22a - std::backtrace_rs::backtrace::trace_unsynchronized::h76d4f1c9b0b875e3
[INFO] [stdout]                                at /rustc/90b35a6239c3d8bdabc530a6a0816f7ff89a0aaf/library/std/src/../../backtrace/src/backtrace/mod.rs:66:5
[INFO] [stdout]    2:     0x56e4dc21b22a - std::sys::backtrace::_print_fmt::hc4546b8364a537c6
[INFO] [stdout]                                at /rustc/90b35a6239c3d8bdabc530a6a0816f7ff89a0aaf/library/std/src/sys/backtrace.rs:66:9
[INFO] [stdout]    3:     0x56e4dc21b22a - <std::sys::backtrace::BacktraceLock::print::DisplayBacktrace as core::fmt::Display>::fmt::h5b6bd5631a6d1f6b
[INFO] [stdout]                                at /rustc/90b35a6239c3d8bdabc530a6a0816f7ff89a0aaf/library/std/src/sys/backtrace.rs:39:26
[INFO] [stdout]    4:     0x56e4dc243163 - core::fmt::rt::Argument::fmt::h270f6602a2b96f62
[INFO] [stdout]                                at /rustc/90b35a6239c3d8bdabc530a6a0816f7ff89a0aaf/library/core/src/fmt/rt.rs:177:76
[INFO] [stdout]    5:     0x56e4dc243163 - core::fmt::write::h7550c97b06c86515
[INFO] [stdout]                                at /rustc/90b35a6239c3d8bdabc530a6a0816f7ff89a0aaf/library/core/src/fmt/mod.rs:1186:21
[INFO] [stdout]    6:     0x56e4dc217d23 - std::io::Write::write_fmt::h509ff860e5956e5e
[INFO] [stdout]                                at /rustc/90b35a6239c3d8bdabc530a6a0816f7ff89a0aaf/library/std/src/io/mod.rs:1839:15
[INFO] [stdout]    7:     0x56e4dc21b072 - std::sys::backtrace::BacktraceLock::print::h2395ccd2c84ba3aa
[INFO] [stdout]                                at /rustc/90b35a6239c3d8bdabc530a6a0816f7ff89a0aaf/library/std/src/sys/backtrace.rs:42:9
[INFO] [stdout]    8:     0x56e4dc21c68a - std::panicking::default_hook::{{closure}}::he19d4c7230e07961
[INFO] [stdout]                                at /rustc/90b35a6239c3d8bdabc530a6a0816f7ff89a0aaf/library/std/src/panicking.rs:268:22
[INFO] [stdout]    9:     0x56e4dc21c494 - std::panicking::default_hook::hf614597d3c67bbdb
[INFO] [stdout]                                at /rustc/90b35a6239c3d8bdabc530a6a0816f7ff89a0aaf/library/std/src/panicking.rs:292:9
[INFO] [stdout]   10:     0x56e4dc1772f9 - <alloc::boxed::Box<F,A> as core::ops::function::Fn<Args>>::call::h39b51ce4599c23d1
[INFO] [stdout]                                at /rustc/90b35a6239c3d8bdabc530a6a0816f7ff89a0aaf/library/alloc/src/boxed.rs:2468:9
[INFO] [stdout]   11:     0x56e4dc1772f9 - test::test_main::{{closure}}::he977ae839a582784
[INFO] [stdout]                                at /rustc/90b35a6239c3d8bdabc530a6a0816f7ff89a0aaf/library/test/src/lib.rs:133:21
[INFO] [stdout]   12:     0x56e4dc21cd28 - <alloc::boxed::Box<F,A> as core::ops::function::Fn<Args>>::call::h9455091b6b06f9fb
[INFO] [stdout]                                at /rustc/90b35a6239c3d8bdabc530a6a0816f7ff89a0aaf/library/alloc/src/boxed.rs:2468:9
[INFO] [stdout]   13:     0x56e4dc21cd28 - std::panicking::rust_panic_with_hook::h8942133a8b252070
[INFO] [stdout]                                at /rustc/90b35a6239c3d8bdabc530a6a0816f7ff89a0aaf/library/std/src/panicking.rs:809:13
[INFO] [stdout]   14:     0x56e4dc21caea - std::panicking::begin_panic_handler::{{closure}}::hb5f5963570096b29
[INFO] [stdout]                                at /rustc/90b35a6239c3d8bdabc530a6a0816f7ff89a0aaf/library/std/src/panicking.rs:674:13
[INFO] [stdout]   15:     0x56e4dc21b709 - std::sys::backtrace::__rust_end_short_backtrace::h6208cedc1922feda
[INFO] [stdout]                                at /rustc/90b35a6239c3d8bdabc530a6a0816f7ff89a0aaf/library/std/src/sys/backtrace.rs:170:18
[INFO] [stdout]   16:     0x56e4dc21c77c - rust_begin_unwind
[INFO] [stdout]                                at /rustc/90b35a6239c3d8bdabc530a6a0816f7ff89a0aaf/library/std/src/panicking.rs:665:5
[INFO] [stdout]   17:     0x56e4dbe972a0 - core::panicking::panic_fmt::h0c3082644d1bf418
[INFO] [stdout]                                at /rustc/90b35a6239c3d8bdabc530a6a0816f7ff89a0aaf/library/core/src/panicking.rs:74:14
[INFO] [stdout]   18:     0x56e4dbe97726 - core::result::unwrap_failed::hd20b4aa073bda1e2
[INFO] [stdout]                                at /rustc/90b35a6239c3d8bdabc530a6a0816f7ff89a0aaf/library/core/src/result.rs:1700:5
[INFO] [stdout]   19:     0x56e4dbea765e - core::result::Result<T,E>::expect::h35b31db7d4df3223
[INFO] [stdout]                                at /rustc/90b35a6239c3d8bdabc530a6a0816f7ff89a0aaf/library/core/src/result.rs:1061:23
[INFO] [stdout]   20:     0x56e4dbe9ef49 - env_logger::init::hab44af28218a49c6
[INFO] [stdout]                                at /opt/rustwide/cargo-home/registry/src/index.crates.io-6f17d22bba15001f/env_logger-0.10.1/src/lib.rs:1144:5
[INFO] [stdout]   21:     0x56e4dbe9acca - index::mysql::init::h35f57df3eac85aad
[INFO] [stdout]                                at /opt/rustwide/workdir/tests/index.rs:9:9
[INFO] [stdout]   22:     0x56e4dbe9b374 - index::mysql::query::query_SELECT::h134aa80d4a7fcf86
[INFO] [stdout]                                at /opt/rustwide/workdir/tests/index.rs:25:26
[INFO] [stdout]   23:     0x56e4dbe9b347 - index::mysql::query::query_SELECT::{{closure}}::h183b5de6bc72cfda
[INFO] [stdout]                                at /opt/rustwide/workdir/tests/index.rs:24:26
[INFO] [stdout]   24:     0x56e4dbe985f6 - core::ops::function::FnOnce::call_once::ha3b269a8eaaa2b73
[INFO] [stdout]                                at /rustc/90b35a6239c3d8bdabc530a6a0816f7ff89a0aaf/library/core/src/ops/function.rs:250:5
[INFO] [stdout]   25:     0x56e4dc17bcbb - core::ops::function::FnOnce::call_once::h109cf8051a59b34e
[INFO] [stdout]                                at /rustc/90b35a6239c3d8bdabc530a6a0816f7ff89a0aaf/library/core/src/ops/function.rs:250:5
[INFO] [stdout]   26:     0x56e4dc17bcbb - test::__rust_begin_short_backtrace::hf4fff89d377446ba
[INFO] [stdout]                                at /rustc/90b35a6239c3d8bdabc530a6a0816f7ff89a0aaf/library/test/src/lib.rs:621:18
[INFO] [stdout]   27:     0x56e4dc17b4f7 - test::run_test_in_process::{{closure}}::h0e39181dd7ee5a43
[INFO] [stdout]                                at /rustc/90b35a6239c3d8bdabc530a6a0816f7ff89a0aaf/library/test/src/lib.rs:644:60
[INFO] [stdout]   28:     0x56e4dc17b4f7 - <core::panic::unwind_safe::AssertUnwindSafe<F> as core::ops::function::FnOnce<()>>::call_once::hc5a66a30f0bdfd1f
[INFO] [stdout]                                at /rustc/90b35a6239c3d8bdabc530a6a0816f7ff89a0aaf/library/core/src/panic/unwind_safe.rs:272:9
[INFO] [stdout]   29:     0x56e4dc17b4f7 - std::panicking::try::do_call::h873b7cf639554a5e
[INFO] [stdout]                                at /rustc/90b35a6239c3d8bdabc530a6a0816f7ff89a0aaf/library/std/src/panicking.rs:557:40
[INFO] [stdout]   30:     0x56e4dc17b4f7 - std::panicking::try::hdb19862fad9c8bd1
[INFO] [stdout]                                at /rustc/90b35a6239c3d8bdabc530a6a0816f7ff89a0aaf/library/std/src/panicking.rs:520:19
[INFO] [stdout]   31:     0x56e4dc17b4f7 - std::panic::catch_unwind::h281fe732d236d260
[INFO] [stdout]                                at /rustc/90b35a6239c3d8bdabc530a6a0816f7ff89a0aaf/library/std/src/panic.rs:358:14
[INFO] [stdout]   32:     0x56e4dc17b4f7 - test::run_test_in_process::h949b6df8457ed338
[INFO] [stdout]                                at /rustc/90b35a6239c3d8bdabc530a6a0816f7ff89a0aaf/library/test/src/lib.rs:644:27
[INFO] [stdout]   33:     0x56e4dc17b4f7 - test::run_test::{{closure}}::h52c556a6d4740e10
[INFO] [stdout]                                at /rustc/90b35a6239c3d8bdabc530a6a0816f7ff89a0aaf/library/test/src/lib.rs:565:43
[INFO] [stdout]   34:     0x56e4dc1407d4 - test::run_test::{{closure}}::h4237f6381c45ccb9
[INFO] [stdout]                                at /rustc/90b35a6239c3d8bdabc530a6a0816f7ff89a0aaf/library/test/src/lib.rs:595:41
[INFO] [stdout]   35:     0x56e4dc1407d4 - std::sys::backtrace::__rust_begin_short_backtrace::h505c97a579eca628
[INFO] [stdout]                                at /rustc/90b35a6239c3d8bdabc530a6a0816f7ff89a0aaf/library/std/src/sys/backtrace.rs:154:18
[INFO] [stdout]   36:     0x56e4dc143e9e - std::thread::Builder::spawn_unchecked_::{{closure}}::{{closure}}::h9e86b2e2bc107ea3
[INFO] [stdout]                                at /rustc/90b35a6239c3d8bdabc530a6a0816f7ff89a0aaf/library/std/src/thread/mod.rs:538:17
[INFO] [stdout]   37:     0x56e4dc143e9e - <core::panic::unwind_safe::AssertUnwindSafe<F> as core::ops::function::FnOnce<()>>::call_once::h8b06ddb275ff4a25
[INFO] [stdout]                                at /rustc/90b35a6239c3d8bdabc530a6a0816f7ff89a0aaf/library/core/src/panic/unwind_safe.rs:272:9
[INFO] [stdout]   38:     0x56e4dc143e9e - std::panicking::try::do_call::hb26ecd7cd9a9355d
[INFO] [stdout]                                at /rustc/90b35a6239c3d8bdabc530a6a0816f7ff89a0aaf/library/std/src/panicking.rs:557:40
[INFO] [stdout]   39:     0x56e4dc143e9e - std::panicking::try::h8ddeca9d705f9069
[INFO] [stdout]                                at /rustc/90b35a6239c3d8bdabc530a6a0816f7ff89a0aaf/library/std/src/panicking.rs:520:19
[INFO] [stdout]   40:     0x56e4dc143e9e - std::panic::catch_unwind::h49e1c33078844c46
[INFO] [stdout]                                at /rustc/90b35a6239c3d8bdabc530a6a0816f7ff89a0aaf/library/std/src/panic.rs:358:14
[INFO] [stdout]   41:     0x56e4dc143e9e - std::thread::Builder::spawn_unchecked_::{{closure}}::h6073db6ff56ad35d
[INFO] [stdout]                                at /rustc/90b35a6239c3d8bdabc530a6a0816f7ff89a0aaf/library/std/src/thread/mod.rs:537:30
[INFO] [stdout]   42:     0x56e4dc143e9e - core::ops::function::FnOnce::call_once{{vtable.shim}}::h2c5a5f3779c774f1
[INFO] [stdout]                                at /rustc/90b35a6239c3d8bdabc530a6a0816f7ff89a0aaf/library/core/src/ops/function.rs:250:5
[INFO] [stdout]   43:     0x56e4dc220d6b - <alloc::boxed::Box<F,A> as core::ops::function::FnOnce<Args>>::call_once::hf75717d9f28faebf
[INFO] [stdout]                                at /rustc/90b35a6239c3d8bdabc530a6a0816f7ff89a0aaf/library/alloc/src/boxed.rs:2454:9
[INFO] [stdout]   44:     0x56e4dc220d6b - <alloc::boxed::Box<F,A> as core::ops::function::FnOnce<Args>>::call_once::h7bd883a5f3c5f3c1
[INFO] [stdout]                                at /rustc/90b35a6239c3d8bdabc530a6a0816f7ff89a0aaf/library/alloc/src/boxed.rs:2454:9
[INFO] [stdout]   45:     0x56e4dc220d6b - std::sys::pal::unix::thread::Thread::new::thread_start::hcc78f3943333fa94
[INFO] [stdout]                                at /rustc/90b35a6239c3d8bdabc530a6a0816f7ff89a0aaf/library/std/src/sys/pal/unix/thread.rs:105:17
[INFO] [stdout]   46:     0x7c4c20e14ac3 - <unknown>
[INFO] [stdout]   47:     0x7c4c20ea5a04 - clone
[INFO] [stdout]   48:                0x0 - <unknown>
[INFO] [stdout] 
[INFO] [stdout] ---- mysql::execute::execute_TRANSACTION stdout ----
[INFO] [stdout] thread 'mysql::execute::execute_TRANSACTION' panicked at /opt/rustwide/cargo-home/registry/src/index.crates.io-6f17d22bba15001f/env_logger-0.10.1/src/lib.rs:1144:16:
[INFO] [stdout] env_logger::init should not be called after logger initialized: SetLoggerError(())
[INFO] [stdout] stack backtrace:
[INFO] [stdout]    0:     0x56e4dc21b22a - std::backtrace_rs::backtrace::libunwind::trace::h5a5b8284f2d0c266
[INFO] [stdout]                                at /rustc/90b35a6239c3d8bdabc530a6a0816f7ff89a0aaf/library/std/src/../../backtrace/src/backtrace/libunwind.rs:116:5
[INFO] [stdout]    1:     0x56e4dc21b22a - std::backtrace_rs::backtrace::trace_unsynchronized::h76d4f1c9b0b875e3
[INFO] [stdout]                                at /rustc/90b35a6239c3d8bdabc530a6a0816f7ff89a0aaf/library/std/src/../../backtrace/src/backtrace/mod.rs:66:5
[INFO] [stdout]    2:     0x56e4dc21b22a - std::sys::backtrace::_print_fmt::hc4546b8364a537c6
[INFO] [stdout]                                at /rustc/90b35a6239c3d8bdabc530a6a0816f7ff89a0aaf/library/std/src/sys/backtrace.rs:66:9
[INFO] [stdout]    3:     0x56e4dc21b22a - <std::sys::backtrace::BacktraceLock::print::DisplayBacktrace as core::fmt::Display>::fmt::h5b6bd5631a6d1f6b
[INFO] [stdout]                                at /rustc/90b35a6239c3d8bdabc530a6a0816f7ff89a0aaf/library/std/src/sys/backtrace.rs:39:26
[INFO] [stdout]    4:     0x56e4dc243163 - core::fmt::rt::Argument::fmt::h270f6602a2b96f62
[INFO] [stdout]                                at /rustc/90b35a6239c3d8bdabc530a6a0816f7ff89a0aaf/library/core/src/fmt/rt.rs:177:76
[INFO] [stdout]    5:     0x56e4dc243163 - core::fmt::write::h7550c97b06c86515
[INFO] [stdout]                                at /rustc/90b35a6239c3d8bdabc530a6a0816f7ff89a0aaf/library/core/src/fmt/mod.rs:1186:21
[INFO] [stdout]    6:     0x56e4dc217d23 - std::io::Write::write_fmt::h509ff860e5956e5e
[INFO] [stdout]                                at /rustc/90b35a6239c3d8bdabc530a6a0816f7ff89a0aaf/library/std/src/io/mod.rs:1839:15
[INFO] [stdout]    7:     0x56e4dc21b072 - std::sys::backtrace::BacktraceLock::print::h2395ccd2c84ba3aa
[INFO] [stdout]                                at /rustc/90b35a6239c3d8bdabc530a6a0816f7ff89a0aaf/library/std/src/sys/backtrace.rs:42:9
[INFO] [stdout]    8:     0x56e4dc21c68a - std::panicking::default_hook::{{closure}}::he19d4c7230e07961
[INFO] [stdout]                                at /rustc/90b35a6239c3d8bdabc530a6a0816f7ff89a0aaf/library/std/src/panicking.rs:268:22
[INFO] [stdout]    9:     0x56e4dc21c494 - std::panicking::default_hook::hf614597d3c67bbdb
[INFO] [stdout]                                at /rustc/90b35a6239c3d8bdabc530a6a0816f7ff89a0aaf/library/std/src/panicking.rs:292:9
[INFO] [stdout]   10:     0x56e4dc1772f9 - <alloc::boxed::Box<F,A> as core::ops::function::Fn<Args>>::call::h39b51ce4599c23d1
[INFO] [stdout]                                at /rustc/90b35a6239c3d8bdabc530a6a0816f7ff89a0aaf/library/alloc/src/boxed.rs:2468:9
[INFO] [stdout]   11:     0x56e4dc1772f9 - test::test_main::{{closure}}::he977ae839a582784
[INFO] [stdout]                                at /rustc/90b35a6239c3d8bdabc530a6a0816f7ff89a0aaf/library/test/src/lib.rs:133:21
[INFO] [stdout]   12:     0x56e4dc21cd28 - <alloc::boxed::Box<F,A> as core::ops::function::Fn<Args>>::call::h9455091b6b06f9fb
[INFO] [stdout]                                at /rustc/90b35a6239c3d8bdabc530a6a0816f7ff89a0aaf/library/alloc/src/boxed.rs:2468:9
[INFO] [stdout]   13:     0x56e4dc21cd28 - std::panicking::rust_panic_with_hook::h8942133a8b252070
[INFO] [stdout]                                at /rustc/90b35a6239c3d8bdabc530a6a0816f7ff89a0aaf/library/std/src/panicking.rs:809:13
[INFO] [stdout]   14:     0x56e4dc21caea - std::panicking::begin_panic_handler::{{closure}}::hb5f5963570096b29
[INFO] [stdout]                                at /rustc/90b35a6239c3d8bdabc530a6a0816f7ff89a0aaf/library/std/src/panicking.rs:674:13
[INFO] [stdout]   15:     0x56e4dc21b709 - std::sys::backtrace::__rust_end_short_backtrace::h6208cedc1922feda
[INFO] [stdout]                                at /rustc/90b35a6239c3d8bdabc530a6a0816f7ff89a0aaf/library/std/src/sys/backtrace.rs:170:18
[INFO] [stdout]   16:     0x56e4dc21c77c - rust_begin_unwind
[INFO] [stdout]                                at /rustc/90b35a6239c3d8bdabc530a6a0816f7ff89a0aaf/library/std/src/panicking.rs:665:5
[INFO] [stdout]   17:     0x56e4dbe972a0 - core::panicking::panic_fmt::h0c3082644d1bf418
[INFO] [stdout]                                at /rustc/90b35a6239c3d8bdabc530a6a0816f7ff89a0aaf/library/core/src/panicking.rs:74:14
[INFO] [stdout]   18:     0x56e4dbe97726 - core::result::unwrap_failed::hd20b4aa073bda1e2
[INFO] [stdout]                                at /rustc/90b35a6239c3d8bdabc530a6a0816f7ff89a0aaf/library/core/src/result.rs:1700:5
[INFO] [stdout]   19:     0x56e4dbea765e - core::result::Result<T,E>::expect::h35b31db7d4df3223
[INFO] [stdout]                                at /rustc/90b35a6239c3d8bdabc530a6a0816f7ff89a0aaf/library/core/src/result.rs:1061:23
[INFO] [stdout]   20:     0x56e4dbe9ef49 - env_logger::init::hab44af28218a49c6
[INFO] [stdout]                                at /opt/rustwide/cargo-home/registry/src/index.crates.io-6f17d22bba15001f/env_logger-0.10.1/src/lib.rs:1144:5
[INFO] [stdout]   21:     0x56e4dbe9acca - index::mysql::init::h35f57df3eac85aad
[INFO] [stdout]                                at /opt/rustwide/workdir/tests/index.rs:9:9
[INFO] [stdout]   22:     0x56e4dbe9c014 - index::mysql::execute::execute_TRANSACTION::h3a5ea616dbf65751
[INFO] [stdout]                                at /opt/rustwide/workdir/tests/index.rs:55:26
[INFO] [stdout]   23:     0x56e4dbe9bfe7 - index::mysql::execute::execute_TRANSACTION::{{closure}}::hed6bafaf988f6fe5
[INFO] [stdout]                                at /opt/rustwide/workdir/tests/index.rs:54:33
[INFO] [stdout]   24:     0x56e4dbe985b6 - core::ops::function::FnOnce::call_once::h897954645f559fb3
[INFO] [stdout]                                at /rustc/90b35a6239c3d8bdabc530a6a0816f7ff89a0aaf/library/core/src/ops/function.rs:250:5
[INFO] [stdout]   25:     0x56e4dc17bcbb - core::ops::function::FnOnce::call_once::h109cf8051a59b34e
[INFO] [stdout]                                at /rustc/90b35a6239c3d8bdabc530a6a0816f7ff89a0aaf/library/core/src/ops/function.rs:250:5
[INFO] [stdout]   26:     0x56e4dc17bcbb - test::__rust_begin_short_backtrace::hf4fff89d377446ba
[INFO] [stdout]                                at /rustc/90b35a6239c3d8bdabc530a6a0816f7ff89a0aaf/library/test/src/lib.rs:621:18
[INFO] [stdout]   27:     0x56e4dc17b4f7 - test::run_test_in_process::{{closure}}::h0e39181dd7ee5a43
[INFO] [stdout]                                at /rustc/90b35a6239c3d8bdabc530a6a0816f7ff89a0aaf/library/test/src/lib.rs:644:60
[INFO] [stdout]   28:     0x56e4dc17b4f7 - <core::panic::unwind_safe::AssertUnwindSafe<F> as core::ops::function::FnOnce<()>>::call_once::hc5a66a30f0bdfd1f
[INFO] [stdout]                                at /rustc/90b35a6239c3d8bdabc530a6a0816f7ff89a0aaf/library/core/src/panic/unwind_safe.rs:272:9
[INFO] [stdout]   29:     0x56e4dc17b4f7 - std::panicking::try::do_call::h873b7cf639554a5e
[INFO] [stdout]                                at /rustc/90b35a6239c3d8bdabc530a6a0816f7ff89a0aaf/library/std/src/panicking.rs:557:40
[INFO] [stdout]   30:     0x56e4dc17b4f7 - std::panicking::try::hdb19862fad9c8bd1
[INFO] [stdout]                                at /rustc/90b35a6239c3d8bdabc530a6a0816f7ff89a0aaf/library/std/src/panicking.rs:520:19
[INFO] [stdout]   31:     0x56e4dc17b4f7 - std::panic::catch_unwind::h281fe732d236d260
[INFO] [stdout]                                at /rustc/90b35a6239c3d8bdabc530a6a0816f7ff89a0aaf/library/std/src/panic.rs:358:14
[INFO] [stdout]   32:     0x56e4dc17b4f7 - test::run_test_in_process::h949b6df8457ed338
[INFO] [stdout]                                at /rustc/90b35a6239c3d8bdabc530a6a0816f7ff89a0aaf/library/test/src/lib.rs:644:27
[INFO] [stdout]   33:     0x56e4dc17b4f7 - test::run_test::{{closure}}::h52c556a6d4740e10
[INFO] [stdout]                                at /rustc/90b35a6239c3d8bdabc530a6a0816f7ff89a0aaf/library/test/src/lib.rs:565:43
[INFO] [stdout]   34:     0x56e4dc1407d4 - test::run_test::{{closure}}::h4237f6381c45ccb9
[INFO] [stdout]                                at /rustc/90b35a6239c3d8bdabc530a6a0816f7ff89a0aaf/library/test/src/lib.rs:595:41
[INFO] [stdout]   35:     0x56e4dc1407d4 - std::sys::backtrace::__rust_begin_short_backtrace::h505c97a579eca628
[INFO] [stdout]                                at /rustc/90b35a6239c3d8bdabc530a6a0816f7ff89a0aaf/library/std/src/sys/backtrace.rs:154:18
[INFO] [stdout]   36:     0x56e4dc143e9e - std::thread::Builder::spawn_unchecked_::{{closure}}::{{closure}}::h9e86b2e2bc107ea3
[INFO] [stdout]                                at /rustc/90b35a6239c3d8bdabc530a6a0816f7ff89a0aaf/library/std/src/thread/mod.rs:538:17
[INFO] [stdout]   37:     0x56e4dc143e9e - <core::panic::unwind_safe::AssertUnwindSafe<F> as core::ops::function::FnOnce<()>>::call_once::h8b06ddb275ff4a25
[INFO] [stdout]                                at /rustc/90b35a6239c3d8bdabc530a6a0816f7ff89a0aaf/library/core/src/panic/unwind_safe.rs:272:9
[INFO] [stdout]   38:     0x56e4dc143e9e - std::panicking::try::do_call::hb26ecd7cd9a9355d
[INFO] [stdout]                                at /rustc/90b35a6239c3d8bdabc530a6a0816f7ff89a0aaf/library/std/src/panicking.rs:557:40
[INFO] [stdout]   39:     0x56e4dc143e9e - std::panicking::try::h8ddeca9d705f9069
[INFO] [stdout]                                at /rustc/90b35a6239c3d8bdabc530a6a0816f7ff89a0aaf/library/std/src/panicking.rs:520:19
[INFO] [stdout]   40:     0x56e4dc143e9e - std::panic::catch_unwind::h49e1c33078844c46
[INFO] [stdout]                                at /rustc/90b35a6239c3d8bdabc530a6a0816f7ff89a0aaf/library/std/src/panic.rs:358:14
[INFO] [stdout]   41:     0x56e4dc143e9e - std::thread::Builder::spawn_unchecked_::{{closure}}::h6073db6ff56ad35d
[INFO] [stdout]                                at /rustc/90b35a6239c3d8bdabc530a6a0816f7ff89a0aaf/library/std/src/thread/mod.rs:537:30
[INFO] [stdout]   42:     0x56e4dc143e9e - core::ops::function::FnOnce::call_once{{vtable.shim}}::h2c5a5f3779c774f1
[INFO] [stdout]                                at /rustc/90b35a6239c3d8bdabc530a6a0816f7ff89a0aaf/library/core/src/ops/function.rs:250:5
[INFO] [stdout]   43:     0x56e4dc220d6b - <alloc::boxed::Box<F,A> as core::ops::function::FnOnce<Args>>::call_once::hf75717d9f28faebf
[INFO] [stdout]                                at /rustc/90b35a6239c3d8bdabc530a6a0816f7ff89a0aaf/library/alloc/src/boxed.rs:2454:9
[INFO] [stdout]   44:     0x56e4dc220d6b - <alloc::boxed::Box<F,A> as core::ops::function::FnOnce<Args>>::call_once::h7bd883a5f3c5f3c1
[INFO] [stdout]                                at /rustc/90b35a6239c3d8bdabc530a6a0816f7ff89a0aaf/library/alloc/src/boxed.rs:2454:9
[INFO] [stdout]   45:     0x56e4dc220d6b - std::sys::pal::unix::thread::Thread::new::thread_start::hcc78f3943333fa94
[INFO] [stdout]                                at /rustc/90b35a6239c3d8bdabc530a6a0816f7ff89a0aaf/library/std/src/sys/pal/unix/thread.rs:105:17
[INFO] [stdout]   46:     0x7c4c20e14ac3 - <unknown>
[INFO] [stdout]   47:     0x7c4c20ea5a04 - clone
[INFO] [stdout]   48:                0x0 - <unknown>
[INFO] [stdout] 
[INFO] [stdout] 
[INFO] [stdout] failures:
[INFO] [stdout]     mysql::execute::execute_TRANSACTION
[INFO] [stdout]     mysql::query::query_PROCESSLIST
[INFO] [stdout]     mysql::query::query_SELECT
[INFO] [stdout]     mysql::query::query_count
[INFO] [stdout] 
[INFO] [stdout] test result: FAILED. 0 passed; 4 failed; 0 ignored; 0 measured; 0 filtered out; finished in 0.04s
[INFO] [stdout] 
[INFO] running `Command { std: "docker" "inspect" "37a91853d26b67b1d798cc802337fd6cad844525f3f4936b424ececc3060068f", kill_on_drop: false }`
[INFO] running `Command { std: "docker" "rm" "-f" "37a91853d26b67b1d798cc802337fd6cad844525f3f4936b424ececc3060068f", kill_on_drop: false }`
[INFO] [stdout] 37a91853d26b67b1d798cc802337fd6cad844525f3f4936b424ececc3060068f
