[INFO] fetching crate boxer 0.1.1...
[INFO] testing boxer-0.1.1 against beta-2024-12-08 for beta-1.84.0-4-retry
[INFO] extracting crate boxer 0.1.1 into /workspace/builds/worker-4-tc2/source
[INFO] validating manifest of crates.io crate boxer 0.1.1 on toolchain beta-2024-12-08
[INFO] running `Command { std: CARGO_HOME="/workspace/cargo-home" RUSTUP_HOME="/workspace/rustup-home" "/workspace/cargo-home/bin/cargo" "+beta-2024-12-08" "metadata" "--manifest-path" "Cargo.toml" "--no-deps", kill_on_drop: false }`
[INFO] started tweaking crates.io crate boxer 0.1.1
[INFO] finished tweaking crates.io crate boxer 0.1.1
[INFO] tweaked toml for crates.io crate boxer 0.1.1 written to /workspace/builds/worker-4-tc2/source/Cargo.toml
[INFO] running `Command { std: CARGO_HOME="/workspace/cargo-home" RUSTUP_HOME="/workspace/rustup-home" "/workspace/cargo-home/bin/cargo" "+beta-2024-12-08" "generate-lockfile" "--manifest-path" "Cargo.toml", kill_on_drop: false }`
[INFO] [stderr]     Updating crates.io index
[INFO] [stderr]      Locking 2 packages to latest compatible versions
[INFO] running `Command { std: CARGO_HOME="/workspace/cargo-home" RUSTUP_HOME="/workspace/rustup-home" "/workspace/cargo-home/bin/cargo" "+beta-2024-12-08" "fetch" "--manifest-path" "Cargo.toml", kill_on_drop: false }`
[INFO] running `Command { std: "docker" "create" "-v" "/var/lib/crater-agent-workspace/builds/worker-4-tc2/target:/opt/rustwide/target:rw,Z" "-v" "/var/lib/crater-agent-workspace/builds/worker-4-tc2/source:/opt/rustwide/workdir:ro,Z" "-v" "/var/lib/crater-agent-workspace/cargo-home:/opt/rustwide/cargo-home:ro,Z" "-v" "/var/lib/crater-agent-workspace/rustup-home:/opt/rustwide/rustup-home:ro,Z" "-e" "SOURCE_DIR=/opt/rustwide/workdir" "-e" "CARGO_TARGET_DIR=/opt/rustwide/target" "-e" "CARGO_HOME=/opt/rustwide/cargo-home" "-e" "RUSTUP_HOME=/opt/rustwide/rustup-home" "-w" "/opt/rustwide/workdir" "-m" "1610612736" "--user" "0:0" "--network" "none" "ghcr.io/rust-lang/crates-build-env/linux@sha256:f3a9d4ad9d972b27faf3965f35b62e55ba32bbce8f20bc8fe909558a86702fde" "/opt/rustwide/cargo-home/bin/cargo" "+beta-2024-12-08" "metadata" "--no-deps" "--format-version=1", kill_on_drop: false }`
[INFO] [stdout] 8d49c88fae22cb0484e4f6f8c07573cd2e1a46615f5e5e62fdf2bb9fafff413f
[INFO] running `Command { std: "docker" "start" "-a" "8d49c88fae22cb0484e4f6f8c07573cd2e1a46615f5e5e62fdf2bb9fafff413f", kill_on_drop: false }`
[INFO] running `Command { std: "docker" "inspect" "8d49c88fae22cb0484e4f6f8c07573cd2e1a46615f5e5e62fdf2bb9fafff413f", kill_on_drop: false }`
[INFO] running `Command { std: "docker" "rm" "-f" "8d49c88fae22cb0484e4f6f8c07573cd2e1a46615f5e5e62fdf2bb9fafff413f", kill_on_drop: false }`
[INFO] [stdout] 8d49c88fae22cb0484e4f6f8c07573cd2e1a46615f5e5e62fdf2bb9fafff413f
[INFO] running `Command { std: "docker" "create" "-v" "/var/lib/crater-agent-workspace/builds/worker-4-tc2/target:/opt/rustwide/target:rw,Z" "-v" "/var/lib/crater-agent-workspace/builds/worker-4-tc2/source:/opt/rustwide/workdir:ro,Z" "-v" "/var/lib/crater-agent-workspace/cargo-home:/opt/rustwide/cargo-home:ro,Z" "-v" "/var/lib/crater-agent-workspace/rustup-home:/opt/rustwide/rustup-home:ro,Z" "-e" "SOURCE_DIR=/opt/rustwide/workdir" "-e" "CARGO_TARGET_DIR=/opt/rustwide/target" "-e" "CARGO_INCREMENTAL=0" "-e" "RUST_BACKTRACE=full" "-e" "RUSTFLAGS=--cap-lints=warn" "-e" "RUSTDOCFLAGS=--cap-lints=warn" "-e" "CARGO_HOME=/opt/rustwide/cargo-home" "-e" "RUSTUP_HOME=/opt/rustwide/rustup-home" "-w" "/opt/rustwide/workdir" "-m" "1610612736" "--user" "0:0" "--network" "none" "ghcr.io/rust-lang/crates-build-env/linux@sha256:f3a9d4ad9d972b27faf3965f35b62e55ba32bbce8f20bc8fe909558a86702fde" "/opt/rustwide/cargo-home/bin/cargo" "+beta-2024-12-08" "build" "--frozen" "--message-format=json", kill_on_drop: false }`
[INFO] [stdout] d2f0fdd5877d16edb0b4a7317f5d8bc577eeadbde82168415f5afb7920fc4124
[INFO] running `Command { std: "docker" "start" "-a" "d2f0fdd5877d16edb0b4a7317f5d8bc577eeadbde82168415f5afb7920fc4124", kill_on_drop: false }`
[INFO] [stderr]    Compiling clippet v0.1.8
[INFO] [stderr]    Compiling boxer v0.1.1 (/opt/rustwide/workdir)
[INFO] [stderr]     Finished `dev` profile [unoptimized + debuginfo] target(s) in 0.46s
[INFO] running `Command { std: "docker" "inspect" "d2f0fdd5877d16edb0b4a7317f5d8bc577eeadbde82168415f5afb7920fc4124", kill_on_drop: false }`
[INFO] running `Command { std: "docker" "rm" "-f" "d2f0fdd5877d16edb0b4a7317f5d8bc577eeadbde82168415f5afb7920fc4124", kill_on_drop: false }`
[INFO] [stdout] d2f0fdd5877d16edb0b4a7317f5d8bc577eeadbde82168415f5afb7920fc4124
[INFO] running `Command { std: "docker" "create" "-v" "/var/lib/crater-agent-workspace/builds/worker-4-tc2/target:/opt/rustwide/target:rw,Z" "-v" "/var/lib/crater-agent-workspace/builds/worker-4-tc2/source:/opt/rustwide/workdir:ro,Z" "-v" "/var/lib/crater-agent-workspace/cargo-home:/opt/rustwide/cargo-home:ro,Z" "-v" "/var/lib/crater-agent-workspace/rustup-home:/opt/rustwide/rustup-home:ro,Z" "-e" "SOURCE_DIR=/opt/rustwide/workdir" "-e" "CARGO_TARGET_DIR=/opt/rustwide/target" "-e" "CARGO_INCREMENTAL=0" "-e" "RUST_BACKTRACE=full" "-e" "RUSTFLAGS=--cap-lints=warn" "-e" "RUSTDOCFLAGS=--cap-lints=warn" "-e" "CARGO_HOME=/opt/rustwide/cargo-home" "-e" "RUSTUP_HOME=/opt/rustwide/rustup-home" "-w" "/opt/rustwide/workdir" "-m" "1610612736" "--user" "0:0" "--network" "none" "ghcr.io/rust-lang/crates-build-env/linux@sha256:f3a9d4ad9d972b27faf3965f35b62e55ba32bbce8f20bc8fe909558a86702fde" "/opt/rustwide/cargo-home/bin/cargo" "+beta-2024-12-08" "test" "--frozen" "--no-run" "--message-format=json", kill_on_drop: false }`
[INFO] [stdout] 073c1920cd1fda8e47a07452934b4dfcb75398994aa7c38e6b16f93bf36dd9ed
[INFO] running `Command { std: "docker" "start" "-a" "073c1920cd1fda8e47a07452934b4dfcb75398994aa7c38e6b16f93bf36dd9ed", kill_on_drop: false }`
[INFO] [stderr]    Compiling boxer v0.1.1 (/opt/rustwide/workdir)
[INFO] [stderr]     Finished `test` profile [unoptimized + debuginfo] target(s) in 0.42s
[INFO] running `Command { std: "docker" "inspect" "073c1920cd1fda8e47a07452934b4dfcb75398994aa7c38e6b16f93bf36dd9ed", kill_on_drop: false }`
[INFO] running `Command { std: "docker" "rm" "-f" "073c1920cd1fda8e47a07452934b4dfcb75398994aa7c38e6b16f93bf36dd9ed", kill_on_drop: false }`
[INFO] [stdout] 073c1920cd1fda8e47a07452934b4dfcb75398994aa7c38e6b16f93bf36dd9ed
[INFO] running `Command { std: "docker" "create" "-v" "/var/lib/crater-agent-workspace/builds/worker-4-tc2/target:/opt/rustwide/target:rw,Z" "-v" "/var/lib/crater-agent-workspace/builds/worker-4-tc2/source:/opt/rustwide/workdir:ro,Z" "-v" "/var/lib/crater-agent-workspace/cargo-home:/opt/rustwide/cargo-home:ro,Z" "-v" "/var/lib/crater-agent-workspace/rustup-home:/opt/rustwide/rustup-home:ro,Z" "-e" "SOURCE_DIR=/opt/rustwide/workdir" "-e" "CARGO_TARGET_DIR=/opt/rustwide/target" "-e" "CARGO_INCREMENTAL=0" "-e" "RUST_BACKTRACE=full" "-e" "RUSTFLAGS=--cap-lints=warn" "-e" "RUSTDOCFLAGS=--cap-lints=warn" "-e" "CARGO_HOME=/opt/rustwide/cargo-home" "-e" "RUSTUP_HOME=/opt/rustwide/rustup-home" "-w" "/opt/rustwide/workdir" "-m" "1610612736" "--user" "0:0" "--network" "none" "ghcr.io/rust-lang/crates-build-env/linux@sha256:f3a9d4ad9d972b27faf3965f35b62e55ba32bbce8f20bc8fe909558a86702fde" "/opt/rustwide/cargo-home/bin/cargo" "+beta-2024-12-08" "test" "--frozen", kill_on_drop: false }`
[INFO] [stdout] 30415ed699594db1a459ee5f5191a323b58b940a32608daa05d3962dc2d052b2
[INFO] running `Command { std: "docker" "start" "-a" "30415ed699594db1a459ee5f5191a323b58b940a32608daa05d3962dc2d052b2", kill_on_drop: false }`
[INFO] [stderr]     Finished `test` profile [unoptimized + debuginfo] target(s) in 0.01s
[INFO] [stderr]      Running unittests src/lib.rs (/opt/rustwide/target/debug/deps/boxer-3614c478693bfd01)
[INFO] [stdout] 
[INFO] [stdout] running 0 tests
[INFO] [stdout] 
[INFO] [stdout] test result: ok. 0 passed; 0 failed; 0 ignored; 0 measured; 0 filtered out; finished in 0.00s
[INFO] [stdout] 
[INFO] [stderr]    Doc-tests boxer
[INFO] [stdout] 
[INFO] [stdout] running 4 tests
[INFO] [stdout] test src/lib.rs - makebox (line 97) - compile ... FAILED
[INFO] [stdout] test src/lib.rs - Border::new (line 88) - compile ... FAILED
[INFO] [stdout] test src/lib.rs - Border::template (line 71) - compile ... FAILED
[INFO] [stdout] test src/lib.rs - rush (line 191) - compile ... FAILED
[INFO] [stdout] 
[INFO] [stdout] failures:
[INFO] [stdout] 
[INFO] [stdout] ---- src/lib.rs - makebox (line 97) stdout ----
[INFO] [stdout] error[E0433]: failed to resolve: use of undeclared type `Border`
[INFO] [stdout]  --> src/lib.rs:98:9
[INFO] [stdout]   |
[INFO] [stdout] 3 | let x = Border::template("receipt");
[INFO] [stdout]   |         ^^^^^^ use of undeclared type `Border`
[INFO] [stdout]   |
[INFO] [stdout] help: consider importing this struct
[INFO] [stdout]   |
[INFO] [stdout] 2 + use boxer::Border;
[INFO] [stdout]   |
[INFO] [stdout] 
[INFO] [stdout] error[E0425]: cannot find function `makebox` in this scope
[INFO] [stdout]  --> src/lib.rs:99:9
[INFO] [stdout]   |
[INFO] [stdout] 4 | let y = makebox(1, 1, 40, x, "Hello, world!");
[INFO] [stdout]   |         ^^^^^^^ not found in this scope
[INFO] [stdout]   |
[INFO] [stdout] help: consider importing this function
[INFO] [stdout]   |
[INFO] [stdout] 2 + use boxer::makebox;
[INFO] [stdout]   |
[INFO] [stdout] 
[INFO] [stdout] error: aborting due to 2 previous errors
[INFO] [stdout] 
[INFO] [stdout] Some errors have detailed explanations: E0425, E0433.
[INFO] [stdout] For more information about an error, try `rustc --explain E0425`.
[INFO] [stdout] Couldn't compile the test.
[INFO] [stdout] ---- src/lib.rs - Border::new (line 88) stdout ----
[INFO] [stdout] error[E0433]: failed to resolve: use of undeclared type `Border`
[INFO] [stdout]  --> src/lib.rs:89:9
[INFO] [stdout]   |
[INFO] [stdout] 3 | let x = Border::new();
[INFO] [stdout]   |         ^^^^^^ use of undeclared type `Border`
[INFO] [stdout]   |
[INFO] [stdout] help: consider importing this struct
[INFO] [stdout]   |
[INFO] [stdout] 2 + use boxer::Border;
[INFO] [stdout]   |
[INFO] [stdout] 
[INFO] [stdout] error: aborting due to 1 previous error
[INFO] [stdout] 
[INFO] [stdout] For more information about this error, try `rustc --explain E0433`.
[INFO] [stdout] Couldn't compile the test.
[INFO] [stdout] ---- src/lib.rs - Border::template (line 71) stdout ----
[INFO] [stdout] error[E0433]: failed to resolve: use of undeclared type `Border`
[INFO] [stdout]  --> src/lib.rs:72:9
[INFO] [stdout]   |
[INFO] [stdout] 3 | let x = Border::template("solid");
[INFO] [stdout]   |         ^^^^^^ use of undeclared type `Border`
[INFO] [stdout]   |
[INFO] [stdout] help: consider importing this struct
[INFO] [stdout]   |
[INFO] [stdout] 2 + use boxer::Border;
[INFO] [stdout]   |
[INFO] [stdout] 
[INFO] [stdout] error[E0425]: cannot find function `makebox` in this scope
[INFO] [stdout]  --> src/lib.rs:73:16
[INFO] [stdout]   |
[INFO] [stdout] 4 | println!("{}", makebox(1, 1, 40, x, "Hello, world!"));
[INFO] [stdout]   |                ^^^^^^^ not found in this scope
[INFO] [stdout]   |
[INFO] [stdout] help: consider importing this function
[INFO] [stdout]   |
[INFO] [stdout] 2 + use boxer::makebox;
[INFO] [stdout]   |
[INFO] [stdout] 
[INFO] [stdout] error: aborting due to 2 previous errors
[INFO] [stdout] 
[INFO] [stdout] Some errors have detailed explanations: E0425, E0433.
[INFO] [stdout] For more information about an error, try `rustc --explain E0425`.
[INFO] [stdout] Couldn't compile the test.
[INFO] [stdout] ---- src/lib.rs - rush (line 191) stdout ----
[INFO] [stdout] error[E0425]: cannot find function `rush` in this scope
[INFO] [stdout]  --> src/lib.rs:192:9
[INFO] [stdout]   |
[INFO] [stdout] 3 | let y = rush("Hello, world!");
[INFO] [stdout]   |         ^^^^ not found in this scope
[INFO] [stdout]   |
[INFO] [stdout] help: consider importing this function
[INFO] [stdout]   |
[INFO] [stdout] 2 + use boxer::rush;
[INFO] [stdout]   |
[INFO] [stdout] 
[INFO] [stdout] error: aborting due to 1 previous error
[INFO] [stdout] 
[INFO] [stdout] For more information about this error, try `rustc --explain E0425`.
[INFO] [stdout] Couldn't compile the test.
[INFO] [stdout] 
[INFO] [stdout] failures:
[INFO] [stdout]     src/lib.rs - Border::new (line 88)
[INFO] [stdout]     src/lib.rs - Border::template (line 71)
[INFO] [stdout]     src/lib.rs - makebox (line 97)
[INFO] [stdout]     src/lib.rs - rush (line 191)
[INFO] [stdout] 
[INFO] [stdout] test result: FAILED. 0 passed; 4 failed; 0 ignored; 0 measured; 0 filtered out; finished in 0.09s
[INFO] [stdout] 
[INFO] [stderr] error: doctest failed, to rerun pass `--doc`
[INFO] running `Command { std: "docker" "inspect" "30415ed699594db1a459ee5f5191a323b58b940a32608daa05d3962dc2d052b2", kill_on_drop: false }`
[INFO] running `Command { std: "docker" "rm" "-f" "30415ed699594db1a459ee5f5191a323b58b940a32608daa05d3962dc2d052b2", kill_on_drop: false }`
[INFO] [stdout] 30415ed699594db1a459ee5f5191a323b58b940a32608daa05d3962dc2d052b2
