[INFO] fetching crate box_raw_ptr 2.0.2...
[INFO] testing box_raw_ptr-2.0.2 against beta-2024-12-08 for beta-1.84.0-4-retry
[INFO] extracting crate box_raw_ptr 2.0.2 into /workspace/builds/worker-1-tc2/source
[INFO] validating manifest of crates.io crate box_raw_ptr 2.0.2 on toolchain beta-2024-12-08
[INFO] running `Command { std: CARGO_HOME="/workspace/cargo-home" RUSTUP_HOME="/workspace/rustup-home" "/workspace/cargo-home/bin/cargo" "+beta-2024-12-08" "metadata" "--manifest-path" "Cargo.toml" "--no-deps", kill_on_drop: false }`
[INFO] started tweaking crates.io crate box_raw_ptr 2.0.2
[INFO] finished tweaking crates.io crate box_raw_ptr 2.0.2
[INFO] tweaked toml for crates.io crate box_raw_ptr 2.0.2 written to /workspace/builds/worker-1-tc2/source/Cargo.toml
[INFO] running `Command { std: CARGO_HOME="/workspace/cargo-home" RUSTUP_HOME="/workspace/rustup-home" "/workspace/cargo-home/bin/cargo" "+beta-2024-12-08" "generate-lockfile" "--manifest-path" "Cargo.toml", kill_on_drop: false }`
[INFO] [stderr]     Updating crates.io index
[INFO] [stderr]      Locking 2 packages to latest compatible versions
[INFO] running `Command { std: CARGO_HOME="/workspace/cargo-home" RUSTUP_HOME="/workspace/rustup-home" "/workspace/cargo-home/bin/cargo" "+beta-2024-12-08" "fetch" "--manifest-path" "Cargo.toml", kill_on_drop: false }`
[INFO] [stderr] warning: no edition set: defaulting to the 2015 edition while the latest is 2021
[INFO] running `Command { std: "docker" "create" "-v" "/var/lib/crater-agent-workspace/builds/worker-1-tc2/target:/opt/rustwide/target:rw,Z" "-v" "/var/lib/crater-agent-workspace/builds/worker-1-tc2/source:/opt/rustwide/workdir:ro,Z" "-v" "/var/lib/crater-agent-workspace/cargo-home:/opt/rustwide/cargo-home:ro,Z" "-v" "/var/lib/crater-agent-workspace/rustup-home:/opt/rustwide/rustup-home:ro,Z" "-e" "SOURCE_DIR=/opt/rustwide/workdir" "-e" "CARGO_TARGET_DIR=/opt/rustwide/target" "-e" "CARGO_HOME=/opt/rustwide/cargo-home" "-e" "RUSTUP_HOME=/opt/rustwide/rustup-home" "-w" "/opt/rustwide/workdir" "-m" "1610612736" "--user" "0:0" "--network" "none" "ghcr.io/rust-lang/crates-build-env/linux@sha256:f3a9d4ad9d972b27faf3965f35b62e55ba32bbce8f20bc8fe909558a86702fde" "/opt/rustwide/cargo-home/bin/cargo" "+beta-2024-12-08" "metadata" "--no-deps" "--format-version=1", kill_on_drop: false }`
[INFO] [stdout] 6e53458c60ff69b5496481f9ee49ae3999c0e907e23b258043e5fd37e0fe6c10
[INFO] running `Command { std: "docker" "start" "-a" "6e53458c60ff69b5496481f9ee49ae3999c0e907e23b258043e5fd37e0fe6c10", kill_on_drop: false }`
[INFO] running `Command { std: "docker" "inspect" "6e53458c60ff69b5496481f9ee49ae3999c0e907e23b258043e5fd37e0fe6c10", kill_on_drop: false }`
[INFO] running `Command { std: "docker" "rm" "-f" "6e53458c60ff69b5496481f9ee49ae3999c0e907e23b258043e5fd37e0fe6c10", kill_on_drop: false }`
[INFO] [stdout] 6e53458c60ff69b5496481f9ee49ae3999c0e907e23b258043e5fd37e0fe6c10
[INFO] running `Command { std: "docker" "create" "-v" "/var/lib/crater-agent-workspace/builds/worker-1-tc2/target:/opt/rustwide/target:rw,Z" "-v" "/var/lib/crater-agent-workspace/builds/worker-1-tc2/source:/opt/rustwide/workdir:ro,Z" "-v" "/var/lib/crater-agent-workspace/cargo-home:/opt/rustwide/cargo-home:ro,Z" "-v" "/var/lib/crater-agent-workspace/rustup-home:/opt/rustwide/rustup-home:ro,Z" "-e" "SOURCE_DIR=/opt/rustwide/workdir" "-e" "CARGO_TARGET_DIR=/opt/rustwide/target" "-e" "CARGO_INCREMENTAL=0" "-e" "RUST_BACKTRACE=full" "-e" "RUSTFLAGS=--cap-lints=warn" "-e" "RUSTDOCFLAGS=--cap-lints=warn" "-e" "CARGO_HOME=/opt/rustwide/cargo-home" "-e" "RUSTUP_HOME=/opt/rustwide/rustup-home" "-w" "/opt/rustwide/workdir" "-m" "1610612736" "--user" "0:0" "--network" "none" "ghcr.io/rust-lang/crates-build-env/linux@sha256:f3a9d4ad9d972b27faf3965f35b62e55ba32bbce8f20bc8fe909558a86702fde" "/opt/rustwide/cargo-home/bin/cargo" "+beta-2024-12-08" "build" "--frozen" "--message-format=json", kill_on_drop: false }`
[INFO] [stdout] fac197229127b47ee1f9b8f2620a04a74d0a989c265cf15b518df856658259f1
[INFO] running `Command { std: "docker" "start" "-a" "fac197229127b47ee1f9b8f2620a04a74d0a989c265cf15b518df856658259f1", kill_on_drop: false }`
[INFO] [stderr] warning: no edition set: defaulting to the 2015 edition while the latest is 2021
[INFO] [stderr]    Compiling shlex v1.3.0
[INFO] [stderr]    Compiling cc v1.2.4
[INFO] [stderr]    Compiling box_raw_ptr v2.0.2 (/opt/rustwide/workdir)
[INFO] [stderr]     Finished `dev` profile [unoptimized + debuginfo] target(s) in 2.43s
[INFO] running `Command { std: "docker" "inspect" "fac197229127b47ee1f9b8f2620a04a74d0a989c265cf15b518df856658259f1", kill_on_drop: false }`
[INFO] running `Command { std: "docker" "rm" "-f" "fac197229127b47ee1f9b8f2620a04a74d0a989c265cf15b518df856658259f1", kill_on_drop: false }`
[INFO] [stdout] fac197229127b47ee1f9b8f2620a04a74d0a989c265cf15b518df856658259f1
[INFO] running `Command { std: "docker" "create" "-v" "/var/lib/crater-agent-workspace/builds/worker-1-tc2/target:/opt/rustwide/target:rw,Z" "-v" "/var/lib/crater-agent-workspace/builds/worker-1-tc2/source:/opt/rustwide/workdir:ro,Z" "-v" "/var/lib/crater-agent-workspace/cargo-home:/opt/rustwide/cargo-home:ro,Z" "-v" "/var/lib/crater-agent-workspace/rustup-home:/opt/rustwide/rustup-home:ro,Z" "-e" "SOURCE_DIR=/opt/rustwide/workdir" "-e" "CARGO_TARGET_DIR=/opt/rustwide/target" "-e" "CARGO_INCREMENTAL=0" "-e" "RUST_BACKTRACE=full" "-e" "RUSTFLAGS=--cap-lints=warn" "-e" "RUSTDOCFLAGS=--cap-lints=warn" "-e" "CARGO_HOME=/opt/rustwide/cargo-home" "-e" "RUSTUP_HOME=/opt/rustwide/rustup-home" "-w" "/opt/rustwide/workdir" "-m" "1610612736" "--user" "0:0" "--network" "none" "ghcr.io/rust-lang/crates-build-env/linux@sha256:f3a9d4ad9d972b27faf3965f35b62e55ba32bbce8f20bc8fe909558a86702fde" "/opt/rustwide/cargo-home/bin/cargo" "+beta-2024-12-08" "test" "--frozen" "--no-run" "--message-format=json", kill_on_drop: false }`
[INFO] [stdout] 04ed96842f0abc1bc66f90356ff064a808205c274f90a57f4ffa7f07bad42ab7
[INFO] running `Command { std: "docker" "start" "-a" "04ed96842f0abc1bc66f90356ff064a808205c274f90a57f4ffa7f07bad42ab7", kill_on_drop: false }`
[INFO] [stderr] warning: no edition set: defaulting to the 2015 edition while the latest is 2021
[INFO] [stderr]    Compiling box_raw_ptr v2.0.2 (/opt/rustwide/workdir)
[INFO] [stderr]     Finished `test` profile [unoptimized + debuginfo] target(s) in 0.64s
[INFO] running `Command { std: "docker" "inspect" "04ed96842f0abc1bc66f90356ff064a808205c274f90a57f4ffa7f07bad42ab7", kill_on_drop: false }`
[INFO] running `Command { std: "docker" "rm" "-f" "04ed96842f0abc1bc66f90356ff064a808205c274f90a57f4ffa7f07bad42ab7", kill_on_drop: false }`
[INFO] [stdout] 04ed96842f0abc1bc66f90356ff064a808205c274f90a57f4ffa7f07bad42ab7
[INFO] running `Command { std: "docker" "create" "-v" "/var/lib/crater-agent-workspace/builds/worker-1-tc2/target:/opt/rustwide/target:rw,Z" "-v" "/var/lib/crater-agent-workspace/builds/worker-1-tc2/source:/opt/rustwide/workdir:ro,Z" "-v" "/var/lib/crater-agent-workspace/cargo-home:/opt/rustwide/cargo-home:ro,Z" "-v" "/var/lib/crater-agent-workspace/rustup-home:/opt/rustwide/rustup-home:ro,Z" "-e" "SOURCE_DIR=/opt/rustwide/workdir" "-e" "CARGO_TARGET_DIR=/opt/rustwide/target" "-e" "CARGO_INCREMENTAL=0" "-e" "RUST_BACKTRACE=full" "-e" "RUSTFLAGS=--cap-lints=warn" "-e" "RUSTDOCFLAGS=--cap-lints=warn" "-e" "CARGO_HOME=/opt/rustwide/cargo-home" "-e" "RUSTUP_HOME=/opt/rustwide/rustup-home" "-w" "/opt/rustwide/workdir" "-m" "1610612736" "--user" "0:0" "--network" "none" "ghcr.io/rust-lang/crates-build-env/linux@sha256:f3a9d4ad9d972b27faf3965f35b62e55ba32bbce8f20bc8fe909558a86702fde" "/opt/rustwide/cargo-home/bin/cargo" "+beta-2024-12-08" "test" "--frozen", kill_on_drop: false }`
[INFO] [stdout] 472087fe71656a143d5997ede03e9266e5b4ffd5b71dd1ee484fe3690d16cc5d
[INFO] running `Command { std: "docker" "start" "-a" "472087fe71656a143d5997ede03e9266e5b4ffd5b71dd1ee484fe3690d16cc5d", kill_on_drop: false }`
[INFO] [stderr] warning: no edition set: defaulting to the 2015 edition while the latest is 2021
[INFO] [stderr]     Finished `test` profile [unoptimized + debuginfo] target(s) in 0.02s
[INFO] [stderr]      Running unittests src/lib.rs (/opt/rustwide/target/debug/deps/box_raw_ptr-36cd0d562703c012)
[INFO] [stdout] 
[INFO] [stdout] running 2 tests
[INFO] [stdout] test box_raw_ptr_tests::c_alloc_test ... ok
[INFO] [stdout] test box_raw_ptr_tests::c_allocator_test ... ok
[INFO] [stderr]    Doc-tests box_raw_ptr
[INFO] [stdout] 
[INFO] [stdout] test result: ok. 2 passed; 0 failed; 0 ignored; 0 measured; 0 filtered out; finished in 0.00s
[INFO] [stdout] 
[INFO] [stdout] 
[INFO] [stdout] running 41 tests
[INFO] [stdout] test src/lib.rs - const_raw_ptr::ConstRawPtr<T>::check_ptr (line 282) ... FAILED
[INFO] [stdout] test src/lib.rs - const_raw_ptr::ConstRawPtr<T>::check_memory_length (line 312) ... FAILED
[INFO] [stdout] test src/lib.rs - const_raw_ptr::ConstRawPtr<T>::as_mut (line 426) ... FAILED
[INFO] [stdout] test src/lib.rs - const_raw_ptr::ConstRawPtr<T>::cast_ptr (line 506) ... FAILED
[INFO] [stdout] test src/lib.rs - const_raw_ptr::ConstRawPtr<T>::change_memory_length (line 351) ... FAILED
[INFO] [stdout] test src/lib.rs - const_raw_ptr::ConstRawPtr<T>::is_null (line 476) ... FAILED
[INFO] [stdout] test src/lib.rs - const_raw_ptr::ConstRawPtr<T>::check_bounds (line 268) ... FAILED
[INFO] [stdout] test src/lib.rs - const_raw_ptr::ConstRawPtr<T>::memory_address (line 411) ... FAILED
[INFO] [stdout] test src/lib.rs - const_raw_ptr::ConstRawPtr<T>::c_malloc (line 188) ... FAILED
[INFO] [stdout] test src/lib.rs - const_raw_ptr::ConstRawPtr<T>::check_offset (line 299) ... FAILED
[INFO] [stdout] test src/lib.rs - const_raw_ptr::ConstRawPtr<T>::change_offset (line 326) ... FAILED
[INFO] [stdout] test src/lib.rs - const_raw_ptr::ConstRawPtr<T>::new (line 218) ... FAILED
[INFO] [stdout] test src/lib.rs - const_raw_ptr::ConstRawPtr<T>::set_null (line 393) ... FAILED
[INFO] [stdout] test src/lib.rs - (line 48) ... FAILED
[INFO] [stdout] test src/lib.rs - const_raw_ptr::ConstRawPtr<T>::release_ptr (line 372) ... FAILED
[INFO] [stdout] test src/lib.rs - const_raw_ptr::ConstRawPtr<T>::manual_drop (line 252) ... FAILED
[INFO] [stdout] test src/lib.rs - const_raw_ptr::ConstRawPtr<T>::ref_const (line 459) ... FAILED
[INFO] [stdout] test src/lib.rs - const_raw_ptr::ConstRawPtr<T>::nullptr (line 235) ... FAILED
[INFO] [stdout] test src/lib.rs - const_raw_ptr::ConstRawPtr<T>::size_of (line 491) ... FAILED
[INFO] [stdout] test src/lib.rs - mut_raw_ptr::MutRawPtr<T>::change_offset (line 732) ... FAILED
[INFO] [stdout] test src/lib.rs - const_raw_ptr::ConstRawPtr<T>::unwrap (line 441) ... FAILED
[INFO] [stdout] test src/lib.rs - mut_raw_ptr::MutRawPtr<T>::check_memory_length (line 718) ... FAILED
[INFO] [stdout] test src/lib.rs - mut_raw_ptr::MutRawPtr<T>::check_offset (line 705) ... FAILED
[INFO] [stdout] test src/lib.rs - mut_raw_ptr::MutRawPtr<T>::is_null (line 893) ... FAILED
[INFO] [stdout] test src/lib.rs - mut_raw_ptr::MutRawPtr<T>::c_malloc (line 594) ... FAILED
[INFO] [stdout] test src/lib.rs - mut_raw_ptr::MutRawPtr<T>::cast_ptr (line 923) ... FAILED
[INFO] [stdout] test src/lib.rs - mut_raw_ptr::MutRawPtr<T>::change_memory_length (line 752) ... FAILED
[INFO] [stdout] test src/lib.rs - mut_raw_ptr::MutRawPtr<T>::check_ptr (line 688) ... FAILED
[INFO] [stdout] test src/lib.rs - mut_raw_ptr::MutRawPtr<T>::as_const (line 825) ... FAILED
[INFO] [stdout] test src/lib.rs - mut_raw_ptr::MutRawPtr<T>::manual_drop (line 658) ... FAILED
[INFO] [stdout] test src/lib.rs - mut_raw_ptr::MutRawPtr<T>::nullptr (line 641) ... FAILED
[INFO] [stdout] test src/lib.rs - mut_raw_ptr::MutRawPtr<T>::memory_address (line 810) ... FAILED
[INFO] [stdout] test src/lib.rs - mut_raw_ptr::MutRawPtr<T>::check_bounds (line 674) ... FAILED
[INFO] [stdout] test src/lib.rs - mut_raw_ptr::MutRawPtr<T>::size_of (line 908) ... FAILED
[INFO] [stdout] test src/lib.rs - mut_raw_ptr::MutRawPtr<T>::release_ptr (line 771) ... FAILED
[INFO] [stdout] test src/lib.rs - mut_raw_ptr::MutRawPtr<T>::set_null (line 792) ... FAILED
[INFO] [stdout] test src/lib.rs - mut_raw_ptr::MutRawPtr<T>::ref_mut (line 875) ... FAILED
[INFO] [stdout] test src/lib.rs - mut_raw_ptr::MutRawPtr<T>::new (line 624) ... FAILED
[INFO] [stdout] test src/lib.rs - mut_raw_ptr::MutRawPtr<T>::ref_const (line 857) ... FAILED
[INFO] [stdout] test src/lib.rs - mut_raw_ptr::MutRawPtr<T>::unwrap (line 839) ... FAILED
[INFO] [stdout] test src/lib.rs - mut_raw_ptr::MutRawPtr<T>::write_ptr (line 945) ... FAILED
[INFO] [stdout] 
[INFO] [stdout] failures:
[INFO] [stdout] 
[INFO] [stdout] ---- src/lib.rs - const_raw_ptr::ConstRawPtr<T>::check_ptr (line 282) stdout ----
[INFO] [stdout] error[E0425]: cannot find value `ptr` in this scope
[INFO] [stdout]  --> src/lib.rs:283:9
[INFO] [stdout]   |
[INFO] [stdout] 3 | assert!(ptr.check_ptr());
[INFO] [stdout]   |         ^^^ not found in this scope
[INFO] [stdout] 
[INFO] [stdout] error: aborting due to 1 previous error
[INFO] [stdout] 
[INFO] [stdout] For more information about this error, try `rustc --explain E0425`.
[INFO] [stdout] Couldn't compile the test.
[INFO] [stdout] ---- src/lib.rs - const_raw_ptr::ConstRawPtr<T>::check_memory_length (line 312) stdout ----
[INFO] [stdout] error[E0425]: cannot find value `ptr` in this scope
[INFO] [stdout]  --> src/lib.rs:313:14
[INFO] [stdout]   |
[INFO] [stdout] 3 | let length = ptr.check_memory_length();
[INFO] [stdout]   |              ^^^ not found in this scope
[INFO] [stdout] 
[INFO] [stdout] error: aborting due to 1 previous error
[INFO] [stdout] 
[INFO] [stdout] For more information about this error, try `rustc --explain E0425`.
[INFO] [stdout] Couldn't compile the test.
[INFO] [stdout] ---- src/lib.rs - const_raw_ptr::ConstRawPtr<T>::as_mut (line 426) stdout ----
[INFO] [stdout] error[E0425]: cannot find value `ptr` in this scope
[INFO] [stdout]  --> src/lib.rs:427:15
[INFO] [stdout]   |
[INFO] [stdout] 3 | let mut_ptr = ptr.as_mut();
[INFO] [stdout]   |               ^^^ not found in this scope
[INFO] [stdout] 
[INFO] [stdout] error: aborting due to 1 previous error
[INFO] [stdout] 
[INFO] [stdout] For more information about this error, try `rustc --explain E0425`.
[INFO] [stdout] Couldn't compile the test.
[INFO] [stdout] ---- src/lib.rs - const_raw_ptr::ConstRawPtr<T>::cast_ptr (line 506) stdout ----
[INFO] [stdout] error[E0425]: cannot find value `ptr` in this scope
[INFO] [stdout]  --> src/lib.rs:507:15
[INFO] [stdout]   |
[INFO] [stdout] 3 | let new_ptr = ptr.cast_ptr::<f64>().unwrap();
[INFO] [stdout]   |               ^^^ not found in this scope
[INFO] [stdout] 
[INFO] [stdout] error: aborting due to 1 previous error
[INFO] [stdout] 
[INFO] [stdout] For more information about this error, try `rustc --explain E0425`.
[INFO] [stdout] Couldn't compile the test.
[INFO] [stdout] ---- src/lib.rs - const_raw_ptr::ConstRawPtr<T>::change_memory_length (line 351) stdout ----
[INFO] [stdout] error[E0425]: cannot find value `ptr` in this scope
[INFO] [stdout]  --> src/lib.rs:353:13
[INFO] [stdout]   |
[INFO] [stdout] 4 |     assert!(ptr.change_memory_length(10).is_some());
[INFO] [stdout]   |             ^^^ not found in this scope
[INFO] [stdout] 
[INFO] [stdout] error: aborting due to 1 previous error
[INFO] [stdout] 
[INFO] [stdout] For more information about this error, try `rustc --explain E0425`.
[INFO] [stdout] Couldn't compile the test.
[INFO] [stdout] ---- src/lib.rs - const_raw_ptr::ConstRawPtr<T>::is_null (line 476) stdout ----
[INFO] [stdout] error[E0425]: cannot find value `ptr` in this scope
[INFO] [stdout]  --> src/lib.rs:477:9
[INFO] [stdout]   |
[INFO] [stdout] 3 | assert!(ptr.is_null());
[INFO] [stdout]   |         ^^^ not found in this scope
[INFO] [stdout] 
[INFO] [stdout] error: aborting due to 1 previous error
[INFO] [stdout] 
[INFO] [stdout] For more information about this error, try `rustc --explain E0425`.
[INFO] [stdout] Couldn't compile the test.
[INFO] [stdout] ---- src/lib.rs - const_raw_ptr::ConstRawPtr<T>::check_bounds (line 268) stdout ----
[INFO] [stdout] error[E0425]: cannot find value `ptr` in this scope
[INFO] [stdout]  --> src/lib.rs:269:9
[INFO] [stdout]   |
[INFO] [stdout] 3 | assert!(ptr.check_bounds());
[INFO] [stdout]   |         ^^^ not found in this scope
[INFO] [stdout] 
[INFO] [stdout] error: aborting due to 1 previous error
[INFO] [stdout] 
[INFO] [stdout] For more information about this error, try `rustc --explain E0425`.
[INFO] [stdout] Couldn't compile the test.
[INFO] [stdout] ---- src/lib.rs - const_raw_ptr::ConstRawPtr<T>::memory_address (line 411) stdout ----
[INFO] [stdout] error[E0425]: cannot find value `ptr` in this scope
[INFO] [stdout]  --> src/lib.rs:412:15
[INFO] [stdout]   |
[INFO] [stdout] 3 | let address = ptr.memory_address();
[INFO] [stdout]   |               ^^^ not found in this scope
[INFO] [stdout] 
[INFO] [stdout] error: aborting due to 1 previous error
[INFO] [stdout] 
[INFO] [stdout] For more information about this error, try `rustc --explain E0425`.
[INFO] [stdout] Couldn't compile the test.
[INFO] [stdout] ---- src/lib.rs - const_raw_ptr::ConstRawPtr<T>::c_malloc (line 188) stdout ----
[INFO] [stdout] error[E0412]: cannot find type `ConstRawPtr` in this scope
[INFO] [stdout]  --> src/lib.rs:190:8
[INFO] [stdout]   |
[INFO] [stdout] 4 | let _: ConstRawPtr<i32> = ConstRawPtr::new(t, 1, 1);
[INFO] [stdout]   |        ^^^^^^^^^^^ not found in this scope
[INFO] [stdout] 
[INFO] [stdout] error[E0425]: cannot find value `t` in this scope
[INFO] [stdout]  --> src/lib.rs:190:44
[INFO] [stdout]   |
[INFO] [stdout] 4 | let _: ConstRawPtr<i32> = ConstRawPtr::new(t, 1, 1);
[INFO] [stdout]   |                                            ^ not found in this scope
[INFO] [stdout] 
[INFO] [stdout] error[E0433]: failed to resolve: use of undeclared type `ConstRawPtr`
[INFO] [stdout]  --> src/lib.rs:189:25
[INFO] [stdout]   |
[INFO] [stdout] 3 | let alloc: *const i32 = ConstRawPtr::c_malloc(1).unwrap();
[INFO] [stdout]   |                         ^^^^^^^^^^^ use of undeclared type `ConstRawPtr`
[INFO] [stdout] 
[INFO] [stdout] error[E0433]: failed to resolve: use of undeclared type `ConstRawPtr`
[INFO] [stdout]  --> src/lib.rs:190:27
[INFO] [stdout]   |
[INFO] [stdout] 4 | let _: ConstRawPtr<i32> = ConstRawPtr::new(t, 1, 1);
[INFO] [stdout]   |                           ^^^^^^^^^^^ use of undeclared type `ConstRawPtr`
[INFO] [stdout] 
[INFO] [stdout] error: aborting due to 4 previous errors
[INFO] [stdout] 
[INFO] [stdout] Some errors have detailed explanations: E0412, E0425, E0433.
[INFO] [stdout] For more information about an error, try `rustc --explain E0412`.
[INFO] [stdout] Couldn't compile the test.
[INFO] [stdout] ---- src/lib.rs - const_raw_ptr::ConstRawPtr<T>::check_offset (line 299) stdout ----
[INFO] [stdout] error[E0425]: cannot find value `ptr` in this scope
[INFO] [stdout]  --> src/lib.rs:300:14
[INFO] [stdout]   |
[INFO] [stdout] 3 | let offset = ptr.check_offset();
[INFO] [stdout]   |              ^^^ not found in this scope
[INFO] [stdout] 
[INFO] [stdout] error: aborting due to 1 previous error
[INFO] [stdout] 
[INFO] [stdout] For more information about this error, try `rustc --explain E0425`.
[INFO] [stdout] Couldn't compile the test.
[INFO] [stdout] ---- src/lib.rs - const_raw_ptr::ConstRawPtr<T>::change_offset (line 326) stdout ----
[INFO] [stdout] error[E0425]: cannot find value `ptr` in this scope
[INFO] [stdout]  --> src/lib.rs:327:9
[INFO] [stdout]   |
[INFO] [stdout] 3 | assert!(ptr.change_offset(2).is_some());
[INFO] [stdout]   |         ^^^ not found in this scope
[INFO] [stdout] 
[INFO] [stdout] error: aborting due to 1 previous error
[INFO] [stdout] 
[INFO] [stdout] For more information about this error, try `rustc --explain E0425`.
[INFO] [stdout] Couldn't compile the test.
[INFO] [stdout] ---- src/lib.rs - const_raw_ptr::ConstRawPtr<T>::new (line 218) stdout ----
[INFO] [stdout] error: unexpected token: `...`
[INFO] [stdout]  --> src/lib.rs:219:29
[INFO] [stdout]   |
[INFO] [stdout] 3 | let alloc_ptr: *const i32 = ...; // Assume this is a properly allocated and aligned pointer either from C or using Rust's std::alloc::all...
[INFO] [stdout]   |                             ^^^
[INFO] [stdout]   |
[INFO] [stdout] help: use `..` for an exclusive range
[INFO] [stdout]   |
[INFO] [stdout] 3 | let alloc_ptr: *const i32 = ..; // Assume this is a properly allocated and aligned pointer either from C or using Rust's std::alloc::alloc and std::alloc::Layout otherwise it will panic.
[INFO] [stdout]   |                             ~~
[INFO] [stdout] help: or `..=` for an inclusive range
[INFO] [stdout]   |
[INFO] [stdout] 3 | let alloc_ptr: *const i32 = ..=; // Assume this is a properly allocated and aligned pointer either from C or using Rust's std::alloc::alloc and std::alloc::Layout otherwise it will panic.
[INFO] [stdout]   |                             ~~~
[INFO] [stdout] 
[INFO] [stdout] error[E0586]: inclusive range with no end
[INFO] [stdout]  --> src/lib.rs:219:29
[INFO] [stdout]   |
[INFO] [stdout] 3 | let alloc_ptr: *const i32 = ...; // Assume this is a properly allocated and aligned pointer either from C or using Rust's std::alloc::all...
[INFO] [stdout]   |                             ^^^
[INFO] [stdout]   |
[INFO] [stdout]   = note: inclusive ranges must be bounded at the end (`..=b` or `a..=b`)
[INFO] [stdout] help: use `..` instead
[INFO] [stdout]   |
[INFO] [stdout] 3 - let alloc_ptr: *const i32 = ...; // Assume this is a properly allocated and aligned pointer either from C or using Rust's std::alloc::alloc and std::alloc::Layout otherwise it will panic.
[INFO] [stdout] 3 + let alloc_ptr: *const i32 = ..; // Assume this is a properly allocated and aligned pointer either from C or using Rust's std::alloc::alloc and std::alloc::Layout otherwise it will panic.
[INFO] [stdout]   |
[INFO] [stdout] 
[INFO] [stdout] error[E0433]: failed to resolve: use of undeclared type `ConstRawPtr`
[INFO] [stdout]  --> src/lib.rs:220:11
[INFO] [stdout]   |
[INFO] [stdout] 4 | let ptr = ConstRawPtr::new(alloc_ptr, 1, 1);
[INFO] [stdout]   |           ^^^^^^^^^^^ use of undeclared type `ConstRawPtr`
[INFO] [stdout] 
[INFO] [stdout] error: aborting due to 3 previous errors
[INFO] [stdout] 
[INFO] [stdout] Some errors have detailed explanations: E0433, E0586.
[INFO] [stdout] For more information about an error, try `rustc --explain E0433`.
[INFO] [stdout] Couldn't compile the test.
[INFO] [stdout] ---- src/lib.rs - const_raw_ptr::ConstRawPtr<T>::set_null (line 393) stdout ----
[INFO] [stdout] error[E0425]: cannot find value `ptr` in this scope
[INFO] [stdout]  --> src/lib.rs:394:1
[INFO] [stdout]   |
[INFO] [stdout] 3 | ptr.set_null();
[INFO] [stdout]   | ^^^ not found in this scope
[INFO] [stdout] 
[INFO] [stdout] error: aborting due to 1 previous error
[INFO] [stdout] 
[INFO] [stdout] For more information about this error, try `rustc --explain E0425`.
[INFO] [stdout] Couldn't compile the test.
[INFO] [stdout] ---- src/lib.rs - (line 48) stdout ----
[INFO] [stdout] error: expected `;`, found keyword `let`
[INFO] [stdout]   --> src/lib.rs:65:46
[INFO] [stdout]    |
[INFO] [stdout] 19 |     assert_eq!(safeptr.unwrap().unwrap(), 14)
[INFO] [stdout]    |                                              ^ help: add `;` here
[INFO] [stdout] ...
[INFO] [stdout] 23 |     let alloc: *const i32 = unsafe { 
[INFO] [stdout]    |     --- unexpected token
[INFO] [stdout] 
[INFO] [stdout] error[E0425]: cannot find value `t` in this scope
[INFO] [stdout]   --> src/lib.rs:80:48
[INFO] [stdout]    |
[INFO] [stdout] 34 |     let _: ConstRawPtr<i32> = ConstRawPtr::new(t, 1, 1);
[INFO] [stdout]    |                                                ^ not found in this scope
[INFO] [stdout] 
[INFO] [stdout] error: aborting due to 2 previous errors
[INFO] [stdout] 
[INFO] [stdout] For more information about this error, try `rustc --explain E0425`.
[INFO] [stdout] Couldn't compile the test.
[INFO] [stdout] ---- src/lib.rs - const_raw_ptr::ConstRawPtr<T>::release_ptr (line 372) stdout ----
[INFO] [stdout] error[E0425]: cannot find value `ptr` in this scope
[INFO] [stdout]  --> src/lib.rs:373:13
[INFO] [stdout]   |
[INFO] [stdout] 3 | let value = ptr.release_ptr().unwrap();
[INFO] [stdout]   |             ^^^ not found in this scope
[INFO] [stdout] 
[INFO] [stdout] error: aborting due to 1 previous error
[INFO] [stdout] 
[INFO] [stdout] For more information about this error, try `rustc --explain E0425`.
[INFO] [stdout] Couldn't compile the test.
[INFO] [stdout] ---- src/lib.rs - const_raw_ptr::ConstRawPtr<T>::manual_drop (line 252) stdout ----
[INFO] [stdout] error[E0425]: cannot find value `ptr` in this scope
[INFO] [stdout]  --> src/lib.rs:254:5
[INFO] [stdout]   |
[INFO] [stdout] 4 |     ptr.manual_drop();
[INFO] [stdout]   |     ^^^ not found in this scope
[INFO] [stdout] 
[INFO] [stdout] error: aborting due to 1 previous error
[INFO] [stdout] 
[INFO] [stdout] For more information about this error, try `rustc --explain E0425`.
[INFO] [stdout] Couldn't compile the test.
[INFO] [stdout] ---- src/lib.rs - const_raw_ptr::ConstRawPtr<T>::ref_const (line 459) stdout ----
[INFO] [stdout] error[E0425]: cannot find value `ptr` in this scope
[INFO] [stdout]  --> src/lib.rs:460:17
[INFO] [stdout]   |
[INFO] [stdout] 3 | let reference = ptr.ref_const().unwrap();
[INFO] [stdout]   |                 ^^^ not found in this scope
[INFO] [stdout] 
[INFO] [stdout] error: aborting due to 1 previous error
[INFO] [stdout] 
[INFO] [stdout] For more information about this error, try `rustc --explain E0425`.
[INFO] [stdout] Couldn't compile the test.
[INFO] [stdout] ---- src/lib.rs - const_raw_ptr::ConstRawPtr<T>::nullptr (line 235) stdout ----
[INFO] [stdout] error[E0433]: failed to resolve: use of undeclared type `ConstRawPtr`
[INFO] [stdout]  --> src/lib.rs:236:16
[INFO] [stdout]   |
[INFO] [stdout] 3 | let null_ptr = ConstRawPtr::<i32>::nullptr();
[INFO] [stdout]   |                ^^^^^^^^^^^ use of undeclared type `ConstRawPtr`
[INFO] [stdout] 
[INFO] [stdout] error: aborting due to 1 previous error
[INFO] [stdout] 
[INFO] [stdout] For more information about this error, try `rustc --explain E0433`.
[INFO] [stdout] Couldn't compile the test.
[INFO] [stdout] ---- src/lib.rs - const_raw_ptr::ConstRawPtr<T>::size_of (line 491) stdout ----
[INFO] [stdout] error[E0433]: failed to resolve: use of undeclared type `ConstRawPtr`
[INFO] [stdout]  --> src/lib.rs:492:12
[INFO] [stdout]   |
[INFO] [stdout] 3 | let size = ConstRawPtr::<i32>::size_of();
[INFO] [stdout]   |            ^^^^^^^^^^^ use of undeclared type `ConstRawPtr`
[INFO] [stdout] 
[INFO] [stdout] error: aborting due to 1 previous error
[INFO] [stdout] 
[INFO] [stdout] For more information about this error, try `rustc --explain E0433`.
[INFO] [stdout] Couldn't compile the test.
[INFO] [stdout] ---- src/lib.rs - mut_raw_ptr::MutRawPtr<T>::change_offset (line 732) stdout ----
[INFO] [stdout] error[E0425]: cannot find value `mut_ptr` in this scope
[INFO] [stdout]  --> src/lib.rs:733:9
[INFO] [stdout]   |
[INFO] [stdout] 3 | assert!(mut_ptr.change_offset(2).is_some());
[INFO] [stdout]   |         ^^^^^^^ not found in this scope
[INFO] [stdout] 
[INFO] [stdout] error: aborting due to 1 previous error
[INFO] [stdout] 
[INFO] [stdout] For more information about this error, try `rustc --explain E0425`.
[INFO] [stdout] Couldn't compile the test.
[INFO] [stdout] ---- src/lib.rs - const_raw_ptr::ConstRawPtr<T>::unwrap (line 441) stdout ----
[INFO] [stdout] error[E0425]: cannot find value `ptr` in this scope
[INFO] [stdout]  --> src/lib.rs:442:13
[INFO] [stdout]   |
[INFO] [stdout] 3 | let value = ptr.unwrap().unwrap();
[INFO] [stdout]   |             ^^^ not found in this scope
[INFO] [stdout] 
[INFO] [stdout] error: aborting due to 1 previous error
[INFO] [stdout] 
[INFO] [stdout] For more information about this error, try `rustc --explain E0425`.
[INFO] [stdout] Couldn't compile the test.
[INFO] [stdout] ---- src/lib.rs - mut_raw_ptr::MutRawPtr<T>::check_memory_length (line 718) stdout ----
[INFO] [stdout] error[E0425]: cannot find value `mut_ptr` in this scope
[INFO] [stdout]  --> src/lib.rs:719:14
[INFO] [stdout]   |
[INFO] [stdout] 3 | let length = mut_ptr.check_memory_length();
[INFO] [stdout]   |              ^^^^^^^ not found in this scope
[INFO] [stdout] 
[INFO] [stdout] error: aborting due to 1 previous error
[INFO] [stdout] 
[INFO] [stdout] For more information about this error, try `rustc --explain E0425`.
[INFO] [stdout] Couldn't compile the test.
[INFO] [stdout] ---- src/lib.rs - mut_raw_ptr::MutRawPtr<T>::check_offset (line 705) stdout ----
[INFO] [stdout] error[E0425]: cannot find value `mut_ptr` in this scope
[INFO] [stdout]  --> src/lib.rs:706:14
[INFO] [stdout]   |
[INFO] [stdout] 3 | let offset = mut_ptr.check_offset();
[INFO] [stdout]   |              ^^^^^^^ not found in this scope
[INFO] [stdout] 
[INFO] [stdout] error: aborting due to 1 previous error
[INFO] [stdout] 
[INFO] [stdout] For more information about this error, try `rustc --explain E0425`.
[INFO] [stdout] Couldn't compile the test.
[INFO] [stdout] ---- src/lib.rs - mut_raw_ptr::MutRawPtr<T>::is_null (line 893) stdout ----
[INFO] [stdout] error[E0425]: cannot find value `mut_ptr` in this scope
[INFO] [stdout]  --> src/lib.rs:894:9
[INFO] [stdout]   |
[INFO] [stdout] 3 | assert!(mut_ptr.is_null());
[INFO] [stdout]   |         ^^^^^^^ not found in this scope
[INFO] [stdout] 
[INFO] [stdout] error: aborting due to 1 previous error
[INFO] [stdout] 
[INFO] [stdout] For more information about this error, try `rustc --explain E0425`.
[INFO] [stdout] Couldn't compile the test.
[INFO] [stdout] ---- src/lib.rs - mut_raw_ptr::MutRawPtr<T>::c_malloc (line 594) stdout ----
[INFO] [stdout] error[E0412]: cannot find type `MutRawPtr` in this scope
[INFO] [stdout]  --> src/lib.rs:596:8
[INFO] [stdout]   |
[INFO] [stdout] 4 | let _: MutRawPtr<i32> = MutRawPtr::new(t, 1, 1);
[INFO] [stdout]   |        ^^^^^^^^^ not found in this scope
[INFO] [stdout] 
[INFO] [stdout] error[E0425]: cannot find value `t` in this scope
[INFO] [stdout]  --> src/lib.rs:596:40
[INFO] [stdout]   |
[INFO] [stdout] 4 | let _: MutRawPtr<i32> = MutRawPtr::new(t, 1, 1);
[INFO] [stdout]   |                                        ^ not found in this scope
[INFO] [stdout] 
[INFO] [stdout] error[E0433]: failed to resolve: use of undeclared type `MutRawPtr`
[INFO] [stdout]  --> src/lib.rs:595:23
[INFO] [stdout]   |
[INFO] [stdout] 3 | let alloc: *mut i32 = MutRawPtr::c_malloc(1).unwrap();
[INFO] [stdout]   |                       ^^^^^^^^^ use of undeclared type `MutRawPtr`
[INFO] [stdout] 
[INFO] [stdout] error[E0433]: failed to resolve: use of undeclared type `MutRawPtr`
[INFO] [stdout]  --> src/lib.rs:596:25
[INFO] [stdout]   |
[INFO] [stdout] 4 | let _: MutRawPtr<i32> = MutRawPtr::new(t, 1, 1);
[INFO] [stdout]   |                         ^^^^^^^^^ use of undeclared type `MutRawPtr`
[INFO] [stdout] 
[INFO] [stdout] error: aborting due to 4 previous errors
[INFO] [stdout] 
[INFO] [stdout] Some errors have detailed explanations: E0412, E0425, E0433.
[INFO] [stdout] For more information about an error, try `rustc --explain E0412`.
[INFO] [stdout] Couldn't compile the test.
[INFO] [stdout] ---- src/lib.rs - mut_raw_ptr::MutRawPtr<T>::cast_ptr (line 923) stdout ----
[INFO] [stdout] error[E0425]: cannot find value `mut_ptr` in this scope
[INFO] [stdout]  --> src/lib.rs:924:15
[INFO] [stdout]   |
[INFO] [stdout] 3 | let new_ptr = mut_ptr.cast_ptr::<f64>().unwrap();
[INFO] [stdout]   |               ^^^^^^^ not found in this scope
[INFO] [stdout] 
[INFO] [stdout] error: aborting due to 1 previous error
[INFO] [stdout] 
[INFO] [stdout] For more information about this error, try `rustc --explain E0425`.
[INFO] [stdout] Couldn't compile the test.
[INFO] [stdout] ---- src/lib.rs - mut_raw_ptr::MutRawPtr<T>::change_memory_length (line 752) stdout ----
[INFO] [stdout] error[E0425]: cannot find value `mut_ptr` in this scope
[INFO] [stdout]  --> src/lib.rs:753:9
[INFO] [stdout]   |
[INFO] [stdout] 3 | assert!(mut_ptr.change_memory_length(10).is_some());
[INFO] [stdout]   |         ^^^^^^^ not found in this scope
[INFO] [stdout] 
[INFO] [stdout] error: aborting due to 1 previous error
[INFO] [stdout] 
[INFO] [stdout] For more information about this error, try `rustc --explain E0425`.
[INFO] [stdout] Couldn't compile the test.
[INFO] [stdout] ---- src/lib.rs - mut_raw_ptr::MutRawPtr<T>::check_ptr (line 688) stdout ----
[INFO] [stdout] error[E0425]: cannot find value `mut_ptr` in this scope
[INFO] [stdout]  --> src/lib.rs:689:9
[INFO] [stdout]   |
[INFO] [stdout] 3 | assert!(mut_ptr.check_ptr());
[INFO] [stdout]   |         ^^^^^^^ not found in this scope
[INFO] [stdout] 
[INFO] [stdout] error: aborting due to 1 previous error
[INFO] [stdout] 
[INFO] [stdout] For more information about this error, try `rustc --explain E0425`.
[INFO] [stdout] Couldn't compile the test.
[INFO] [stdout] ---- src/lib.rs - mut_raw_ptr::MutRawPtr<T>::as_const (line 825) stdout ----
[INFO] [stdout] error[E0425]: cannot find value `mut_ptr` in this scope
[INFO] [stdout]  --> src/lib.rs:826:17
[INFO] [stdout]   |
[INFO] [stdout] 3 | let const_ptr = mut_ptr.as_const();
[INFO] [stdout]   |                 ^^^^^^^ not found in this scope
[INFO] [stdout] 
[INFO] [stdout] error: aborting due to 1 previous error
[INFO] [stdout] 
[INFO] [stdout] For more information about this error, try `rustc --explain E0425`.
[INFO] [stdout] Couldn't compile the test.
[INFO] [stdout] ---- src/lib.rs - mut_raw_ptr::MutRawPtr<T>::manual_drop (line 658) stdout ----
[INFO] [stdout] error[E0425]: cannot find value `mut_ptr` in this scope
[INFO] [stdout]  --> src/lib.rs:660:5
[INFO] [stdout]   |
[INFO] [stdout] 4 |     mut_ptr.manual_drop();
[INFO] [stdout]   |     ^^^^^^^ not found in this scope
[INFO] [stdout] 
[INFO] [stdout] error: aborting due to 1 previous error
[INFO] [stdout] 
[INFO] [stdout] For more information about this error, try `rustc --explain E0425`.
[INFO] [stdout] Couldn't compile the test.
[INFO] [stdout] ---- src/lib.rs - mut_raw_ptr::MutRawPtr<T>::nullptr (line 641) stdout ----
[INFO] [stdout] error[E0433]: failed to resolve: use of undeclared type `MutRawPtr`
[INFO] [stdout]  --> src/lib.rs:642:16
[INFO] [stdout]   |
[INFO] [stdout] 3 | let null_ptr = MutRawPtr::<i32>::nullptr();
[INFO] [stdout]   |                ^^^^^^^^^ use of undeclared type `MutRawPtr`
[INFO] [stdout] 
[INFO] [stdout] error: aborting due to 1 previous error
[INFO] [stdout] 
[INFO] [stdout] For more information about this error, try `rustc --explain E0433`.
[INFO] [stdout] Couldn't compile the test.
[INFO] [stdout] ---- src/lib.rs - mut_raw_ptr::MutRawPtr<T>::memory_address (line 810) stdout ----
[INFO] [stdout] error[E0425]: cannot find value `mut_ptr` in this scope
[INFO] [stdout]  --> src/lib.rs:811:15
[INFO] [stdout]   |
[INFO] [stdout] 3 | let address = mut_ptr.memory_address();
[INFO] [stdout]   |               ^^^^^^^ not found in this scope
[INFO] [stdout] 
[INFO] [stdout] error: aborting due to 1 previous error
[INFO] [stdout] 
[INFO] [stdout] For more information about this error, try `rustc --explain E0425`.
[INFO] [stdout] Couldn't compile the test.
[INFO] [stdout] ---- src/lib.rs - mut_raw_ptr::MutRawPtr<T>::check_bounds (line 674) stdout ----
[INFO] [stdout] error[E0425]: cannot find value `mut_ptr` in this scope
[INFO] [stdout]  --> src/lib.rs:675:9
[INFO] [stdout]   |
[INFO] [stdout] 3 | assert!(mut_ptr.check_bounds());
[INFO] [stdout]   |         ^^^^^^^ not found in this scope
[INFO] [stdout] 
[INFO] [stdout] error: aborting due to 1 previous error
[INFO] [stdout] 
[INFO] [stdout] For more information about this error, try `rustc --explain E0425`.
[INFO] [stdout] Couldn't compile the test.
[INFO] [stdout] ---- src/lib.rs - mut_raw_ptr::MutRawPtr<T>::size_of (line 908) stdout ----
[INFO] [stdout] error[E0425]: cannot find value `mut_ptr` in this scope
[INFO] [stdout]  --> src/lib.rs:909:12
[INFO] [stdout]   |
[INFO] [stdout] 3 | let size = mut_ptr.size_of();
[INFO] [stdout]   |            ^^^^^^^ not found in this scope
[INFO] [stdout] 
[INFO] [stdout] error: aborting due to 1 previous error
[INFO] [stdout] 
[INFO] [stdout] For more information about this error, try `rustc --explain E0425`.
[INFO] [stdout] Couldn't compile the test.
[INFO] [stdout] ---- src/lib.rs - mut_raw_ptr::MutRawPtr<T>::release_ptr (line 771) stdout ----
[INFO] [stdout] error[E0425]: cannot find value `mut_ptr` in this scope
[INFO] [stdout]  --> src/lib.rs:772:13
[INFO] [stdout]   |
[INFO] [stdout] 3 | let value = mut_ptr.release_ptr().unwrap();
[INFO] [stdout]   |             ^^^^^^^ not found in this scope
[INFO] [stdout] 
[INFO] [stdout] error: aborting due to 1 previous error
[INFO] [stdout] 
[INFO] [stdout] For more information about this error, try `rustc --explain E0425`.
[INFO] [stdout] Couldn't compile the test.
[INFO] [stdout] ---- src/lib.rs - mut_raw_ptr::MutRawPtr<T>::set_null (line 792) stdout ----
[INFO] [stdout] error[E0425]: cannot find value `mut_ptr` in this scope
[INFO] [stdout]  --> src/lib.rs:793:1
[INFO] [stdout]   |
[INFO] [stdout] 3 | mut_ptr.set_null();
[INFO] [stdout]   | ^^^^^^^ not found in this scope
[INFO] [stdout] 
[INFO] [stdout] error: aborting due to 1 previous error
[INFO] [stdout] 
[INFO] [stdout] For more information about this error, try `rustc --explain E0425`.
[INFO] [stdout] Couldn't compile the test.
[INFO] [stdout] ---- src/lib.rs - mut_raw_ptr::MutRawPtr<T>::ref_mut (line 875) stdout ----
[INFO] [stdout] error[E0425]: cannot find value `mut_ptr` in this scope
[INFO] [stdout]  --> src/lib.rs:876:21
[INFO] [stdout]   |
[INFO] [stdout] 3 | let mut reference = mut_ptr.ref_mut().unwrap();
[INFO] [stdout]   |                     ^^^^^^^ not found in this scope
[INFO] [stdout] 
[INFO] [stdout] error: aborting due to 1 previous error
[INFO] [stdout] 
[INFO] [stdout] For more information about this error, try `rustc --explain E0425`.
[INFO] [stdout] Couldn't compile the test.
[INFO] [stdout] ---- src/lib.rs - mut_raw_ptr::MutRawPtr<T>::new (line 624) stdout ----
[INFO] [stdout] error: unexpected token: `...`
[INFO] [stdout]  --> src/lib.rs:625:27
[INFO] [stdout]   |
[INFO] [stdout] 3 | let alloc_ptr: *mut i32 = ...; // Assume this is a properly allocated and aligned pointer either from C or using Rust's std::alloc::alloc...
[INFO] [stdout]   |                           ^^^
[INFO] [stdout]   |
[INFO] [stdout] help: use `..` for an exclusive range
[INFO] [stdout]   |
[INFO] [stdout] 3 | let alloc_ptr: *mut i32 = ..; // Assume this is a properly allocated and aligned pointer either from C or using Rust's std::alloc::alloc and std::alloc::Layout otherwise it will panic.
[INFO] [stdout]   |                           ~~
[INFO] [stdout] help: or `..=` for an inclusive range
[INFO] [stdout]   |
[INFO] [stdout] 3 | let alloc_ptr: *mut i32 = ..=; // Assume this is a properly allocated and aligned pointer either from C or using Rust's std::alloc::alloc and std::alloc::Layout otherwise it will panic.
[INFO] [stdout]   |                           ~~~
[INFO] [stdout] 
[INFO] [stdout] error[E0586]: inclusive range with no end
[INFO] [stdout]  --> src/lib.rs:625:27
[INFO] [stdout]   |
[INFO] [stdout] 3 | let alloc_ptr: *mut i32 = ...; // Assume this is a properly allocated and aligned pointer either from C or using Rust's std::alloc::alloc...
[INFO] [stdout]   |                           ^^^
[INFO] [stdout]   |
[INFO] [stdout]   = note: inclusive ranges must be bounded at the end (`..=b` or `a..=b`)
[INFO] [stdout] help: use `..` instead
[INFO] [stdout]   |
[INFO] [stdout] 3 - let alloc_ptr: *mut i32 = ...; // Assume this is a properly allocated and aligned pointer either from C or using Rust's std::alloc::alloc and std::alloc::Layout otherwise it will panic.
[INFO] [stdout] 3 + let alloc_ptr: *mut i32 = ..; // Assume this is a properly allocated and aligned pointer either from C or using Rust's std::alloc::alloc and std::alloc::Layout otherwise it will panic.
[INFO] [stdout]   |
[INFO] [stdout] 
[INFO] [stdout] error[E0433]: failed to resolve: use of undeclared type `MutRawPtr`
[INFO] [stdout]  --> src/lib.rs:626:11
[INFO] [stdout]   |
[INFO] [stdout] 4 | let ptr = MutRawPtr::new(alloc_ptr, 1, 1);
[INFO] [stdout]   |           ^^^^^^^^^ use of undeclared type `MutRawPtr`
[INFO] [stdout] 
[INFO] [stdout] error: aborting due to 3 previous errors
[INFO] [stdout] 
[INFO] [stdout] Some errors have detailed explanations: E0433, E0586.
[INFO] [stdout] For more information about an error, try `rustc --explain E0433`.
[INFO] [stdout] Couldn't compile the test.
[INFO] [stdout] ---- src/lib.rs - mut_raw_ptr::MutRawPtr<T>::ref_const (line 857) stdout ----
[INFO] [stdout] error[E0425]: cannot find value `mut_ptr` in this scope
[INFO] [stdout]  --> src/lib.rs:858:17
[INFO] [stdout]   |
[INFO] [stdout] 3 | let reference = mut_ptr.ref_const().unwrap();
[INFO] [stdout]   |                 ^^^^^^^ not found in this scope
[INFO] [stdout] 
[INFO] [stdout] error: aborting due to 1 previous error
[INFO] [stdout] 
[INFO] [stdout] For more information about this error, try `rustc --explain E0425`.
[INFO] [stdout] Couldn't compile the test.
[INFO] [stdout] ---- src/lib.rs - mut_raw_ptr::MutRawPtr<T>::unwrap (line 839) stdout ----
[INFO] [stdout] error[E0425]: cannot find value `mut_ptr` in this scope
[INFO] [stdout]  --> src/lib.rs:840:13
[INFO] [stdout]   |
[INFO] [stdout] 3 | let value = mut_ptr.unwrap().unwrap();
[INFO] [stdout]   |             ^^^^^^^ not found in this scope
[INFO] [stdout] 
[INFO] [stdout] error: aborting due to 1 previous error
[INFO] [stdout] 
[INFO] [stdout] For more information about this error, try `rustc --explain E0425`.
[INFO] [stdout] Couldn't compile the test.
[INFO] [stdout] ---- src/lib.rs - mut_raw_ptr::MutRawPtr<T>::write_ptr (line 945) stdout ----
[INFO] [stdout] error[E0425]: cannot find value `mut_ptr` in this scope
[INFO] [stdout]  --> src/lib.rs:946:1
[INFO] [stdout]   |
[INFO] [stdout] 3 | mut_ptr.write_ptr(42);
[INFO] [stdout]   | ^^^^^^^ not found in this scope
[INFO] [stdout] 
[INFO] [stdout] error: aborting due to 1 previous error
[INFO] [stdout] 
[INFO] [stdout] For more information about this error, try `rustc --explain E0425`.
[INFO] [stdout] Couldn't compile the test.
[INFO] [stdout] 
[INFO] [stdout] failures:
[INFO] [stdout]     src/lib.rs - (line 48)
[INFO] [stdout]     src/lib.rs - const_raw_ptr::ConstRawPtr<T>::as_mut (line 426)
[INFO] [stdout]     src/lib.rs - const_raw_ptr::ConstRawPtr<T>::c_malloc (line 188)
[INFO] [stdout]     src/lib.rs - const_raw_ptr::ConstRawPtr<T>::cast_ptr (line 506)
[INFO] [stdout]     src/lib.rs - const_raw_ptr::ConstRawPtr<T>::change_memory_length (line 351)
[INFO] [stdout]     src/lib.rs - const_raw_ptr::ConstRawPtr<T>::change_offset (line 326)
[INFO] [stdout]     src/lib.rs - const_raw_ptr::ConstRawPtr<T>::check_bounds (line 268)
[INFO] [stdout]     src/lib.rs - const_raw_ptr::ConstRawPtr<T>::check_memory_length (line 312)
[INFO] [stdout]     src/lib.rs - const_raw_ptr::ConstRawPtr<T>::check_offset (line 299)
[INFO] [stdout]     src/lib.rs - const_raw_ptr::ConstRawPtr<T>::check_ptr (line 282)
[INFO] [stdout]     src/lib.rs - const_raw_ptr::ConstRawPtr<T>::is_null (line 476)
[INFO] [stdout]     src/lib.rs - const_raw_ptr::ConstRawPtr<T>::manual_drop (line 252)
[INFO] [stdout]     src/lib.rs - const_raw_ptr::ConstRawPtr<T>::memory_address (line 411)
[INFO] [stdout]     src/lib.rs - const_raw_ptr::ConstRawPtr<T>::new (line 218)
[INFO] [stdout]     src/lib.rs - const_raw_ptr::ConstRawPtr<T>::nullptr (line 235)
[INFO] [stdout]     src/lib.rs - const_raw_ptr::ConstRawPtr<T>::ref_const (line 459)
[INFO] [stdout]     src/lib.rs - const_raw_ptr::ConstRawPtr<T>::release_ptr (line 372)
[INFO] [stdout]     src/lib.rs - const_raw_ptr::ConstRawPtr<T>::set_null (line 393)
[INFO] [stdout]     src/lib.rs - const_raw_ptr::ConstRawPtr<T>::size_of (line 491)
[INFO] [stdout]     src/lib.rs - const_raw_ptr::ConstRawPtr<T>::unwrap (line 441)
[INFO] [stdout]     src/lib.rs - mut_raw_ptr::MutRawPtr<T>::as_const (line 825)
[INFO] [stdout]     src/lib.rs - mut_raw_ptr::MutRawPtr<T>::c_malloc (line 594)
[INFO] [stdout]     src/lib.rs - mut_raw_ptr::MutRawPtr<T>::cast_ptr (line 923)
[INFO] [stdout]     src/lib.rs - mut_raw_ptr::MutRawPtr<T>::change_memory_length (line 752)
[INFO] [stdout]     src/lib.rs - mut_raw_ptr::MutRawPtr<T>::change_offset (line 732)
[INFO] [stdout]     src/lib.rs - mut_raw_ptr::MutRawPtr<T>::check_bounds (line 674)
[INFO] [stdout]     src/lib.rs - mut_raw_ptr::MutRawPtr<T>::check_memory_length (line 718)
[INFO] [stdout]     src/lib.rs - mut_raw_ptr::MutRawPtr<T>::check_offset (line 705)
[INFO] [stdout]     src/lib.rs - mut_raw_ptr::MutRawPtr<T>::check_ptr (line 688)
[INFO] [stdout]     src/lib.rs - mut_raw_ptr::MutRawPtr<T>::is_null (line 893)
[INFO] [stdout]     src/lib.rs - mut_raw_ptr::MutRawPtr<T>::manual_drop (line 658)
[INFO] [stdout]     src/lib.rs - mut_raw_ptr::MutRawPtr<T>::memory_address (line 810)
[INFO] [stdout]     src/lib.rs - mut_raw_ptr::MutRawPtr<T>::new (line 624)
[INFO] [stdout]     src/lib.rs - mut_raw_ptr::MutRawPtr<T>::nullptr (line 641)
[INFO] [stdout]     src/lib.rs - mut_raw_ptr::MutRawPtr<T>::ref_const (line 857)
[INFO] [stdout]     src/lib.rs - mut_raw_ptr::MutRawPtr<T>::ref_mut (line 875)
[INFO] [stdout]     src/lib.rs - mut_raw_ptr::MutRawPtr<T>::release_ptr (line 771)
[INFO] [stdout]     src/lib.rs - mut_raw_ptr::MutRawPtr<T>::set_null (line 792)
[INFO] [stdout]     src/lib.rs - mut_raw_ptr::MutRawPtr<T>::size_of (line 908)
[INFO] [stdout]     src/lib.rs - mut_raw_ptr::MutRawPtr<T>::unwrap (line 839)
[INFO] [stdout]     src/lib.rs - mut_raw_ptr::MutRawPtr<T>::write_ptr (line 945)
[INFO] [stdout] 
[INFO] [stdout] test result: FAILED. 0 passed; 41 failed; 0 ignored; 0 measured; 0 filtered out; finished in 0.93s
[INFO] [stdout] 
[INFO] [stderr] error: doctest failed, to rerun pass `--doc`
[INFO] running `Command { std: "docker" "inspect" "472087fe71656a143d5997ede03e9266e5b4ffd5b71dd1ee484fe3690d16cc5d", kill_on_drop: false }`
[INFO] running `Command { std: "docker" "rm" "-f" "472087fe71656a143d5997ede03e9266e5b4ffd5b71dd1ee484fe3690d16cc5d", kill_on_drop: false }`
[INFO] [stdout] 472087fe71656a143d5997ede03e9266e5b4ffd5b71dd1ee484fe3690d16cc5d
