[INFO] fetching crate boreal 0.9.0...
[INFO] testing boreal-0.9.0 against 1.83.0 for beta-1.84.0-4-retry
[INFO] extracting crate boreal 0.9.0 into /workspace/builds/worker-0-tc1/source
[INFO] validating manifest of crates.io crate boreal 0.9.0 on toolchain 1.83.0
[INFO] running `Command { std: CARGO_HOME="/workspace/cargo-home" RUSTUP_HOME="/workspace/rustup-home" "/workspace/cargo-home/bin/cargo" "+1.83.0" "metadata" "--manifest-path" "Cargo.toml" "--no-deps", kill_on_drop: false }`
[INFO] started tweaking crates.io crate boreal 0.9.0
[INFO] finished tweaking crates.io crate boreal 0.9.0
[INFO] tweaked toml for crates.io crate boreal 0.9.0 written to /workspace/builds/worker-0-tc1/source/Cargo.toml
[INFO] running `Command { std: CARGO_HOME="/workspace/cargo-home" RUSTUP_HOME="/workspace/rustup-home" "/workspace/cargo-home/bin/cargo" "+1.83.0" "generate-lockfile" "--manifest-path" "Cargo.toml", kill_on_drop: false }`
[INFO] [stderr]     Updating crates.io index
[INFO] [stderr]      Locking 115 packages to latest compatible versions
[INFO] running `Command { std: CARGO_HOME="/workspace/cargo-home" RUSTUP_HOME="/workspace/rustup-home" "/workspace/cargo-home/bin/cargo" "+1.83.0" "fetch" "--manifest-path" "Cargo.toml", kill_on_drop: false }`
[INFO] [stderr]     Blocking waiting for file lock on package cache
[INFO] [stderr]     Blocking waiting for file lock on package cache
[INFO] [stderr]  Downloading crates ...
[INFO] [stderr]   Downloaded magic v0.16.2
[INFO] [stderr]   Downloaded yara v0.29.0
[INFO] [stderr]   Downloaded dsa v0.6.3
[INFO] [stderr]   Downloaded magic-sys v0.3.0
[INFO] [stderr]   Downloaded boreal-parser v0.6.0
[INFO] [stderr]   Downloaded yara-sys v0.29.0
[INFO] running `Command { std: "docker" "create" "-v" "/var/lib/crater-agent-workspace/builds/worker-0-tc1/target:/opt/rustwide/target:rw,Z" "-v" "/var/lib/crater-agent-workspace/builds/worker-0-tc1/source:/opt/rustwide/workdir:ro,Z" "-v" "/var/lib/crater-agent-workspace/cargo-home:/opt/rustwide/cargo-home:ro,Z" "-v" "/var/lib/crater-agent-workspace/rustup-home:/opt/rustwide/rustup-home:ro,Z" "-e" "SOURCE_DIR=/opt/rustwide/workdir" "-e" "CARGO_TARGET_DIR=/opt/rustwide/target" "-e" "CARGO_HOME=/opt/rustwide/cargo-home" "-e" "RUSTUP_HOME=/opt/rustwide/rustup-home" "-w" "/opt/rustwide/workdir" "-m" "1610612736" "--user" "0:0" "--network" "none" "ghcr.io/rust-lang/crates-build-env/linux@sha256:f3a9d4ad9d972b27faf3965f35b62e55ba32bbce8f20bc8fe909558a86702fde" "/opt/rustwide/cargo-home/bin/cargo" "+1.83.0" "metadata" "--no-deps" "--format-version=1", kill_on_drop: false }`
[INFO] [stdout] 395714fa77caa3ddb49ed8ae93b2b54ef8ab664fd50f116b439c6586dc935c85
[INFO] running `Command { std: "docker" "start" "-a" "395714fa77caa3ddb49ed8ae93b2b54ef8ab664fd50f116b439c6586dc935c85", kill_on_drop: false }`
[INFO] running `Command { std: "docker" "inspect" "395714fa77caa3ddb49ed8ae93b2b54ef8ab664fd50f116b439c6586dc935c85", kill_on_drop: false }`
[INFO] running `Command { std: "docker" "rm" "-f" "395714fa77caa3ddb49ed8ae93b2b54ef8ab664fd50f116b439c6586dc935c85", kill_on_drop: false }`
[INFO] [stdout] 395714fa77caa3ddb49ed8ae93b2b54ef8ab664fd50f116b439c6586dc935c85
[INFO] running `Command { std: "docker" "create" "-v" "/var/lib/crater-agent-workspace/builds/worker-0-tc1/target:/opt/rustwide/target:rw,Z" "-v" "/var/lib/crater-agent-workspace/builds/worker-0-tc1/source:/opt/rustwide/workdir:ro,Z" "-v" "/var/lib/crater-agent-workspace/cargo-home:/opt/rustwide/cargo-home:ro,Z" "-v" "/var/lib/crater-agent-workspace/rustup-home:/opt/rustwide/rustup-home:ro,Z" "-e" "SOURCE_DIR=/opt/rustwide/workdir" "-e" "CARGO_TARGET_DIR=/opt/rustwide/target" "-e" "CARGO_INCREMENTAL=0" "-e" "RUST_BACKTRACE=full" "-e" "RUSTFLAGS=--cap-lints=warn" "-e" "RUSTDOCFLAGS=--cap-lints=warn" "-e" "CARGO_HOME=/opt/rustwide/cargo-home" "-e" "RUSTUP_HOME=/opt/rustwide/rustup-home" "-w" "/opt/rustwide/workdir" "-m" "1610612736" "--user" "0:0" "--network" "none" "ghcr.io/rust-lang/crates-build-env/linux@sha256:f3a9d4ad9d972b27faf3965f35b62e55ba32bbce8f20bc8fe909558a86702fde" "/opt/rustwide/cargo-home/bin/cargo" "+1.83.0" "build" "--frozen" "--message-format=json", kill_on_drop: false }`
[INFO] [stdout] 7bc99e1189fad345446c0b4e62a6d19e20f394232e35d00c451bfd01bbb9967d
[INFO] running `Command { std: "docker" "start" "-a" "7bc99e1189fad345446c0b4e62a6d19e20f394232e35d00c451bfd01bbb9967d", kill_on_drop: false }`
[INFO] [stderr]    Compiling typenum v1.17.0
[INFO] [stderr]    Compiling version_check v0.9.5
[INFO] [stderr]    Compiling proc-macro2 v1.0.92
[INFO] [stderr]    Compiling unicode-ident v1.0.14
[INFO] [stderr]    Compiling memchr v2.7.4
[INFO] [stderr]    Compiling libc v0.2.168
[INFO] [stderr]    Compiling termcolor v1.4.1
[INFO] [stderr]    Compiling cpufeatures v0.2.16
[INFO] [stderr]    Compiling minimal-lexical v0.2.1
[INFO] [stderr]    Compiling unicode-width v0.1.14
[INFO] [stderr]    Compiling const-oid v0.9.6
[INFO] [stderr]    Compiling regex-syntax v0.8.5
[INFO] [stderr]    Compiling tlsh2 v0.4.0
[INFO] [stderr]    Compiling crc32fast v1.4.2
[INFO] [stderr]    Compiling aho-corasick v1.1.3
[INFO] [stderr]    Compiling object v0.36.5
[INFO] [stderr]    Compiling generic-array v0.14.7
[INFO] [stderr]    Compiling nom v7.1.3
[INFO] [stderr]    Compiling codespan-reporting v0.11.1
[INFO] [stderr]    Compiling memmap2 v0.9.5
[INFO] [stderr]    Compiling quote v1.0.37
[INFO] [stderr]    Compiling syn v2.0.90
[INFO] [stderr]    Compiling regex-automata v0.4.9
[INFO] [stderr]    Compiling block-buffer v0.10.4
[INFO] [stderr]    Compiling crypto-common v0.1.6
[INFO] [stderr]    Compiling digest v0.10.7
[INFO] [stderr]    Compiling sha2 v0.10.8
[INFO] [stderr]    Compiling md-5 v0.10.6
[INFO] [stderr]    Compiling sha1 v0.10.6
[INFO] [stderr]    Compiling boreal-parser v0.6.0
[INFO] [stderr]    Compiling der_derive v0.7.3
[INFO] [stderr]    Compiling der v0.7.9
[INFO] [stderr]    Compiling boreal v0.9.0 (/opt/rustwide/workdir)
[INFO] [stdout] warning: elided lifetime has a name
[INFO] [stdout]   --> src/memory.rs:52:10
[INFO] [stdout]    |
[INFO] [stdout] 48 | impl<'a> Memory<'a> {
[INFO] [stdout]    |      -- lifetime `'a` declared here
[INFO] [stdout] ...
[INFO] [stdout] 52 |     ) -> Memory {
[INFO] [stdout]    |          ^^^^^^ this elided lifetime gets resolved as `'a`
[INFO] [stdout]    |
[INFO] [stdout]    = note: `#[warn(elided_named_lifetimes)]` on by default
[INFO] [stdout] 
[INFO] [stdout] 
[INFO] [stderr]     Finished `dev` profile [unoptimized + debuginfo] target(s) in 26.49s
[INFO] running `Command { std: "docker" "inspect" "7bc99e1189fad345446c0b4e62a6d19e20f394232e35d00c451bfd01bbb9967d", kill_on_drop: false }`
[INFO] running `Command { std: "docker" "rm" "-f" "7bc99e1189fad345446c0b4e62a6d19e20f394232e35d00c451bfd01bbb9967d", kill_on_drop: false }`
[INFO] [stdout] 7bc99e1189fad345446c0b4e62a6d19e20f394232e35d00c451bfd01bbb9967d
[INFO] running `Command { std: "docker" "create" "-v" "/var/lib/crater-agent-workspace/builds/worker-0-tc1/target:/opt/rustwide/target:rw,Z" "-v" "/var/lib/crater-agent-workspace/builds/worker-0-tc1/source:/opt/rustwide/workdir:ro,Z" "-v" "/var/lib/crater-agent-workspace/cargo-home:/opt/rustwide/cargo-home:ro,Z" "-v" "/var/lib/crater-agent-workspace/rustup-home:/opt/rustwide/rustup-home:ro,Z" "-e" "SOURCE_DIR=/opt/rustwide/workdir" "-e" "CARGO_TARGET_DIR=/opt/rustwide/target" "-e" "CARGO_INCREMENTAL=0" "-e" "RUST_BACKTRACE=full" "-e" "RUSTFLAGS=--cap-lints=warn" "-e" "RUSTDOCFLAGS=--cap-lints=warn" "-e" "CARGO_HOME=/opt/rustwide/cargo-home" "-e" "RUSTUP_HOME=/opt/rustwide/rustup-home" "-w" "/opt/rustwide/workdir" "-m" "1610612736" "--user" "0:0" "--network" "none" "ghcr.io/rust-lang/crates-build-env/linux@sha256:f3a9d4ad9d972b27faf3965f35b62e55ba32bbce8f20bc8fe909558a86702fde" "/opt/rustwide/cargo-home/bin/cargo" "+1.83.0" "test" "--frozen" "--no-run" "--message-format=json", kill_on_drop: false }`
[INFO] [stdout] 1fa22ef017b3a999905fb4f468599bac69ec84722cceb442e64ec7bf309bbaa9
[INFO] running `Command { std: "docker" "start" "-a" "1fa22ef017b3a999905fb4f468599bac69ec84722cceb442e64ec7bf309bbaa9", kill_on_drop: false }`
[INFO] [stderr]    Compiling glob v0.3.1
[INFO] [stderr]    Compiling libc v0.2.168
[INFO] [stderr]    Compiling regex-syntax v0.8.5
[INFO] [stderr]    Compiling memchr v2.7.4
[INFO] [stderr]    Compiling libloading v0.8.6
[INFO] [stderr]    Compiling shlex v1.3.0
[INFO] [stderr]    Compiling bindgen v0.68.1
[INFO] [stderr]    Compiling bitflags v2.6.0
[INFO] [stderr]    Compiling lazy_static v1.5.0
[INFO] [stderr]    Compiling lazycell v1.3.0
[INFO] [stderr]    Compiling peeking_take_while v0.1.2
[INFO] [stderr]    Compiling rustc-hash v1.1.0
[INFO] [stderr]    Compiling fs_extra v1.3.0
[INFO] [stderr]    Compiling syn v2.0.90
[INFO] [stderr]    Compiling rustix v0.38.42
[INFO] [stderr]    Compiling thiserror v1.0.69
[INFO] [stderr]    Compiling linux-raw-sys v0.4.14
[INFO] [stderr]    Compiling fastrand v2.3.0
[INFO] [stderr]    Compiling once_cell v1.20.2
[INFO] [stderr]    Compiling cc v1.2.4
[INFO] [stderr]    Compiling base64 v0.22.1
[INFO] [stderr]    Compiling nom v7.1.3
[INFO] [stderr]    Compiling clang-sys v1.8.1
[INFO] [stderr]    Compiling cexpr v0.6.0
[INFO] [stderr]    Compiling regex-automata v0.4.9
[INFO] [stderr]    Compiling tempfile v3.14.0
[INFO] [stderr]    Compiling regex v1.11.1
[INFO] [stderr]    Compiling thiserror-impl v1.0.69
[INFO] [stderr]    Compiling der_derive v0.7.3
[INFO] [stderr]    Compiling der v0.7.9
[INFO] [stderr]    Compiling boreal v0.9.0 (/opt/rustwide/workdir)
[INFO] [stdout] warning: elided lifetime has a name
[INFO] [stdout]   --> src/memory.rs:52:10
[INFO] [stdout]    |
[INFO] [stdout] 48 | impl<'a> Memory<'a> {
[INFO] [stdout]    |      -- lifetime `'a` declared here
[INFO] [stdout] ...
[INFO] [stdout] 52 |     ) -> Memory {
[INFO] [stdout]    |          ^^^^^^ this elided lifetime gets resolved as `'a`
[INFO] [stdout]    |
[INFO] [stdout]    = note: `#[warn(elided_named_lifetimes)]` on by default
[INFO] [stdout] 
[INFO] [stdout] 
[INFO] [stderr]    Compiling yara-sys v0.29.0
[INFO] [stderr]    Compiling yara v0.29.0
[INFO] [stdout] warning: elided lifetime has a name
[INFO] [stdout]   --> src/memory.rs:52:10
[INFO] [stdout]    |
[INFO] [stdout] 48 | impl<'a> Memory<'a> {
[INFO] [stdout]    |      -- lifetime `'a` declared here
[INFO] [stdout] ...
[INFO] [stdout] 52 |     ) -> Memory {
[INFO] [stdout]    |          ^^^^^^ this elided lifetime gets resolved as `'a`
[INFO] [stdout]    |
[INFO] [stdout]    = note: `#[warn(elided_named_lifetimes)]` on by default
[INFO] [stdout] 
[INFO] [stdout] 
[INFO] [stderr]     Finished `test` profile [unoptimized + debuginfo] target(s) in 49.84s
[INFO] running `Command { std: "docker" "inspect" "1fa22ef017b3a999905fb4f468599bac69ec84722cceb442e64ec7bf309bbaa9", kill_on_drop: false }`
[INFO] running `Command { std: "docker" "rm" "-f" "1fa22ef017b3a999905fb4f468599bac69ec84722cceb442e64ec7bf309bbaa9", kill_on_drop: false }`
[INFO] [stdout] 1fa22ef017b3a999905fb4f468599bac69ec84722cceb442e64ec7bf309bbaa9
[INFO] running `Command { std: "docker" "create" "-v" "/var/lib/crater-agent-workspace/builds/worker-0-tc1/target:/opt/rustwide/target:rw,Z" "-v" "/var/lib/crater-agent-workspace/builds/worker-0-tc1/source:/opt/rustwide/workdir:ro,Z" "-v" "/var/lib/crater-agent-workspace/cargo-home:/opt/rustwide/cargo-home:ro,Z" "-v" "/var/lib/crater-agent-workspace/rustup-home:/opt/rustwide/rustup-home:ro,Z" "-e" "SOURCE_DIR=/opt/rustwide/workdir" "-e" "CARGO_TARGET_DIR=/opt/rustwide/target" "-e" "CARGO_INCREMENTAL=0" "-e" "RUST_BACKTRACE=full" "-e" "RUSTFLAGS=--cap-lints=warn" "-e" "RUSTDOCFLAGS=--cap-lints=warn" "-e" "CARGO_HOME=/opt/rustwide/cargo-home" "-e" "RUSTUP_HOME=/opt/rustwide/rustup-home" "-w" "/opt/rustwide/workdir" "-m" "1610612736" "--user" "0:0" "--network" "none" "ghcr.io/rust-lang/crates-build-env/linux@sha256:f3a9d4ad9d972b27faf3965f35b62e55ba32bbce8f20bc8fe909558a86702fde" "/opt/rustwide/cargo-home/bin/cargo" "+1.83.0" "test" "--frozen", kill_on_drop: false }`
[INFO] [stdout] ea04d17ba3263a85999e70dbe1243ff8cd21ecf98dedac1d42a363bbb979c071
[INFO] running `Command { std: "docker" "start" "-a" "ea04d17ba3263a85999e70dbe1243ff8cd21ecf98dedac1d42a363bbb979c071", kill_on_drop: false }`
[INFO] [stderr] warning: elided lifetime has a name
[INFO] [stderr]   --> src/memory.rs:52:10
[INFO] [stderr]    |
[INFO] [stderr] 48 | impl<'a> Memory<'a> {
[INFO] [stderr]    |      -- lifetime `'a` declared here
[INFO] [stderr] ...
[INFO] [stderr] 52 |     ) -> Memory {
[INFO] [stderr]    |          ^^^^^^ this elided lifetime gets resolved as `'a`
[INFO] [stderr]    |
[INFO] [stderr]    = note: `#[warn(elided_named_lifetimes)]` on by default
[INFO] [stderr] 
[INFO] [stderr] warning: `boreal` (lib) generated 1 warning
[INFO] [stderr] warning: `boreal` (lib test) generated 1 warning (1 duplicate)
[INFO] [stderr]     Finished `test` profile [unoptimized + debuginfo] target(s) in 0.17s
[INFO] [stderr]      Running unittests src/lib.rs (/opt/rustwide/target/debug/deps/boreal-e6476916af054e21)
[INFO] [stdout] 
[INFO] [stdout] running 111 tests
[INFO] [stdout] test bitmaps::test::test_bitmap ... ok
[INFO] [stdout] test bytes_pool::tests::test_types_traits ... ok
[INFO] [stdout] test bitmaps::test::test_bitmap_all ... ok
[INFO] [stdout] test bitmaps::test::test_bitmap_or_assign ... ok
[INFO] [stdout] test compiler::builder::tests::test_types_traits ... ok
[INFO] [stdout] test compiler::builder::tests::test_getters ... ok
[INFO] [stdout] test compiler::external_symbol::tests::test_types_traits ... ok
[INFO] [stdout] test compiler::expression::tests::test_types_traits ... ok
[INFO] [stdout] test compiler::module::tests::test_types_traits ... ok
[INFO] [stdout] test compiler::rule::tests::test_types_traits ... ok
[INFO] [stdout] test compiler::tests::test_types_traits ... ok
[INFO] [stdout] test evaluator::tests::test_types_traits ... ok
[INFO] [stdout] test matcher::literals::tests::test_types_traits ... ok
[INFO] [stdout] test matcher::literals::tests::test_hex_string_literals ... ok
[INFO] [stdout] test compiler::variable::tests::test_types_traits ... ok
[INFO] [stdout] test evaluator::error::tests::test_types_traits ... ok
[INFO] [stdout] test evaluator::module::tests::test_types_traits ... ok
[INFO] [stdout] test matcher::only_literals::tests::test_extract_literals ... ok
[INFO] [stdout] test evaluator::variable::tests::test_types_traits ... ok
[INFO] [stdout] test matcher::literals::tests::test_regex_literals ... ok
[INFO] [stdout] test matcher::analysis::tests::test_count_alt_literals ... ok
[INFO] [stdout] test compiler::tests::test_compilation_variables ... ok
[INFO] [stdout] test matcher::analysis::tests::test_flags ... ok
[INFO] [stdout] test matcher::only_literals::tests::test_regex_extract_literals ... ok
[INFO] [stdout] test matcher::validator::dfa::tests::test_find_wide_anchored_fwd ... ok
[INFO] [stdout] test matcher::tests::test_types_traits ... ok
[INFO] [stdout] test matcher::validator::simple::tests::test_simple_validator_build ... ok
[INFO] [stdout] test matcher::validator::dfa::tests::test_types_traits ... ok
[INFO] [stdout] test matcher::validator::tests::test_types_traits ... ok
[INFO] [stdout] test matcher::widener::tests::test_types_traits ... ok
[INFO] [stdout] test memory::tests::test_proper_range ... ok
[INFO] [stdout] test memory::tests::test_types_traits ... ok
[INFO] [stdout] test module::math::tests::test_abs_invalid_args ... ok
[INFO] [stdout] test matcher::validator::simple::tests::test_types_traits ... ok
[INFO] [stdout] test module::math::tests::test_count_invalid_args ... ok
[INFO] [stdout] test module::math::tests::test_deviation_invalid_args ... ok
[INFO] [stdout] test module::math::tests::test_entropy_invalid_args ... ok
[INFO] [stdout] test module::math::tests::test_in_range_invalid_args ... ok
[INFO] [stdout] test module::math::tests::test_max_invalid_args ... ok
[INFO] [stdout] test matcher::validator::dfa::tests::test_find_wide_anchored_rev ... ok
[INFO] [stdout] test module::math::tests::test_mean_invalid_args ... ok
[INFO] [stdout] test matcher::raw::tests::test_types_traits ... ok
[INFO] [stdout] test matcher::validator::simple::tests::test_simple_validator ... ok
[INFO] [stdout] test module::math::tests::test_min_invalid_args ... ok
[INFO] [stdout] test module::math::tests::test_mode_invalid_args ... ok
[INFO] [stdout] test module::math::tests::test_serial_correlation_invalid_args ... ok
[INFO] [stdout] test module::math::tests::test_monte_carlo_pi_invalid_args ... ok
[INFO] [stdout] test module::math::tests::test_to_number_invalid_args ... ok
[INFO] [stdout] test module::tests::test_types_traits ... ok
[INFO] [stdout] test matcher::validator::simple::tests::test_simple_validator_masks ... ok
[INFO] [stdout] test module::math::tests::test_percentage_invalid_args ... ok
[INFO] [stdout] test scanner::error::tests::test_types_traits ... ok
[INFO] [stdout] test scanner::params::tests::test_types_traits ... ok
[INFO] [stdout] test scanner::process::sys::linux::tests::test_chunking ... ok
[INFO] [stdout] test regex::tests::test_types_traits ... ok
[INFO] [stdout] test scanner::process::sys::linux::tests::test_types_traits ... ok
[INFO] [stdout] test scanner::process::sys::linux::tests::test_parse_maps ... ok
[INFO] [stdout] test regex::hir::tests::test_types_traits ... ok
[INFO] [stdout] test regex::tests::test_regex_as_str ... ok
[INFO] [stdout] test regex::tests::test_regex_conversion ... ok
[INFO] [stdout] test scanner::ac_scan::tests::test_types_traits ... ok
[INFO] [stdout] test scanner::params::tests::test_getters ... ok
[INFO] [stdout] test regex::tests::test_hex_string_to_regex ... ok
[INFO] [stdout] test matcher::validator::simple::tests::test_simple_validator_dot ... ok
[INFO] [stdout] test scanner::process::sys::linux::tests::test_round_to_page_size ... ok
[INFO] [stdout] test compiler::tests::test_compilation_cmp ... ok
[INFO] [stdout] test scanner::tests::test_poison_bitwise_not ... ok
[INFO] [stdout] test scanner::tests::test_poison_add ... ok
[INFO] [stdout] test scanner::tests::test_poison_entrypoint ... ok
[INFO] [stdout] test scanner::tests::test_poison_defined ... ok
[INFO] [stdout] test scanner::tests::test_poison_div ... ok
[INFO] [stdout] test scanner::tests::test_poison_count ... ok
[INFO] [stdout] test scanner::tests::test_poison_bitwise_and ... ok
[INFO] [stdout] test scanner::tests::test_poison_eq ... ok
[INFO] [stdout] test scanner::tests::test_poison_bitwise_or ... ok
[INFO] [stdout] test compiler::tests::test_expression_types ... ok
[INFO] [stdout] test scanner::tests::test_poison_count_in_range ... ok
[INFO] [stdout] test scanner::tests::test_poison_cmp ... ok
[INFO] [stdout] test scanner::tests::test_poison_endswith ... ok
[INFO] [stdout] test scanner::tests::test_poison_and ... ok
[INFO] [stdout] test scanner::tests::test_poison_bitwise_xor ... ok
[INFO] [stdout] test scanner::tests::test_poison_contains ... ok
[INFO] [stdout] test scanner::tests::test_poison_matches ... ok
[INFO] [stdout] test scanner::tests::test_poison_length ... ok
[INFO] [stdout] test scanner::tests::test_poison_filesize ... ok
[INFO] [stdout] test scanner::tests::test_poison_for_rules ... ok
[INFO] [stdout] test scanner::tests::test_poison_neg ... ok
[INFO] [stdout] test scanner::tests::test_poison_mod ... ok
[INFO] [stdout] test scanner::tests::test_poison_offset ... ok
[INFO] [stdout] test scanner::tests::test_poison_not_eq ... ok
[INFO] [stdout] test scanner::tests::test_poison_not ... ok
[INFO] [stdout] test scanner::tests::test_poison_variable ... ok
[INFO] [stdout] test scanner::tests::test_poison_iequals ... ok
[INFO] [stdout] test scanner::tests::test_types_traits ... ok
[INFO] [stdout] test scanner::tests::test_poison_mul ... ok
[INFO] [stdout] test scanner::tests::test_poison_read_integer ... ok
[INFO] [stdout] test scanner::tests::test_poison_shift_left ... ok
[INFO] [stdout] test scanner::tests::test_poison_for ... ok
[INFO] [stdout] test scanner::tests::test_poison_sub ... ok
[INFO] [stdout] test statistics::tests::test_types_traits ... ok
[INFO] [stdout] test scanner::tests::test_poison_variable_at ... ok
[INFO] [stdout] test scanner::tests::test_poison_variable_in ... ok
[INFO] [stdout] test timeout::tests::test_types_traits ... ok
[INFO] [stdout] test scanner::tests::test_poison_module ... ok
[INFO] [stdout] test scanner::tests::test_poison_startswith ... ok
[INFO] [stdout] test scanner::tests::test_poison_or ... ok
[INFO] [stdout] test scanner::tests::test_poison_shift_right ... ok
[INFO] [stdout] test compiler::tests::test_compilation_for_expression ... ok
[INFO] [stdout] test scanner::tests::test_poison_for_identifiers ... ok
[INFO] [stdout] test compiler::tests::test_primary_expression_types ... ok
[INFO] [stdout] test compiler::tests::test_compilation_types ... ok
[INFO] [stdout] 
[INFO] [stdout] test result: ok. 111 passed; 0 failed; 0 ignored; 0 measured; 0 filtered out; finished in 0.28s
[INFO] [stdout] 
[INFO] [stderr]    Doc-tests boreal
[INFO] [stdout] 
[INFO] [stdout] running 16 tests
[INFO] [stdout] test src/module/mod.rs - module::Module::get_dynamic_types (line 127) ... ok
[INFO] [stdout] test src/module/mod.rs - module::ModuleData (line 290) ... ok
[INFO] [stdout] test src/module/mod.rs - module::StaticValue::function (line 673) ... FAILED
[INFO] [stdout] test src/module/mod.rs - module (line 7) ... FAILED
[INFO] [stdout] test src/module/mod.rs - module::Value::Function::0 (line 494) ... FAILED
[INFO] [stdout] test src/module/mod.rs - module::Type::object (line 751) ... FAILED
[INFO] [stdout] test src/module/mod.rs - module::ModuleData (line 338) ... FAILED
[INFO] [stdout] test src/scanner/mod.rs - scanner::Scanner (line 51) ... FAILED
[INFO] [stdout] test src/module/mod.rs - module::Value::object (line 616) ... ok
[INFO] [stdout] test src/module/mod.rs - module::StaticValue::object (line 658) ... ok
[INFO] [stdout] test src/module/mod.rs - module::Type::function (line 779) ... ok
[INFO] [stdout] test src/module/mod.rs - module::StaticValue::bytes (line 647) ... ok
[INFO] [stdout] test src/module/mod.rs - module::Value::function (line 631) ... ok
[INFO] [stdout] test src/module/mod.rs - module::Value::bytes (line 605) ... ok
[INFO] [stdout] test src/lib.rs - (line 9) ... ok
[INFO] [stdout] test src/scanner/mod.rs - scanner::Scanner (line 32) ... ok
[INFO] [stdout] 
[INFO] [stdout] failures:
[INFO] [stdout] 
[INFO] [stdout] ---- src/module/mod.rs - module::StaticValue::function (line 673) stdout ----
[INFO] [stdout] error: linking with `cc` failed: exit status: 1
[INFO] [stdout]   |
[INFO] [stdout]   = note: LC_ALL="C" PATH="/opt/rustwide/rustup-home/toolchains/1.83.0-x86_64-unknown-linux-gnu/lib/rustlib/x86_64-unknown-linux-gnu/bin:/opt/rustwide/cargo-home/bin:/usr/local/sbin:/usr/local/bin:/usr/sbin:/usr/bin:/sbin:/bin" VSLANG="1033" "cc" "-m64" "/tmp/rustcDivIqb/symbols.o" "/tmp/rustdoctestoUZ5pS/rust_out.rust_out.cb03291d53e4e161-cgu.0.rcgu.o" "/tmp/rustdoctestoUZ5pS/rust_out.1s7umcihpz0t7nkz1uc2ifee9.rcgu.o" "-Wl,--as-needed" "-Wl,-Bstatic" "/opt/rustwide/target/debug/deps/libboreal-e96c9bcc03f4e8f5.rlib" "/opt/rustwide/target/debug/deps/libmemmap2-4405fab978a05489.rlib" "/opt/rustwide/target/debug/deps/liblibc-48c07cb418e82d02.rlib" "/opt/rustwide/target/debug/deps/libtlsh2-548b7c48ece535ad.rlib" "/opt/rustwide/target/debug/deps/libcrc32fast-6da0a50d86e2d24a.rlib" "/opt/rustwide/target/debug/deps/libder-b25c595b19b99279.rlib" "/opt/rustwide/target/debug/deps/libconst_oid-fc772608acd6b5e8.rlib" "/opt/rustwide/target/debug/deps/libsha2-28088c87e98b68ae.rlib" "/opt/rustwide/target/debug/deps/libsha1-bf5eef885aa892bf.rlib" "/opt/rustwide/target/debug/deps/libcpufeatures-9ef920896d0c969a.rlib" "/opt/rustwide/target/debug/deps/libmd5-775f85d7e2e94822.rlib" "/opt/rustwide/target/debug/deps/libcfg_if-8217498f8667ada9.rlib" "/opt/rustwide/target/debug/deps/libdigest-b187633d31a1ee34.rlib" "/opt/rustwide/target/debug/deps/libblock_buffer-b33225e8228c539f.rlib" "/opt/rustwide/target/debug/deps/libcrypto_common-51e69f872257e8d4.rlib" "/opt/rustwide/target/debug/deps/libgeneric_array-96b5f8b414fbdd75.rlib" "/opt/rustwide/target/debug/deps/libtypenum-f8bcce2b4da82a7e.rlib" "/opt/rustwide/target/debug/deps/libregex_automata-003fbe42087025c7.rlib" "/opt/rustwide/target/debug/deps/libaho_corasick-2cd7758fb24c768f.rlib" "/opt/rustwide/target/debug/deps/libregex_syntax-1f8cc41134c03d97.rlib" "/opt/rustwide/target/debug/deps/libobject-a48acc4bd8262d95.rlib" "/opt/rustwide/target/debug/deps/libboreal_parser-fc91bbcf8595c2f7.rlib" "/opt/rustwide/target/debug/deps/libnom-768e1a78634ba60f.rlib" "/opt/rustwide/target/debug/deps/libmemchr-a61794c77f52d343.rlib" "/opt/rustwide/target/debug/deps/libcodespan_reporting-24eeb6679ee6fd67.rlib" "/opt/rustwide/target/debug/deps/libunicode_width-5585deccba236fb6.rlib" "/opt/rustwide/target/debug/deps/libtermcolor-943bee2709ee6353.rlib" "/opt/rustwide/rustup-home/toolchains/1.83.0-x86_64-unknown-linux-gnu/lib/rustlib/x86_64-unknown-linux-gnu/lib/libstd-ca74a2d9c5166d9f.rlib" "/opt/rustwide/rustup-home/toolchains/1.83.0-x86_64-unknown-linux-gnu/lib/rustlib/x86_64-unknown-linux-gnu/lib/libpanic_unwind-e31ab23316ed5080.rlib" "/opt/rustwide/rustup-home/toolchains/1.83.0-x86_64-unknown-linux-gnu/lib/rustlib/x86_64-unknown-linux-gnu/lib/libobject-27dc4aa955912662.rlib" "/opt/rustwide/rustup-home/toolchains/1.83.0-x86_64-unknown-linux-gnu/lib/rustlib/x86_64-unknown-linux-gnu/lib/libmemchr-bd0d6cccce077b99.rlib" "/opt/rustwide/rustup-home/toolchains/1.83.0-x86_64-unknown-linux-gnu/lib/rustlib/x86_64-unknown-linux-gnu/lib/libaddr2line-8d001680935b5e3c.rlib" "/opt/rustwide/rustup-home/toolchains/1.83.0-x86_64-unknown-linux-gnu/lib/rustlib/x86_64-unknown-linux-gnu/lib/libgimli-ba8ce71964f984f4.rlib" "/opt/rustwide/rustup-home/toolchains/1.83.0-x86_64-unknown-linux-gnu/lib/rustlib/x86_64-unknown-linux-gnu/lib/librustc_demangle-99a73526abcec14b.rlib" "/opt/rustwide/rustup-home/toolchains/1.83.0-x86_64-unknown-linux-gnu/lib/rustlib/x86_64-unknown-linux-gnu/lib/libstd_detect-63ac0d22cff92579.rlib" "/opt/rustwide/rustup-home/toolchains/1.83.0-x86_64-unknown-linux-gnu/lib/rustlib/x86_64-unknown-linux-gnu/lib/libhashbrown-9057355c92c922d5.rlib" "/opt/rustwide/rustup-home/toolchains/1.83.0-x86_64-unknown-linux-gnu/lib/rustlib/x86_64-unknown-linux-gnu/lib/librustc_std_workspace_alloc-358be9bc1f6bab04.rlib" "/opt/rustwide/rustup-home/toolchains/1.83.0-x86_64-unknown-linux-gnu/lib/rustlib/x86_64-unknown-linux-gnu/lib/libminiz_oxide-aca15549d5bff974.rlib" "/opt/rustwide/rustup-home/toolchains/1.83.0-x86_64-unknown-linux-gnu/lib/rustlib/x86_64-unknown-linux-gnu/lib/libadler-8251d2cef7072448.rlib" "/opt/rustwide/rustup-home/toolchains/1.83.0-x86_64-unknown-linux-gnu/lib/rustlib/x86_64-unknown-linux-gnu/lib/libunwind-7d50b86011c66411.rlib" "/opt/rustwide/rustup-home/toolchains/1.83.0-x86_64-unknown-linux-gnu/lib/rustlib/x86_64-unknown-linux-gnu/lib/libcfg_if-51ea098fce5006bf.rlib" "/opt/rustwide/rustup-home/toolchains/1.83.0-x86_64-unknown-linux-gnu/lib/rustlib/x86_64-unknown-linux-gnu/lib/liblibc-5a14e0d0b712e731.rlib" "/opt/rustwide/rustup-home/toolchains/1.83.0-x86_64-unknown-linux-gnu/lib/rustlib/x86_64-unknown-linux-gnu/lib/liballoc-8b83dbf3a7b8f999.rlib" "/opt/rustwide/rustup-home/toolchains/1.83.0-x86_64-unknown-linux-gnu/lib/rustlib/x86_64-unknown-linux-gnu/lib/librustc_std_workspace_core-c6fd227bdc7b39ff.rlib" "/opt/rustwide/rustup-home/toolchains/1.83.0-x86_64-unknown-linux-gnu/lib/rustlib/x86_64-unknown-linux-gnu/lib/libcore-959d3389fa3da8a5.rlib" "/opt/rustwide/rustup-home/toolchains/1.83.0-x86_64-unknown-linux-gnu/lib/rustlib/x86_64-unknown-linux-gnu/lib/libcompiler_builtins-abe05db089cc2c62.rlib" "-Wl,-Bdynamic" "-lgcc_s" "-lutil" "-lrt" "-lpthread" "-lm" "-ldl" "-lc" "-Wl,--eh-frame-hdr" "-Wl,-z,noexecstack" "-L" "/opt/rustwide/target/debug/build/yara-sys-79f0977f8490a6fb/out" "-L" "/opt/rustwide/rustup-home/toolchains/1.83.0-x86_64-unknown-linux-gnu/lib/rustlib/x86_64-unknown-linux-gnu/lib" "-o" "/tmp/rustdoctestoUZ5pS/rust_out" "-Wl,--gc-sections" "-pie" "-Wl,-z,relro,-z,now" "-nodefaultlibs"
[INFO] [stdout]   = note: collect2: fatal error: ld terminated with signal 9 [Killed]
[INFO] [stdout]           compilation terminated.
[INFO] [stdout]           
[INFO] [stdout] 
[INFO] [stdout] error: aborting due to 1 previous error
[INFO] [stdout] 
[INFO] [stdout] Couldn't compile the test.
[INFO] [stdout] ---- src/module/mod.rs - module (line 7) stdout ----
[INFO] [stdout] error: linking with `cc` failed: exit status: 1
[INFO] [stdout]   |
[INFO] [stdout]   = note: LC_ALL="C" PATH="/opt/rustwide/rustup-home/toolchains/1.83.0-x86_64-unknown-linux-gnu/lib/rustlib/x86_64-unknown-linux-gnu/bin:/opt/rustwide/cargo-home/bin:/usr/local/sbin:/usr/local/bin:/usr/sbin:/usr/bin:/sbin:/bin" VSLANG="1033" "cc" "-m64" "/tmp/rustcCjcRTj/symbols.o" "/tmp/rustdoctest28CRoY/rust_out.rust_out.cb03291d53e4e161-cgu.0.rcgu.o" "/tmp/rustdoctest28CRoY/rust_out.1s7umcihpz0t7nkz1uc2ifee9.rcgu.o" "-Wl,--as-needed" "-Wl,-Bstatic" "/opt/rustwide/target/debug/deps/libboreal-e96c9bcc03f4e8f5.rlib" "/opt/rustwide/target/debug/deps/libmemmap2-4405fab978a05489.rlib" "/opt/rustwide/target/debug/deps/liblibc-48c07cb418e82d02.rlib" "/opt/rustwide/target/debug/deps/libtlsh2-548b7c48ece535ad.rlib" "/opt/rustwide/target/debug/deps/libcrc32fast-6da0a50d86e2d24a.rlib" "/opt/rustwide/target/debug/deps/libder-b25c595b19b99279.rlib" "/opt/rustwide/target/debug/deps/libconst_oid-fc772608acd6b5e8.rlib" "/opt/rustwide/target/debug/deps/libsha2-28088c87e98b68ae.rlib" "/opt/rustwide/target/debug/deps/libsha1-bf5eef885aa892bf.rlib" "/opt/rustwide/target/debug/deps/libcpufeatures-9ef920896d0c969a.rlib" "/opt/rustwide/target/debug/deps/libmd5-775f85d7e2e94822.rlib" "/opt/rustwide/target/debug/deps/libcfg_if-8217498f8667ada9.rlib" "/opt/rustwide/target/debug/deps/libdigest-b187633d31a1ee34.rlib" "/opt/rustwide/target/debug/deps/libblock_buffer-b33225e8228c539f.rlib" "/opt/rustwide/target/debug/deps/libcrypto_common-51e69f872257e8d4.rlib" "/opt/rustwide/target/debug/deps/libgeneric_array-96b5f8b414fbdd75.rlib" "/opt/rustwide/target/debug/deps/libtypenum-f8bcce2b4da82a7e.rlib" "/opt/rustwide/target/debug/deps/libregex_automata-003fbe42087025c7.rlib" "/opt/rustwide/target/debug/deps/libaho_corasick-2cd7758fb24c768f.rlib" "/opt/rustwide/target/debug/deps/libregex_syntax-1f8cc41134c03d97.rlib" "/opt/rustwide/target/debug/deps/libobject-a48acc4bd8262d95.rlib" "/opt/rustwide/target/debug/deps/libboreal_parser-fc91bbcf8595c2f7.rlib" "/opt/rustwide/target/debug/deps/libnom-768e1a78634ba60f.rlib" "/opt/rustwide/target/debug/deps/libmemchr-a61794c77f52d343.rlib" "/opt/rustwide/target/debug/deps/libcodespan_reporting-24eeb6679ee6fd67.rlib" "/opt/rustwide/target/debug/deps/libunicode_width-5585deccba236fb6.rlib" "/opt/rustwide/target/debug/deps/libtermcolor-943bee2709ee6353.rlib" "/opt/rustwide/rustup-home/toolchains/1.83.0-x86_64-unknown-linux-gnu/lib/rustlib/x86_64-unknown-linux-gnu/lib/libstd-ca74a2d9c5166d9f.rlib" "/opt/rustwide/rustup-home/toolchains/1.83.0-x86_64-unknown-linux-gnu/lib/rustlib/x86_64-unknown-linux-gnu/lib/libpanic_unwind-e31ab23316ed5080.rlib" "/opt/rustwide/rustup-home/toolchains/1.83.0-x86_64-unknown-linux-gnu/lib/rustlib/x86_64-unknown-linux-gnu/lib/libobject-27dc4aa955912662.rlib" "/opt/rustwide/rustup-home/toolchains/1.83.0-x86_64-unknown-linux-gnu/lib/rustlib/x86_64-unknown-linux-gnu/lib/libmemchr-bd0d6cccce077b99.rlib" "/opt/rustwide/rustup-home/toolchains/1.83.0-x86_64-unknown-linux-gnu/lib/rustlib/x86_64-unknown-linux-gnu/lib/libaddr2line-8d001680935b5e3c.rlib" "/opt/rustwide/rustup-home/toolchains/1.83.0-x86_64-unknown-linux-gnu/lib/rustlib/x86_64-unknown-linux-gnu/lib/libgimli-ba8ce71964f984f4.rlib" "/opt/rustwide/rustup-home/toolchains/1.83.0-x86_64-unknown-linux-gnu/lib/rustlib/x86_64-unknown-linux-gnu/lib/librustc_demangle-99a73526abcec14b.rlib" "/opt/rustwide/rustup-home/toolchains/1.83.0-x86_64-unknown-linux-gnu/lib/rustlib/x86_64-unknown-linux-gnu/lib/libstd_detect-63ac0d22cff92579.rlib" "/opt/rustwide/rustup-home/toolchains/1.83.0-x86_64-unknown-linux-gnu/lib/rustlib/x86_64-unknown-linux-gnu/lib/libhashbrown-9057355c92c922d5.rlib" "/opt/rustwide/rustup-home/toolchains/1.83.0-x86_64-unknown-linux-gnu/lib/rustlib/x86_64-unknown-linux-gnu/lib/librustc_std_workspace_alloc-358be9bc1f6bab04.rlib" "/opt/rustwide/rustup-home/toolchains/1.83.0-x86_64-unknown-linux-gnu/lib/rustlib/x86_64-unknown-linux-gnu/lib/libminiz_oxide-aca15549d5bff974.rlib" "/opt/rustwide/rustup-home/toolchains/1.83.0-x86_64-unknown-linux-gnu/lib/rustlib/x86_64-unknown-linux-gnu/lib/libadler-8251d2cef7072448.rlib" "/opt/rustwide/rustup-home/toolchains/1.83.0-x86_64-unknown-linux-gnu/lib/rustlib/x86_64-unknown-linux-gnu/lib/libunwind-7d50b86011c66411.rlib" "/opt/rustwide/rustup-home/toolchains/1.83.0-x86_64-unknown-linux-gnu/lib/rustlib/x86_64-unknown-linux-gnu/lib/libcfg_if-51ea098fce5006bf.rlib" "/opt/rustwide/rustup-home/toolchains/1.83.0-x86_64-unknown-linux-gnu/lib/rustlib/x86_64-unknown-linux-gnu/lib/liblibc-5a14e0d0b712e731.rlib" "/opt/rustwide/rustup-home/toolchains/1.83.0-x86_64-unknown-linux-gnu/lib/rustlib/x86_64-unknown-linux-gnu/lib/liballoc-8b83dbf3a7b8f999.rlib" "/opt/rustwide/rustup-home/toolchains/1.83.0-x86_64-unknown-linux-gnu/lib/rustlib/x86_64-unknown-linux-gnu/lib/librustc_std_workspace_core-c6fd227bdc7b39ff.rlib" "/opt/rustwide/rustup-home/toolchains/1.83.0-x86_64-unknown-linux-gnu/lib/rustlib/x86_64-unknown-linux-gnu/lib/libcore-959d3389fa3da8a5.rlib" "/opt/rustwide/rustup-home/toolchains/1.83.0-x86_64-unknown-linux-gnu/lib/rustlib/x86_64-unknown-linux-gnu/lib/libcompiler_builtins-abe05db089cc2c62.rlib" "-Wl,-Bdynamic" "-lgcc_s" "-lutil" "-lrt" "-lpthread" "-lm" "-ldl" "-lc" "-Wl,--eh-frame-hdr" "-Wl,-z,noexecstack" "-L" "/opt/rustwide/target/debug/build/yara-sys-79f0977f8490a6fb/out" "-L" "/opt/rustwide/rustup-home/toolchains/1.83.0-x86_64-unknown-linux-gnu/lib/rustlib/x86_64-unknown-linux-gnu/lib" "-o" "/tmp/rustdoctest28CRoY/rust_out" "-Wl,--gc-sections" "-pie" "-Wl,-z,relro,-z,now" "-nodefaultlibs"
[INFO] [stdout]   = note: collect2: fatal error: ld terminated with signal 9 [Killed]
[INFO] [stdout]           compilation terminated.
[INFO] [stdout]           
[INFO] [stdout] 
[INFO] [stdout] error: aborting due to 1 previous error
[INFO] [stdout] 
[INFO] [stdout] Couldn't compile the test.
[INFO] [stdout] ---- src/module/mod.rs - module::Value::Function::0 (line 494) stdout ----
[INFO] [stdout] error: linking with `cc` failed: exit status: 1
[INFO] [stdout]   |
[INFO] [stdout]   = note: LC_ALL="C" PATH="/opt/rustwide/rustup-home/toolchains/1.83.0-x86_64-unknown-linux-gnu/lib/rustlib/x86_64-unknown-linux-gnu/bin:/opt/rustwide/cargo-home/bin:/usr/local/sbin:/usr/local/bin:/usr/sbin:/usr/bin:/sbin:/bin" VSLANG="1033" "cc" "-m64" "/tmp/rustcebc3hw/symbols.o" "/tmp/rustdoctestV5Tl2e/rust_out.rust_out.cb03291d53e4e161-cgu.0.rcgu.o" "/tmp/rustdoctestV5Tl2e/rust_out.1s7umcihpz0t7nkz1uc2ifee9.rcgu.o" "-Wl,--as-needed" "-Wl,-Bstatic" "/opt/rustwide/target/debug/deps/libboreal-e96c9bcc03f4e8f5.rlib" "/opt/rustwide/target/debug/deps/libmemmap2-4405fab978a05489.rlib" "/opt/rustwide/target/debug/deps/liblibc-48c07cb418e82d02.rlib" "/opt/rustwide/target/debug/deps/libtlsh2-548b7c48ece535ad.rlib" "/opt/rustwide/target/debug/deps/libcrc32fast-6da0a50d86e2d24a.rlib" "/opt/rustwide/target/debug/deps/libder-b25c595b19b99279.rlib" "/opt/rustwide/target/debug/deps/libconst_oid-fc772608acd6b5e8.rlib" "/opt/rustwide/target/debug/deps/libsha2-28088c87e98b68ae.rlib" "/opt/rustwide/target/debug/deps/libsha1-bf5eef885aa892bf.rlib" "/opt/rustwide/target/debug/deps/libcpufeatures-9ef920896d0c969a.rlib" "/opt/rustwide/target/debug/deps/libmd5-775f85d7e2e94822.rlib" "/opt/rustwide/target/debug/deps/libcfg_if-8217498f8667ada9.rlib" "/opt/rustwide/target/debug/deps/libdigest-b187633d31a1ee34.rlib" "/opt/rustwide/target/debug/deps/libblock_buffer-b33225e8228c539f.rlib" "/opt/rustwide/target/debug/deps/libcrypto_common-51e69f872257e8d4.rlib" "/opt/rustwide/target/debug/deps/libgeneric_array-96b5f8b414fbdd75.rlib" "/opt/rustwide/target/debug/deps/libtypenum-f8bcce2b4da82a7e.rlib" "/opt/rustwide/target/debug/deps/libregex_automata-003fbe42087025c7.rlib" "/opt/rustwide/target/debug/deps/libaho_corasick-2cd7758fb24c768f.rlib" "/opt/rustwide/target/debug/deps/libregex_syntax-1f8cc41134c03d97.rlib" "/opt/rustwide/target/debug/deps/libobject-a48acc4bd8262d95.rlib" "/opt/rustwide/target/debug/deps/libboreal_parser-fc91bbcf8595c2f7.rlib" "/opt/rustwide/target/debug/deps/libnom-768e1a78634ba60f.rlib" "/opt/rustwide/target/debug/deps/libmemchr-a61794c77f52d343.rlib" "/opt/rustwide/target/debug/deps/libcodespan_reporting-24eeb6679ee6fd67.rlib" "/opt/rustwide/target/debug/deps/libunicode_width-5585deccba236fb6.rlib" "/opt/rustwide/target/debug/deps/libtermcolor-943bee2709ee6353.rlib" "/opt/rustwide/rustup-home/toolchains/1.83.0-x86_64-unknown-linux-gnu/lib/rustlib/x86_64-unknown-linux-gnu/lib/libstd-ca74a2d9c5166d9f.rlib" "/opt/rustwide/rustup-home/toolchains/1.83.0-x86_64-unknown-linux-gnu/lib/rustlib/x86_64-unknown-linux-gnu/lib/libpanic_unwind-e31ab23316ed5080.rlib" "/opt/rustwide/rustup-home/toolchains/1.83.0-x86_64-unknown-linux-gnu/lib/rustlib/x86_64-unknown-linux-gnu/lib/libobject-27dc4aa955912662.rlib" "/opt/rustwide/rustup-home/toolchains/1.83.0-x86_64-unknown-linux-gnu/lib/rustlib/x86_64-unknown-linux-gnu/lib/libmemchr-bd0d6cccce077b99.rlib" "/opt/rustwide/rustup-home/toolchains/1.83.0-x86_64-unknown-linux-gnu/lib/rustlib/x86_64-unknown-linux-gnu/lib/libaddr2line-8d001680935b5e3c.rlib" "/opt/rustwide/rustup-home/toolchains/1.83.0-x86_64-unknown-linux-gnu/lib/rustlib/x86_64-unknown-linux-gnu/lib/libgimli-ba8ce71964f984f4.rlib" "/opt/rustwide/rustup-home/toolchains/1.83.0-x86_64-unknown-linux-gnu/lib/rustlib/x86_64-unknown-linux-gnu/lib/librustc_demangle-99a73526abcec14b.rlib" "/opt/rustwide/rustup-home/toolchains/1.83.0-x86_64-unknown-linux-gnu/lib/rustlib/x86_64-unknown-linux-gnu/lib/libstd_detect-63ac0d22cff92579.rlib" "/opt/rustwide/rustup-home/toolchains/1.83.0-x86_64-unknown-linux-gnu/lib/rustlib/x86_64-unknown-linux-gnu/lib/libhashbrown-9057355c92c922d5.rlib" "/opt/rustwide/rustup-home/toolchains/1.83.0-x86_64-unknown-linux-gnu/lib/rustlib/x86_64-unknown-linux-gnu/lib/librustc_std_workspace_alloc-358be9bc1f6bab04.rlib" "/opt/rustwide/rustup-home/toolchains/1.83.0-x86_64-unknown-linux-gnu/lib/rustlib/x86_64-unknown-linux-gnu/lib/libminiz_oxide-aca15549d5bff974.rlib" "/opt/rustwide/rustup-home/toolchains/1.83.0-x86_64-unknown-linux-gnu/lib/rustlib/x86_64-unknown-linux-gnu/lib/libadler-8251d2cef7072448.rlib" "/opt/rustwide/rustup-home/toolchains/1.83.0-x86_64-unknown-linux-gnu/lib/rustlib/x86_64-unknown-linux-gnu/lib/libunwind-7d50b86011c66411.rlib" "/opt/rustwide/rustup-home/toolchains/1.83.0-x86_64-unknown-linux-gnu/lib/rustlib/x86_64-unknown-linux-gnu/lib/libcfg_if-51ea098fce5006bf.rlib" "/opt/rustwide/rustup-home/toolchains/1.83.0-x86_64-unknown-linux-gnu/lib/rustlib/x86_64-unknown-linux-gnu/lib/liblibc-5a14e0d0b712e731.rlib" "/opt/rustwide/rustup-home/toolchains/1.83.0-x86_64-unknown-linux-gnu/lib/rustlib/x86_64-unknown-linux-gnu/lib/liballoc-8b83dbf3a7b8f999.rlib" "/opt/rustwide/rustup-home/toolchains/1.83.0-x86_64-unknown-linux-gnu/lib/rustlib/x86_64-unknown-linux-gnu/lib/librustc_std_workspace_core-c6fd227bdc7b39ff.rlib" "/opt/rustwide/rustup-home/toolchains/1.83.0-x86_64-unknown-linux-gnu/lib/rustlib/x86_64-unknown-linux-gnu/lib/libcore-959d3389fa3da8a5.rlib" "/opt/rustwide/rustup-home/toolchains/1.83.0-x86_64-unknown-linux-gnu/lib/rustlib/x86_64-unknown-linux-gnu/lib/libcompiler_builtins-abe05db089cc2c62.rlib" "-Wl,-Bdynamic" "-lgcc_s" "-lutil" "-lrt" "-lpthread" "-lm" "-ldl" "-lc" "-Wl,--eh-frame-hdr" "-Wl,-z,noexecstack" "-L" "/opt/rustwide/target/debug/build/yara-sys-79f0977f8490a6fb/out" "-L" "/opt/rustwide/rustup-home/toolchains/1.83.0-x86_64-unknown-linux-gnu/lib/rustlib/x86_64-unknown-linux-gnu/lib" "-o" "/tmp/rustdoctestV5Tl2e/rust_out" "-Wl,--gc-sections" "-pie" "-Wl,-z,relro,-z,now" "-nodefaultlibs"
[INFO] [stdout]   = note: collect2: fatal error: ld terminated with signal 9 [Killed]
[INFO] [stdout]           compilation terminated.
[INFO] [stdout]           
[INFO] [stdout] 
[INFO] [stdout] error: aborting due to 1 previous error
[INFO] [stdout] 
[INFO] [stdout] Couldn't compile the test.
[INFO] [stdout] ---- src/module/mod.rs - module::Type::object (line 751) stdout ----
[INFO] [stdout] error: linking with `cc` failed: exit status: 1
[INFO] [stdout]   |
[INFO] [stdout]   = note: LC_ALL="C" PATH="/opt/rustwide/rustup-home/toolchains/1.83.0-x86_64-unknown-linux-gnu/lib/rustlib/x86_64-unknown-linux-gnu/bin:/opt/rustwide/cargo-home/bin:/usr/local/sbin:/usr/local/bin:/usr/sbin:/usr/bin:/sbin:/bin" VSLANG="1033" "cc" "-m64" "/tmp/rustcb8EY3P/symbols.o" "/tmp/rustdoctest4YsD3s/rust_out.rust_out.cb03291d53e4e161-cgu.0.rcgu.o" "/tmp/rustdoctest4YsD3s/rust_out.1s7umcihpz0t7nkz1uc2ifee9.rcgu.o" "-Wl,--as-needed" "-Wl,-Bstatic" "/opt/rustwide/target/debug/deps/libboreal-e96c9bcc03f4e8f5.rlib" "/opt/rustwide/target/debug/deps/libmemmap2-4405fab978a05489.rlib" "/opt/rustwide/target/debug/deps/liblibc-48c07cb418e82d02.rlib" "/opt/rustwide/target/debug/deps/libtlsh2-548b7c48ece535ad.rlib" "/opt/rustwide/target/debug/deps/libcrc32fast-6da0a50d86e2d24a.rlib" "/opt/rustwide/target/debug/deps/libder-b25c595b19b99279.rlib" "/opt/rustwide/target/debug/deps/libconst_oid-fc772608acd6b5e8.rlib" "/opt/rustwide/target/debug/deps/libsha2-28088c87e98b68ae.rlib" "/opt/rustwide/target/debug/deps/libsha1-bf5eef885aa892bf.rlib" "/opt/rustwide/target/debug/deps/libcpufeatures-9ef920896d0c969a.rlib" "/opt/rustwide/target/debug/deps/libmd5-775f85d7e2e94822.rlib" "/opt/rustwide/target/debug/deps/libcfg_if-8217498f8667ada9.rlib" "/opt/rustwide/target/debug/deps/libdigest-b187633d31a1ee34.rlib" "/opt/rustwide/target/debug/deps/libblock_buffer-b33225e8228c539f.rlib" "/opt/rustwide/target/debug/deps/libcrypto_common-51e69f872257e8d4.rlib" "/opt/rustwide/target/debug/deps/libgeneric_array-96b5f8b414fbdd75.rlib" "/opt/rustwide/target/debug/deps/libtypenum-f8bcce2b4da82a7e.rlib" "/opt/rustwide/target/debug/deps/libregex_automata-003fbe42087025c7.rlib" "/opt/rustwide/target/debug/deps/libaho_corasick-2cd7758fb24c768f.rlib" "/opt/rustwide/target/debug/deps/libregex_syntax-1f8cc41134c03d97.rlib" "/opt/rustwide/target/debug/deps/libobject-a48acc4bd8262d95.rlib" "/opt/rustwide/target/debug/deps/libboreal_parser-fc91bbcf8595c2f7.rlib" "/opt/rustwide/target/debug/deps/libnom-768e1a78634ba60f.rlib" "/opt/rustwide/target/debug/deps/libmemchr-a61794c77f52d343.rlib" "/opt/rustwide/target/debug/deps/libcodespan_reporting-24eeb6679ee6fd67.rlib" "/opt/rustwide/target/debug/deps/libunicode_width-5585deccba236fb6.rlib" "/opt/rustwide/target/debug/deps/libtermcolor-943bee2709ee6353.rlib" "/opt/rustwide/rustup-home/toolchains/1.83.0-x86_64-unknown-linux-gnu/lib/rustlib/x86_64-unknown-linux-gnu/lib/libstd-ca74a2d9c5166d9f.rlib" "/opt/rustwide/rustup-home/toolchains/1.83.0-x86_64-unknown-linux-gnu/lib/rustlib/x86_64-unknown-linux-gnu/lib/libpanic_unwind-e31ab23316ed5080.rlib" "/opt/rustwide/rustup-home/toolchains/1.83.0-x86_64-unknown-linux-gnu/lib/rustlib/x86_64-unknown-linux-gnu/lib/libobject-27dc4aa955912662.rlib" "/opt/rustwide/rustup-home/toolchains/1.83.0-x86_64-unknown-linux-gnu/lib/rustlib/x86_64-unknown-linux-gnu/lib/libmemchr-bd0d6cccce077b99.rlib" "/opt/rustwide/rustup-home/toolchains/1.83.0-x86_64-unknown-linux-gnu/lib/rustlib/x86_64-unknown-linux-gnu/lib/libaddr2line-8d001680935b5e3c.rlib" "/opt/rustwide/rustup-home/toolchains/1.83.0-x86_64-unknown-linux-gnu/lib/rustlib/x86_64-unknown-linux-gnu/lib/libgimli-ba8ce71964f984f4.rlib" "/opt/rustwide/rustup-home/toolchains/1.83.0-x86_64-unknown-linux-gnu/lib/rustlib/x86_64-unknown-linux-gnu/lib/librustc_demangle-99a73526abcec14b.rlib" "/opt/rustwide/rustup-home/toolchains/1.83.0-x86_64-unknown-linux-gnu/lib/rustlib/x86_64-unknown-linux-gnu/lib/libstd_detect-63ac0d22cff92579.rlib" "/opt/rustwide/rustup-home/toolchains/1.83.0-x86_64-unknown-linux-gnu/lib/rustlib/x86_64-unknown-linux-gnu/lib/libhashbrown-9057355c92c922d5.rlib" "/opt/rustwide/rustup-home/toolchains/1.83.0-x86_64-unknown-linux-gnu/lib/rustlib/x86_64-unknown-linux-gnu/lib/librustc_std_workspace_alloc-358be9bc1f6bab04.rlib" "/opt/rustwide/rustup-home/toolchains/1.83.0-x86_64-unknown-linux-gnu/lib/rustlib/x86_64-unknown-linux-gnu/lib/libminiz_oxide-aca15549d5bff974.rlib" "/opt/rustwide/rustup-home/toolchains/1.83.0-x86_64-unknown-linux-gnu/lib/rustlib/x86_64-unknown-linux-gnu/lib/libadler-8251d2cef7072448.rlib" "/opt/rustwide/rustup-home/toolchains/1.83.0-x86_64-unknown-linux-gnu/lib/rustlib/x86_64-unknown-linux-gnu/lib/libunwind-7d50b86011c66411.rlib" "/opt/rustwide/rustup-home/toolchains/1.83.0-x86_64-unknown-linux-gnu/lib/rustlib/x86_64-unknown-linux-gnu/lib/libcfg_if-51ea098fce5006bf.rlib" "/opt/rustwide/rustup-home/toolchains/1.83.0-x86_64-unknown-linux-gnu/lib/rustlib/x86_64-unknown-linux-gnu/lib/liblibc-5a14e0d0b712e731.rlib" "/opt/rustwide/rustup-home/toolchains/1.83.0-x86_64-unknown-linux-gnu/lib/rustlib/x86_64-unknown-linux-gnu/lib/liballoc-8b83dbf3a7b8f999.rlib" "/opt/rustwide/rustup-home/toolchains/1.83.0-x86_64-unknown-linux-gnu/lib/rustlib/x86_64-unknown-linux-gnu/lib/librustc_std_workspace_core-c6fd227bdc7b39ff.rlib" "/opt/rustwide/rustup-home/toolchains/1.83.0-x86_64-unknown-linux-gnu/lib/rustlib/x86_64-unknown-linux-gnu/lib/libcore-959d3389fa3da8a5.rlib" "/opt/rustwide/rustup-home/toolchains/1.83.0-x86_64-unknown-linux-gnu/lib/rustlib/x86_64-unknown-linux-gnu/lib/libcompiler_builtins-abe05db089cc2c62.rlib" "-Wl,-Bdynamic" "-lgcc_s" "-lutil" "-lrt" "-lpthread" "-lm" "-ldl" "-lc" "-Wl,--eh-frame-hdr" "-Wl,-z,noexecstack" "-L" "/opt/rustwide/target/debug/build/yara-sys-79f0977f8490a6fb/out" "-L" "/opt/rustwide/rustup-home/toolchains/1.83.0-x86_64-unknown-linux-gnu/lib/rustlib/x86_64-unknown-linux-gnu/lib" "-o" "/tmp/rustdoctest4YsD3s/rust_out" "-Wl,--gc-sections" "-pie" "-Wl,-z,relro,-z,now" "-nodefaultlibs"
[INFO] [stdout]   = note: collect2: fatal error: ld terminated with signal 9 [Killed]
[INFO] [stdout]           compilation terminated.
[INFO] [stdout]           
[INFO] [stdout] 
[INFO] [stdout] error: aborting due to 1 previous error
[INFO] [stdout] 
[INFO] [stdout] Couldn't compile the test.
[INFO] [stdout] ---- src/module/mod.rs - module::ModuleData (line 338) stdout ----
[INFO] [stdout] error: linking with `cc` failed: exit status: 1
[INFO] [stdout]   |
[INFO] [stdout]   = note: LC_ALL="C" PATH="/opt/rustwide/rustup-home/toolchains/1.83.0-x86_64-unknown-linux-gnu/lib/rustlib/x86_64-unknown-linux-gnu/bin:/opt/rustwide/cargo-home/bin:/usr/local/sbin:/usr/local/bin:/usr/sbin:/usr/bin:/sbin:/bin" VSLANG="1033" "cc" "-m64" "/tmp/rustcIc1AZp/symbols.o" "/tmp/rustdoctest2SX3me/rust_out.rust_out.cb03291d53e4e161-cgu.0.rcgu.o" "/tmp/rustdoctest2SX3me/rust_out.1s7umcihpz0t7nkz1uc2ifee9.rcgu.o" "-Wl,--as-needed" "-Wl,-Bstatic" "/opt/rustwide/target/debug/deps/libboreal-e96c9bcc03f4e8f5.rlib" "/opt/rustwide/target/debug/deps/libmemmap2-4405fab978a05489.rlib" "/opt/rustwide/target/debug/deps/liblibc-48c07cb418e82d02.rlib" "/opt/rustwide/target/debug/deps/libtlsh2-548b7c48ece535ad.rlib" "/opt/rustwide/target/debug/deps/libcrc32fast-6da0a50d86e2d24a.rlib" "/opt/rustwide/target/debug/deps/libder-b25c595b19b99279.rlib" "/opt/rustwide/target/debug/deps/libconst_oid-fc772608acd6b5e8.rlib" "/opt/rustwide/target/debug/deps/libsha2-28088c87e98b68ae.rlib" "/opt/rustwide/target/debug/deps/libsha1-bf5eef885aa892bf.rlib" "/opt/rustwide/target/debug/deps/libcpufeatures-9ef920896d0c969a.rlib" "/opt/rustwide/target/debug/deps/libmd5-775f85d7e2e94822.rlib" "/opt/rustwide/target/debug/deps/libcfg_if-8217498f8667ada9.rlib" "/opt/rustwide/target/debug/deps/libdigest-b187633d31a1ee34.rlib" "/opt/rustwide/target/debug/deps/libblock_buffer-b33225e8228c539f.rlib" "/opt/rustwide/target/debug/deps/libcrypto_common-51e69f872257e8d4.rlib" "/opt/rustwide/target/debug/deps/libgeneric_array-96b5f8b414fbdd75.rlib" "/opt/rustwide/target/debug/deps/libtypenum-f8bcce2b4da82a7e.rlib" "/opt/rustwide/target/debug/deps/libregex_automata-003fbe42087025c7.rlib" "/opt/rustwide/target/debug/deps/libaho_corasick-2cd7758fb24c768f.rlib" "/opt/rustwide/target/debug/deps/libregex_syntax-1f8cc41134c03d97.rlib" "/opt/rustwide/target/debug/deps/libobject-a48acc4bd8262d95.rlib" "/opt/rustwide/target/debug/deps/libboreal_parser-fc91bbcf8595c2f7.rlib" "/opt/rustwide/target/debug/deps/libnom-768e1a78634ba60f.rlib" "/opt/rustwide/target/debug/deps/libmemchr-a61794c77f52d343.rlib" "/opt/rustwide/target/debug/deps/libcodespan_reporting-24eeb6679ee6fd67.rlib" "/opt/rustwide/target/debug/deps/libunicode_width-5585deccba236fb6.rlib" "/opt/rustwide/target/debug/deps/libtermcolor-943bee2709ee6353.rlib" "/opt/rustwide/rustup-home/toolchains/1.83.0-x86_64-unknown-linux-gnu/lib/rustlib/x86_64-unknown-linux-gnu/lib/libstd-ca74a2d9c5166d9f.rlib" "/opt/rustwide/rustup-home/toolchains/1.83.0-x86_64-unknown-linux-gnu/lib/rustlib/x86_64-unknown-linux-gnu/lib/libpanic_unwind-e31ab23316ed5080.rlib" "/opt/rustwide/rustup-home/toolchains/1.83.0-x86_64-unknown-linux-gnu/lib/rustlib/x86_64-unknown-linux-gnu/lib/libobject-27dc4aa955912662.rlib" "/opt/rustwide/rustup-home/toolchains/1.83.0-x86_64-unknown-linux-gnu/lib/rustlib/x86_64-unknown-linux-gnu/lib/libmemchr-bd0d6cccce077b99.rlib" "/opt/rustwide/rustup-home/toolchains/1.83.0-x86_64-unknown-linux-gnu/lib/rustlib/x86_64-unknown-linux-gnu/lib/libaddr2line-8d001680935b5e3c.rlib" "/opt/rustwide/rustup-home/toolchains/1.83.0-x86_64-unknown-linux-gnu/lib/rustlib/x86_64-unknown-linux-gnu/lib/libgimli-ba8ce71964f984f4.rlib" "/opt/rustwide/rustup-home/toolchains/1.83.0-x86_64-unknown-linux-gnu/lib/rustlib/x86_64-unknown-linux-gnu/lib/librustc_demangle-99a73526abcec14b.rlib" "/opt/rustwide/rustup-home/toolchains/1.83.0-x86_64-unknown-linux-gnu/lib/rustlib/x86_64-unknown-linux-gnu/lib/libstd_detect-63ac0d22cff92579.rlib" "/opt/rustwide/rustup-home/toolchains/1.83.0-x86_64-unknown-linux-gnu/lib/rustlib/x86_64-unknown-linux-gnu/lib/libhashbrown-9057355c92c922d5.rlib" "/opt/rustwide/rustup-home/toolchains/1.83.0-x86_64-unknown-linux-gnu/lib/rustlib/x86_64-unknown-linux-gnu/lib/librustc_std_workspace_alloc-358be9bc1f6bab04.rlib" "/opt/rustwide/rustup-home/toolchains/1.83.0-x86_64-unknown-linux-gnu/lib/rustlib/x86_64-unknown-linux-gnu/lib/libminiz_oxide-aca15549d5bff974.rlib" "/opt/rustwide/rustup-home/toolchains/1.83.0-x86_64-unknown-linux-gnu/lib/rustlib/x86_64-unknown-linux-gnu/lib/libadler-8251d2cef7072448.rlib" "/opt/rustwide/rustup-home/toolchains/1.83.0-x86_64-unknown-linux-gnu/lib/rustlib/x86_64-unknown-linux-gnu/lib/libunwind-7d50b86011c66411.rlib" "/opt/rustwide/rustup-home/toolchains/1.83.0-x86_64-unknown-linux-gnu/lib/rustlib/x86_64-unknown-linux-gnu/lib/libcfg_if-51ea098fce5006bf.rlib" "/opt/rustwide/rustup-home/toolchains/1.83.0-x86_64-unknown-linux-gnu/lib/rustlib/x86_64-unknown-linux-gnu/lib/liblibc-5a14e0d0b712e731.rlib" "/opt/rustwide/rustup-home/toolchains/1.83.0-x86_64-unknown-linux-gnu/lib/rustlib/x86_64-unknown-linux-gnu/lib/liballoc-8b83dbf3a7b8f999.rlib" "/opt/rustwide/rustup-home/toolchains/1.83.0-x86_64-unknown-linux-gnu/lib/rustlib/x86_64-unknown-linux-gnu/lib/librustc_std_workspace_core-c6fd227bdc7b39ff.rlib" "/opt/rustwide/rustup-home/toolchains/1.83.0-x86_64-unknown-linux-gnu/lib/rustlib/x86_64-unknown-linux-gnu/lib/libcore-959d3389fa3da8a5.rlib" "/opt/rustwide/rustup-home/toolchains/1.83.0-x86_64-unknown-linux-gnu/lib/rustlib/x86_64-unknown-linux-gnu/lib/libcompiler_builtins-abe05db089cc2c62.rlib" "-Wl,-Bdynamic" "-lgcc_s" "-lutil" "-lrt" "-lpthread" "-lm" "-ldl" "-lc" "-Wl,--eh-frame-hdr" "-Wl,-z,noexecstack" "-L" "/opt/rustwide/target/debug/build/yara-sys-79f0977f8490a6fb/out" "-L" "/opt/rustwide/rustup-home/toolchains/1.83.0-x86_64-unknown-linux-gnu/lib/rustlib/x86_64-unknown-linux-gnu/lib" "-o" "/tmp/rustdoctest2SX3me/rust_out" "-Wl,--gc-sections" "-pie" "-Wl,-z,relro,-z,now" "-nodefaultlibs"
[INFO] [stdout]   = note: collect2: fatal error: ld terminated with signal 9 [Killed]
[INFO] [stdout]           compilation terminated.
[INFO] [stdout]           
[INFO] [stdout] 
[INFO] [stdout] error: aborting due to 1 previous error
[INFO] [stdout] 
[INFO] [stdout] Couldn't compile the test.
[INFO] [stdout] ---- src/scanner/mod.rs - scanner::Scanner (line 51) stdout ----
[INFO] [stdout] error: linking with `cc` failed: exit status: 1
[INFO] [stdout]   |
[INFO] [stdout]   = note: LC_ALL="C" PATH="/opt/rustwide/rustup-home/toolchains/1.83.0-x86_64-unknown-linux-gnu/lib/rustlib/x86_64-unknown-linux-gnu/bin:/opt/rustwide/cargo-home/bin:/usr/local/sbin:/usr/local/bin:/usr/sbin:/usr/bin:/sbin:/bin" VSLANG="1033" "cc" "-m64" "/tmp/rustcyWVgsi/symbols.o" "/tmp/rustdoctestxeBVBO/rust_out.rust_out.cb03291d53e4e161-cgu.0.rcgu.o" "/tmp/rustdoctestxeBVBO/rust_out.1s7umcihpz0t7nkz1uc2ifee9.rcgu.o" "-Wl,--as-needed" "-Wl,-Bstatic" "/opt/rustwide/target/debug/deps/libboreal-e96c9bcc03f4e8f5.rlib" "/opt/rustwide/target/debug/deps/libmemmap2-4405fab978a05489.rlib" "/opt/rustwide/target/debug/deps/liblibc-48c07cb418e82d02.rlib" "/opt/rustwide/target/debug/deps/libtlsh2-548b7c48ece535ad.rlib" "/opt/rustwide/target/debug/deps/libcrc32fast-6da0a50d86e2d24a.rlib" "/opt/rustwide/target/debug/deps/libder-b25c595b19b99279.rlib" "/opt/rustwide/target/debug/deps/libconst_oid-fc772608acd6b5e8.rlib" "/opt/rustwide/target/debug/deps/libsha2-28088c87e98b68ae.rlib" "/opt/rustwide/target/debug/deps/libsha1-bf5eef885aa892bf.rlib" "/opt/rustwide/target/debug/deps/libcpufeatures-9ef920896d0c969a.rlib" "/opt/rustwide/target/debug/deps/libmd5-775f85d7e2e94822.rlib" "/opt/rustwide/target/debug/deps/libcfg_if-8217498f8667ada9.rlib" "/opt/rustwide/target/debug/deps/libdigest-b187633d31a1ee34.rlib" "/opt/rustwide/target/debug/deps/libblock_buffer-b33225e8228c539f.rlib" "/opt/rustwide/target/debug/deps/libcrypto_common-51e69f872257e8d4.rlib" "/opt/rustwide/target/debug/deps/libgeneric_array-96b5f8b414fbdd75.rlib" "/opt/rustwide/target/debug/deps/libtypenum-f8bcce2b4da82a7e.rlib" "/opt/rustwide/target/debug/deps/libregex_automata-003fbe42087025c7.rlib" "/opt/rustwide/target/debug/deps/libaho_corasick-2cd7758fb24c768f.rlib" "/opt/rustwide/target/debug/deps/libregex_syntax-1f8cc41134c03d97.rlib" "/opt/rustwide/target/debug/deps/libobject-a48acc4bd8262d95.rlib" "/opt/rustwide/target/debug/deps/libboreal_parser-fc91bbcf8595c2f7.rlib" "/opt/rustwide/target/debug/deps/libnom-768e1a78634ba60f.rlib" "/opt/rustwide/target/debug/deps/libmemchr-a61794c77f52d343.rlib" "/opt/rustwide/target/debug/deps/libcodespan_reporting-24eeb6679ee6fd67.rlib" "/opt/rustwide/target/debug/deps/libunicode_width-5585deccba236fb6.rlib" "/opt/rustwide/target/debug/deps/libtermcolor-943bee2709ee6353.rlib" "/opt/rustwide/rustup-home/toolchains/1.83.0-x86_64-unknown-linux-gnu/lib/rustlib/x86_64-unknown-linux-gnu/lib/libstd-ca74a2d9c5166d9f.rlib" "/opt/rustwide/rustup-home/toolchains/1.83.0-x86_64-unknown-linux-gnu/lib/rustlib/x86_64-unknown-linux-gnu/lib/libpanic_unwind-e31ab23316ed5080.rlib" "/opt/rustwide/rustup-home/toolchains/1.83.0-x86_64-unknown-linux-gnu/lib/rustlib/x86_64-unknown-linux-gnu/lib/libobject-27dc4aa955912662.rlib" "/opt/rustwide/rustup-home/toolchains/1.83.0-x86_64-unknown-linux-gnu/lib/rustlib/x86_64-unknown-linux-gnu/lib/libmemchr-bd0d6cccce077b99.rlib" "/opt/rustwide/rustup-home/toolchains/1.83.0-x86_64-unknown-linux-gnu/lib/rustlib/x86_64-unknown-linux-gnu/lib/libaddr2line-8d001680935b5e3c.rlib" "/opt/rustwide/rustup-home/toolchains/1.83.0-x86_64-unknown-linux-gnu/lib/rustlib/x86_64-unknown-linux-gnu/lib/libgimli-ba8ce71964f984f4.rlib" "/opt/rustwide/rustup-home/toolchains/1.83.0-x86_64-unknown-linux-gnu/lib/rustlib/x86_64-unknown-linux-gnu/lib/librustc_demangle-99a73526abcec14b.rlib" "/opt/rustwide/rustup-home/toolchains/1.83.0-x86_64-unknown-linux-gnu/lib/rustlib/x86_64-unknown-linux-gnu/lib/libstd_detect-63ac0d22cff92579.rlib" "/opt/rustwide/rustup-home/toolchains/1.83.0-x86_64-unknown-linux-gnu/lib/rustlib/x86_64-unknown-linux-gnu/lib/libhashbrown-9057355c92c922d5.rlib" "/opt/rustwide/rustup-home/toolchains/1.83.0-x86_64-unknown-linux-gnu/lib/rustlib/x86_64-unknown-linux-gnu/lib/librustc_std_workspace_alloc-358be9bc1f6bab04.rlib" "/opt/rustwide/rustup-home/toolchains/1.83.0-x86_64-unknown-linux-gnu/lib/rustlib/x86_64-unknown-linux-gnu/lib/libminiz_oxide-aca15549d5bff974.rlib" "/opt/rustwide/rustup-home/toolchains/1.83.0-x86_64-unknown-linux-gnu/lib/rustlib/x86_64-unknown-linux-gnu/lib/libadler-8251d2cef7072448.rlib" "/opt/rustwide/rustup-home/toolchains/1.83.0-x86_64-unknown-linux-gnu/lib/rustlib/x86_64-unknown-linux-gnu/lib/libunwind-7d50b86011c66411.rlib" "/opt/rustwide/rustup-home/toolchains/1.83.0-x86_64-unknown-linux-gnu/lib/rustlib/x86_64-unknown-linux-gnu/lib/libcfg_if-51ea098fce5006bf.rlib" "/opt/rustwide/rustup-home/toolchains/1.83.0-x86_64-unknown-linux-gnu/lib/rustlib/x86_64-unknown-linux-gnu/lib/liblibc-5a14e0d0b712e731.rlib" "/opt/rustwide/rustup-home/toolchains/1.83.0-x86_64-unknown-linux-gnu/lib/rustlib/x86_64-unknown-linux-gnu/lib/liballoc-8b83dbf3a7b8f999.rlib" "/opt/rustwide/rustup-home/toolchains/1.83.0-x86_64-unknown-linux-gnu/lib/rustlib/x86_64-unknown-linux-gnu/lib/librustc_std_workspace_core-c6fd227bdc7b39ff.rlib" "/opt/rustwide/rustup-home/toolchains/1.83.0-x86_64-unknown-linux-gnu/lib/rustlib/x86_64-unknown-linux-gnu/lib/libcore-959d3389fa3da8a5.rlib" "/opt/rustwide/rustup-home/toolchains/1.83.0-x86_64-unknown-linux-gnu/lib/rustlib/x86_64-unknown-linux-gnu/lib/libcompiler_builtins-abe05db089cc2c62.rlib" "-Wl,-Bdynamic" "-lgcc_s" "-lutil" "-lrt" "-lpthread" "-lm" "-ldl" "-lc" "-Wl,--eh-frame-hdr" "-Wl,-z,noexecstack" "-L" "/opt/rustwide/target/debug/build/yara-sys-79f0977f8490a6fb/out" "-L" "/opt/rustwide/rustup-home/toolchains/1.83.0-x86_64-unknown-linux-gnu/lib/rustlib/x86_64-unknown-linux-gnu/lib" "-o" "/tmp/rustdoctestxeBVBO/rust_out" "-Wl,--gc-sections" "-pie" "-Wl,-z,relro,-z,now" "-nodefaultlibs"
[INFO] [stdout]   = note: collect2: fatal error: ld terminated with signal 9 [Killed]
[INFO] [stdout]           compilation terminated.
[INFO] [stdout]           
[INFO] [stdout] 
[INFO] [stdout] error: aborting due to 1 previous error
[INFO] [stdout] 
[INFO] [stdout] Couldn't compile the test.
[INFO] [stdout] 
[INFO] [stdout] failures:
[INFO] [stdout]     src/module/mod.rs - module (line 7)
[INFO] [stdout]     src/module/mod.rs - module::ModuleData (line 338)
[INFO] [stdout]     src/module/mod.rs - module::StaticValue::function (line 673)
[INFO] [stdout]     src/module/mod.rs - module::Type::object (line 751)
[INFO] [stdout]     src/module/mod.rs - module::Value::Function::0 (line 494)
[INFO] [stdout]     src/scanner/mod.rs - scanner::Scanner (line 51)
[INFO] [stdout] 
[INFO] [stdout] test result: FAILED. 10 passed; 6 failed; 0 ignored; 0 measured; 0 filtered out; finished in 9.24s
[INFO] [stdout] 
[INFO] [stderr] error: doctest failed, to rerun pass `--doc`
[INFO] running `Command { std: "docker" "inspect" "ea04d17ba3263a85999e70dbe1243ff8cd21ecf98dedac1d42a363bbb979c071", kill_on_drop: false }`
[INFO] running `Command { std: "docker" "rm" "-f" "ea04d17ba3263a85999e70dbe1243ff8cd21ecf98dedac1d42a363bbb979c071", kill_on_drop: false }`
[INFO] [stdout] ea04d17ba3263a85999e70dbe1243ff8cd21ecf98dedac1d42a363bbb979c071
