[INFO] fetching crate borderrs 0.1.1...
[INFO] testing borderrs-0.1.1 against beta-2024-12-08 for beta-1.84.0-4-retry
[INFO] extracting crate borderrs 0.1.1 into /workspace/builds/worker-3-tc2/source
[INFO] validating manifest of crates.io crate borderrs 0.1.1 on toolchain beta-2024-12-08
[INFO] running `Command { std: CARGO_HOME="/workspace/cargo-home" RUSTUP_HOME="/workspace/rustup-home" "/workspace/cargo-home/bin/cargo" "+beta-2024-12-08" "metadata" "--manifest-path" "Cargo.toml" "--no-deps", kill_on_drop: false }`
[INFO] started tweaking crates.io crate borderrs 0.1.1
[INFO] finished tweaking crates.io crate borderrs 0.1.1
[INFO] tweaked toml for crates.io crate borderrs 0.1.1 written to /workspace/builds/worker-3-tc2/source/Cargo.toml
[INFO] crate crates.io crate borderrs 0.1.1 already has a lockfile, it will not be regenerated
[INFO] running `Command { std: CARGO_HOME="/workspace/cargo-home" RUSTUP_HOME="/workspace/rustup-home" "/workspace/cargo-home/bin/cargo" "+beta-2024-12-08" "fetch" "--manifest-path" "Cargo.toml", kill_on_drop: false }`
[INFO] [stderr]     Blocking waiting for file lock on package cache
[INFO] [stderr]     Blocking waiting for file lock on package cache
[INFO] running `Command { std: "docker" "create" "-v" "/var/lib/crater-agent-workspace/builds/worker-3-tc2/target:/opt/rustwide/target:rw,Z" "-v" "/var/lib/crater-agent-workspace/builds/worker-3-tc2/source:/opt/rustwide/workdir:ro,Z" "-v" "/var/lib/crater-agent-workspace/cargo-home:/opt/rustwide/cargo-home:ro,Z" "-v" "/var/lib/crater-agent-workspace/rustup-home:/opt/rustwide/rustup-home:ro,Z" "-e" "SOURCE_DIR=/opt/rustwide/workdir" "-e" "CARGO_TARGET_DIR=/opt/rustwide/target" "-e" "CARGO_HOME=/opt/rustwide/cargo-home" "-e" "RUSTUP_HOME=/opt/rustwide/rustup-home" "-w" "/opt/rustwide/workdir" "-m" "1610612736" "--user" "0:0" "--network" "none" "ghcr.io/rust-lang/crates-build-env/linux@sha256:f3a9d4ad9d972b27faf3965f35b62e55ba32bbce8f20bc8fe909558a86702fde" "/opt/rustwide/cargo-home/bin/cargo" "+beta-2024-12-08" "metadata" "--no-deps" "--format-version=1", kill_on_drop: false }`
[INFO] [stdout] dffd656e9b371564e3dcf1bb548fbf5ae7ab47da30c6f53e22b56ccb084d5ef8
[INFO] running `Command { std: "docker" "start" "-a" "dffd656e9b371564e3dcf1bb548fbf5ae7ab47da30c6f53e22b56ccb084d5ef8", kill_on_drop: false }`
[INFO] running `Command { std: "docker" "inspect" "dffd656e9b371564e3dcf1bb548fbf5ae7ab47da30c6f53e22b56ccb084d5ef8", kill_on_drop: false }`
[INFO] running `Command { std: "docker" "rm" "-f" "dffd656e9b371564e3dcf1bb548fbf5ae7ab47da30c6f53e22b56ccb084d5ef8", kill_on_drop: false }`
[INFO] [stdout] dffd656e9b371564e3dcf1bb548fbf5ae7ab47da30c6f53e22b56ccb084d5ef8
[INFO] running `Command { std: "docker" "create" "-v" "/var/lib/crater-agent-workspace/builds/worker-3-tc2/target:/opt/rustwide/target:rw,Z" "-v" "/var/lib/crater-agent-workspace/builds/worker-3-tc2/source:/opt/rustwide/workdir:ro,Z" "-v" "/var/lib/crater-agent-workspace/cargo-home:/opt/rustwide/cargo-home:ro,Z" "-v" "/var/lib/crater-agent-workspace/rustup-home:/opt/rustwide/rustup-home:ro,Z" "-e" "SOURCE_DIR=/opt/rustwide/workdir" "-e" "CARGO_TARGET_DIR=/opt/rustwide/target" "-e" "CARGO_INCREMENTAL=0" "-e" "RUST_BACKTRACE=full" "-e" "RUSTFLAGS=--cap-lints=warn" "-e" "RUSTDOCFLAGS=--cap-lints=warn" "-e" "CARGO_HOME=/opt/rustwide/cargo-home" "-e" "RUSTUP_HOME=/opt/rustwide/rustup-home" "-w" "/opt/rustwide/workdir" "-m" "1610612736" "--user" "0:0" "--network" "none" "ghcr.io/rust-lang/crates-build-env/linux@sha256:f3a9d4ad9d972b27faf3965f35b62e55ba32bbce8f20bc8fe909558a86702fde" "/opt/rustwide/cargo-home/bin/cargo" "+beta-2024-12-08" "build" "--frozen" "--message-format=json", kill_on_drop: false }`
[INFO] [stdout] ad1fd97a2a60cd9c4a506516661f904598143e91d507603c4c7945dde866dd72
[INFO] running `Command { std: "docker" "start" "-a" "ad1fd97a2a60cd9c4a506516661f904598143e91d507603c4c7945dde866dd72", kill_on_drop: false }`
[INFO] [stderr]    Compiling borderrs v0.1.1 (/opt/rustwide/workdir)
[INFO] [stderr]     Finished `dev` profile [unoptimized + debuginfo] target(s) in 0.34s
[INFO] running `Command { std: "docker" "inspect" "ad1fd97a2a60cd9c4a506516661f904598143e91d507603c4c7945dde866dd72", kill_on_drop: false }`
[INFO] running `Command { std: "docker" "rm" "-f" "ad1fd97a2a60cd9c4a506516661f904598143e91d507603c4c7945dde866dd72", kill_on_drop: false }`
[INFO] [stdout] ad1fd97a2a60cd9c4a506516661f904598143e91d507603c4c7945dde866dd72
[INFO] running `Command { std: "docker" "create" "-v" "/var/lib/crater-agent-workspace/builds/worker-3-tc2/target:/opt/rustwide/target:rw,Z" "-v" "/var/lib/crater-agent-workspace/builds/worker-3-tc2/source:/opt/rustwide/workdir:ro,Z" "-v" "/var/lib/crater-agent-workspace/cargo-home:/opt/rustwide/cargo-home:ro,Z" "-v" "/var/lib/crater-agent-workspace/rustup-home:/opt/rustwide/rustup-home:ro,Z" "-e" "SOURCE_DIR=/opt/rustwide/workdir" "-e" "CARGO_TARGET_DIR=/opt/rustwide/target" "-e" "CARGO_INCREMENTAL=0" "-e" "RUST_BACKTRACE=full" "-e" "RUSTFLAGS=--cap-lints=warn" "-e" "RUSTDOCFLAGS=--cap-lints=warn" "-e" "CARGO_HOME=/opt/rustwide/cargo-home" "-e" "RUSTUP_HOME=/opt/rustwide/rustup-home" "-w" "/opt/rustwide/workdir" "-m" "1610612736" "--user" "0:0" "--network" "none" "ghcr.io/rust-lang/crates-build-env/linux@sha256:f3a9d4ad9d972b27faf3965f35b62e55ba32bbce8f20bc8fe909558a86702fde" "/opt/rustwide/cargo-home/bin/cargo" "+beta-2024-12-08" "test" "--frozen" "--no-run" "--message-format=json", kill_on_drop: false }`
[INFO] [stdout] 027a02d77d0012e34b9ab4aab3b9843e6b664855b692c4294923e1de516cda53
[INFO] running `Command { std: "docker" "start" "-a" "027a02d77d0012e34b9ab4aab3b9843e6b664855b692c4294923e1de516cda53", kill_on_drop: false }`
[INFO] [stderr]    Compiling borderrs v0.1.1 (/opt/rustwide/workdir)
[INFO] [stderr]     Finished `test` profile [unoptimized + debuginfo] target(s) in 0.98s
[INFO] running `Command { std: "docker" "inspect" "027a02d77d0012e34b9ab4aab3b9843e6b664855b692c4294923e1de516cda53", kill_on_drop: false }`
[INFO] running `Command { std: "docker" "rm" "-f" "027a02d77d0012e34b9ab4aab3b9843e6b664855b692c4294923e1de516cda53", kill_on_drop: false }`
[INFO] [stdout] 027a02d77d0012e34b9ab4aab3b9843e6b664855b692c4294923e1de516cda53
[INFO] running `Command { std: "docker" "create" "-v" "/var/lib/crater-agent-workspace/builds/worker-3-tc2/target:/opt/rustwide/target:rw,Z" "-v" "/var/lib/crater-agent-workspace/builds/worker-3-tc2/source:/opt/rustwide/workdir:ro,Z" "-v" "/var/lib/crater-agent-workspace/cargo-home:/opt/rustwide/cargo-home:ro,Z" "-v" "/var/lib/crater-agent-workspace/rustup-home:/opt/rustwide/rustup-home:ro,Z" "-e" "SOURCE_DIR=/opt/rustwide/workdir" "-e" "CARGO_TARGET_DIR=/opt/rustwide/target" "-e" "CARGO_INCREMENTAL=0" "-e" "RUST_BACKTRACE=full" "-e" "RUSTFLAGS=--cap-lints=warn" "-e" "RUSTDOCFLAGS=--cap-lints=warn" "-e" "CARGO_HOME=/opt/rustwide/cargo-home" "-e" "RUSTUP_HOME=/opt/rustwide/rustup-home" "-w" "/opt/rustwide/workdir" "-m" "1610612736" "--user" "0:0" "--network" "none" "ghcr.io/rust-lang/crates-build-env/linux@sha256:f3a9d4ad9d972b27faf3965f35b62e55ba32bbce8f20bc8fe909558a86702fde" "/opt/rustwide/cargo-home/bin/cargo" "+beta-2024-12-08" "test" "--frozen", kill_on_drop: false }`
[INFO] [stdout] f172474244828ca334ec353b592d5b932255868f35a1e4c66975cb190911aaf1
[INFO] running `Command { std: "docker" "start" "-a" "f172474244828ca334ec353b592d5b932255868f35a1e4c66975cb190911aaf1", kill_on_drop: false }`
[INFO] [stderr]     Finished `test` profile [unoptimized + debuginfo] target(s) in 0.01s
[INFO] [stderr]      Running unittests src/lib.rs (/opt/rustwide/target/debug/deps/borderrs-0435413815e59f76)
[INFO] [stdout] 
[INFO] [stdout] running 0 tests
[INFO] [stdout] 
[INFO] [stdout] test result: ok. 0 passed; 0 failed; 0 ignored; 0 measured; 0 filtered out; finished in 0.00s
[INFO] [stdout] 
[INFO] [stderr]    Doc-tests borderrs
[INFO] [stdout] 
[INFO] [stdout] running 7 tests
[INFO] [stdout] test src/styles.rs - styles (line 4) ... FAILED
[INFO] [stdout] test src/lib.rs - (line 16) ... FAILED
[INFO] [stdout] test src/lib.rs - BorderFormatter::format_hash_map_headers (line 138) ... ok
[INFO] [stdout] test src/lib.rs - BorderFormatter::format_display (line 174) ... ok
[INFO] [stdout] test src/lib.rs - BorderFormatter::format_slice (line 75) ... ok
[INFO] [stdout] test src/lib.rs - BorderFormatter::format_debug (line 191) ... ok
[INFO] [stdout] test src/lib.rs - BorderFormatter::format_hash_map (line 106) ... ok
[INFO] [stdout] 
[INFO] [stdout] failures:
[INFO] [stdout] 
[INFO] [stdout] ---- src/styles.rs - styles (line 4) stdout ----
[INFO] [stdout] error[E0433]: failed to resolve: use of undeclared crate or module `borders`
[INFO] [stdout]  --> src/styles.rs:5:5
[INFO] [stdout]   |
[INFO] [stdout] 3 | use borders::{BorderFormatter, stypes::THIN};
[INFO] [stdout]   |     ^^^^^^^ use of undeclared crate or module `borders`
[INFO] [stdout]   |
[INFO] [stdout] help: there is a crate or module with a similar name
[INFO] [stdout]   |
[INFO] [stdout] 3 | use borderrs::{BorderFormatter, stypes::THIN};
[INFO] [stdout]   |     ~~~~~~~~
[INFO] [stdout] 
[INFO] [stdout] error[E0432]: unresolved import `borders`
[INFO] [stdout]  --> src/styles.rs:5:5
[INFO] [stdout]   |
[INFO] [stdout] 3 | use borders::{BorderFormatter, stypes::THIN};
[INFO] [stdout]   |     ^^^^^^^ use of undeclared crate or module `borders`
[INFO] [stdout]   |
[INFO] [stdout] help: there is a crate or module with a similar name
[INFO] [stdout]   |
[INFO] [stdout] 3 | use borderrs::{BorderFormatter, stypes::THIN};
[INFO] [stdout]   |     ~~~~~~~~
[INFO] [stdout] 
[INFO] [stdout] error: aborting due to 2 previous errors
[INFO] [stdout] 
[INFO] [stdout] Some errors have detailed explanations: E0432, E0433.
[INFO] [stdout] For more information about an error, try `rustc --explain E0432`.
[INFO] [stdout] Couldn't compile the test.
[INFO] [stdout] ---- src/lib.rs - (line 16) stdout ----
[INFO] [stdout] error[E0433]: failed to resolve: use of undeclared type `HashMap`
[INFO] [stdout]   --> src/lib.rs:23:15
[INFO] [stdout]    |
[INFO] [stdout] 10 | let mut map = HashMap::default();
[INFO] [stdout]    |               ^^^^^^^ use of undeclared type `HashMap`
[INFO] [stdout]    |
[INFO] [stdout] help: consider importing this struct
[INFO] [stdout]    |
[INFO] [stdout] 2  + use std::collections::HashMap;
[INFO] [stdout]    |
[INFO] [stdout] 
[INFO] [stdout] error: aborting due to 1 previous error
[INFO] [stdout] 
[INFO] [stdout] For more information about this error, try `rustc --explain E0433`.
[INFO] [stdout] Couldn't compile the test.
[INFO] [stdout] 
[INFO] [stdout] failures:
[INFO] [stdout]     src/lib.rs - (line 16)
[INFO] [stdout]     src/styles.rs - styles (line 4)
[INFO] [stdout] 
[INFO] [stdout] test result: FAILED. 5 passed; 2 failed; 0 ignored; 0 measured; 0 filtered out; finished in 1.21s
[INFO] [stdout] 
[INFO] [stderr] error: doctest failed, to rerun pass `--doc`
[INFO] running `Command { std: "docker" "inspect" "f172474244828ca334ec353b592d5b932255868f35a1e4c66975cb190911aaf1", kill_on_drop: false }`
[INFO] running `Command { std: "docker" "rm" "-f" "f172474244828ca334ec353b592d5b932255868f35a1e4c66975cb190911aaf1", kill_on_drop: false }`
[INFO] [stdout] f172474244828ca334ec353b592d5b932255868f35a1e4c66975cb190911aaf1
