[INFO] fetching crate bolt-sdk 0.1.12...
[INFO] testing bolt-sdk-0.1.12 against beta-2024-12-08 for beta-1.84.0-4-retry
[INFO] extracting crate bolt-sdk 0.1.12 into /workspace/builds/worker-5-tc2/source
[INFO] validating manifest of crates.io crate bolt-sdk 0.1.12 on toolchain beta-2024-12-08
[INFO] running `Command { std: CARGO_HOME="/workspace/cargo-home" RUSTUP_HOME="/workspace/rustup-home" "/workspace/cargo-home/bin/cargo" "+beta-2024-12-08" "metadata" "--manifest-path" "Cargo.toml" "--no-deps", kill_on_drop: false }`
[INFO] started tweaking crates.io crate bolt-sdk 0.1.12
[INFO] finished tweaking crates.io crate bolt-sdk 0.1.12
[INFO] tweaked toml for crates.io crate bolt-sdk 0.1.12 written to /workspace/builds/worker-5-tc2/source/Cargo.toml
[INFO] running `Command { std: CARGO_HOME="/workspace/cargo-home" RUSTUP_HOME="/workspace/rustup-home" "/workspace/cargo-home/bin/cargo" "+beta-2024-12-08" "generate-lockfile" "--manifest-path" "Cargo.toml", kill_on_drop: false }`
[INFO] [stderr]     Updating crates.io index
[INFO] [stderr]      Locking 493 packages to latest compatible versions
[INFO] [stderr]       Adding solana-client v1.18.26 (available: v2.1.5)
[INFO] [stderr]       Adding solana-sdk v1.18.26 (available: v2.1.5)
[INFO] [stderr]       Adding solana_rbpf v0.8.3 (available: v0.8.5)
[INFO] [stderr]       Adding spl-memo v4.0.0 (available: v4.0.4)
[INFO] [stderr]       Adding spl-token v4.0.0 (available: v4.0.3)
[INFO] [stderr]       Adding subtle v2.4.1 (available: v2.6.1)
[INFO] [stderr]       Adding zeroize v1.3.0 (available: v1.8.1)
[INFO] running `Command { std: CARGO_HOME="/workspace/cargo-home" RUSTUP_HOME="/workspace/rustup-home" "/workspace/cargo-home/bin/cargo" "+beta-2024-12-08" "fetch" "--manifest-path" "Cargo.toml", kill_on_drop: false }`
[INFO] running `Command { std: "docker" "create" "-v" "/var/lib/crater-agent-workspace/builds/worker-5-tc2/target:/opt/rustwide/target:rw,Z" "-v" "/var/lib/crater-agent-workspace/builds/worker-5-tc2/source:/opt/rustwide/workdir:ro,Z" "-v" "/var/lib/crater-agent-workspace/cargo-home:/opt/rustwide/cargo-home:ro,Z" "-v" "/var/lib/crater-agent-workspace/rustup-home:/opt/rustwide/rustup-home:ro,Z" "-e" "SOURCE_DIR=/opt/rustwide/workdir" "-e" "CARGO_TARGET_DIR=/opt/rustwide/target" "-e" "CARGO_HOME=/opt/rustwide/cargo-home" "-e" "RUSTUP_HOME=/opt/rustwide/rustup-home" "-w" "/opt/rustwide/workdir" "-m" "1610612736" "--user" "0:0" "--network" "none" "ghcr.io/rust-lang/crates-build-env/linux@sha256:f3a9d4ad9d972b27faf3965f35b62e55ba32bbce8f20bc8fe909558a86702fde" "/opt/rustwide/cargo-home/bin/cargo" "+beta-2024-12-08" "metadata" "--no-deps" "--format-version=1", kill_on_drop: false }`
[INFO] [stdout] b1836a294a7ddda4706d5b6f81e94543587b7c02a36688a7a178d0918558041e
[INFO] running `Command { std: "docker" "start" "-a" "b1836a294a7ddda4706d5b6f81e94543587b7c02a36688a7a178d0918558041e", kill_on_drop: false }`
[INFO] running `Command { std: "docker" "inspect" "b1836a294a7ddda4706d5b6f81e94543587b7c02a36688a7a178d0918558041e", kill_on_drop: false }`
[INFO] running `Command { std: "docker" "rm" "-f" "b1836a294a7ddda4706d5b6f81e94543587b7c02a36688a7a178d0918558041e", kill_on_drop: false }`
[INFO] [stdout] b1836a294a7ddda4706d5b6f81e94543587b7c02a36688a7a178d0918558041e
[INFO] running `Command { std: "docker" "create" "-v" "/var/lib/crater-agent-workspace/builds/worker-5-tc2/target:/opt/rustwide/target:rw,Z" "-v" "/var/lib/crater-agent-workspace/builds/worker-5-tc2/source:/opt/rustwide/workdir:ro,Z" "-v" "/var/lib/crater-agent-workspace/cargo-home:/opt/rustwide/cargo-home:ro,Z" "-v" "/var/lib/crater-agent-workspace/rustup-home:/opt/rustwide/rustup-home:ro,Z" "-e" "SOURCE_DIR=/opt/rustwide/workdir" "-e" "CARGO_TARGET_DIR=/opt/rustwide/target" "-e" "CARGO_INCREMENTAL=0" "-e" "RUST_BACKTRACE=full" "-e" "RUSTFLAGS=--cap-lints=warn" "-e" "RUSTDOCFLAGS=--cap-lints=warn" "-e" "CARGO_HOME=/opt/rustwide/cargo-home" "-e" "RUSTUP_HOME=/opt/rustwide/rustup-home" "-w" "/opt/rustwide/workdir" "-m" "1610612736" "--user" "0:0" "--network" "none" "ghcr.io/rust-lang/crates-build-env/linux@sha256:f3a9d4ad9d972b27faf3965f35b62e55ba32bbce8f20bc8fe909558a86702fde" "/opt/rustwide/cargo-home/bin/cargo" "+beta-2024-12-08" "build" "--frozen" "--message-format=json", kill_on_drop: false }`
[INFO] [stdout] bfe2dd168120058a52752ebb01b7229e22d2b7c08012e4ae431230b31a8d7d36
[INFO] running `Command { std: "docker" "start" "-a" "bfe2dd168120058a52752ebb01b7229e22d2b7c08012e4ae431230b31a8d7d36", kill_on_drop: false }`
[INFO] [stderr]    Compiling proc-macro2 v1.0.92
[INFO] [stderr]    Compiling unicode-ident v1.0.14
[INFO] [stderr]    Compiling libc v0.2.168
[INFO] [stderr]    Compiling version_check v0.9.5
[INFO] [stderr]    Compiling cfg-if v1.0.0
[INFO] [stderr]    Compiling autocfg v1.4.0
[INFO] [stderr]    Compiling typenum v1.17.0
[INFO] [stderr]    Compiling serde v1.0.216
[INFO] [stderr]    Compiling once_cell v1.20.2
[INFO] [stderr]    Compiling shlex v1.3.0
[INFO] [stderr]    Compiling generic-array v0.14.7
[INFO] [stderr]    Compiling subtle v2.4.1
[INFO] [stderr]    Compiling byteorder v1.5.0
[INFO] [stderr]    Compiling syn v1.0.109
[INFO] [stderr]    Compiling memchr v2.7.4
[INFO] [stderr]    Compiling num-traits v0.2.19
[INFO] [stderr]    Compiling quote v1.0.37
[INFO] [stderr]    Compiling semver v1.0.24
[INFO] [stderr]    Compiling syn v2.0.90
[INFO] [stderr]    Compiling jobserver v0.1.32
[INFO] [stderr]    Compiling rustc_version v0.4.1
[INFO] [stderr]    Compiling itoa v1.0.14
[INFO] [stderr]    Compiling cc v1.2.4
[INFO] [stderr]    Compiling log v0.4.22
[INFO] [stderr]    Compiling cpufeatures v0.2.16
[INFO] [stderr]    Compiling thiserror v1.0.69
[INFO] [stderr]    Compiling equivalent v1.0.1
[INFO] [stderr]    Compiling hashbrown v0.15.2
[INFO] [stderr]    Compiling num-integer v0.1.46
[INFO] [stderr]    Compiling crossbeam-utils v0.8.20
[INFO] [stderr]    Compiling either v1.13.0
[INFO] [stderr]    Compiling indexmap v2.7.0
[INFO] [stderr]    Compiling getrandom v0.1.16
[INFO] [stderr]    Compiling getrandom v0.2.15
[INFO] [stderr]    Compiling toml_datetime v0.6.8
[INFO] [stderr]    Compiling opaque-debug v0.3.1
[INFO] [stderr]    Compiling lazy_static v1.5.0
[INFO] [stderr]    Compiling rand_core v0.6.4
[INFO] [stderr]    Compiling fnv v1.0.7
[INFO] [stderr]    Compiling crunchy v0.2.2
[INFO] [stderr]    Compiling num-bigint v0.4.6
[INFO] [stderr]    Compiling ahash v0.8.11
[INFO] [stderr]    Compiling rand_core v0.5.1
[INFO] [stderr]    Compiling block-padding v0.2.1
[INFO] [stderr]    Compiling paste v1.0.15
[INFO] [stderr]    Compiling digest v0.9.0
[INFO] [stderr]    Compiling wasm-bindgen-shared v0.2.99
[INFO] [stderr]    Compiling winnow v0.6.20
[INFO] [stderr]    Compiling libsecp256k1-core v0.2.2
[INFO] [stderr]    Compiling crossbeam-epoch v0.9.18
[INFO] [stderr]    Compiling itertools v0.10.5
[INFO] [stderr]    Compiling base64 v0.21.7
[INFO] [stderr]    Compiling tinyvec_macros v0.1.1
[INFO] [stderr]    Compiling rayon-core v1.12.1
[INFO] [stderr]    Compiling tinyvec v1.8.0
[INFO] [stderr]    Compiling crossbeam-deque v0.8.5
[INFO] [stderr]    Compiling ahash v0.7.8
[INFO] [stderr]    Compiling feature-probe v0.1.1
[INFO] [stderr]    Compiling bumpalo v3.16.0
[INFO] [stderr]    Compiling ryu v1.0.18
[INFO] [stderr]    Compiling toml_edit v0.22.22
[INFO] [stderr]    Compiling serde_json v1.0.133
[INFO] [stderr]    Compiling wasm-bindgen-backend v0.2.99
[INFO] [stderr]    Compiling bv v0.11.1
[INFO] [stderr]    Compiling libsecp256k1-gen-ecmult v0.2.1
[INFO] [stderr]    Compiling libsecp256k1-gen-genmult v0.2.1
[INFO] [stderr]    Compiling solana-frozen-abi-macro v1.18.26
[INFO] [stderr]    Compiling bitmaps v2.1.0
[INFO] [stderr]    Compiling toml v0.5.11
[INFO] [stderr]    Compiling im v15.1.0
[INFO] [stderr]    Compiling rustversion v1.0.18
[INFO] [stderr]    Compiling cfg_aliases v0.2.1
[INFO] [stderr]    Compiling keccak v0.1.5
[INFO] [stderr]    Compiling serde_derive v1.0.216
[INFO] [stderr]    Compiling zerocopy-derive v0.7.35
[INFO] [stderr]    Compiling thiserror-impl v1.0.69
[INFO] [stderr]    Compiling zeroize_derive v1.4.2
[INFO] [stderr]    Compiling ark-serialize-derive v0.4.2
[INFO] [stderr]    Compiling zeroize v1.3.0
[INFO] [stderr]    Compiling derivative v2.2.0
[INFO] [stderr]    Compiling zerocopy v0.7.35
[INFO] [stderr]    Compiling ark-ff-asm v0.4.2
[INFO] [stderr]    Compiling ark-ff-macros v0.4.2
[INFO] [stderr]    Compiling proc-macro-crate v3.2.0
[INFO] [stderr]    Compiling proc-macro-crate v0.1.5
[INFO] [stderr]    Compiling ppv-lite86 v0.2.20
[INFO] [stderr]    Compiling anyhow v1.0.94
[INFO] [stderr]    Compiling rustc-hash v1.1.0
[INFO] [stderr]    Compiling wasm-bindgen-macro-support v0.2.99
[INFO] [stderr]    Compiling hashbrown v0.13.2
[INFO] [stderr]    Compiling sized-chunks v0.6.5
[INFO] [stderr]    Compiling rand_chacha v0.3.1
[INFO] [stderr]    Compiling rand_chacha v0.2.2
[INFO] [stderr]    Compiling borsh v1.5.3
[INFO] [stderr]    Compiling rand v0.8.5
[INFO] [stderr]    Compiling rand v0.7.3
[INFO] [stderr]    Compiling rayon v1.10.0
[INFO] [stderr]    Compiling libsecp256k1 v0.6.0
[INFO] [stderr]    Compiling borsh-derive-internal v0.10.4
[INFO] [stderr]    Compiling ark-std v0.4.0
[INFO] [stderr]    Compiling borsh-schema-derive-internal v0.9.3
[INFO] [stderr]    Compiling borsh-derive-internal v0.9.3
[INFO] [stderr]    Compiling borsh-schema-derive-internal v0.10.4
[INFO] [stderr]    Compiling blake3 v1.5.5
[INFO] [stderr]    Compiling rand_xoshiro v0.6.0
[INFO] [stderr]    Compiling solana-frozen-abi v1.18.26
[INFO] [stderr]    Compiling memoffset v0.9.1
[INFO] [stderr]    Compiling bs58 v0.4.0
[INFO] [stderr]    Compiling arrayref v0.3.9
[INFO] [stderr]    Compiling wasm-bindgen v0.2.99
[INFO] [stderr]    Compiling percent-encoding v2.3.1
[INFO] [stderr]    Compiling smallvec v1.13.2
[INFO] [stderr]    Compiling borsh-derive v0.9.3
[INFO] [stderr]    Compiling borsh-derive v0.10.4
[INFO] [stderr]    Compiling wasm-bindgen-macro v0.2.99
[INFO] [stderr]    Compiling hashbrown v0.11.2
[INFO] [stderr]    Compiling borsh-derive v1.5.3
[INFO] [stderr]    Compiling bytemuck_derive v1.8.0
[INFO] [stderr]    Compiling unicode-normalization v0.1.24
[INFO] [stderr]    Compiling solana-program v1.18.26
[INFO] [stderr]    Compiling memmap2 v0.5.10
[INFO] [stderr]    Compiling base64 v0.12.3
[INFO] [stderr]    Compiling constant_time_eq v0.3.1
[INFO] [stderr]    Compiling arrayvec v0.7.6
[INFO] [stderr]    Compiling borsh v0.9.3
[INFO] [stderr]    Compiling borsh v0.10.4
[INFO] [stderr]    Compiling solana-sdk-macro v1.18.26
[INFO] [stderr]    Compiling num-derive v0.4.2
[INFO] [stderr]    Compiling synstructure v0.13.1
[INFO] [stderr]    Compiling aho-corasick v1.1.3
[INFO] [stderr]    Compiling bitflags v2.6.0
[INFO] [stderr]    Compiling serde_bytes v0.11.15
[INFO] [stderr]    Compiling bytemuck v1.20.0
[INFO] [stderr]    Compiling bincode v1.3.3
[INFO] [stderr]    Compiling ident_case v1.0.1
[INFO] [stderr]    Compiling pin-project-lite v0.2.15
[INFO] [stderr]    Compiling regex-syntax v0.8.5
[INFO] [stderr]    Compiling crypto-common v0.1.6
[INFO] [stderr]    Compiling block-buffer v0.10.4
[INFO] [stderr]    Compiling digest v0.10.7
[INFO] [stderr]    Compiling block-buffer v0.9.0
[INFO] [stderr]    Compiling crypto-mac v0.8.0
[INFO] [stderr]    Compiling sha2 v0.9.9
[INFO] [stderr]    Compiling hmac v0.8.1
[INFO] [stderr]    Compiling ark-serialize v0.4.2
[INFO] [stderr]    Compiling sha2 v0.10.8
[INFO] [stderr]    Compiling curve25519-dalek v3.2.1
[INFO] [stderr]    Compiling ark-ff v0.4.2
[INFO] [stderr]    Compiling hmac-drbg v0.3.0
[INFO] [stderr]    Compiling pbkdf2 v0.4.0
[INFO] [stderr]    Compiling tiny-bip39 v0.8.2
[INFO] [stderr]    Compiling sha3 v0.10.8
[INFO] [stderr]    Compiling strsim v0.11.1
[INFO] [stderr]    Compiling displaydoc v0.2.5
[INFO] [stderr]    Compiling atty v0.2.14
[INFO] [stderr]    Compiling darling_core v0.20.10
[INFO] [stderr]    Compiling zerofrom-derive v0.1.5
[INFO] [stderr]    Compiling regex-automata v0.4.9
[INFO] [stderr]    Compiling lock_api v0.4.12
[INFO] [stderr]    Compiling signature v1.6.4
[INFO] [stderr]    Compiling parking_lot_core v0.9.10
[INFO] [stderr]    Compiling termcolor v1.4.1
[INFO] [stderr]    Compiling ed25519 v1.5.3
[INFO] [stderr]    Compiling yoke-derive v0.7.5
[INFO] [stderr]    Compiling bytes v1.9.0
[INFO] [stderr]    Compiling zerofrom v0.1.5
[INFO] [stderr]    Compiling stable_deref_trait v1.2.0
[INFO] [stderr]    Compiling scopeguard v1.2.0
[INFO] [stderr]    Compiling humantime v2.1.0
[INFO] [stderr]    Compiling ed25519-dalek v1.0.1
[INFO] [stderr]    Compiling hmac v0.12.1
[INFO] [stderr]    Compiling num_enum_derive v0.7.3
[INFO] [stderr]    Compiling zerovec-derive v0.10.3
[INFO] [stderr]    Compiling solana-sdk v1.18.26
[INFO] [stderr]    Compiling iana-time-zone v0.1.61
[INFO] [stderr]    Compiling yoke v0.7.5
[INFO] [stderr]    Compiling derivation-path v0.2.0
[INFO] [stderr]    Compiling darling_macro v0.20.10
[INFO] [stderr]    Compiling chrono v0.4.39
[INFO] [stderr]    Compiling regex v1.11.1
[INFO] [stderr]    Compiling ed25519-dalek-bip32 v0.2.0
[INFO] [stderr]    Compiling env_logger v0.9.3
[INFO] [stderr]    Compiling darling v0.20.10
[INFO] [stderr]    Compiling serde_with_macros v2.3.3
[INFO] [stderr]    Compiling pbkdf2 v0.11.0
[INFO] [stderr]    Compiling num_enum v0.7.3
[INFO] [stderr]    Compiling qstring v0.7.2
[INFO] [stderr]    Compiling solana-logger v1.18.26
[INFO] [stderr]    Compiling zerovec v0.10.4
[INFO] [stderr]    Compiling qualifier_attr v0.2.2
[INFO] [stderr]    Compiling uriparse v0.6.4
[INFO] [stderr]    Compiling siphasher v0.3.11
[INFO] [stderr]    Compiling assert_matches v1.5.0
[INFO] [stderr]    Compiling parking_lot v0.12.3
[INFO] [stderr]    Compiling ring v0.17.8
[INFO] [stderr]    Compiling futures-core v0.3.31
[INFO] [stderr]    Compiling socket2 v0.5.8
[INFO] [stderr]    Compiling tinystr v0.7.6
[INFO] [stderr]    Compiling serde_with v2.3.3
[INFO] [stderr]    Compiling slab v0.4.9
[INFO] [stderr]    Compiling litemap v0.7.4
[INFO] [stderr]    Compiling writeable v0.5.5
[INFO] [stderr]    Compiling tokio-macros v2.4.0
[INFO] [stderr]    Compiling icu_provider_macros v1.5.0
[INFO] [stderr]    Compiling icu_locid v1.5.0
[INFO] [stderr]    Compiling signal-hook-registry v1.4.2
[INFO] [stderr]    Compiling mio v1.0.3
[INFO] [stderr]    Compiling spin v0.9.8
[INFO] [stderr]    Compiling untrusted v0.9.0
[INFO] [stderr]    Compiling icu_locid_transform_data v1.5.0
[INFO] [stderr]    Compiling futures-sink v0.3.31
[INFO] [stderr]    Compiling pin-utils v0.1.0
[INFO] [stderr]    Compiling icu_collections v1.5.0
[INFO] [stderr]    Compiling icu_properties_data v1.5.0
[INFO] [stderr]    Compiling futures-channel v0.3.31
[INFO] [stderr]    Compiling icu_provider v1.5.0
[INFO] [stderr]    Compiling tokio v1.42.0
[INFO] [stderr]    Compiling futures-macro v0.3.31
[INFO] [stderr]    Compiling futures-task v0.3.31
[INFO] [stderr]    Compiling rustls v0.21.12
[INFO] [stderr]    Compiling icu_locid_transform v1.5.0
[INFO] [stderr]    Compiling icu_normalizer_data v1.5.0
[INFO] [stderr]    Compiling futures-io v0.3.31
[INFO] [stderr]    Compiling write16 v1.0.0
[INFO] [stderr]    Compiling utf16_iter v1.0.5
[INFO] [stderr]    Compiling utf8_iter v1.0.4
[INFO] [stderr]    Compiling tracing-attributes v0.1.28
[INFO] [stderr]    Compiling tracing-core v0.1.33
[INFO] [stderr]    Compiling http v0.2.12
[INFO] [stderr]    Compiling ark-poly v0.4.2
[INFO] [stderr]    Compiling icu_properties v1.5.1
[INFO] [stderr]    Compiling futures-util v0.3.31
[INFO] [stderr]    Compiling form_urlencoded v1.2.1
[INFO] [stderr]    Compiling httparse v1.9.5
[INFO] [stderr]    Compiling ark-ec v0.4.2
[INFO] [stderr]    Compiling tracing v0.1.41
[INFO] [stderr]    Compiling alloc-no-stdlib v2.0.4
[INFO] [stderr]    Compiling cipher v0.3.0
[INFO] [stderr]    Compiling alloc-stdlib v0.2.2
[INFO] [stderr]    Compiling rustls-pemfile v1.0.4
[INFO] [stderr]    Compiling rustls-webpki v0.101.7
[INFO] [stderr]    Compiling sct v0.7.1
[INFO] [stderr]    Compiling try-lock v0.2.5
[INFO] [stderr]    Compiling adler2 v2.0.0
[INFO] [stderr]    Compiling miniz_oxide v0.8.0
[INFO] [stderr]    Compiling want v0.3.1
[INFO] [stderr]    Compiling ark-bn254 v0.4.0
[INFO] [stderr]    Compiling icu_normalizer v1.5.0
[INFO] [stderr]    Compiling brotli-decompressor v4.0.1
[INFO] [stderr]    Compiling http-body v0.4.6
[INFO] [stderr]    Compiling universal-hash v0.4.1
[INFO] [stderr]    Compiling light-poseidon v0.2.0
[INFO] [stderr]    Compiling num-bigint v0.2.6
[INFO] [stderr]    Compiling crc32fast v1.4.2
[INFO] [stderr]    Compiling httpdate v1.0.3
[INFO] [stderr]    Compiling idna_adapter v1.2.0
[INFO] [stderr]    Compiling idna v1.0.3
[INFO] [stderr]    Compiling tower-service v0.3.3
[INFO] [stderr]    Compiling flate2 v1.0.35
[INFO] [stderr]    Compiling polyval v0.5.3
[INFO] [stderr]    Compiling url v2.5.4
[INFO] [stderr]    Compiling brotli v7.0.0
[INFO] [stderr]    Compiling ctr v0.8.0
[INFO] [stderr]    Compiling aes v0.7.5
[INFO] [stderr]    Compiling aead v0.4.3
[INFO] [stderr]    Compiling num-complex v0.2.4
[INFO] [stderr]    Compiling num-rational v0.2.4
[INFO] [stderr]    Compiling tokio-util v0.7.13
[INFO] [stderr]    Compiling tokio-rustls v0.24.1
[INFO] [stderr]    Compiling webpki-roots v0.25.4
[INFO] [stderr]    Compiling aes-gcm-siv v0.10.3
[INFO] [stderr]    Compiling spl-program-error-derive v0.3.2
[INFO] [stderr]    Compiling spl-discriminator-syn v0.1.2
[INFO] [stderr]    Compiling h2 v0.3.26
[INFO] [stderr]    Compiling serde_urlencoded v0.7.1
[INFO] [stderr]    Compiling sha3 v0.9.1
[INFO] [stderr]    Compiling merlin v3.0.0
[INFO] [stderr]    Compiling scroll_derive v0.11.1
[INFO] [stderr]    Compiling crossbeam-channel v0.5.13
[INFO] [stderr]    Compiling encoding_rs v0.8.35
[INFO] [stderr]    Compiling mime v0.3.17
[INFO] [stderr]    Compiling void v1.0.2
[INFO] [stderr]    Compiling ipnet v2.10.1
[INFO] [stderr]    Compiling sync_wrapper v0.1.2
[INFO] [stderr]    Compiling unreachable v1.0.0
[INFO] [stderr]    Compiling scroll v0.11.0
[INFO] [stderr]    Compiling spl-discriminator-derive v0.1.2
[INFO] [stderr]    Compiling gethostname v0.2.3
[INFO] [stderr]    Compiling num-iter v0.1.45
[INFO] [stderr]    Compiling async-compression v0.4.18
[INFO] [stderr]    Compiling plain v0.2.3
[INFO] [stderr]    Compiling ascii v0.9.3
[INFO] [stderr]    Compiling goblin v0.5.4
[INFO] [stderr]    Compiling combine v3.8.1
[INFO] [stderr]    Compiling num v0.2.1
[INFO] [stderr]    Compiling enum-iterator-derive v1.4.0
[INFO] [stderr]    Compiling solana-program-runtime v1.18.26
[INFO] [stderr]    Compiling hash32 v0.2.1
[INFO] [stderr]    Compiling rustc-demangle v0.1.24
[INFO] [stderr]    Compiling winnow v0.5.40
[INFO] [stderr]    Compiling percentage v0.1.0
[INFO] [stderr]    Compiling eager v0.1.0
[INFO] [stderr]    Compiling pkg-config v0.3.31
[INFO] [stderr]    Compiling num-conv v0.1.0
[INFO] [stderr]    Compiling zstd-sys v2.0.13+zstd.1.5.6
[INFO] [stderr]    Compiling time-core v0.1.2
[INFO] [stderr]    Compiling powerfmt v0.2.0
[INFO] [stderr]    Compiling deranged v0.3.11
[INFO] [stderr]    Compiling hyper v0.14.31
[INFO] [stderr]    Compiling enum-iterator v1.5.0
[INFO] [stderr]    Compiling toml_edit v0.19.15
[INFO] [stderr]    Compiling solana_rbpf v0.8.3
[INFO] [stderr]    Compiling time-macros v0.2.19
[INFO] [stderr]    Compiling num-derive v0.3.3
[INFO] [stderr]    Compiling proc-macro-crate v1.3.1
[INFO] [stderr]    Compiling hyper-rustls v0.24.2
[INFO] [stderr]    Compiling reqwest v0.11.27
[INFO] [stderr]    Compiling zstd-safe v5.0.2+zstd.1.5.2
[INFO] [stderr]    Compiling ring v0.16.20
[INFO] [stderr]    Compiling time v0.3.37
[INFO] [stderr]    Compiling solana-version v1.18.26
[INFO] [stderr]    Compiling num_enum_derive v0.6.1
[INFO] [stderr]    Compiling solana-security-txt v1.1.1
[INFO] [stderr]    Compiling unicode-width v0.1.14
[INFO] [stderr]    Compiling solana-vote-program v1.18.26
[INFO] [stderr]    Compiling untrusted v0.7.1
[INFO] [stderr]    Compiling spin v0.5.2
[INFO] [stderr]    Compiling bitflags v1.3.2
[INFO] [stderr]    Compiling futures-executor v0.3.31
[INFO] [stderr]    Compiling Inflector v0.11.4
[INFO] [stderr]    Compiling num_enum v0.6.1
[INFO] [stderr]    Compiling base64 v0.13.1
[INFO] [stderr]    Compiling unicode-xid v0.2.6
[INFO] [stderr]    Compiling minimal-lexical v0.2.1
[INFO] [stderr]    Compiling synstructure v0.12.6
[INFO] [stderr]    Compiling nom v7.1.3
[INFO] [stderr]    Compiling futures v0.3.31
[INFO] [stderr]    Compiling console v0.15.8
[INFO] [stderr]    Compiling memoffset v0.7.1
[INFO] [stderr]    Compiling data-encoding v2.6.0
[INFO] [stderr]    Compiling jsonrpc-core v18.0.0
[INFO] [stderr]    Compiling asn1-rs-derive v0.4.0
[INFO] [stderr]    Compiling rusticata-macros v4.1.0
[INFO] [stderr]    Compiling pem v1.1.1
[INFO] [stderr]    Compiling yasna v0.5.2
[INFO] [stderr]    Compiling asn1-rs-impl v0.1.0
[INFO] [stderr]    Compiling async-trait v0.1.83
[INFO] [stderr]    Compiling portable-atomic v1.10.0
[INFO] [stderr]    Compiling rustix v0.38.42
[INFO] [stderr]    Compiling spl-program-error v0.3.0
[INFO] [stderr]    Compiling spl-discriminator v0.1.0
[INFO] [stderr]    Compiling spl-token v4.0.0
[INFO] [stderr]    Compiling spl-memo v4.0.0
[INFO] [stderr]    Compiling asn1-rs v0.5.2
[INFO] [stderr]    Compiling rcgen v0.10.0
[INFO] [stderr]    Compiling indexmap v1.9.3
[INFO] [stderr]    Compiling linux-raw-sys v0.4.14
[INFO] [stderr]    Compiling oid-registry v0.6.1
[INFO] [stderr]    Compiling openssl-probe v0.1.5
[INFO] [stderr]    Compiling const-oid v0.7.1
[INFO] [stderr]    Compiling rustls-native-certs v0.6.3
[INFO] [stderr]    Compiling der v0.5.1
[INFO] [stderr]    Compiling nix v0.26.4
[INFO] [stderr]    Compiling dlopen2_derive v0.3.0
[INFO] [stderr]    Compiling num_cpus v1.16.0
[INFO] [stderr]    Compiling solana-perf v1.18.26
[INFO] [stderr]    Compiling hashbrown v0.12.3
[INFO] [stderr]    Compiling base64ct v1.6.0
[INFO] [stderr]    Compiling number_prefix v0.4.0
[INFO] [stderr]    Compiling fastrand v2.3.0
[INFO] [stderr]    Compiling unicode-width v0.2.0
[INFO] [stderr]    Compiling os_str_bytes v6.6.1
[INFO] [stderr]    Compiling event-listener v2.5.3
[INFO] [stderr]    Compiling spki v0.5.4
[INFO] [stderr]    Compiling zstd v0.11.2+zstd.1.5.2
[INFO] [stderr]    Compiling clap_lex v0.2.4
[INFO] [stderr]    Compiling indicatif v0.17.9
[INFO] [stderr]    Compiling tempfile v3.14.0
[INFO] [stderr]    Compiling dlopen2 v0.5.0
[INFO] [stderr]    Compiling solana-rayon-threadlimit v1.18.26
[INFO] [stderr]    Compiling quinn-proto v0.10.6
[INFO] [stderr]    Compiling der-parser v8.2.0
[INFO] [stderr]    Compiling webpki-roots v0.24.0
[INFO] [stderr]    Compiling quinn-udp v0.4.1
[INFO] [stderr]    Compiling sha1 v0.10.6
[INFO] [stderr]    Compiling caps v0.5.5
[INFO] [stderr]    Compiling concurrent-queue v2.5.0
[INFO] [stderr]    Compiling utf-8 v0.7.6
[INFO] [stderr]    Compiling shell-words v1.1.0
[INFO] [stderr]    Compiling textwrap v0.16.1
[INFO] [stderr]    Compiling strsim v0.10.0
[INFO] [stderr]    Compiling dialoguer v0.10.4
[INFO] [stderr]    Compiling x509-parser v0.14.0
[INFO] [stderr]    Compiling clap v3.2.25
[INFO] [stderr]    Compiling async-channel v1.9.0
[INFO] [stderr]    Compiling tungstenite v0.20.1
[INFO] [stderr]    Compiling pkcs8 v0.8.0
[INFO] [stderr]    Compiling textwrap v0.11.0
[INFO] [stderr]    Compiling rtoolbox v0.0.2
[INFO] [stderr]    Compiling histogram v0.6.9
[INFO] [stderr]    Compiling vec_map v0.8.2
[INFO] [stderr]    Compiling strsim v0.8.0
[INFO] [stderr]    Compiling ansi_term v0.12.1
[INFO] [stderr]    Compiling solana-zk-token-sdk v1.18.26
[INFO] [stderr]    Compiling solana-metrics v1.18.26
[INFO] [stderr]    Compiling solana-measure v1.18.26
[INFO] [stderr]    Compiling quinn v0.10.2
[INFO] [stderr]    Compiling clap v2.34.0
[INFO] [stderr]    Compiling solana-remote-wallet v1.18.26
[INFO] [stderr]    Compiling solana-connection-cache v1.18.26
[INFO] [stderr]    Compiling solana-net-utils v1.18.26
[INFO] [stderr]    Compiling rpassword v7.3.1
[INFO] [stderr]    Compiling tokio-tungstenite v0.20.1
[INFO] [stderr]    Compiling tokio-stream v0.1.17
[INFO] [stderr]    Compiling solana-config-program v1.18.26
[INFO] [stderr]    Compiling solana-clap-utils v1.18.26
[INFO] [stderr]    Compiling async-mutex v1.4.0
[INFO] [stderr]    Compiling hashbrown v0.14.5
[INFO] [stderr]    Compiling solana-streamer v1.18.26
[INFO] [stderr]    Compiling dashmap v5.5.3
[INFO] [stderr]    Compiling solana-udp-client v1.18.26
[INFO] [stderr]    Compiling spl-pod v0.1.0
[INFO] [stderr]    Compiling spl-type-length-value v0.3.0
[INFO] [stderr]    Compiling spl-token-group-interface v0.1.0
[INFO] [stderr]    Compiling spl-tlv-account-resolution v0.5.1
[INFO] [stderr]    Compiling spl-token-metadata-interface v0.2.0
[INFO] [stderr]    Compiling spl-transfer-hook-interface v0.4.1
[INFO] [stderr]    Compiling spl-token-2022 v1.0.0
[INFO] [stderr]    Compiling solana-account-decoder v1.18.26
[INFO] [stderr]    Compiling spl-associated-token-account v2.3.0
[INFO] [stderr]    Compiling solana-transaction-status v1.18.26
[INFO] [stderr]    Compiling solana-rpc-client-api v1.18.26
[INFO] [stderr]    Compiling solana-rpc-client v1.18.26
[INFO] [stderr]    Compiling solana-pubsub-client v1.18.26
[INFO] [stderr]    Compiling solana-quic-client v1.18.26
[INFO] [stderr]    Compiling solana-rpc-client-nonce-utils v1.18.26
[INFO] [stderr]    Compiling solana-thin-client v1.18.26
[INFO] [stderr]    Compiling solana-tpu-client v1.18.26
[INFO] [stderr]    Compiling solana-client v1.18.26
[INFO] [stderr]    Compiling bolt-sdk v0.1.12 (/opt/rustwide/workdir)
[INFO] [stderr]     Finished `dev` profile [unoptimized + debuginfo] target(s) in 8m 07s
[INFO] running `Command { std: "docker" "inspect" "bfe2dd168120058a52752ebb01b7229e22d2b7c08012e4ae431230b31a8d7d36", kill_on_drop: false }`
[INFO] running `Command { std: "docker" "rm" "-f" "bfe2dd168120058a52752ebb01b7229e22d2b7c08012e4ae431230b31a8d7d36", kill_on_drop: false }`
[INFO] [stdout] bfe2dd168120058a52752ebb01b7229e22d2b7c08012e4ae431230b31a8d7d36
[INFO] running `Command { std: "docker" "create" "-v" "/var/lib/crater-agent-workspace/builds/worker-5-tc2/target:/opt/rustwide/target:rw,Z" "-v" "/var/lib/crater-agent-workspace/builds/worker-5-tc2/source:/opt/rustwide/workdir:ro,Z" "-v" "/var/lib/crater-agent-workspace/cargo-home:/opt/rustwide/cargo-home:ro,Z" "-v" "/var/lib/crater-agent-workspace/rustup-home:/opt/rustwide/rustup-home:ro,Z" "-e" "SOURCE_DIR=/opt/rustwide/workdir" "-e" "CARGO_TARGET_DIR=/opt/rustwide/target" "-e" "CARGO_INCREMENTAL=0" "-e" "RUST_BACKTRACE=full" "-e" "RUSTFLAGS=--cap-lints=warn" "-e" "RUSTDOCFLAGS=--cap-lints=warn" "-e" "CARGO_HOME=/opt/rustwide/cargo-home" "-e" "RUSTUP_HOME=/opt/rustwide/rustup-home" "-w" "/opt/rustwide/workdir" "-m" "1610612736" "--user" "0:0" "--network" "none" "ghcr.io/rust-lang/crates-build-env/linux@sha256:f3a9d4ad9d972b27faf3965f35b62e55ba32bbce8f20bc8fe909558a86702fde" "/opt/rustwide/cargo-home/bin/cargo" "+beta-2024-12-08" "test" "--frozen" "--no-run" "--message-format=json", kill_on_drop: false }`
[INFO] [stdout] 3e27a1f03ae068610858973d0cad9c0e57b37acd468fa2fda721ea939fc3bb3d
[INFO] running `Command { std: "docker" "start" "-a" "3e27a1f03ae068610858973d0cad9c0e57b37acd468fa2fda721ea939fc3bb3d", kill_on_drop: false }`
[INFO] [stderr]    Compiling bolt-sdk v0.1.12 (/opt/rustwide/workdir)
[INFO] [stderr]     Finished `test` profile [unoptimized + debuginfo] target(s) in 20.07s
[INFO] running `Command { std: "docker" "inspect" "3e27a1f03ae068610858973d0cad9c0e57b37acd468fa2fda721ea939fc3bb3d", kill_on_drop: false }`
[INFO] running `Command { std: "docker" "rm" "-f" "3e27a1f03ae068610858973d0cad9c0e57b37acd468fa2fda721ea939fc3bb3d", kill_on_drop: false }`
[INFO] [stdout] 3e27a1f03ae068610858973d0cad9c0e57b37acd468fa2fda721ea939fc3bb3d
[INFO] running `Command { std: "docker" "create" "-v" "/var/lib/crater-agent-workspace/builds/worker-5-tc2/target:/opt/rustwide/target:rw,Z" "-v" "/var/lib/crater-agent-workspace/builds/worker-5-tc2/source:/opt/rustwide/workdir:ro,Z" "-v" "/var/lib/crater-agent-workspace/cargo-home:/opt/rustwide/cargo-home:ro,Z" "-v" "/var/lib/crater-agent-workspace/rustup-home:/opt/rustwide/rustup-home:ro,Z" "-e" "SOURCE_DIR=/opt/rustwide/workdir" "-e" "CARGO_TARGET_DIR=/opt/rustwide/target" "-e" "CARGO_INCREMENTAL=0" "-e" "RUST_BACKTRACE=full" "-e" "RUSTFLAGS=--cap-lints=warn" "-e" "RUSTDOCFLAGS=--cap-lints=warn" "-e" "CARGO_HOME=/opt/rustwide/cargo-home" "-e" "RUSTUP_HOME=/opt/rustwide/rustup-home" "-w" "/opt/rustwide/workdir" "-m" "1610612736" "--user" "0:0" "--network" "none" "ghcr.io/rust-lang/crates-build-env/linux@sha256:f3a9d4ad9d972b27faf3965f35b62e55ba32bbce8f20bc8fe909558a86702fde" "/opt/rustwide/cargo-home/bin/cargo" "+beta-2024-12-08" "test" "--frozen", kill_on_drop: false }`
[INFO] [stdout] dddf46e14edb910e30094239340a6c6f6fead8f6c71a65c400ac58f4ed4a0605
[INFO] running `Command { std: "docker" "start" "-a" "dddf46e14edb910e30094239340a6c6f6fead8f6c71a65c400ac58f4ed4a0605", kill_on_drop: false }`
[INFO] [stderr]     Finished `test` profile [unoptimized + debuginfo] target(s) in 1.00s
[INFO] [stderr]      Running unittests src/lib.rs (/opt/rustwide/target/debug/deps/bolt_sdk-ff216ce96d7b8663)
[INFO] [stdout] 
[INFO] [stdout] running 1 test
[INFO] [stdout] test tests::it_works ... FAILED
[INFO] [stdout] 
[INFO] [stdout] failures:
[INFO] [stdout] 
[INFO] [stdout] ---- tests::it_works stdout ----
[INFO] [stdout] thread 'tests::it_works' panicked at src/lib.rs:8:61:
[INFO] [stdout] called `Result::unwrap()` on an `Err` value: Error { request: None, kind: RpcError(RpcRequestError("cluster version query failed: error sending request for url (https://api.devnet.solana.com/): error trying to connect: dns error: failed to lookup address information: Temporary failure in name resolution")) }
[INFO] [stdout] stack backtrace:
[INFO] [stdout]    0:     0x642b52d8488a - std::backtrace_rs::backtrace::libunwind::trace::h8810477743020387
[INFO] [stdout]                                at /rustc/202008a1b8de96d2e5b6bc02d379db03a877d34d/library/std/src/../../backtrace/src/backtrace/libunwind.rs:116:5
[INFO] [stdout]    1:     0x642b52d8488a - std::backtrace_rs::backtrace::trace_unsynchronized::h3aa55355dd6c54a6
[INFO] [stdout]                                at /rustc/202008a1b8de96d2e5b6bc02d379db03a877d34d/library/std/src/../../backtrace/src/backtrace/mod.rs:66:5
[INFO] [stdout]    2:     0x642b52d8488a - std::sys::backtrace::_print_fmt::h8588b0f62410823f
[INFO] [stdout]                                at /rustc/202008a1b8de96d2e5b6bc02d379db03a877d34d/library/std/src/sys/backtrace.rs:66:9
[INFO] [stdout]    3:     0x642b52d8488a - <std::sys::backtrace::BacktraceLock::print::DisplayBacktrace as core::fmt::Display>::fmt::h98c26ac25ffe89bb
[INFO] [stdout]                                at /rustc/202008a1b8de96d2e5b6bc02d379db03a877d34d/library/std/src/sys/backtrace.rs:39:26
[INFO] [stdout]    4:     0x642b52dada93 - core::fmt::rt::Argument::fmt::hf95377f4aebd453b
[INFO] [stdout]                                at /rustc/202008a1b8de96d2e5b6bc02d379db03a877d34d/library/core/src/fmt/rt.rs:177:76
[INFO] [stdout]    5:     0x642b52dada93 - core::fmt::write::h0dd5f6e2238c7982
[INFO] [stdout]                                at /rustc/202008a1b8de96d2e5b6bc02d379db03a877d34d/library/core/src/fmt/mod.rs:1189:21
[INFO] [stdout]    6:     0x642b52d81033 - std::io::Write::write_fmt::h03bb0ca26e6faf8c
[INFO] [stdout]                                at /rustc/202008a1b8de96d2e5b6bc02d379db03a877d34d/library/std/src/io/mod.rs:1884:15
[INFO] [stdout]    7:     0x642b52d846d2 - std::sys::backtrace::BacktraceLock::print::h5c19c1c038ee186d
[INFO] [stdout]                                at /rustc/202008a1b8de96d2e5b6bc02d379db03a877d34d/library/std/src/sys/backtrace.rs:42:9
[INFO] [stdout]    8:     0x642b52d85d0d - std::panicking::default_hook::{{closure}}::h77172f079a1fcb13
[INFO] [stdout]                                at /rustc/202008a1b8de96d2e5b6bc02d379db03a877d34d/library/std/src/panicking.rs:268:22
[INFO] [stdout]    9:     0x642b52d85b17 - std::panicking::default_hook::he5f8e3b203ccddba
[INFO] [stdout]                                at /rustc/202008a1b8de96d2e5b6bc02d379db03a877d34d/library/std/src/panicking.rs:292:9
[INFO] [stdout]   10:     0x642b525ef967 - <alloc::boxed::Box<F,A> as core::ops::function::Fn<Args>>::call::h7a3c7b4a1ae77f2f
[INFO] [stdout]                                at /rustc/202008a1b8de96d2e5b6bc02d379db03a877d34d/library/alloc/src/boxed.rs:1986:9
[INFO] [stdout]   11:     0x642b525ef967 - test::test_main::{{closure}}::hf0d3b69ae9b353d1
[INFO] [stdout]                                at /rustc/202008a1b8de96d2e5b6bc02d379db03a877d34d/library/test/src/lib.rs:134:21
[INFO] [stdout]   12:     0x642b52d863b8 - <alloc::boxed::Box<F,A> as core::ops::function::Fn<Args>>::call::h6332e82e7b189abd
[INFO] [stdout]                                at /rustc/202008a1b8de96d2e5b6bc02d379db03a877d34d/library/alloc/src/boxed.rs:1986:9
[INFO] [stdout]   13:     0x642b52d863b8 - std::panicking::rust_panic_with_hook::h53863d4e9018df39
[INFO] [stdout]                                at /rustc/202008a1b8de96d2e5b6bc02d379db03a877d34d/library/std/src/panicking.rs:809:13
[INFO] [stdout]   14:     0x642b52d8617a - std::panicking::begin_panic_handler::{{closure}}::h67280e6fa0757873
[INFO] [stdout]                                at /rustc/202008a1b8de96d2e5b6bc02d379db03a877d34d/library/std/src/panicking.rs:674:13
[INFO] [stdout]   15:     0x642b52d84d69 - std::sys::backtrace::__rust_end_short_backtrace::h1dac3f54d6fbbeb2
[INFO] [stdout]                                at /rustc/202008a1b8de96d2e5b6bc02d379db03a877d34d/library/std/src/sys/backtrace.rs:170:18
[INFO] [stdout]   16:     0x642b52d85e0c - rust_begin_unwind
[INFO] [stdout]                                at /rustc/202008a1b8de96d2e5b6bc02d379db03a877d34d/library/std/src/panicking.rs:665:5
[INFO] [stdout]   17:     0x642b525ac2f0 - core::panicking::panic_fmt::h6792bd1b2bf01041
[INFO] [stdout]                                at /rustc/202008a1b8de96d2e5b6bc02d379db03a877d34d/library/core/src/panicking.rs:76:14
[INFO] [stdout]   18:     0x642b525ac7d6 - core::result::unwrap_failed::h05e0602ed34287c5
[INFO] [stdout]                                at /rustc/202008a1b8de96d2e5b6bc02d379db03a877d34d/library/core/src/result.rs:1699:5
[INFO] [stdout]   19:     0x642b525b5f4e - core::result::Result<T,E>::unwrap::h859f8ef7076e679d
[INFO] [stdout]                                at /rustc/202008a1b8de96d2e5b6bc02d379db03a877d34d/library/core/src/result.rs:1104:23
[INFO] [stdout]   20:     0x642b525b5f4e - bolt_sdk::tests::it_works::{{closure}}::h903c6e2d40d60202
[INFO] [stdout]                                at /opt/rustwide/workdir/src/lib.rs:8:25
[INFO] [stdout]   21:     0x642b525b5972 - <core::pin::Pin<P> as core::future::future::Future>::poll::he393189a472f5668
[INFO] [stdout]                                at /rustc/202008a1b8de96d2e5b6bc02d379db03a877d34d/library/core/src/future/future.rs:124:9
[INFO] [stdout]   22:     0x642b525b58ed - <core::pin::Pin<P> as core::future::future::Future>::poll::h4a2adfd5e337589b
[INFO] [stdout]                                at /rustc/202008a1b8de96d2e5b6bc02d379db03a877d34d/library/core/src/future/future.rs:124:9
[INFO] [stdout]   23:     0x642b525b56ff - tokio::runtime::scheduler::current_thread::CoreGuard::block_on::{{closure}}::{{closure}}::{{closure}}::h94a0cd2f6d40fc2c
[INFO] [stdout]                                at /opt/rustwide/cargo-home/registry/src/index.crates.io-6f17d22bba15001f/tokio-1.42.0/src/runtime/scheduler/current_thread/mod.rs:729:57
[INFO] [stdout]   24:     0x642b525b55f5 - tokio::runtime::coop::with_budget::hd6b2e475078912ed
[INFO] [stdout]                                at /opt/rustwide/cargo-home/registry/src/index.crates.io-6f17d22bba15001f/tokio-1.42.0/src/runtime/coop.rs:107:5
[INFO] [stdout]   25:     0x642b525b55f5 - tokio::runtime::coop::budget::h7da1c77326ab7f94
[INFO] [stdout]                                at /opt/rustwide/cargo-home/registry/src/index.crates.io-6f17d22bba15001f/tokio-1.42.0/src/runtime/coop.rs:73:5
[INFO] [stdout]   26:     0x642b525b55f5 - tokio::runtime::scheduler::current_thread::CoreGuard::block_on::{{closure}}::{{closure}}::h90aa6e3519d13a32
[INFO] [stdout]                                at /opt/rustwide/cargo-home/registry/src/index.crates.io-6f17d22bba15001f/tokio-1.42.0/src/runtime/scheduler/current_thread/mod.rs:729:25
[INFO] [stdout]   27:     0x642b525b2f10 - tokio::runtime::scheduler::current_thread::Context::enter::ha82e615608e4ed07
[INFO] [stdout]                                at /opt/rustwide/cargo-home/registry/src/index.crates.io-6f17d22bba15001f/tokio-1.42.0/src/runtime/scheduler/current_thread/mod.rs:428:19
[INFO] [stdout]   28:     0x642b525b440e - tokio::runtime::scheduler::current_thread::CoreGuard::block_on::{{closure}}::h92f26bff17d618ed
[INFO] [stdout]                                at /opt/rustwide/cargo-home/registry/src/index.crates.io-6f17d22bba15001f/tokio-1.42.0/src/runtime/scheduler/current_thread/mod.rs:728:36
[INFO] [stdout]   29:     0x642b525b4104 - tokio::runtime::scheduler::current_thread::CoreGuard::enter::{{closure}}::h371e44cd00afbc3c
[INFO] [stdout]                                at /opt/rustwide/cargo-home/registry/src/index.crates.io-6f17d22bba15001f/tokio-1.42.0/src/runtime/scheduler/current_thread/mod.rs:807:68
[INFO] [stdout]   30:     0x642b525b052b - tokio::runtime::context::scoped::Scoped<T>::set::h750a9bec27553a0a
[INFO] [stdout]                                at /opt/rustwide/cargo-home/registry/src/index.crates.io-6f17d22bba15001f/tokio-1.42.0/src/runtime/context/scoped.rs:40:9
[INFO] [stdout]   31:     0x642b525b0119 - tokio::runtime::context::set_scheduler::{{closure}}::hf6bcd00e62540ce3
[INFO] [stdout]                                at /opt/rustwide/cargo-home/registry/src/index.crates.io-6f17d22bba15001f/tokio-1.42.0/src/runtime/context.rs:180:26
[INFO] [stdout]   32:     0x642b525ad87d - std::thread::local::LocalKey<T>::try_with::hb794e849ef24155e
[INFO] [stdout]                                at /rustc/202008a1b8de96d2e5b6bc02d379db03a877d34d/library/std/src/thread/local.rs:283:12
[INFO] [stdout]   33:     0x642b525ace2a - std::thread::local::LocalKey<T>::with::h0ad7cc1bfe252e8c
[INFO] [stdout]                                at /rustc/202008a1b8de96d2e5b6bc02d379db03a877d34d/library/std/src/thread/local.rs:260:9
[INFO] [stdout]   34:     0x642b525b004d - tokio::runtime::context::set_scheduler::h064fa84bb8f6d54d
[INFO] [stdout]                                at /opt/rustwide/cargo-home/registry/src/index.crates.io-6f17d22bba15001f/tokio-1.42.0/src/runtime/context.rs:180:9
[INFO] [stdout]   35:     0x642b525b3eb0 - tokio::runtime::scheduler::current_thread::CoreGuard::enter::ha4c0d3825f615f6a
[INFO] [stdout]                                at /opt/rustwide/cargo-home/registry/src/index.crates.io-6f17d22bba15001f/tokio-1.42.0/src/runtime/scheduler/current_thread/mod.rs:807:27
[INFO] [stdout]   36:     0x642b525b41a3 - tokio::runtime::scheduler::current_thread::CoreGuard::block_on::he88ecdb81d9f027e
[INFO] [stdout]                                at /opt/rustwide/cargo-home/registry/src/index.crates.io-6f17d22bba15001f/tokio-1.42.0/src/runtime/scheduler/current_thread/mod.rs:716:19
[INFO] [stdout]   37:     0x642b525b23af - tokio::runtime::scheduler::current_thread::CurrentThread::block_on::{{closure}}::h3469d4acc563895c
[INFO] [stdout]                                at /opt/rustwide/cargo-home/registry/src/index.crates.io-6f17d22bba15001f/tokio-1.42.0/src/runtime/scheduler/current_thread/mod.rs:196:28
[INFO] [stdout]   38:     0x642b525b0876 - tokio::runtime::context::runtime::enter_runtime::h084d3ef269a5d86a
[INFO] [stdout]                                at /opt/rustwide/cargo-home/registry/src/index.crates.io-6f17d22bba15001f/tokio-1.42.0/src/runtime/context/runtime.rs:65:16
[INFO] [stdout]   39:     0x642b525b1ca1 - tokio::runtime::scheduler::current_thread::CurrentThread::block_on::h783f3c640ccc7486
[INFO] [stdout]                                at /opt/rustwide/cargo-home/registry/src/index.crates.io-6f17d22bba15001f/tokio-1.42.0/src/runtime/scheduler/current_thread/mod.rs:184:9
[INFO] [stdout]   40:     0x642b525b17b3 - tokio::runtime::runtime::Runtime::block_on_inner::hbe35dab0d2f535b5
[INFO] [stdout]                                at /opt/rustwide/cargo-home/registry/src/index.crates.io-6f17d22bba15001f/tokio-1.42.0/src/runtime/runtime.rs:368:47
[INFO] [stdout]   41:     0x642b525b19a7 - tokio::runtime::runtime::Runtime::block_on::haf8fe8fe5352f259
[INFO] [stdout]                                at /opt/rustwide/cargo-home/registry/src/index.crates.io-6f17d22bba15001f/tokio-1.42.0/src/runtime/runtime.rs:342:13
[INFO] [stdout]   42:     0x642b525b5c15 - bolt_sdk::tests::it_works::hb3a31dd91821b87f
[INFO] [stdout]                                at /opt/rustwide/workdir/src/lib.rs:9:9
[INFO] [stdout]   43:     0x642b525b5ab7 - bolt_sdk::tests::it_works::{{closure}}::hb495b3887601d519
[INFO] [stdout]                                at /opt/rustwide/workdir/src/lib.rs:6:24
[INFO] [stdout]   44:     0x642b525ae126 - core::ops::function::FnOnce::call_once::h80f6a2b5c955e427
[INFO] [stdout]                                at /rustc/202008a1b8de96d2e5b6bc02d379db03a877d34d/library/core/src/ops/function.rs:250:5
[INFO] [stdout]   45:     0x642b525f448b - core::ops::function::FnOnce::call_once::h871bf86719ec9aa4
[INFO] [stdout]                                at /rustc/202008a1b8de96d2e5b6bc02d379db03a877d34d/library/core/src/ops/function.rs:250:5
[INFO] [stdout]   46:     0x642b525f448b - test::__rust_begin_short_backtrace::h2167df1e2b7d76fd
[INFO] [stdout]                                at /rustc/202008a1b8de96d2e5b6bc02d379db03a877d34d/library/test/src/lib.rs:632:18
[INFO] [stdout]   47:     0x642b525f3e78 - test::run_test_in_process::{{closure}}::h15d92f75a3adfb79
[INFO] [stdout]                                at /rustc/202008a1b8de96d2e5b6bc02d379db03a877d34d/library/test/src/lib.rs:655:60
[INFO] [stdout]   48:     0x642b525f3e78 - <core::panic::unwind_safe::AssertUnwindSafe<F> as core::ops::function::FnOnce<()>>::call_once::hb6c8955835a8dbbb
[INFO] [stdout]                                at /rustc/202008a1b8de96d2e5b6bc02d379db03a877d34d/library/core/src/panic/unwind_safe.rs:272:9
[INFO] [stdout]   49:     0x642b525f3e78 - std::panicking::try::do_call::hc79d0fc888a0bd30
[INFO] [stdout]                                at /rustc/202008a1b8de96d2e5b6bc02d379db03a877d34d/library/std/src/panicking.rs:557:40
[INFO] [stdout]   50:     0x642b525f3e78 - std::panicking::try::hb8a7878e3a8589d6
[INFO] [stdout]                                at /rustc/202008a1b8de96d2e5b6bc02d379db03a877d34d/library/std/src/panicking.rs:520:19
[INFO] [stdout]   51:     0x642b525f3e78 - std::panic::catch_unwind::hb8e4600ff0ff5cfa
[INFO] [stdout]                                at /rustc/202008a1b8de96d2e5b6bc02d379db03a877d34d/library/std/src/panic.rs:358:14
[INFO] [stdout]   52:     0x642b525f3e78 - test::run_test_in_process::hc2900b0b18688dd6
[INFO] [stdout]                                at /rustc/202008a1b8de96d2e5b6bc02d379db03a877d34d/library/test/src/lib.rs:655:27
[INFO] [stdout]   53:     0x642b525f3e78 - test::run_test::{{closure}}::hac2a9cb07be3d48d
[INFO] [stdout]                                at /rustc/202008a1b8de96d2e5b6bc02d379db03a877d34d/library/test/src/lib.rs:576:43
[INFO] [stdout]   54:     0x642b525b791a - test::run_test::{{closure}}::h4a5b729e66a38cd8
[INFO] [stdout]                                at /rustc/202008a1b8de96d2e5b6bc02d379db03a877d34d/library/test/src/lib.rs:606:41
[INFO] [stdout]   55:     0x642b525b791a - std::sys::backtrace::__rust_begin_short_backtrace::h0496fb742492f573
[INFO] [stdout]                                at /rustc/202008a1b8de96d2e5b6bc02d379db03a877d34d/library/std/src/sys/backtrace.rs:154:18
[INFO] [stdout]   56:     0x642b525bb294 - std::thread::Builder::spawn_unchecked_::{{closure}}::{{closure}}::hbb6d257c550a54bd
[INFO] [stdout]                                at /rustc/202008a1b8de96d2e5b6bc02d379db03a877d34d/library/std/src/thread/mod.rs:561:17
[INFO] [stdout]   57:     0x642b525bb294 - <core::panic::unwind_safe::AssertUnwindSafe<F> as core::ops::function::FnOnce<()>>::call_once::h46696fe4a6832328
[INFO] [stdout]                                at /rustc/202008a1b8de96d2e5b6bc02d379db03a877d34d/library/core/src/panic/unwind_safe.rs:272:9
[INFO] [stdout]   58:     0x642b525bb294 - std::panicking::try::do_call::h2625a51b667bfb64
[INFO] [stdout]                                at /rustc/202008a1b8de96d2e5b6bc02d379db03a877d34d/library/std/src/panicking.rs:557:40
[INFO] [stdout]   59:     0x642b525bb294 - std::panicking::try::hb956a59a1973aa4c
[INFO] [stdout]                                at /rustc/202008a1b8de96d2e5b6bc02d379db03a877d34d/library/std/src/panicking.rs:520:19
[INFO] [stdout]   60:     0x642b525bb294 - std::panic::catch_unwind::h64f3b9d1067ef6a0
[INFO] [stdout]                                at /rustc/202008a1b8de96d2e5b6bc02d379db03a877d34d/library/std/src/panic.rs:358:14
[INFO] [stdout]   61:     0x642b525bb294 - std::thread::Builder::spawn_unchecked_::{{closure}}::h42b2841295b6c0b2
[INFO] [stdout]                                at /rustc/202008a1b8de96d2e5b6bc02d379db03a877d34d/library/std/src/thread/mod.rs:559:30
[INFO] [stdout]   62:     0x642b525bb294 - core::ops::function::FnOnce::call_once{{vtable.shim}}::h6127de71b8124639
[INFO] [stdout]                                at /rustc/202008a1b8de96d2e5b6bc02d379db03a877d34d/library/core/src/ops/function.rs:250:5
[INFO] [stdout]   63:     0x642b52d8a58b - <alloc::boxed::Box<F,A> as core::ops::function::FnOnce<Args>>::call_once::h42f0ba71002a1b2c
[INFO] [stdout]                                at /rustc/202008a1b8de96d2e5b6bc02d379db03a877d34d/library/alloc/src/boxed.rs:1972:9
[INFO] [stdout]   64:     0x642b52d8a58b - <alloc::boxed::Box<F,A> as core::ops::function::FnOnce<Args>>::call_once::had9e47d7a3dcecb8
[INFO] [stdout]                                at /rustc/202008a1b8de96d2e5b6bc02d379db03a877d34d/library/alloc/src/boxed.rs:1972:9
[INFO] [stdout]   65:     0x642b52d8a58b - std::sys::pal::unix::thread::Thread::new::thread_start::h48cf765408f6f5f2
[INFO] [stdout]                                at /rustc/202008a1b8de96d2e5b6bc02d379db03a877d34d/library/std/src/sys/pal/unix/thread.rs:105:17
[INFO] [stdout]   66:     0x759722dbdac3 - <unknown>
[INFO] [stdout]   67:     0x759722e4ea04 - clone
[INFO] [stdout]   68:                0x0 - <unknown>
[INFO] [stdout] 
[INFO] [stdout] 
[INFO] [stdout] failures:
[INFO] [stdout]     tests::it_works
[INFO] [stdout] 
[INFO] [stdout] test result: FAILED. 0 passed; 1 failed; 0 ignored; 0 measured; 0 filtered out; finished in 0.49s
[INFO] [stdout] 
[INFO] [stderr] error: test failed, to rerun pass `--lib`
[INFO] running `Command { std: "docker" "inspect" "dddf46e14edb910e30094239340a6c6f6fead8f6c71a65c400ac58f4ed4a0605", kill_on_drop: false }`
[INFO] running `Command { std: "docker" "rm" "-f" "dddf46e14edb910e30094239340a6c6f6fead8f6c71a65c400ac58f4ed4a0605", kill_on_drop: false }`
[INFO] [stdout] dddf46e14edb910e30094239340a6c6f6fead8f6c71a65c400ac58f4ed4a0605
