[INFO] fetching crate bollard-next-buildkit-proto 0.4.0...
[INFO] testing bollard-next-buildkit-proto-0.4.0 against beta-2024-12-08 for beta-1.84.0-4-retry
[INFO] extracting crate bollard-next-buildkit-proto 0.4.0 into /workspace/builds/worker-1-tc2/source
[INFO] validating manifest of crates.io crate bollard-next-buildkit-proto 0.4.0 on toolchain beta-2024-12-08
[INFO] running `Command { std: CARGO_HOME="/workspace/cargo-home" RUSTUP_HOME="/workspace/rustup-home" "/workspace/cargo-home/bin/cargo" "+beta-2024-12-08" "metadata" "--manifest-path" "Cargo.toml" "--no-deps", kill_on_drop: false }`
[INFO] started tweaking crates.io crate bollard-next-buildkit-proto 0.4.0
[INFO] finished tweaking crates.io crate bollard-next-buildkit-proto 0.4.0
[INFO] tweaked toml for crates.io crate bollard-next-buildkit-proto 0.4.0 written to /workspace/builds/worker-1-tc2/source/Cargo.toml
[INFO] crate crates.io crate bollard-next-buildkit-proto 0.4.0 already has a lockfile, it will not be regenerated
[INFO] running `Command { std: CARGO_HOME="/workspace/cargo-home" RUSTUP_HOME="/workspace/rustup-home" "/workspace/cargo-home/bin/cargo" "+beta-2024-12-08" "fetch" "--manifest-path" "Cargo.toml", kill_on_drop: false }`
[INFO] running `Command { std: "docker" "create" "-v" "/var/lib/crater-agent-workspace/builds/worker-1-tc2/target:/opt/rustwide/target:rw,Z" "-v" "/var/lib/crater-agent-workspace/builds/worker-1-tc2/source:/opt/rustwide/workdir:ro,Z" "-v" "/var/lib/crater-agent-workspace/cargo-home:/opt/rustwide/cargo-home:ro,Z" "-v" "/var/lib/crater-agent-workspace/rustup-home:/opt/rustwide/rustup-home:ro,Z" "-e" "SOURCE_DIR=/opt/rustwide/workdir" "-e" "CARGO_TARGET_DIR=/opt/rustwide/target" "-e" "CARGO_HOME=/opt/rustwide/cargo-home" "-e" "RUSTUP_HOME=/opt/rustwide/rustup-home" "-w" "/opt/rustwide/workdir" "-m" "1610612736" "--user" "0:0" "--network" "none" "ghcr.io/rust-lang/crates-build-env/linux@sha256:f3a9d4ad9d972b27faf3965f35b62e55ba32bbce8f20bc8fe909558a86702fde" "/opt/rustwide/cargo-home/bin/cargo" "+beta-2024-12-08" "metadata" "--no-deps" "--format-version=1", kill_on_drop: false }`
[INFO] [stdout] cf55be236dd7ed26fd6ac2079b9c2441f9e6b84a46c425601f19299b6b5fa213
[INFO] running `Command { std: "docker" "start" "-a" "cf55be236dd7ed26fd6ac2079b9c2441f9e6b84a46c425601f19299b6b5fa213", kill_on_drop: false }`
[INFO] running `Command { std: "docker" "inspect" "cf55be236dd7ed26fd6ac2079b9c2441f9e6b84a46c425601f19299b6b5fa213", kill_on_drop: false }`
[INFO] running `Command { std: "docker" "rm" "-f" "cf55be236dd7ed26fd6ac2079b9c2441f9e6b84a46c425601f19299b6b5fa213", kill_on_drop: false }`
[INFO] [stdout] cf55be236dd7ed26fd6ac2079b9c2441f9e6b84a46c425601f19299b6b5fa213
[INFO] running `Command { std: "docker" "create" "-v" "/var/lib/crater-agent-workspace/builds/worker-1-tc2/target:/opt/rustwide/target:rw,Z" "-v" "/var/lib/crater-agent-workspace/builds/worker-1-tc2/source:/opt/rustwide/workdir:ro,Z" "-v" "/var/lib/crater-agent-workspace/cargo-home:/opt/rustwide/cargo-home:ro,Z" "-v" "/var/lib/crater-agent-workspace/rustup-home:/opt/rustwide/rustup-home:ro,Z" "-e" "SOURCE_DIR=/opt/rustwide/workdir" "-e" "CARGO_TARGET_DIR=/opt/rustwide/target" "-e" "CARGO_INCREMENTAL=0" "-e" "RUST_BACKTRACE=full" "-e" "RUSTFLAGS=--cap-lints=warn" "-e" "RUSTDOCFLAGS=--cap-lints=warn" "-e" "CARGO_HOME=/opt/rustwide/cargo-home" "-e" "RUSTUP_HOME=/opt/rustwide/rustup-home" "-w" "/opt/rustwide/workdir" "-m" "1610612736" "--user" "0:0" "--network" "none" "ghcr.io/rust-lang/crates-build-env/linux@sha256:f3a9d4ad9d972b27faf3965f35b62e55ba32bbce8f20bc8fe909558a86702fde" "/opt/rustwide/cargo-home/bin/cargo" "+beta-2024-12-08" "build" "--frozen" "--message-format=json", kill_on_drop: false }`
[INFO] [stdout] 9c39cdc096306434fccbfc2912f468f7713bcc43cd3f065f7463c9017d55a3d3
[INFO] running `Command { std: "docker" "start" "-a" "9c39cdc096306434fccbfc2912f468f7713bcc43cd3f065f7463c9017d55a3d3", kill_on_drop: false }`
[INFO] [stderr]    Compiling libc v0.2.154
[INFO] [stderr]    Compiling proc-macro2 v1.0.81
[INFO] [stderr]    Compiling unicode-ident v1.0.12
[INFO] [stderr]    Compiling bytes v1.6.0
[INFO] [stderr]    Compiling pin-project-lite v0.2.14
[INFO] [stderr]    Compiling cfg-if v1.0.0
[INFO] [stderr]    Compiling futures-core v0.3.30
[INFO] [stderr]    Compiling autocfg v1.2.0
[INFO] [stderr]    Compiling once_cell v1.19.0
[INFO] [stderr]    Compiling rustversion v1.0.15
[INFO] [stderr]    Compiling fnv v1.0.7
[INFO] [stderr]    Compiling futures-task v0.3.30
[INFO] [stderr]    Compiling pin-utils v0.1.0
[INFO] [stderr]    Compiling itoa v1.0.11
[INFO] [stderr]    Compiling futures-sink v0.3.30
[INFO] [stderr]    Compiling cc v1.0.96
[INFO] [stderr]    Compiling tower-service v0.3.2
[INFO] [stderr]    Compiling anyhow v1.0.82
[INFO] [stderr]    Compiling equivalent v1.0.1
[INFO] [stderr]    Compiling hashbrown v0.14.5
[INFO] [stderr]    Compiling httparse v1.8.0
[INFO] [stderr]    Compiling try-lock v0.2.5
[INFO] [stderr]    Compiling ppv-lite86 v0.2.17
[INFO] [stderr]    Compiling tinyvec_macros v0.1.1
[INFO] [stderr]    Compiling tracing-core v0.1.32
[INFO] [stderr]    Compiling futures-util v0.3.30
[INFO] [stderr]    Compiling percent-encoding v2.3.1
[INFO] [stderr]    Compiling either v1.11.0
[INFO] [stderr]    Compiling want v0.3.1
[INFO] [stderr]    Compiling tinyvec v1.6.0
[INFO] [stderr]    Compiling futures-channel v0.3.30
[INFO] [stderr]    Compiling itertools v0.12.1
[INFO] [stderr]    Compiling rustls-pki-types v1.5.0
[INFO] [stderr]    Compiling hashbrown v0.12.3
[INFO] [stderr]    Compiling http v0.2.12
[INFO] [stderr]    Compiling slab v0.4.9
[INFO] [stderr]    Compiling indexmap v1.9.3
[INFO] [stderr]    Compiling crc32fast v1.4.0
[INFO] [stderr]    Compiling tower-layer v0.3.2
[INFO] [stderr]    Compiling indexmap v2.2.6
[INFO] [stderr]    Compiling httpdate v1.0.3
[INFO] [stderr]    Compiling serde v1.0.199
[INFO] [stderr]    Compiling untrusted v0.9.0
[INFO] [stderr]    Compiling spin v0.9.8
[INFO] [stderr]    Compiling unicode-normalization v0.1.23
[INFO] [stderr]    Compiling rustls v0.22.4
[INFO] [stderr]    Compiling adler v1.0.2
[INFO] [stderr]    Compiling mime v0.3.17
[INFO] [stderr]    Compiling quote v1.0.36
[INFO] [stderr]    Compiling mio v0.8.11
[INFO] [stderr]    Compiling getrandom v0.2.14
[INFO] [stderr]    Compiling socket2 v0.5.7
[INFO] [stderr]    Compiling axum-core v0.3.4
[INFO] [stderr]    Compiling axum v0.6.20
[INFO] [stderr]    Compiling syn v2.0.60
[INFO] [stderr]    Compiling http-body v0.4.6
[INFO] [stderr]    Compiling rand_core v0.6.4
[INFO] [stderr]    Compiling unicode-bidi v0.3.15
[INFO] [stderr]    Compiling miniz_oxide v0.7.2
[INFO] [stderr]    Compiling form_urlencoded v1.2.1
[INFO] [stderr]    Compiling zeroize v1.7.0
[INFO] [stderr]    Compiling memchr v2.7.2
[INFO] [stderr]    Compiling tokio v1.37.0
[INFO] [stderr]    Compiling rand_chacha v0.3.1
[INFO] [stderr]    Compiling sync_wrapper v0.1.2
[INFO] [stderr]    Compiling ring v0.17.8
[INFO] [stderr]    Compiling idna v0.5.0
[INFO] [stderr]    Compiling rand v0.8.5
[INFO] [stderr]    Compiling matchit v0.7.3
[INFO] [stderr]    Compiling log v0.4.21
[INFO] [stderr]    Compiling subtle v2.5.0
[INFO] [stderr]    Compiling bitflags v1.3.2
[INFO] [stderr]    Compiling flate2 v1.0.30
[INFO] [stderr]    Compiling webpki-roots v0.26.1
[INFO] [stderr]    Compiling base64 v0.22.1
[INFO] [stderr]    Compiling bollard-next-buildkit-proto v0.4.0 (/opt/rustwide/workdir)
[INFO] [stderr]    Compiling base64 v0.21.7
[INFO] [stderr]    Compiling url v2.5.0
[INFO] [stderr]    Compiling tokio-io-timeout v1.2.0
[INFO] [stderr]    Compiling tokio-stream v0.1.15
[INFO] [stderr]    Compiling tracing-attributes v0.1.27
[INFO] [stderr]    Compiling pin-project-internal v1.1.5
[INFO] [stderr]    Compiling async-trait v0.1.80
[INFO] [stderr]    Compiling prost-derive v0.12.4
[INFO] [stderr]    Compiling async-stream-impl v0.3.5
[INFO] [stderr]    Compiling rustls-webpki v0.102.3
[INFO] [stderr]    Compiling async-stream v0.3.5
[INFO] [stderr]    Compiling tracing v0.1.40
[INFO] [stderr]    Compiling pin-project v1.1.5
[INFO] [stderr]    Compiling prost v0.12.4
[INFO] [stderr]    Compiling tokio-util v0.7.10
[INFO] [stderr]    Compiling prost-types v0.12.4
[INFO] [stderr]    Compiling h2 v0.3.26
[INFO] [stderr]    Compiling tower v0.4.13
[INFO] [stderr]    Compiling ureq v2.9.7
[INFO] [stderr]    Compiling hyper v0.14.28
[INFO] [stderr]    Compiling hyper-timeout v0.4.1
[INFO] [stderr]    Compiling tonic v0.11.0
[INFO] [stderr]     Finished `dev` profile [unoptimized + debuginfo] target(s) in 33.68s
[INFO] running `Command { std: "docker" "inspect" "9c39cdc096306434fccbfc2912f468f7713bcc43cd3f065f7463c9017d55a3d3", kill_on_drop: false }`
[INFO] running `Command { std: "docker" "rm" "-f" "9c39cdc096306434fccbfc2912f468f7713bcc43cd3f065f7463c9017d55a3d3", kill_on_drop: false }`
[INFO] [stdout] 9c39cdc096306434fccbfc2912f468f7713bcc43cd3f065f7463c9017d55a3d3
[INFO] running `Command { std: "docker" "create" "-v" "/var/lib/crater-agent-workspace/builds/worker-1-tc2/target:/opt/rustwide/target:rw,Z" "-v" "/var/lib/crater-agent-workspace/builds/worker-1-tc2/source:/opt/rustwide/workdir:ro,Z" "-v" "/var/lib/crater-agent-workspace/cargo-home:/opt/rustwide/cargo-home:ro,Z" "-v" "/var/lib/crater-agent-workspace/rustup-home:/opt/rustwide/rustup-home:ro,Z" "-e" "SOURCE_DIR=/opt/rustwide/workdir" "-e" "CARGO_TARGET_DIR=/opt/rustwide/target" "-e" "CARGO_INCREMENTAL=0" "-e" "RUST_BACKTRACE=full" "-e" "RUSTFLAGS=--cap-lints=warn" "-e" "RUSTDOCFLAGS=--cap-lints=warn" "-e" "CARGO_HOME=/opt/rustwide/cargo-home" "-e" "RUSTUP_HOME=/opt/rustwide/rustup-home" "-w" "/opt/rustwide/workdir" "-m" "1610612736" "--user" "0:0" "--network" "none" "ghcr.io/rust-lang/crates-build-env/linux@sha256:f3a9d4ad9d972b27faf3965f35b62e55ba32bbce8f20bc8fe909558a86702fde" "/opt/rustwide/cargo-home/bin/cargo" "+beta-2024-12-08" "test" "--frozen" "--no-run" "--message-format=json", kill_on_drop: false }`
[INFO] [stdout] a50088788876f77aa2aa9bae5b227f628a5a6908e0b36e6654184c9930830c42
[INFO] running `Command { std: "docker" "start" "-a" "a50088788876f77aa2aa9bae5b227f628a5a6908e0b36e6654184c9930830c42", kill_on_drop: false }`
[INFO] [stderr]    Compiling bollard-next-buildkit-proto v0.4.0 (/opt/rustwide/workdir)
[INFO] [stderr]     Finished `test` profile [unoptimized + debuginfo] target(s) in 2.68s
[INFO] running `Command { std: "docker" "inspect" "a50088788876f77aa2aa9bae5b227f628a5a6908e0b36e6654184c9930830c42", kill_on_drop: false }`
[INFO] running `Command { std: "docker" "rm" "-f" "a50088788876f77aa2aa9bae5b227f628a5a6908e0b36e6654184c9930830c42", kill_on_drop: false }`
[INFO] [stdout] a50088788876f77aa2aa9bae5b227f628a5a6908e0b36e6654184c9930830c42
[INFO] running `Command { std: "docker" "create" "-v" "/var/lib/crater-agent-workspace/builds/worker-1-tc2/target:/opt/rustwide/target:rw,Z" "-v" "/var/lib/crater-agent-workspace/builds/worker-1-tc2/source:/opt/rustwide/workdir:ro,Z" "-v" "/var/lib/crater-agent-workspace/cargo-home:/opt/rustwide/cargo-home:ro,Z" "-v" "/var/lib/crater-agent-workspace/rustup-home:/opt/rustwide/rustup-home:ro,Z" "-e" "SOURCE_DIR=/opt/rustwide/workdir" "-e" "CARGO_TARGET_DIR=/opt/rustwide/target" "-e" "CARGO_INCREMENTAL=0" "-e" "RUST_BACKTRACE=full" "-e" "RUSTFLAGS=--cap-lints=warn" "-e" "RUSTDOCFLAGS=--cap-lints=warn" "-e" "CARGO_HOME=/opt/rustwide/cargo-home" "-e" "RUSTUP_HOME=/opt/rustwide/rustup-home" "-w" "/opt/rustwide/workdir" "-m" "1610612736" "--user" "0:0" "--network" "none" "ghcr.io/rust-lang/crates-build-env/linux@sha256:f3a9d4ad9d972b27faf3965f35b62e55ba32bbce8f20bc8fe909558a86702fde" "/opt/rustwide/cargo-home/bin/cargo" "+beta-2024-12-08" "test" "--frozen", kill_on_drop: false }`
[INFO] [stdout] ccd7c10d0e4a7305de23a0237473a9e5b6814f64ae057a249f07e441761f8aa0
[INFO] running `Command { std: "docker" "start" "-a" "ccd7c10d0e4a7305de23a0237473a9e5b6814f64ae057a249f07e441761f8aa0", kill_on_drop: false }`
[INFO] [stderr]     Finished `test` profile [unoptimized + debuginfo] target(s) in 0.07s
[INFO] [stderr]      Running unittests src/lib.rs (/opt/rustwide/target/debug/deps/bollard_next_buildkit_proto-a6556d3f6c74d7ef)
[INFO] [stdout] 
[INFO] [stdout] running 0 tests
[INFO] [stdout] 
[INFO] [stdout] test result: ok. 0 passed; 0 failed; 0 ignored; 0 measured; 0 filtered out; finished in 0.00s
[INFO] [stdout] 
[INFO] [stderr]      Running unittests src/bin/fetch.rs (/opt/rustwide/target/debug/deps/fetch-0fa1f13f965a4416)
[INFO] [stdout] 
[INFO] [stdout] running 0 tests
[INFO] [stdout] 
[INFO] [stdout] test result: ok. 0 passed; 0 failed; 0 ignored; 0 measured; 0 filtered out; finished in 0.00s
[INFO] [stdout] 
[INFO] [stderr]    Doc-tests bollard_next_buildkit_proto
[INFO] [stdout] 
[INFO] [stdout] running 12 tests
[INFO] [stdout] test src/generated/google.protobuf.rs - google::protobuf::Timestamp (line 143) ... FAILED
[INFO] [stdout] test src/generated/google.protobuf.rs - google::protobuf::Any (line 42) ... FAILED
[INFO] [stdout] test src/generated/google.protobuf.rs - google::protobuf::Any (line 65) ... FAILED
[INFO] [stdout] test src/generated/google.protobuf.rs - google::protobuf::Any (line 9) ... FAILED
[INFO] [stdout] test src/generated/google.protobuf.rs - google::protobuf::Any (line 19) ... FAILED
[INFO] [stdout] test src/generated/google.protobuf.rs - google::protobuf::Any (line 82) ... FAILED
[INFO] [stdout] test src/generated/google.protobuf.rs - google::protobuf::Timestamp (line 158) ... FAILED
[INFO] [stdout] test src/generated/google.protobuf.rs - google::protobuf::Timestamp (line 170) ... FAILED
[INFO] [stdout] test src/generated/google.protobuf.rs - google::protobuf::Timestamp (line 177) ... FAILED
[INFO] [stdout] test src/generated/google.protobuf.rs - google::protobuf::Any (line 32) ... FAILED
[INFO] [stdout] test src/generated/google.protobuf.rs - google::protobuf::Timestamp (line 149) ... FAILED
[INFO] [stdout] test src/generated/google.protobuf.rs - google::protobuf::Timestamp (line 185) ... FAILED
[INFO] [stdout] 
[INFO] [stdout] failures:
[INFO] [stdout] 
[INFO] [stdout] ---- src/generated/google.protobuf.rs - google::protobuf::Timestamp (line 143) stdout ----
[INFO] [stdout] error: expected one of `!`, `.`, `::`, `;`, `?`, `{`, `}`, or an operator, found `timestamp`
[INFO] [stdout]  --> src/generated/google.protobuf.rs:144:11
[INFO] [stdout]   |
[INFO] [stdout] 3 | Timestamp timestamp;
[INFO] [stdout]   |           ^^^^^^^^^ expected one of 8 possible tokens
[INFO] [stdout] 
[INFO] [stdout] error: aborting due to 1 previous error
[INFO] [stdout] 
[INFO] [stdout] Couldn't compile the test.
[INFO] [stdout] ---- src/generated/google.protobuf.rs - google::protobuf::Any (line 42) stdout ----
[INFO] [stdout] error: expected one of `!`, `.`, `::`, `;`, `?`, `{`, `}`, or an operator, found `:`
[INFO] [stdout]  --> src/generated/google.protobuf.rs:43:5
[INFO] [stdout]   |
[INFO] [stdout] 3 | foo := &pb.Foo{...}
[INFO] [stdout]   |     ^ expected one of 8 possible tokens
[INFO] [stdout] 
[INFO] [stdout] error: aborting due to 1 previous error
[INFO] [stdout] 
[INFO] [stdout] Couldn't compile the test.
[INFO] [stdout] ---- src/generated/google.protobuf.rs - google::protobuf::Any (line 65) stdout ----
[INFO] [stdout] error: expected one of `!`, `.`, `::`, `;`, `?`, `{`, `}`, or an operator, found `google`
[INFO] [stdout]  --> src/generated/google.protobuf.rs:66:9
[INFO] [stdout]   |
[INFO] [stdout] 3 | package google.profile;
[INFO] [stdout]   |         ^^^^^^ expected one of 8 possible tokens
[INFO] [stdout] 
[INFO] [stdout] error: aborting due to 1 previous error
[INFO] [stdout] 
[INFO] [stdout] Couldn't compile the test.
[INFO] [stdout] ---- src/generated/google.protobuf.rs - google::protobuf::Any (line 9) stdout ----
[INFO] [stdout] error: expected one of `!`, `.`, `::`, `;`, `?`, `{`, `}`, or an operator, found `foo`
[INFO] [stdout]  --> src/generated/google.protobuf.rs:10:5
[INFO] [stdout]   |
[INFO] [stdout] 3 | Foo foo = ...;
[INFO] [stdout]   |     ^^^ expected one of 8 possible tokens
[INFO] [stdout] 
[INFO] [stdout] error: aborting due to 1 previous error
[INFO] [stdout] 
[INFO] [stdout] Couldn't compile the test.
[INFO] [stdout] ---- src/generated/google.protobuf.rs - google::protobuf::Any (line 19) stdout ----
[INFO] [stdout] error: expected one of `!`, `.`, `::`, `;`, `?`, `{`, `}`, or an operator, found `foo`
[INFO] [stdout]  --> src/generated/google.protobuf.rs:20:5
[INFO] [stdout]   |
[INFO] [stdout] 3 | Foo foo = ...;
[INFO] [stdout]   |     ^^^ expected one of 8 possible tokens
[INFO] [stdout] 
[INFO] [stdout] error: aborting due to 1 previous error
[INFO] [stdout] 
[INFO] [stdout] Couldn't compile the test.
[INFO] [stdout] ---- src/generated/google.protobuf.rs - google::protobuf::Any (line 82) stdout ----
[INFO] [stdout] error: expected one of `.`, `;`, `?`, `}`, or an operator, found `:`
[INFO] [stdout]  --> src/generated/google.protobuf.rs:84:11
[INFO] [stdout]   |
[INFO] [stdout] 4 |    "@type": "type.googleapis.com/google.protobuf.Duration",
[INFO] [stdout]   |           ^ expected one of `.`, `;`, `?`, `}`, or an operator
[INFO] [stdout] 
[INFO] [stdout] error: aborting due to 1 previous error
[INFO] [stdout] 
[INFO] [stdout] Couldn't compile the test.
[INFO] [stdout] ---- src/generated/google.protobuf.rs - google::protobuf::Timestamp (line 158) stdout ----
[INFO] [stdout] error: expected one of `!`, `.`, `::`, `;`, `?`, `{`, `}`, or an operator, found `ft`
[INFO] [stdout]  --> src/generated/google.protobuf.rs:159:10
[INFO] [stdout]   |
[INFO] [stdout] 3 | FILETIME ft;
[INFO] [stdout]   |          ^^ expected one of 8 possible tokens
[INFO] [stdout] 
[INFO] [stdout] error: aborting due to 1 previous error
[INFO] [stdout] 
[INFO] [stdout] Couldn't compile the test.
[INFO] [stdout] ---- src/generated/google.protobuf.rs - google::protobuf::Timestamp (line 170) stdout ----
[INFO] [stdout] error: expected one of `!`, `.`, `::`, `;`, `?`, `{`, `}`, or an operator, found `millis`
[INFO] [stdout]  --> src/generated/google.protobuf.rs:171:6
[INFO] [stdout]   |
[INFO] [stdout] 3 | long millis = System.currentTimeMillis();
[INFO] [stdout]   |      ^^^^^^ expected one of 8 possible tokens
[INFO] [stdout] 
[INFO] [stdout] error: aborting due to 1 previous error
[INFO] [stdout] 
[INFO] [stdout] Couldn't compile the test.
[INFO] [stdout] ---- src/generated/google.protobuf.rs - google::protobuf::Timestamp (line 177) stdout ----
[INFO] [stdout] error: expected one of `!`, `.`, `::`, `;`, `?`, `{`, `}`, or an operator, found `now`
[INFO] [stdout]  --> src/generated/google.protobuf.rs:178:9
[INFO] [stdout]   |
[INFO] [stdout] 3 | Instant now = Instant.now();
[INFO] [stdout]   |         ^^^ expected one of 8 possible tokens
[INFO] [stdout] 
[INFO] [stdout] error: aborting due to 1 previous error
[INFO] [stdout] 
[INFO] [stdout] Couldn't compile the test.
[INFO] [stdout] ---- src/generated/google.protobuf.rs - google::protobuf::Any (line 32) stdout ----
[INFO] [stdout] error: unexpected token: `...`
[INFO] [stdout]  --> src/generated/google.protobuf.rs:33:11
[INFO] [stdout]   |
[INFO] [stdout] 3 | foo = Foo(...)
[INFO] [stdout]   |           ^^^
[INFO] [stdout]   |
[INFO] [stdout] help: use `..` for an exclusive range
[INFO] [stdout]   |
[INFO] [stdout] 3 | foo = Foo(..)
[INFO] [stdout]   |           ~~
[INFO] [stdout] help: or `..=` for an inclusive range
[INFO] [stdout]   |
[INFO] [stdout] 3 | foo = Foo(..=)
[INFO] [stdout]   |           ~~~
[INFO] [stdout] 
[INFO] [stdout] error[E0586]: inclusive range with no end
[INFO] [stdout]  --> src/generated/google.protobuf.rs:33:11
[INFO] [stdout]   |
[INFO] [stdout] 3 | foo = Foo(...)
[INFO] [stdout]   |           ^^^
[INFO] [stdout]   |
[INFO] [stdout]   = note: inclusive ranges must be bounded at the end (`..=b` or `a..=b`)
[INFO] [stdout] help: use `..` instead
[INFO] [stdout]   |
[INFO] [stdout] 3 - foo = Foo(...)
[INFO] [stdout] 3 + foo = Foo(..)
[INFO] [stdout]   |
[INFO] [stdout] 
[INFO] [stdout] error: expected `;`, found `any`
[INFO] [stdout]  --> src/generated/google.protobuf.rs:33:15
[INFO] [stdout]   |
[INFO] [stdout] 3 | foo = Foo(...)
[INFO] [stdout]   |               ^ help: add `;` here
[INFO] [stdout] 4 |  any = Any()
[INFO] [stdout]   |  --- unexpected token
[INFO] [stdout] 
[INFO] [stdout] error: expected `;`, found `any`
[INFO] [stdout]  --> src/generated/google.protobuf.rs:34:13
[INFO] [stdout]   |
[INFO] [stdout] 4 |  any = Any()
[INFO] [stdout]   |             ^ help: add `;` here
[INFO] [stdout] 5 |  any.Pack(foo)
[INFO] [stdout]   |  --- unexpected token
[INFO] [stdout] 
[INFO] [stdout] error: unexpected token: `...`
[INFO] [stdout]  --> src/generated/google.protobuf.rs:36:2
[INFO] [stdout]   |
[INFO] [stdout] 6 |  ...
[INFO] [stdout]   |  ^^^
[INFO] [stdout]   |
[INFO] [stdout] help: use `..` for an exclusive range
[INFO] [stdout]   |
[INFO] [stdout] 6 |  ..
[INFO] [stdout]   |
[INFO] [stdout] help: or `..=` for an inclusive range
[INFO] [stdout]   |
[INFO] [stdout] 6 |  ..=
[INFO] [stdout]   |
[INFO] [stdout] 
[INFO] [stdout] error: expected `{`, found `:`
[INFO] [stdout]  --> src/generated/google.protobuf.rs:37:27
[INFO] [stdout]   |
[INFO] [stdout] 7 |  if any.Is(Foo.DESCRIPTOR):
[INFO] [stdout]   |                           ^ expected `{`
[INFO] [stdout]   |
[INFO] [stdout] note: the `if` expression is missing a block after this condition
[INFO] [stdout]  --> src/generated/google.protobuf.rs:37:5
[INFO] [stdout]   |
[INFO] [stdout] 7 |  if any.Is(Foo.DESCRIPTOR):
[INFO] [stdout]   |     ^^^^^^^^^^^^^^^^^^^^^^
[INFO] [stdout] 
[INFO] [stdout] error: aborting due to 6 previous errors
[INFO] [stdout] 
[INFO] [stdout] For more information about this error, try `rustc --explain E0586`.
[INFO] [stdout] Couldn't compile the test.
[INFO] [stdout] ---- src/generated/google.protobuf.rs - google::protobuf::Timestamp (line 149) stdout ----
[INFO] [stdout] error: expected `where`, `{`, `(`, or `;` after struct name, found `tv`
[INFO] [stdout]  --> src/generated/google.protobuf.rs:150:16
[INFO] [stdout]   |
[INFO] [stdout] 3 | struct timeval tv;
[INFO] [stdout]   |                ^^ expected `where`, `{`, `(`, or `;` after struct name
[INFO] [stdout] 
[INFO] [stdout] error: aborting due to 1 previous error
[INFO] [stdout] 
[INFO] [stdout] Couldn't compile the test.
[INFO] [stdout] ---- src/generated/google.protobuf.rs - google::protobuf::Timestamp (line 185) stdout ----
[INFO] [stdout] error: expected `;`, found `timestamp`
[INFO] [stdout]  --> src/generated/google.protobuf.rs:186:24
[INFO] [stdout]   |
[INFO] [stdout] 3 | timestamp = Timestamp()
[INFO] [stdout]   |                        ^ help: add `;` here
[INFO] [stdout] 4 |  timestamp.GetCurrentTime()
[INFO] [stdout]   |  --------- unexpected token
[INFO] [stdout] 
[INFO] [stdout] error[E0425]: cannot find value `timestamp` in this scope
[INFO] [stdout]  --> src/generated/google.protobuf.rs:187:2
[INFO] [stdout]   |
[INFO] [stdout] 4 |  timestamp.GetCurrentTime()
[INFO] [stdout]   |  ^^^^^^^^^ not found in this scope
[INFO] [stdout] 
[INFO] [stdout] error: aborting due to 2 previous errors
[INFO] [stdout] 
[INFO] [stdout] For more information about this error, try `rustc --explain E0425`.
[INFO] [stdout] Couldn't compile the test.
[INFO] [stdout] 
[INFO] [stdout] failures:
[INFO] [stdout]     src/generated/google.protobuf.rs - google::protobuf::Any (line 19)
[INFO] [stdout]     src/generated/google.protobuf.rs - google::protobuf::Any (line 32)
[INFO] [stdout]     src/generated/google.protobuf.rs - google::protobuf::Any (line 42)
[INFO] [stdout]     src/generated/google.protobuf.rs - google::protobuf::Any (line 65)
[INFO] [stdout]     src/generated/google.protobuf.rs - google::protobuf::Any (line 82)
[INFO] [stdout]     src/generated/google.protobuf.rs - google::protobuf::Any (line 9)
[INFO] [stdout]     src/generated/google.protobuf.rs - google::protobuf::Timestamp (line 143)
[INFO] [stdout]     src/generated/google.protobuf.rs - google::protobuf::Timestamp (line 149)
[INFO] [stdout]     src/generated/google.protobuf.rs - google::protobuf::Timestamp (line 158)
[INFO] [stdout]     src/generated/google.protobuf.rs - google::protobuf::Timestamp (line 170)
[INFO] [stdout]     src/generated/google.protobuf.rs - google::protobuf::Timestamp (line 177)
[INFO] [stdout]     src/generated/google.protobuf.rs - google::protobuf::Timestamp (line 185)
[INFO] [stdout] 
[INFO] [stdout] test result: FAILED. 0 passed; 12 failed; 0 ignored; 0 measured; 0 filtered out; finished in 0.07s
[INFO] [stdout] 
[INFO] [stderr] error: doctest failed, to rerun pass `--doc`
[INFO] running `Command { std: "docker" "inspect" "ccd7c10d0e4a7305de23a0237473a9e5b6814f64ae057a249f07e441761f8aa0", kill_on_drop: false }`
[INFO] running `Command { std: "docker" "rm" "-f" "ccd7c10d0e4a7305de23a0237473a9e5b6814f64ae057a249f07e441761f8aa0", kill_on_drop: false }`
[INFO] [stdout] ccd7c10d0e4a7305de23a0237473a9e5b6814f64ae057a249f07e441761f8aa0
