[INFO] fetching crate bollard-buildkit-proto 0.5.0...
[INFO] testing bollard-buildkit-proto-0.5.0 against beta-2024-12-08 for beta-1.84.0-4-retry
[INFO] extracting crate bollard-buildkit-proto 0.5.0 into /workspace/builds/worker-3-tc2/source
[INFO] validating manifest of crates.io crate bollard-buildkit-proto 0.5.0 on toolchain beta-2024-12-08
[INFO] running `Command { std: CARGO_HOME="/workspace/cargo-home" RUSTUP_HOME="/workspace/rustup-home" "/workspace/cargo-home/bin/cargo" "+beta-2024-12-08" "metadata" "--manifest-path" "Cargo.toml" "--no-deps", kill_on_drop: false }`
[INFO] started tweaking crates.io crate bollard-buildkit-proto 0.5.0
[INFO] finished tweaking crates.io crate bollard-buildkit-proto 0.5.0
[INFO] tweaked toml for crates.io crate bollard-buildkit-proto 0.5.0 written to /workspace/builds/worker-3-tc2/source/Cargo.toml
[INFO] crate crates.io crate bollard-buildkit-proto 0.5.0 already has a lockfile, it will not be regenerated
[INFO] running `Command { std: CARGO_HOME="/workspace/cargo-home" RUSTUP_HOME="/workspace/rustup-home" "/workspace/cargo-home/bin/cargo" "+beta-2024-12-08" "fetch" "--manifest-path" "Cargo.toml", kill_on_drop: false }`
[INFO] running `Command { std: "docker" "create" "-v" "/var/lib/crater-agent-workspace/builds/worker-3-tc2/target:/opt/rustwide/target:rw,Z" "-v" "/var/lib/crater-agent-workspace/builds/worker-3-tc2/source:/opt/rustwide/workdir:ro,Z" "-v" "/var/lib/crater-agent-workspace/cargo-home:/opt/rustwide/cargo-home:ro,Z" "-v" "/var/lib/crater-agent-workspace/rustup-home:/opt/rustwide/rustup-home:ro,Z" "-e" "SOURCE_DIR=/opt/rustwide/workdir" "-e" "CARGO_TARGET_DIR=/opt/rustwide/target" "-e" "CARGO_HOME=/opt/rustwide/cargo-home" "-e" "RUSTUP_HOME=/opt/rustwide/rustup-home" "-w" "/opt/rustwide/workdir" "-m" "1610612736" "--user" "0:0" "--network" "none" "ghcr.io/rust-lang/crates-build-env/linux@sha256:f3a9d4ad9d972b27faf3965f35b62e55ba32bbce8f20bc8fe909558a86702fde" "/opt/rustwide/cargo-home/bin/cargo" "+beta-2024-12-08" "metadata" "--no-deps" "--format-version=1", kill_on_drop: false }`
[INFO] [stdout] d8168781b2c6d56d45153e8fdd9ea80e971f18be7c380f16149e8bc6f038d9b9
[INFO] running `Command { std: "docker" "start" "-a" "d8168781b2c6d56d45153e8fdd9ea80e971f18be7c380f16149e8bc6f038d9b9", kill_on_drop: false }`
[INFO] running `Command { std: "docker" "inspect" "d8168781b2c6d56d45153e8fdd9ea80e971f18be7c380f16149e8bc6f038d9b9", kill_on_drop: false }`
[INFO] running `Command { std: "docker" "rm" "-f" "d8168781b2c6d56d45153e8fdd9ea80e971f18be7c380f16149e8bc6f038d9b9", kill_on_drop: false }`
[INFO] [stdout] d8168781b2c6d56d45153e8fdd9ea80e971f18be7c380f16149e8bc6f038d9b9
[INFO] running `Command { std: "docker" "create" "-v" "/var/lib/crater-agent-workspace/builds/worker-3-tc2/target:/opt/rustwide/target:rw,Z" "-v" "/var/lib/crater-agent-workspace/builds/worker-3-tc2/source:/opt/rustwide/workdir:ro,Z" "-v" "/var/lib/crater-agent-workspace/cargo-home:/opt/rustwide/cargo-home:ro,Z" "-v" "/var/lib/crater-agent-workspace/rustup-home:/opt/rustwide/rustup-home:ro,Z" "-e" "SOURCE_DIR=/opt/rustwide/workdir" "-e" "CARGO_TARGET_DIR=/opt/rustwide/target" "-e" "CARGO_INCREMENTAL=0" "-e" "RUST_BACKTRACE=full" "-e" "RUSTFLAGS=--cap-lints=warn" "-e" "RUSTDOCFLAGS=--cap-lints=warn" "-e" "CARGO_HOME=/opt/rustwide/cargo-home" "-e" "RUSTUP_HOME=/opt/rustwide/rustup-home" "-w" "/opt/rustwide/workdir" "-m" "1610612736" "--user" "0:0" "--network" "none" "ghcr.io/rust-lang/crates-build-env/linux@sha256:f3a9d4ad9d972b27faf3965f35b62e55ba32bbce8f20bc8fe909558a86702fde" "/opt/rustwide/cargo-home/bin/cargo" "+beta-2024-12-08" "build" "--frozen" "--message-format=json", kill_on_drop: false }`
[INFO] [stdout] 2850eb1d968189fe8e66d945aa607edf9bf48ba193f415d79f22affa4ea507a7
[INFO] running `Command { std: "docker" "start" "-a" "2850eb1d968189fe8e66d945aa607edf9bf48ba193f415d79f22affa4ea507a7", kill_on_drop: false }`
[INFO] [stderr]    Compiling proc-macro2 v1.0.86
[INFO] [stderr]    Compiling unicode-ident v1.0.12
[INFO] [stderr]    Compiling libc v0.2.155
[INFO] [stderr]    Compiling bytes v1.6.1
[INFO] [stderr]    Compiling pin-project-lite v0.2.14
[INFO] [stderr]    Compiling futures-core v0.3.30
[INFO] [stderr]    Compiling cfg-if v1.0.0
[INFO] [stderr]    Compiling autocfg v1.3.0
[INFO] [stderr]    Compiling once_cell v1.19.0
[INFO] [stderr]    Compiling fnv v1.0.7
[INFO] [stderr]    Compiling itoa v1.0.11
[INFO] [stderr]    Compiling rustversion v1.0.17
[INFO] [stderr]    Compiling pin-utils v0.1.0
[INFO] [stderr]    Compiling futures-task v0.3.30
[INFO] [stderr]    Compiling futures-sink v0.3.30
[INFO] [stderr]    Compiling futures-util v0.3.30
[INFO] [stderr]    Compiling tracing-core v0.1.32
[INFO] [stderr]    Compiling cc v1.1.6
[INFO] [stderr]    Compiling slab v0.4.9
[INFO] [stderr]    Compiling http v1.1.0
[INFO] [stderr]    Compiling indexmap v1.9.3
[INFO] [stderr]    Compiling quote v1.0.36
[INFO] [stderr]    Compiling getrandom v0.2.15
[INFO] [stderr]    Compiling socket2 v0.5.7
[INFO] [stderr]    Compiling syn v2.0.87
[INFO] [stderr]    Compiling mio v0.8.11
[INFO] [stderr]    Compiling http-body v1.0.1
[INFO] [stderr]    Compiling rand_core v0.6.4
[INFO] [stderr]    Compiling ppv-lite86 v0.2.17
[INFO] [stderr]    Compiling equivalent v1.0.1
[INFO] [stderr]    Compiling hashbrown v0.12.3
[INFO] [stderr]    Compiling anyhow v1.0.86
[INFO] [stderr]    Compiling hashbrown v0.14.5
[INFO] [stderr]    Compiling rand_chacha v0.3.1
[INFO] [stderr]    Compiling ring v0.17.8
[INFO] [stderr]    Compiling tower-layer v0.3.2
[INFO] [stderr]    Compiling httparse v1.9.4
[INFO] [stderr]    Compiling tower-service v0.3.2
[INFO] [stderr]    Compiling rand v0.8.5
[INFO] [stderr]    Compiling percent-encoding v2.3.1
[INFO] [stderr]    Compiling tinyvec_macros v0.1.1
[INFO] [stderr]    Compiling either v1.13.0
[INFO] [stderr]    Compiling indexmap v2.2.6
[INFO] [stderr]    Compiling atomic-waker v1.1.2
[INFO] [stderr]    Compiling try-lock v0.2.5
[INFO] [stderr]    Compiling want v0.3.1
[INFO] [stderr]    Compiling itertools v0.13.0
[INFO] [stderr]    Compiling tinyvec v1.8.0
[INFO] [stderr]    Compiling axum-core v0.4.3
[INFO] [stderr]    Compiling futures-channel v0.3.30
[INFO] [stderr]    Compiling httpdate v1.0.3
[INFO] [stderr]    Compiling rustls-pki-types v1.7.0
[INFO] [stderr]    Compiling spin v0.9.8
[INFO] [stderr]    Compiling smallvec v1.13.2
[INFO] [stderr]    Compiling untrusted v0.9.0
[INFO] [stderr]    Compiling serde v1.0.204
[INFO] [stderr]    Compiling unicode-normalization v0.1.23
[INFO] [stderr]    Compiling http-body-util v0.1.2
[INFO] [stderr]    Compiling axum v0.7.5
[INFO] [stderr]    Compiling sync_wrapper v0.1.2
[INFO] [stderr]    Compiling rustls v0.23.11
[INFO] [stderr]    Compiling mime v0.3.17
[INFO] [stderr]    Compiling unicode-bidi v0.3.15
[INFO] [stderr]    Compiling form_urlencoded v1.2.1
[INFO] [stderr]    Compiling base64 v0.22.1
[INFO] [stderr]    Compiling idna v0.5.0
[INFO] [stderr]    Compiling memchr v2.7.4
[INFO] [stderr]    Compiling matchit v0.7.3
[INFO] [stderr]    Compiling log v0.4.22
[INFO] [stderr]    Compiling subtle v2.6.1
[INFO] [stderr]    Compiling zeroize v1.8.1
[INFO] [stderr]    Compiling sync_wrapper v1.0.1
[INFO] [stderr]    Compiling url v2.5.2
[INFO] [stderr]    Compiling webpki-roots v0.26.3
[INFO] [stderr]    Compiling bollard-buildkit-proto v0.5.0 (/opt/rustwide/workdir)
[INFO] [stderr]    Compiling rustls-webpki v0.102.5
[INFO] [stderr]    Compiling tokio-macros v2.3.0
[INFO] [stderr]    Compiling tracing-attributes v0.1.27
[INFO] [stderr]    Compiling pin-project-internal v1.1.5
[INFO] [stderr]    Compiling async-trait v0.1.81
[INFO] [stderr]    Compiling prost-derive v0.13.1
[INFO] [stderr]    Compiling async-stream-impl v0.3.5
[INFO] [stderr]    Compiling async-stream v0.3.5
[INFO] [stderr]    Compiling tokio v1.38.1
[INFO] [stderr]    Compiling pin-project v1.1.5
[INFO] [stderr]    Compiling tracing v0.1.40
[INFO] [stderr]    Compiling prost v0.13.1
[INFO] [stderr]    Compiling prost-types v0.13.1
[INFO] [stderr]    Compiling ureq v2.10.0
[INFO] [stderr]    Compiling tokio-util v0.7.11
[INFO] [stderr]    Compiling tokio-stream v0.1.15
[INFO] [stderr]    Compiling h2 v0.4.5
[INFO] [stderr]    Compiling tower v0.4.13
[INFO] [stderr]    Compiling hyper v1.4.1
[INFO] [stderr]    Compiling hyper-util v0.1.6
[INFO] [stderr]    Compiling hyper-timeout v0.5.1
[INFO] [stderr]    Compiling tonic v0.12.1
[INFO] [stderr]     Finished `dev` profile [unoptimized + debuginfo] target(s) in 1m 38s
[INFO] running `Command { std: "docker" "inspect" "2850eb1d968189fe8e66d945aa607edf9bf48ba193f415d79f22affa4ea507a7", kill_on_drop: false }`
[INFO] running `Command { std: "docker" "rm" "-f" "2850eb1d968189fe8e66d945aa607edf9bf48ba193f415d79f22affa4ea507a7", kill_on_drop: false }`
[INFO] [stdout] 2850eb1d968189fe8e66d945aa607edf9bf48ba193f415d79f22affa4ea507a7
[INFO] running `Command { std: "docker" "create" "-v" "/var/lib/crater-agent-workspace/builds/worker-3-tc2/target:/opt/rustwide/target:rw,Z" "-v" "/var/lib/crater-agent-workspace/builds/worker-3-tc2/source:/opt/rustwide/workdir:ro,Z" "-v" "/var/lib/crater-agent-workspace/cargo-home:/opt/rustwide/cargo-home:ro,Z" "-v" "/var/lib/crater-agent-workspace/rustup-home:/opt/rustwide/rustup-home:ro,Z" "-e" "SOURCE_DIR=/opt/rustwide/workdir" "-e" "CARGO_TARGET_DIR=/opt/rustwide/target" "-e" "CARGO_INCREMENTAL=0" "-e" "RUST_BACKTRACE=full" "-e" "RUSTFLAGS=--cap-lints=warn" "-e" "RUSTDOCFLAGS=--cap-lints=warn" "-e" "CARGO_HOME=/opt/rustwide/cargo-home" "-e" "RUSTUP_HOME=/opt/rustwide/rustup-home" "-w" "/opt/rustwide/workdir" "-m" "1610612736" "--user" "0:0" "--network" "none" "ghcr.io/rust-lang/crates-build-env/linux@sha256:f3a9d4ad9d972b27faf3965f35b62e55ba32bbce8f20bc8fe909558a86702fde" "/opt/rustwide/cargo-home/bin/cargo" "+beta-2024-12-08" "test" "--frozen" "--no-run" "--message-format=json", kill_on_drop: false }`
[INFO] [stdout] f155d31f17dcd6e79f7728e6fcc039b10abd4433fdc0906fe2b6e67858f9343f
[INFO] running `Command { std: "docker" "start" "-a" "f155d31f17dcd6e79f7728e6fcc039b10abd4433fdc0906fe2b6e67858f9343f", kill_on_drop: false }`
[INFO] [stderr]    Compiling bollard-buildkit-proto v0.5.0 (/opt/rustwide/workdir)
[INFO] [stderr]     Finished `test` profile [unoptimized + debuginfo] target(s) in 4.14s
[INFO] running `Command { std: "docker" "inspect" "f155d31f17dcd6e79f7728e6fcc039b10abd4433fdc0906fe2b6e67858f9343f", kill_on_drop: false }`
[INFO] running `Command { std: "docker" "rm" "-f" "f155d31f17dcd6e79f7728e6fcc039b10abd4433fdc0906fe2b6e67858f9343f", kill_on_drop: false }`
[INFO] [stdout] f155d31f17dcd6e79f7728e6fcc039b10abd4433fdc0906fe2b6e67858f9343f
[INFO] running `Command { std: "docker" "create" "-v" "/var/lib/crater-agent-workspace/builds/worker-3-tc2/target:/opt/rustwide/target:rw,Z" "-v" "/var/lib/crater-agent-workspace/builds/worker-3-tc2/source:/opt/rustwide/workdir:ro,Z" "-v" "/var/lib/crater-agent-workspace/cargo-home:/opt/rustwide/cargo-home:ro,Z" "-v" "/var/lib/crater-agent-workspace/rustup-home:/opt/rustwide/rustup-home:ro,Z" "-e" "SOURCE_DIR=/opt/rustwide/workdir" "-e" "CARGO_TARGET_DIR=/opt/rustwide/target" "-e" "CARGO_INCREMENTAL=0" "-e" "RUST_BACKTRACE=full" "-e" "RUSTFLAGS=--cap-lints=warn" "-e" "RUSTDOCFLAGS=--cap-lints=warn" "-e" "CARGO_HOME=/opt/rustwide/cargo-home" "-e" "RUSTUP_HOME=/opt/rustwide/rustup-home" "-w" "/opt/rustwide/workdir" "-m" "1610612736" "--user" "0:0" "--network" "none" "ghcr.io/rust-lang/crates-build-env/linux@sha256:f3a9d4ad9d972b27faf3965f35b62e55ba32bbce8f20bc8fe909558a86702fde" "/opt/rustwide/cargo-home/bin/cargo" "+beta-2024-12-08" "test" "--frozen", kill_on_drop: false }`
[INFO] [stdout] af8bdcf79d15aa6d407d4f6945ccefa97e32d7a6ff51a74d18cb28f78de7b5a9
[INFO] running `Command { std: "docker" "start" "-a" "af8bdcf79d15aa6d407d4f6945ccefa97e32d7a6ff51a74d18cb28f78de7b5a9", kill_on_drop: false }`
[INFO] [stderr]     Finished `test` profile [unoptimized + debuginfo] target(s) in 0.14s
[INFO] [stderr]      Running unittests src/lib.rs (/opt/rustwide/target/debug/deps/bollard_buildkit_proto-c0a6ec4e7695ded1)
[INFO] [stdout] 
[INFO] [stderr]      Running unittests src/bin/fetch.rs (/opt/rustwide/target/debug/deps/fetch-35b2e7fdf9980253)
[INFO] [stdout] running 0 tests
[INFO] [stdout] 
[INFO] [stdout] test result: ok. 0 passed; 0 failed; 0 ignored; 0 measured; 0 filtered out; finished in 0.00s
[INFO] [stdout] 
[INFO] [stdout] 
[INFO] [stdout] running 0 tests
[INFO] [stdout] 
[INFO] [stdout] test result: ok. 0 passed; 0 failed; 0 ignored; 0 measured; 0 filtered out; finished in 0.00s
[INFO] [stdout] 
[INFO] [stderr]    Doc-tests bollard_buildkit_proto
[INFO] [stdout] 
[INFO] [stdout] running 12 tests
[INFO] [stdout] test src/generated/google.protobuf.rs - google::protobuf::Any (line 1990) ... FAILED
[INFO] [stdout] test src/generated/google.protobuf.rs - google::protobuf::Any (line 1927) ... FAILED
[INFO] [stdout] test src/generated/google.protobuf.rs - google::protobuf::Any (line 1973) ... FAILED
[INFO] [stdout] test src/generated/google.protobuf.rs - google::protobuf::Timestamp (line 2051) ... FAILED
[INFO] [stdout] test src/generated/google.protobuf.rs - google::protobuf::Any (line 1917) ... FAILED
[INFO] [stdout] test src/generated/google.protobuf.rs - google::protobuf::Any (line 1950) ... FAILED
[INFO] [stdout] test src/generated/google.protobuf.rs - google::protobuf::Timestamp (line 2057) ... FAILED
[INFO] [stdout] test src/generated/google.protobuf.rs - google::protobuf::Any (line 1940) ... FAILED
[INFO] [stdout] test src/generated/google.protobuf.rs - google::protobuf::Timestamp (line 2085) ... FAILED
[INFO] [stdout] test src/generated/google.protobuf.rs - google::protobuf::Timestamp (line 2078) ... FAILED
[INFO] [stdout] test src/generated/google.protobuf.rs - google::protobuf::Timestamp (line 2066) ... FAILED
[INFO] [stdout] test src/generated/google.protobuf.rs - google::protobuf::Timestamp (line 2093) ... FAILED
[INFO] [stdout] 
[INFO] [stdout] failures:
[INFO] [stdout] 
[INFO] [stdout] ---- src/generated/google.protobuf.rs - google::protobuf::Any (line 1990) stdout ----
[INFO] [stdout] error: expected one of `.`, `;`, `?`, `}`, or an operator, found `:`
[INFO] [stdout]  --> src/generated/google.protobuf.rs:1992:11
[INFO] [stdout]   |
[INFO] [stdout] 4 |    "@type": "type.googleapis.com/google.protobuf.Duration",
[INFO] [stdout]   |           ^ expected one of `.`, `;`, `?`, `}`, or an operator
[INFO] [stdout] 
[INFO] [stdout] error: aborting due to 1 previous error
[INFO] [stdout] 
[INFO] [stdout] Couldn't compile the test.
[INFO] [stdout] ---- src/generated/google.protobuf.rs - google::protobuf::Any (line 1927) stdout ----
[INFO] [stdout] error: expected one of `!`, `.`, `::`, `;`, `?`, `{`, `}`, or an operator, found `foo`
[INFO] [stdout]  --> src/generated/google.protobuf.rs:1928:5
[INFO] [stdout]   |
[INFO] [stdout] 3 | Foo foo = ...;
[INFO] [stdout]   |     ^^^ expected one of 8 possible tokens
[INFO] [stdout] 
[INFO] [stdout] error: aborting due to 1 previous error
[INFO] [stdout] 
[INFO] [stdout] Couldn't compile the test.
[INFO] [stdout] ---- src/generated/google.protobuf.rs - google::protobuf::Any (line 1973) stdout ----
[INFO] [stdout] error: expected one of `!`, `.`, `::`, `;`, `?`, `{`, `}`, or an operator, found `google`
[INFO] [stdout]  --> src/generated/google.protobuf.rs:1974:9
[INFO] [stdout]   |
[INFO] [stdout] 3 | package google.profile;
[INFO] [stdout]   |         ^^^^^^ expected one of 8 possible tokens
[INFO] [stdout] 
[INFO] [stdout] error: aborting due to 1 previous error
[INFO] [stdout] 
[INFO] [stdout] Couldn't compile the test.
[INFO] [stdout] ---- src/generated/google.protobuf.rs - google::protobuf::Timestamp (line 2051) stdout ----
[INFO] [stdout] error: expected one of `!`, `.`, `::`, `;`, `?`, `{`, `}`, or an operator, found `timestamp`
[INFO] [stdout]  --> src/generated/google.protobuf.rs:2052:11
[INFO] [stdout]   |
[INFO] [stdout] 3 | Timestamp timestamp;
[INFO] [stdout]   |           ^^^^^^^^^ expected one of 8 possible tokens
[INFO] [stdout] 
[INFO] [stdout] error: aborting due to 1 previous error
[INFO] [stdout] 
[INFO] [stdout] Couldn't compile the test.
[INFO] [stdout] ---- src/generated/google.protobuf.rs - google::protobuf::Any (line 1917) stdout ----
[INFO] [stdout] error: expected one of `!`, `.`, `::`, `;`, `?`, `{`, `}`, or an operator, found `foo`
[INFO] [stdout]  --> src/generated/google.protobuf.rs:1918:5
[INFO] [stdout]   |
[INFO] [stdout] 3 | Foo foo = ...;
[INFO] [stdout]   |     ^^^ expected one of 8 possible tokens
[INFO] [stdout] 
[INFO] [stdout] error: aborting due to 1 previous error
[INFO] [stdout] 
[INFO] [stdout] Couldn't compile the test.
[INFO] [stdout] ---- src/generated/google.protobuf.rs - google::protobuf::Any (line 1950) stdout ----
[INFO] [stdout] error: expected one of `!`, `.`, `::`, `;`, `?`, `{`, `}`, or an operator, found `:`
[INFO] [stdout]  --> src/generated/google.protobuf.rs:1951:5
[INFO] [stdout]   |
[INFO] [stdout] 3 | foo := &pb.Foo{...}
[INFO] [stdout]   |     ^ expected one of 8 possible tokens
[INFO] [stdout] 
[INFO] [stdout] error: aborting due to 1 previous error
[INFO] [stdout] 
[INFO] [stdout] Couldn't compile the test.
[INFO] [stdout] ---- src/generated/google.protobuf.rs - google::protobuf::Timestamp (line 2057) stdout ----
[INFO] [stdout] error: expected `where`, `{`, `(`, or `;` after struct name, found `tv`
[INFO] [stdout]  --> src/generated/google.protobuf.rs:2058:16
[INFO] [stdout]   |
[INFO] [stdout] 3 | struct timeval tv;
[INFO] [stdout]   |                ^^ expected `where`, `{`, `(`, or `;` after struct name
[INFO] [stdout] 
[INFO] [stdout] error: aborting due to 1 previous error
[INFO] [stdout] 
[INFO] [stdout] Couldn't compile the test.
[INFO] [stdout] ---- src/generated/google.protobuf.rs - google::protobuf::Any (line 1940) stdout ----
[INFO] [stdout] error: unexpected token: `...`
[INFO] [stdout]  --> src/generated/google.protobuf.rs:1941:11
[INFO] [stdout]   |
[INFO] [stdout] 3 | foo = Foo(...)
[INFO] [stdout]   |           ^^^
[INFO] [stdout]   |
[INFO] [stdout] help: use `..` for an exclusive range
[INFO] [stdout]   |
[INFO] [stdout] 3 | foo = Foo(..)
[INFO] [stdout]   |           ~~
[INFO] [stdout] help: or `..=` for an inclusive range
[INFO] [stdout]   |
[INFO] [stdout] 3 | foo = Foo(..=)
[INFO] [stdout]   |           ~~~
[INFO] [stdout] 
[INFO] [stdout] error[E0586]: inclusive range with no end
[INFO] [stdout]  --> src/generated/google.protobuf.rs:1941:11
[INFO] [stdout]   |
[INFO] [stdout] 3 | foo = Foo(...)
[INFO] [stdout]   |           ^^^
[INFO] [stdout]   |
[INFO] [stdout]   = note: inclusive ranges must be bounded at the end (`..=b` or `a..=b`)
[INFO] [stdout] help: use `..` instead
[INFO] [stdout]   |
[INFO] [stdout] 3 - foo = Foo(...)
[INFO] [stdout] 3 + foo = Foo(..)
[INFO] [stdout]   |
[INFO] [stdout] 
[INFO] [stdout] error: expected `;`, found `any`
[INFO] [stdout]  --> src/generated/google.protobuf.rs:1941:15
[INFO] [stdout]   |
[INFO] [stdout] 3 | foo = Foo(...)
[INFO] [stdout]   |               ^ help: add `;` here
[INFO] [stdout] 4 |  any = Any()
[INFO] [stdout]   |  --- unexpected token
[INFO] [stdout] 
[INFO] [stdout] error: expected `;`, found `any`
[INFO] [stdout]  --> src/generated/google.protobuf.rs:1942:13
[INFO] [stdout]   |
[INFO] [stdout] 4 |  any = Any()
[INFO] [stdout]   |             ^ help: add `;` here
[INFO] [stdout] 5 |  any.Pack(foo)
[INFO] [stdout]   |  --- unexpected token
[INFO] [stdout] 
[INFO] [stdout] error: unexpected token: `...`
[INFO] [stdout]  --> src/generated/google.protobuf.rs:1944:2
[INFO] [stdout]   |
[INFO] [stdout] 6 |  ...
[INFO] [stdout]   |  ^^^
[INFO] [stdout]   |
[INFO] [stdout] help: use `..` for an exclusive range
[INFO] [stdout]   |
[INFO] [stdout] 6 |  ..
[INFO] [stdout]   |
[INFO] [stdout] help: or `..=` for an inclusive range
[INFO] [stdout]   |
[INFO] [stdout] 6 |  ..=
[INFO] [stdout]   |
[INFO] [stdout] 
[INFO] [stdout] error: expected `{`, found `:`
[INFO] [stdout]  --> src/generated/google.protobuf.rs:1945:27
[INFO] [stdout]   |
[INFO] [stdout] 7 |  if any.Is(Foo.DESCRIPTOR):
[INFO] [stdout]   |                           ^ expected `{`
[INFO] [stdout]   |
[INFO] [stdout] note: the `if` expression is missing a block after this condition
[INFO] [stdout]  --> src/generated/google.protobuf.rs:1945:5
[INFO] [stdout]   |
[INFO] [stdout] 7 |  if any.Is(Foo.DESCRIPTOR):
[INFO] [stdout]   |     ^^^^^^^^^^^^^^^^^^^^^^
[INFO] [stdout] 
[INFO] [stdout] error: aborting due to 6 previous errors
[INFO] [stdout] 
[INFO] [stdout] For more information about this error, try `rustc --explain E0586`.
[INFO] [stdout] Couldn't compile the test.
[INFO] [stdout] ---- src/generated/google.protobuf.rs - google::protobuf::Timestamp (line 2085) stdout ----
[INFO] [stdout] error: expected one of `!`, `.`, `::`, `;`, `?`, `{`, `}`, or an operator, found `now`
[INFO] [stdout]  --> src/generated/google.protobuf.rs:2086:9
[INFO] [stdout]   |
[INFO] [stdout] 3 | Instant now = Instant.now();
[INFO] [stdout]   |         ^^^ expected one of 8 possible tokens
[INFO] [stdout] 
[INFO] [stdout] error: aborting due to 1 previous error
[INFO] [stdout] 
[INFO] [stdout] Couldn't compile the test.
[INFO] [stdout] ---- src/generated/google.protobuf.rs - google::protobuf::Timestamp (line 2078) stdout ----
[INFO] [stdout] error: expected one of `!`, `.`, `::`, `;`, `?`, `{`, `}`, or an operator, found `millis`
[INFO] [stdout]  --> src/generated/google.protobuf.rs:2079:6
[INFO] [stdout]   |
[INFO] [stdout] 3 | long millis = System.currentTimeMillis();
[INFO] [stdout]   |      ^^^^^^ expected one of 8 possible tokens
[INFO] [stdout] 
[INFO] [stdout] error: aborting due to 1 previous error
[INFO] [stdout] 
[INFO] [stdout] Couldn't compile the test.
[INFO] [stdout] ---- src/generated/google.protobuf.rs - google::protobuf::Timestamp (line 2066) stdout ----
[INFO] [stdout] error: expected one of `!`, `.`, `::`, `;`, `?`, `{`, `}`, or an operator, found `ft`
[INFO] [stdout]  --> src/generated/google.protobuf.rs:2067:10
[INFO] [stdout]   |
[INFO] [stdout] 3 | FILETIME ft;
[INFO] [stdout]   |          ^^ expected one of 8 possible tokens
[INFO] [stdout] 
[INFO] [stdout] error: aborting due to 1 previous error
[INFO] [stdout] 
[INFO] [stdout] Couldn't compile the test.
[INFO] [stdout] ---- src/generated/google.protobuf.rs - google::protobuf::Timestamp (line 2093) stdout ----
[INFO] [stdout] error: expected `;`, found `timestamp`
[INFO] [stdout]  --> src/generated/google.protobuf.rs:2094:24
[INFO] [stdout]   |
[INFO] [stdout] 3 | timestamp = Timestamp()
[INFO] [stdout]   |                        ^ help: add `;` here
[INFO] [stdout] 4 |  timestamp.GetCurrentTime()
[INFO] [stdout]   |  --------- unexpected token
[INFO] [stdout] 
[INFO] [stdout] error[E0425]: cannot find value `timestamp` in this scope
[INFO] [stdout]  --> src/generated/google.protobuf.rs:2095:2
[INFO] [stdout]   |
[INFO] [stdout] 4 |  timestamp.GetCurrentTime()
[INFO] [stdout]   |  ^^^^^^^^^ not found in this scope
[INFO] [stdout] 
[INFO] [stdout] error: aborting due to 2 previous errors
[INFO] [stdout] 
[INFO] [stdout] For more information about this error, try `rustc --explain E0425`.
[INFO] [stdout] Couldn't compile the test.
[INFO] [stdout] 
[INFO] [stdout] failures:
[INFO] [stdout]     src/generated/google.protobuf.rs - google::protobuf::Any (line 1917)
[INFO] [stdout]     src/generated/google.protobuf.rs - google::protobuf::Any (line 1927)
[INFO] [stdout]     src/generated/google.protobuf.rs - google::protobuf::Any (line 1940)
[INFO] [stdout]     src/generated/google.protobuf.rs - google::protobuf::Any (line 1950)
[INFO] [stdout]     src/generated/google.protobuf.rs - google::protobuf::Any (line 1973)
[INFO] [stdout]     src/generated/google.protobuf.rs - google::protobuf::Any (line 1990)
[INFO] [stdout]     src/generated/google.protobuf.rs - google::protobuf::Timestamp (line 2051)
[INFO] [stdout]     src/generated/google.protobuf.rs - google::protobuf::Timestamp (line 2057)
[INFO] [stdout]     src/generated/google.protobuf.rs - google::protobuf::Timestamp (line 2066)
[INFO] [stdout]     src/generated/google.protobuf.rs - google::protobuf::Timestamp (line 2078)
[INFO] [stdout]     src/generated/google.protobuf.rs - google::protobuf::Timestamp (line 2085)
[INFO] [stdout]     src/generated/google.protobuf.rs - google::protobuf::Timestamp (line 2093)
[INFO] [stdout] 
[INFO] [stdout] test result: FAILED. 0 passed; 12 failed; 0 ignored; 0 measured; 0 filtered out; finished in 0.40s
[INFO] [stdout] 
[INFO] [stderr] error: doctest failed, to rerun pass `--doc`
[INFO] running `Command { std: "docker" "inspect" "af8bdcf79d15aa6d407d4f6945ccefa97e32d7a6ff51a74d18cb28f78de7b5a9", kill_on_drop: false }`
[INFO] running `Command { std: "docker" "rm" "-f" "af8bdcf79d15aa6d407d4f6945ccefa97e32d7a6ff51a74d18cb28f78de7b5a9", kill_on_drop: false }`
[INFO] [stdout] af8bdcf79d15aa6d407d4f6945ccefa97e32d7a6ff51a74d18cb28f78de7b5a9
