[INFO] fetching crate boilerplate 1.0.1...
[INFO] testing boilerplate-1.0.1 against 1.83.0 for beta-1.84.0-4-retry
[INFO] extracting crate boilerplate 1.0.1 into /workspace/builds/worker-6-tc1/source
[INFO] validating manifest of crates.io crate boilerplate 1.0.1 on toolchain 1.83.0
[INFO] running `Command { std: CARGO_HOME="/workspace/cargo-home" RUSTUP_HOME="/workspace/rustup-home" "/workspace/cargo-home/bin/cargo" "+1.83.0" "metadata" "--manifest-path" "Cargo.toml" "--no-deps", kill_on_drop: false }`
[INFO] started tweaking crates.io crate boilerplate 1.0.1
[INFO] finished tweaking crates.io crate boilerplate 1.0.1
[INFO] tweaked toml for crates.io crate boilerplate 1.0.1 written to /workspace/builds/worker-6-tc1/source/Cargo.toml
[INFO] running `Command { std: CARGO_HOME="/workspace/cargo-home" RUSTUP_HOME="/workspace/rustup-home" "/workspace/cargo-home/bin/cargo" "+1.83.0" "generate-lockfile" "--manifest-path" "Cargo.toml", kill_on_drop: false }`
[INFO] [stderr]     Updating crates.io index
[INFO] [stderr]      Locking 79 packages to latest compatible versions
[INFO] running `Command { std: CARGO_HOME="/workspace/cargo-home" RUSTUP_HOME="/workspace/rustup-home" "/workspace/cargo-home/bin/cargo" "+1.83.0" "fetch" "--manifest-path" "Cargo.toml", kill_on_drop: false }`
[INFO] [stderr]  Downloading crates ...
[INFO] [stderr]   Downloaded new_mime_guess v4.0.4
[INFO] running `Command { std: "docker" "create" "-v" "/var/lib/crater-agent-workspace/builds/worker-6-tc1/target:/opt/rustwide/target:rw,Z" "-v" "/var/lib/crater-agent-workspace/builds/worker-6-tc1/source:/opt/rustwide/workdir:ro,Z" "-v" "/var/lib/crater-agent-workspace/cargo-home:/opt/rustwide/cargo-home:ro,Z" "-v" "/var/lib/crater-agent-workspace/rustup-home:/opt/rustwide/rustup-home:ro,Z" "-e" "SOURCE_DIR=/opt/rustwide/workdir" "-e" "CARGO_TARGET_DIR=/opt/rustwide/target" "-e" "CARGO_HOME=/opt/rustwide/cargo-home" "-e" "RUSTUP_HOME=/opt/rustwide/rustup-home" "-w" "/opt/rustwide/workdir" "-m" "1610612736" "--user" "0:0" "--network" "none" "ghcr.io/rust-lang/crates-build-env/linux@sha256:f3a9d4ad9d972b27faf3965f35b62e55ba32bbce8f20bc8fe909558a86702fde" "/opt/rustwide/cargo-home/bin/cargo" "+1.83.0" "metadata" "--no-deps" "--format-version=1", kill_on_drop: false }`
[INFO] [stdout] 8078caa7f627830107bb185d1decd8dbf60048b746621f401eca0a9c4e92b273
[INFO] running `Command { std: "docker" "start" "-a" "8078caa7f627830107bb185d1decd8dbf60048b746621f401eca0a9c4e92b273", kill_on_drop: false }`
[INFO] running `Command { std: "docker" "inspect" "8078caa7f627830107bb185d1decd8dbf60048b746621f401eca0a9c4e92b273", kill_on_drop: false }`
[INFO] running `Command { std: "docker" "rm" "-f" "8078caa7f627830107bb185d1decd8dbf60048b746621f401eca0a9c4e92b273", kill_on_drop: false }`
[INFO] [stdout] 8078caa7f627830107bb185d1decd8dbf60048b746621f401eca0a9c4e92b273
[INFO] running `Command { std: "docker" "create" "-v" "/var/lib/crater-agent-workspace/builds/worker-6-tc1/target:/opt/rustwide/target:rw,Z" "-v" "/var/lib/crater-agent-workspace/builds/worker-6-tc1/source:/opt/rustwide/workdir:ro,Z" "-v" "/var/lib/crater-agent-workspace/cargo-home:/opt/rustwide/cargo-home:ro,Z" "-v" "/var/lib/crater-agent-workspace/rustup-home:/opt/rustwide/rustup-home:ro,Z" "-e" "SOURCE_DIR=/opt/rustwide/workdir" "-e" "CARGO_TARGET_DIR=/opt/rustwide/target" "-e" "CARGO_INCREMENTAL=0" "-e" "RUST_BACKTRACE=full" "-e" "RUSTFLAGS=--cap-lints=warn" "-e" "RUSTDOCFLAGS=--cap-lints=warn" "-e" "CARGO_HOME=/opt/rustwide/cargo-home" "-e" "RUSTUP_HOME=/opt/rustwide/rustup-home" "-w" "/opt/rustwide/workdir" "-m" "1610612736" "--user" "0:0" "--network" "none" "ghcr.io/rust-lang/crates-build-env/linux@sha256:f3a9d4ad9d972b27faf3965f35b62e55ba32bbce8f20bc8fe909558a86702fde" "/opt/rustwide/cargo-home/bin/cargo" "+1.83.0" "build" "--frozen" "--message-format=json", kill_on_drop: false }`
[INFO] [stdout] 7eb13158caec057890236260203e08d05cbf922d2098d5e6dc256aa40a7beaa9
[INFO] running `Command { std: "docker" "start" "-a" "7eb13158caec057890236260203e08d05cbf922d2098d5e6dc256aa40a7beaa9", kill_on_drop: false }`
[INFO] [stderr]    Compiling proc-macro2 v1.0.92
[INFO] [stderr]    Compiling unicode-ident v1.0.14
[INFO] [stderr]    Compiling strsim v0.11.1
[INFO] [stderr]    Compiling fnv v1.0.7
[INFO] [stderr]    Compiling ident_case v1.0.1
[INFO] [stderr]    Compiling unicase v2.8.0
[INFO] [stderr]    Compiling mime v0.3.17
[INFO] [stderr]    Compiling new_mime_guess v4.0.4
[INFO] [stderr]    Compiling quote v1.0.37
[INFO] [stderr]    Compiling syn v2.0.90
[INFO] [stderr]    Compiling darling_core v0.20.10
[INFO] [stderr]    Compiling darling_macro v0.20.10
[INFO] [stderr]    Compiling darling v0.20.10
[INFO] [stderr]    Compiling boilerplate v1.0.1 (/opt/rustwide/workdir)
[INFO] [stderr]     Finished `dev` profile [unoptimized + debuginfo] target(s) in 10.62s
[INFO] running `Command { std: "docker" "inspect" "7eb13158caec057890236260203e08d05cbf922d2098d5e6dc256aa40a7beaa9", kill_on_drop: false }`
[INFO] running `Command { std: "docker" "rm" "-f" "7eb13158caec057890236260203e08d05cbf922d2098d5e6dc256aa40a7beaa9", kill_on_drop: false }`
[INFO] [stdout] 7eb13158caec057890236260203e08d05cbf922d2098d5e6dc256aa40a7beaa9
[INFO] running `Command { std: "docker" "create" "-v" "/var/lib/crater-agent-workspace/builds/worker-6-tc1/target:/opt/rustwide/target:rw,Z" "-v" "/var/lib/crater-agent-workspace/builds/worker-6-tc1/source:/opt/rustwide/workdir:ro,Z" "-v" "/var/lib/crater-agent-workspace/cargo-home:/opt/rustwide/cargo-home:ro,Z" "-v" "/var/lib/crater-agent-workspace/rustup-home:/opt/rustwide/rustup-home:ro,Z" "-e" "SOURCE_DIR=/opt/rustwide/workdir" "-e" "CARGO_TARGET_DIR=/opt/rustwide/target" "-e" "CARGO_INCREMENTAL=0" "-e" "RUST_BACKTRACE=full" "-e" "RUSTFLAGS=--cap-lints=warn" "-e" "RUSTDOCFLAGS=--cap-lints=warn" "-e" "CARGO_HOME=/opt/rustwide/cargo-home" "-e" "RUSTUP_HOME=/opt/rustwide/rustup-home" "-w" "/opt/rustwide/workdir" "-m" "1610612736" "--user" "0:0" "--network" "none" "ghcr.io/rust-lang/crates-build-env/linux@sha256:f3a9d4ad9d972b27faf3965f35b62e55ba32bbce8f20bc8fe909558a86702fde" "/opt/rustwide/cargo-home/bin/cargo" "+1.83.0" "test" "--frozen" "--no-run" "--message-format=json", kill_on_drop: false }`
[INFO] [stdout] e610ec627aa950ed27f6888d85f45265fd616e6dd469341138fe60f34a6f4681
[INFO] running `Command { std: "docker" "start" "-a" "e610ec627aa950ed27f6888d85f45265fd616e6dd469341138fe60f34a6f4681", kill_on_drop: false }`
[INFO] [stderr]    Compiling itoa v1.0.14
[INFO] [stderr]    Compiling libc v0.2.168
[INFO] [stderr]    Compiling pin-project-lite v0.2.15
[INFO] [stderr]    Compiling futures-core v0.3.31
[INFO] [stderr]    Compiling bytes v1.9.0
[INFO] [stderr]    Compiling pin-utils v0.1.0
[INFO] [stderr]    Compiling futures-task v0.3.31
[INFO] [stderr]    Compiling serde v1.0.216
[INFO] [stderr]    Compiling httparse v1.9.5
[INFO] [stderr]    Compiling once_cell v1.20.2
[INFO] [stderr]    Compiling tower-service v0.3.3
[INFO] [stderr]    Compiling rustversion v1.0.18
[INFO] [stderr]    Compiling log v0.4.22
[INFO] [stderr]    Compiling syn v2.0.90
[INFO] [stderr]    Compiling percent-encoding v2.3.1
[INFO] [stderr]    Compiling httpdate v1.0.3
[INFO] [stderr]    Compiling smallvec v1.13.2
[INFO] [stderr]    Compiling serde_json v1.0.133
[INFO] [stderr]    Compiling tower-layer v0.3.3
[INFO] [stderr]    Compiling futures-channel v0.3.31
[INFO] [stderr]    Compiling futures-util v0.3.31
[INFO] [stderr]    Compiling sync_wrapper v1.0.2
[INFO] [stderr]    Compiling ryu v1.0.18
[INFO] [stderr]    Compiling tracing-core v0.1.33
[INFO] [stderr]    Compiling form_urlencoded v1.2.1
[INFO] [stderr]    Compiling memchr v2.7.4
[INFO] [stderr]    Compiling matchit v0.7.3
[INFO] [stderr]    Compiling diff v0.1.13
[INFO] [stderr]    Compiling yansi v1.0.1
[INFO] [stderr]    Compiling unindent v0.2.3
[INFO] [stderr]    Compiling tracing v0.1.41
[INFO] [stderr]    Compiling pretty_assertions v1.4.1
[INFO] [stderr]    Compiling http v1.2.0
[INFO] [stderr]    Compiling mio v1.0.3
[INFO] [stderr]    Compiling socket2 v0.5.8
[INFO] [stderr]    Compiling http-body v1.0.1
[INFO] [stderr]    Compiling http-body-util v0.1.2
[INFO] [stderr]    Compiling darling_core v0.20.10
[INFO] [stderr]    Compiling serde_path_to_error v0.1.16
[INFO] [stderr]    Compiling serde_urlencoded v0.7.1
[INFO] [stderr]    Compiling tokio-macros v2.4.0
[INFO] [stderr]    Compiling async-trait v0.1.83
[INFO] [stderr]    Compiling darling_macro v0.20.10
[INFO] [stderr]    Compiling tokio v1.42.0
[INFO] [stderr]    Compiling axum-core v0.4.5
[INFO] [stderr]    Compiling darling v0.20.10
[INFO] [stderr]    Compiling boilerplate v1.0.1 (/opt/rustwide/workdir)
[INFO] [stderr]    Compiling hyper v1.5.1
[INFO] [stderr]    Compiling tower v0.5.2
[INFO] [stderr]    Compiling hyper-util v0.1.10
[INFO] [stderr]    Compiling axum v0.7.9
[INFO] [stderr]     Finished `test` profile [unoptimized + debuginfo] target(s) in 20.40s
[INFO] running `Command { std: "docker" "inspect" "e610ec627aa950ed27f6888d85f45265fd616e6dd469341138fe60f34a6f4681", kill_on_drop: false }`
[INFO] running `Command { std: "docker" "rm" "-f" "e610ec627aa950ed27f6888d85f45265fd616e6dd469341138fe60f34a6f4681", kill_on_drop: false }`
[INFO] [stdout] e610ec627aa950ed27f6888d85f45265fd616e6dd469341138fe60f34a6f4681
[INFO] running `Command { std: "docker" "create" "-v" "/var/lib/crater-agent-workspace/builds/worker-6-tc1/target:/opt/rustwide/target:rw,Z" "-v" "/var/lib/crater-agent-workspace/builds/worker-6-tc1/source:/opt/rustwide/workdir:ro,Z" "-v" "/var/lib/crater-agent-workspace/cargo-home:/opt/rustwide/cargo-home:ro,Z" "-v" "/var/lib/crater-agent-workspace/rustup-home:/opt/rustwide/rustup-home:ro,Z" "-e" "SOURCE_DIR=/opt/rustwide/workdir" "-e" "CARGO_TARGET_DIR=/opt/rustwide/target" "-e" "CARGO_INCREMENTAL=0" "-e" "RUST_BACKTRACE=full" "-e" "RUSTFLAGS=--cap-lints=warn" "-e" "RUSTDOCFLAGS=--cap-lints=warn" "-e" "CARGO_HOME=/opt/rustwide/cargo-home" "-e" "RUSTUP_HOME=/opt/rustwide/rustup-home" "-w" "/opt/rustwide/workdir" "-m" "1610612736" "--user" "0:0" "--network" "none" "ghcr.io/rust-lang/crates-build-env/linux@sha256:f3a9d4ad9d972b27faf3965f35b62e55ba32bbce8f20bc8fe909558a86702fde" "/opt/rustwide/cargo-home/bin/cargo" "+1.83.0" "test" "--frozen", kill_on_drop: false }`
[INFO] [stdout] a6dd4228ffd70c54b74f5a82a14cd521bae6028eac4548f5ad0042be6fa4c81d
[INFO] running `Command { std: "docker" "start" "-a" "a6dd4228ffd70c54b74f5a82a14cd521bae6028eac4548f5ad0042be6fa4c81d", kill_on_drop: false }`
[INFO] [stderr]     Finished `test` profile [unoptimized + debuginfo] target(s) in 0.09s
[INFO] [stderr]      Running unittests src/lib.rs (/opt/rustwide/target/debug/deps/boilerplate-484c0585f931a0b7)
[INFO] [stdout] 
[INFO] [stdout] running 14 tests
[INFO] [stdout] test boilerplate::tests::all_lowercase ... ok
[INFO] [stdout] test boilerplate::tests::camel_case ... ok
[INFO] [stdout] test boilerplate::tests::multiple_words ... ok
[INFO] [stdout] test boilerplate::tests::single_letter_words ... ok
[INFO] [stdout] test template::tests::axum_into_response_impl ... ok
[INFO] [stdout] test template::tests::interpolation ... ok
[INFO] [stdout] test template::tests::display_impl ... ok
[INFO] [stdout] test template::tests::code ... ok
[INFO] [stdout] test template::tests::empty ... ok
[INFO] [stdout] test template::tests::iteration ... ok
[INFO] [stdout] test boilerplate::tests::with_extension ... ok
[INFO] [stdout] test template::tests::trailing_text ... ok
[INFO] [stdout] test boilerplate::tests::simple ... ok
[INFO] [stdout] test template::tests::non_trailing_text ... ok
[INFO] [stdout] 
[INFO] [stdout] test result: ok. 14 passed; 0 failed; 0 ignored; 0 measured; 0 filtered out; finished in 0.01s
[INFO] [stdout] 
[INFO] [stderr]    Doc-tests boilerplate
[INFO] [stdout] 
[INFO] [stdout] running 28 tests
[INFO] [stdout] test src/lib.rs - (line 158) ... FAILED
[INFO] [stdout] test src/lib.rs - (line 110) ... ok
[INFO] [stdout] test src/lib.rs - (line 147) ... ok
[INFO] [stdout] test src/lib.rs - (line 329) ... FAILED
[INFO] [stdout] test src/lib.rs - (line 213) ... ok
[INFO] [stdout] test src/lib.rs - (line 121) ... ok
[INFO] [stdout] test src/lib.rs - (line 290) ... ok
[INFO] [stdout] test src/lib.rs - (line 249) ... ok
[INFO] [stdout] test src/lib.rs - (line 135) ... ok
[INFO] [stdout] test src/lib.rs - (line 173) ... ok
[INFO] [stdout] test src/lib.rs - (line 192) ... ok
[INFO] [stdout] test src/lib.rs - (line 341) ... FAILED
[INFO] [stdout] test src/lib.rs - (line 312) ... ok
[INFO] [stdout] test src/lib.rs - (line 222) ... ok
[INFO] [stdout] test src/lib.rs - (line 321) ... FAILED
[INFO] [stdout] test src/lib.rs - (line 265) ... ok
[INFO] [stdout] test src/lib.rs - (line 456) ... FAILED
[INFO] [stdout] test src/lib.rs - (line 239) ... ok
[INFO] [stdout] test src/lib.rs - (line 229) ... ok
[INFO] [stdout] test src/lib.rs - (line 299) ... ok
[INFO] [stdout] test src/lib.rs - (line 371) ... ok
[INFO] [stdout] test src/lib.rs - (line 88) ... ok
[INFO] [stdout] test src/lib.rs - (line 440) ... ok
[INFO] [stdout] test src/lib.rs - (line 354) ... ok
[INFO] [stdout] test src/lib.rs - (line 388) ... ok
[INFO] [stdout] test src/lib.rs - (line 74) ... ok
[INFO] [stdout] test src/lib.rs - (line 48) ... ok
[INFO] [stdout] test src/lib.rs - (line 411) ... ok
[INFO] [stdout] 
[INFO] [stdout] failures:
[INFO] [stdout] 
[INFO] [stdout] ---- src/lib.rs - (line 158) stdout ----
[INFO] [stdout] error[E0432]: unresolved import `html_escaper`
[INFO] [stdout]  --> src/lib.rs:160:5
[INFO] [stdout]   |
[INFO] [stdout] 5 | use html_escaper::Escape;
[INFO] [stdout]   |     ^^^^^^^^^^^^ use of undeclared crate or module `html_escaper`
[INFO] [stdout] 
[INFO] [stdout] error[E0599]: no method named `escape` found for type `u8` in the current scope
[INFO] [stdout]  --> src/lib.rs:162:10
[INFO] [stdout]   |
[INFO] [stdout] 7 | #[derive(boilerplate::Boilerplate)]
[INFO] [stdout]   |          ^^^^^^^^^^^^^^^^^^^^^^^^
[INFO] [stdout]   |
[INFO] [stdout] help: there is a method `escape_ascii` with a similar name, but with different arguments
[INFO] [stdout]  --> /rustc/90b35a6239c3d8bdabc530a6a0816f7ff89a0aaf/library/core/src/num/mod.rs:1087:5
[INFO] [stdout]   = note: this error originates in the derive macro `boilerplate::Boilerplate` (in Nightly builds, run with -Z macro-backtrace for more info)
[INFO] [stdout] 
[INFO] [stdout] error: aborting due to 2 previous errors
[INFO] [stdout] 
[INFO] [stdout] Some errors have detailed explanations: E0432, E0599.
[INFO] [stdout] For more information about an error, try `rustc --explain E0432`.
[INFO] [stdout] Couldn't compile the test.
[INFO] [stdout] ---- src/lib.rs - (line 329) stdout ----
[INFO] [stdout] error[E0432]: unresolved import `html_escaper`
[INFO] [stdout]  --> src/lib.rs:331:5
[INFO] [stdout]   |
[INFO] [stdout] 5 | use html_escaper::Escape;
[INFO] [stdout]   |     ^^^^^^^^^^^^ use of undeclared crate or module `html_escaper`
[INFO] [stdout] 
[INFO] [stdout] error[E0599]: no method named `escape` found for reference `&'static str` in the current scope
[INFO] [stdout]  --> src/lib.rs:333:10
[INFO] [stdout]   |
[INFO] [stdout] 7 | #[derive(boilerplate::Boilerplate)]
[INFO] [stdout]   |          ^^^^^^^^^^^^^^^^^^^^^^^^
[INFO] [stdout]   |
[INFO] [stdout] help: there is a method `escape_debug` with a similar name, but with different arguments
[INFO] [stdout]  --> /rustc/90b35a6239c3d8bdabc530a6a0816f7ff89a0aaf/library/core/src/str/mod.rs:2627:5
[INFO] [stdout]   = note: this error originates in the derive macro `boilerplate::Boilerplate` (in Nightly builds, run with -Z macro-backtrace for more info)
[INFO] [stdout] 
[INFO] [stdout] error: aborting due to 2 previous errors
[INFO] [stdout] 
[INFO] [stdout] Some errors have detailed explanations: E0432, E0599.
[INFO] [stdout] For more information about an error, try `rustc --explain E0432`.
[INFO] [stdout] Couldn't compile the test.
[INFO] [stdout] ---- src/lib.rs - (line 341) stdout ----
[INFO] [stdout] error[E0432]: unresolved import `html_escaper`
[INFO] [stdout]  --> src/lib.rs:343:5
[INFO] [stdout]   |
[INFO] [stdout] 5 | use html_escaper::{Escape, Trusted};
[INFO] [stdout]   |     ^^^^^^^^^^^^ use of undeclared crate or module `html_escaper`
[INFO] [stdout] 
[INFO] [stdout] error: aborting due to 1 previous error
[INFO] [stdout] 
[INFO] [stdout] For more information about this error, try `rustc --explain E0432`.
[INFO] [stdout] Couldn't compile the test.
[INFO] [stdout] ---- src/lib.rs - (line 321) stdout ----
[INFO] [stdout] error[E0432]: unresolved import `html_escaper`
[INFO] [stdout]  --> src/lib.rs:323:5
[INFO] [stdout]   |
[INFO] [stdout] 5 | use html_escaper::Escape;
[INFO] [stdout]   |     ^^^^^^^^^^^^ use of undeclared crate or module `html_escaper`
[INFO] [stdout] 
[INFO] [stdout] error[E0599]: no method named `escape` found for reference `&'static str` in the current scope
[INFO] [stdout]  --> src/lib.rs:325:10
[INFO] [stdout]   |
[INFO] [stdout] 7 | #[derive(boilerplate::Boilerplate)]
[INFO] [stdout]   |          ^^^^^^^^^^^^^^^^^^^^^^^^
[INFO] [stdout]   |
[INFO] [stdout] help: there is a method `escape_debug` with a similar name, but with different arguments
[INFO] [stdout]  --> /rustc/90b35a6239c3d8bdabc530a6a0816f7ff89a0aaf/library/core/src/str/mod.rs:2627:5
[INFO] [stdout]   = note: this error originates in the derive macro `boilerplate::Boilerplate` (in Nightly builds, run with -Z macro-backtrace for more info)
[INFO] [stdout] 
[INFO] [stdout] error: aborting due to 2 previous errors
[INFO] [stdout] 
[INFO] [stdout] Some errors have detailed explanations: E0432, E0599.
[INFO] [stdout] For more information about an error, try `rustc --explain E0432`.
[INFO] [stdout] Couldn't compile the test.
[INFO] [stdout] ---- src/lib.rs - (line 456) stdout ----
[INFO] [stdout] error[E0432]: unresolved import `html_escaper`
[INFO] [stdout]  --> src/lib.rs:459:3
[INFO] [stdout]   |
[INFO] [stdout] 6 |   html_escaper::{Escape, Trusted},
[INFO] [stdout]   |   ^^^^^^^^^^^^ use of undeclared crate or module `html_escaper`
[INFO] [stdout] 
[INFO] [stdout] error[E0599]: no method named `escape` found for reference `&str` in the current scope
[INFO] [stdout]   --> src/lib.rs:467:10
[INFO] [stdout]    |
[INFO] [stdout] 14 | #[derive(boilerplate::Boilerplate)]
[INFO] [stdout]    |          ^^^^^^^^^^^^^^^^^^^^^^^^
[INFO] [stdout]    |
[INFO] [stdout] help: there is a method `escape_debug` with a similar name, but with different arguments
[INFO] [stdout]   --> /rustc/90b35a6239c3d8bdabc530a6a0816f7ff89a0aaf/library/core/src/str/mod.rs:2627:5
[INFO] [stdout]    = note: this error originates in the derive macro `boilerplate::Boilerplate` (in Nightly builds, run with -Z macro-backtrace for more info)
[INFO] [stdout] 
[INFO] [stdout] error[E0599]: no method named `escape` found for reference `&'static str` in the current scope
[INFO] [stdout]   --> src/lib.rs:480:10
[INFO] [stdout]    |
[INFO] [stdout] 27 | #[derive(boilerplate::Boilerplate)]
[INFO] [stdout]    |          ^^^^^^^^^^^^^^^^^^^^^^^^
[INFO] [stdout]    |
[INFO] [stdout] help: there is a method `escape_debug` with a similar name, but with different arguments
[INFO] [stdout]   --> /rustc/90b35a6239c3d8bdabc530a6a0816f7ff89a0aaf/library/core/src/str/mod.rs:2627:5
[INFO] [stdout]    = note: this error originates in the derive macro `boilerplate::Boilerplate` (in Nightly builds, run with -Z macro-backtrace for more info)
[INFO] [stdout] 
[INFO] [stdout] error: aborting due to 3 previous errors
[INFO] [stdout] 
[INFO] [stdout] Some errors have detailed explanations: E0432, E0599.
[INFO] [stdout] For more information about an error, try `rustc --explain E0432`.
[INFO] [stdout] Couldn't compile the test.
[INFO] [stderr] error: doctest failed, to rerun pass `--doc`
[INFO] [stdout] 
[INFO] [stdout] failures:
[INFO] [stdout]     src/lib.rs - (line 158)
[INFO] [stdout]     src/lib.rs - (line 321)
[INFO] [stdout]     src/lib.rs - (line 329)
[INFO] [stdout]     src/lib.rs - (line 341)
[INFO] [stdout]     src/lib.rs - (line 456)
[INFO] [stdout] 
[INFO] [stdout] test result: FAILED. 23 passed; 5 failed; 0 ignored; 0 measured; 0 filtered out; finished in 1.89s
[INFO] [stdout] 
[INFO] running `Command { std: "docker" "inspect" "a6dd4228ffd70c54b74f5a82a14cd521bae6028eac4548f5ad0042be6fa4c81d", kill_on_drop: false }`
[INFO] running `Command { std: "docker" "rm" "-f" "a6dd4228ffd70c54b74f5a82a14cd521bae6028eac4548f5ad0042be6fa4c81d", kill_on_drop: false }`
[INFO] [stdout] a6dd4228ffd70c54b74f5a82a14cd521bae6028eac4548f5ad0042be6fa4c81d
