[INFO] fetching crate bogdan_hello_macro_derive 0.1.7...
[INFO] testing bogdan_hello_macro_derive-0.1.7 against 1.83.0 for beta-1.84.0-4-retry
[INFO] extracting crate bogdan_hello_macro_derive 0.1.7 into /workspace/builds/worker-0-tc1/source
[INFO] validating manifest of crates.io crate bogdan_hello_macro_derive 0.1.7 on toolchain 1.83.0
[INFO] running `Command { std: CARGO_HOME="/workspace/cargo-home" RUSTUP_HOME="/workspace/rustup-home" "/workspace/cargo-home/bin/cargo" "+1.83.0" "metadata" "--manifest-path" "Cargo.toml" "--no-deps", kill_on_drop: false }`
[INFO] started tweaking crates.io crate bogdan_hello_macro_derive 0.1.7
[INFO] finished tweaking crates.io crate bogdan_hello_macro_derive 0.1.7
[INFO] tweaked toml for crates.io crate bogdan_hello_macro_derive 0.1.7 written to /workspace/builds/worker-0-tc1/source/Cargo.toml
[INFO] running `Command { std: CARGO_HOME="/workspace/cargo-home" RUSTUP_HOME="/workspace/rustup-home" "/workspace/cargo-home/bin/cargo" "+1.83.0" "generate-lockfile" "--manifest-path" "Cargo.toml", kill_on_drop: false }`
[INFO] [stderr]     Updating crates.io index
[INFO] [stderr]      Locking 4 packages to latest compatible versions
[INFO] running `Command { std: CARGO_HOME="/workspace/cargo-home" RUSTUP_HOME="/workspace/rustup-home" "/workspace/cargo-home/bin/cargo" "+1.83.0" "fetch" "--manifest-path" "Cargo.toml", kill_on_drop: false }`
[INFO] running `Command { std: "docker" "create" "-v" "/var/lib/crater-agent-workspace/builds/worker-0-tc1/target:/opt/rustwide/target:rw,Z" "-v" "/var/lib/crater-agent-workspace/builds/worker-0-tc1/source:/opt/rustwide/workdir:ro,Z" "-v" "/var/lib/crater-agent-workspace/cargo-home:/opt/rustwide/cargo-home:ro,Z" "-v" "/var/lib/crater-agent-workspace/rustup-home:/opt/rustwide/rustup-home:ro,Z" "-e" "SOURCE_DIR=/opt/rustwide/workdir" "-e" "CARGO_TARGET_DIR=/opt/rustwide/target" "-e" "CARGO_HOME=/opt/rustwide/cargo-home" "-e" "RUSTUP_HOME=/opt/rustwide/rustup-home" "-w" "/opt/rustwide/workdir" "-m" "1610612736" "--user" "0:0" "--network" "none" "ghcr.io/rust-lang/crates-build-env/linux@sha256:f3a9d4ad9d972b27faf3965f35b62e55ba32bbce8f20bc8fe909558a86702fde" "/opt/rustwide/cargo-home/bin/cargo" "+1.83.0" "metadata" "--no-deps" "--format-version=1", kill_on_drop: false }`
[INFO] [stdout] 77e8a2e559d6813e4e774c707eea4ae425e9bae3561c56a42ef9d30b9c30ad62
[INFO] running `Command { std: "docker" "start" "-a" "77e8a2e559d6813e4e774c707eea4ae425e9bae3561c56a42ef9d30b9c30ad62", kill_on_drop: false }`
[INFO] running `Command { std: "docker" "inspect" "77e8a2e559d6813e4e774c707eea4ae425e9bae3561c56a42ef9d30b9c30ad62", kill_on_drop: false }`
[INFO] running `Command { std: "docker" "rm" "-f" "77e8a2e559d6813e4e774c707eea4ae425e9bae3561c56a42ef9d30b9c30ad62", kill_on_drop: false }`
[INFO] [stdout] 77e8a2e559d6813e4e774c707eea4ae425e9bae3561c56a42ef9d30b9c30ad62
[INFO] running `Command { std: "docker" "create" "-v" "/var/lib/crater-agent-workspace/builds/worker-0-tc1/target:/opt/rustwide/target:rw,Z" "-v" "/var/lib/crater-agent-workspace/builds/worker-0-tc1/source:/opt/rustwide/workdir:ro,Z" "-v" "/var/lib/crater-agent-workspace/cargo-home:/opt/rustwide/cargo-home:ro,Z" "-v" "/var/lib/crater-agent-workspace/rustup-home:/opt/rustwide/rustup-home:ro,Z" "-e" "SOURCE_DIR=/opt/rustwide/workdir" "-e" "CARGO_TARGET_DIR=/opt/rustwide/target" "-e" "CARGO_INCREMENTAL=0" "-e" "RUST_BACKTRACE=full" "-e" "RUSTFLAGS=--cap-lints=warn" "-e" "RUSTDOCFLAGS=--cap-lints=warn" "-e" "CARGO_HOME=/opt/rustwide/cargo-home" "-e" "RUSTUP_HOME=/opt/rustwide/rustup-home" "-w" "/opt/rustwide/workdir" "-m" "1610612736" "--user" "0:0" "--network" "none" "ghcr.io/rust-lang/crates-build-env/linux@sha256:f3a9d4ad9d972b27faf3965f35b62e55ba32bbce8f20bc8fe909558a86702fde" "/opt/rustwide/cargo-home/bin/cargo" "+1.83.0" "build" "--frozen" "--message-format=json", kill_on_drop: false }`
[INFO] [stdout] f90ff0d2515bcc786b1938b629edaac9c58b7aa4432f074fdc7994e0bffe595c
[INFO] running `Command { std: "docker" "start" "-a" "f90ff0d2515bcc786b1938b629edaac9c58b7aa4432f074fdc7994e0bffe595c", kill_on_drop: false }`
[INFO] [stderr]    Compiling proc-macro2 v1.0.92
[INFO] [stderr]    Compiling quote v1.0.37
[INFO] [stderr]    Compiling syn v2.0.90
[INFO] [stderr]    Compiling bogdan_hello_macro_derive v0.1.7 (/opt/rustwide/workdir)
[INFO] [stderr]     Finished `dev` profile [unoptimized + debuginfo] target(s) in 4.80s
[INFO] running `Command { std: "docker" "inspect" "f90ff0d2515bcc786b1938b629edaac9c58b7aa4432f074fdc7994e0bffe595c", kill_on_drop: false }`
[INFO] running `Command { std: "docker" "rm" "-f" "f90ff0d2515bcc786b1938b629edaac9c58b7aa4432f074fdc7994e0bffe595c", kill_on_drop: false }`
[INFO] [stdout] f90ff0d2515bcc786b1938b629edaac9c58b7aa4432f074fdc7994e0bffe595c
[INFO] running `Command { std: "docker" "create" "-v" "/var/lib/crater-agent-workspace/builds/worker-0-tc1/target:/opt/rustwide/target:rw,Z" "-v" "/var/lib/crater-agent-workspace/builds/worker-0-tc1/source:/opt/rustwide/workdir:ro,Z" "-v" "/var/lib/crater-agent-workspace/cargo-home:/opt/rustwide/cargo-home:ro,Z" "-v" "/var/lib/crater-agent-workspace/rustup-home:/opt/rustwide/rustup-home:ro,Z" "-e" "SOURCE_DIR=/opt/rustwide/workdir" "-e" "CARGO_TARGET_DIR=/opt/rustwide/target" "-e" "CARGO_INCREMENTAL=0" "-e" "RUST_BACKTRACE=full" "-e" "RUSTFLAGS=--cap-lints=warn" "-e" "RUSTDOCFLAGS=--cap-lints=warn" "-e" "CARGO_HOME=/opt/rustwide/cargo-home" "-e" "RUSTUP_HOME=/opt/rustwide/rustup-home" "-w" "/opt/rustwide/workdir" "-m" "1610612736" "--user" "0:0" "--network" "none" "ghcr.io/rust-lang/crates-build-env/linux@sha256:f3a9d4ad9d972b27faf3965f35b62e55ba32bbce8f20bc8fe909558a86702fde" "/opt/rustwide/cargo-home/bin/cargo" "+1.83.0" "test" "--frozen" "--no-run" "--message-format=json", kill_on_drop: false }`
[INFO] [stdout] 8144e0d68ea0f99f9c6e86bd83562e3cf29b7de6ce1028059c5a4b2c9406d7e3
[INFO] running `Command { std: "docker" "start" "-a" "8144e0d68ea0f99f9c6e86bd83562e3cf29b7de6ce1028059c5a4b2c9406d7e3", kill_on_drop: false }`
[INFO] [stderr]    Compiling bogdan_hello_macro_derive v0.1.7 (/opt/rustwide/workdir)
[INFO] [stderr]     Finished `test` profile [unoptimized + debuginfo] target(s) in 0.68s
[INFO] running `Command { std: "docker" "inspect" "8144e0d68ea0f99f9c6e86bd83562e3cf29b7de6ce1028059c5a4b2c9406d7e3", kill_on_drop: false }`
[INFO] running `Command { std: "docker" "rm" "-f" "8144e0d68ea0f99f9c6e86bd83562e3cf29b7de6ce1028059c5a4b2c9406d7e3", kill_on_drop: false }`
[INFO] [stdout] 8144e0d68ea0f99f9c6e86bd83562e3cf29b7de6ce1028059c5a4b2c9406d7e3
[INFO] running `Command { std: "docker" "create" "-v" "/var/lib/crater-agent-workspace/builds/worker-0-tc1/target:/opt/rustwide/target:rw,Z" "-v" "/var/lib/crater-agent-workspace/builds/worker-0-tc1/source:/opt/rustwide/workdir:ro,Z" "-v" "/var/lib/crater-agent-workspace/cargo-home:/opt/rustwide/cargo-home:ro,Z" "-v" "/var/lib/crater-agent-workspace/rustup-home:/opt/rustwide/rustup-home:ro,Z" "-e" "SOURCE_DIR=/opt/rustwide/workdir" "-e" "CARGO_TARGET_DIR=/opt/rustwide/target" "-e" "CARGO_INCREMENTAL=0" "-e" "RUST_BACKTRACE=full" "-e" "RUSTFLAGS=--cap-lints=warn" "-e" "RUSTDOCFLAGS=--cap-lints=warn" "-e" "CARGO_HOME=/opt/rustwide/cargo-home" "-e" "RUSTUP_HOME=/opt/rustwide/rustup-home" "-w" "/opt/rustwide/workdir" "-m" "1610612736" "--user" "0:0" "--network" "none" "ghcr.io/rust-lang/crates-build-env/linux@sha256:f3a9d4ad9d972b27faf3965f35b62e55ba32bbce8f20bc8fe909558a86702fde" "/opt/rustwide/cargo-home/bin/cargo" "+1.83.0" "test" "--frozen", kill_on_drop: false }`
[INFO] [stdout] 5fb4465598b0a34db0a060b57f37533e9d5fe4acbf410431db965b6b8aeb8e45
[INFO] running `Command { std: "docker" "start" "-a" "5fb4465598b0a34db0a060b57f37533e9d5fe4acbf410431db965b6b8aeb8e45", kill_on_drop: false }`
[INFO] [stderr]     Finished `test` profile [unoptimized + debuginfo] target(s) in 0.02s
[INFO] [stderr]      Running unittests src/lib.rs (/opt/rustwide/target/debug/deps/bogdan_hello_macro_derive-d30dbf012d16e05f)
[INFO] [stdout] 
[INFO] [stdout] running 0 tests
[INFO] [stdout] 
[INFO] [stdout] test result: ok. 0 passed; 0 failed; 0 ignored; 0 measured; 0 filtered out; finished in 0.00s
[INFO] [stdout] 
[INFO] [stderr]    Doc-tests bogdan_hello_macro_derive
[INFO] [stdout] 
[INFO] [stdout] running 1 test
[INFO] [stdout] test src/lib.rs - hello_macro_derive (line 9) ... FAILED
[INFO] [stdout] 
[INFO] [stdout] failures:
[INFO] [stdout] 
[INFO] [stdout] ---- src/lib.rs - hello_macro_derive (line 9) stdout ----
[INFO] [stdout] error[E0432]: unresolved import `hello_macro`
[INFO] [stdout]  --> src/lib.rs:10:5
[INFO] [stdout]   |
[INFO] [stdout] 3 | use hello_macro::HelloMacro;
[INFO] [stdout]   |     ^^^^^^^^^^^ use of undeclared crate or module `hello_macro`
[INFO] [stdout] 
[INFO] [stdout] error[E0599]: no function or associated item named `hello_macro` found for struct `Pancakes` in the current scope
[INFO] [stdout]  --> src/lib.rs:15:11
[INFO] [stdout]   |
[INFO] [stdout] 6 | struct Pancakes;
[INFO] [stdout]   | --------------- function or associated item `hello_macro` not found for this struct
[INFO] [stdout] 7 |
[INFO] [stdout] 8 | Pancakes::hello_macro(); // Prints: "Hello, Macro! My name is Pancakes!"
[INFO] [stdout]   |           ^^^^^^^^^^^ function or associated item not found in `Pancakes`
[INFO] [stdout] 
[INFO] [stdout] error: aborting due to 2 previous errors
[INFO] [stdout] 
[INFO] [stdout] Some errors have detailed explanations: E0432, E0599.
[INFO] [stdout] For more information about an error, try `rustc --explain E0432`.
[INFO] [stdout] Couldn't compile the test.
[INFO] [stdout] 
[INFO] [stdout] failures:
[INFO] [stdout]     src/lib.rs - hello_macro_derive (line 9)
[INFO] [stdout] 
[INFO] [stdout] test result: FAILED. 0 passed; 1 failed; 0 ignored; 0 measured; 0 filtered out; finished in 0.12s
[INFO] [stdout] 
[INFO] [stderr] error: doctest failed, to rerun pass `--doc`
[INFO] running `Command { std: "docker" "inspect" "5fb4465598b0a34db0a060b57f37533e9d5fe4acbf410431db965b6b8aeb8e45", kill_on_drop: false }`
[INFO] running `Command { std: "docker" "rm" "-f" "5fb4465598b0a34db0a060b57f37533e9d5fe4acbf410431db965b6b8aeb8e45", kill_on_drop: false }`
[INFO] [stdout] 5fb4465598b0a34db0a060b57f37533e9d5fe4acbf410431db965b6b8aeb8e45
