[INFO] fetching crate bogdan_hello_macro 0.1.7...
[INFO] testing bogdan_hello_macro-0.1.7 against 1.83.0 for beta-1.84.0-4-retry
[INFO] extracting crate bogdan_hello_macro 0.1.7 into /workspace/builds/worker-3-tc1/source
[INFO] validating manifest of crates.io crate bogdan_hello_macro 0.1.7 on toolchain 1.83.0
[INFO] running `Command { std: CARGO_HOME="/workspace/cargo-home" RUSTUP_HOME="/workspace/rustup-home" "/workspace/cargo-home/bin/cargo" "+1.83.0" "metadata" "--manifest-path" "Cargo.toml" "--no-deps", kill_on_drop: false }`
[INFO] started tweaking crates.io crate bogdan_hello_macro 0.1.7
[INFO] finished tweaking crates.io crate bogdan_hello_macro 0.1.7
[INFO] tweaked toml for crates.io crate bogdan_hello_macro 0.1.7 written to /workspace/builds/worker-3-tc1/source/Cargo.toml
[INFO] running `Command { std: CARGO_HOME="/workspace/cargo-home" RUSTUP_HOME="/workspace/rustup-home" "/workspace/cargo-home/bin/cargo" "+1.83.0" "generate-lockfile" "--manifest-path" "Cargo.toml", kill_on_drop: false }`
[INFO] running `Command { std: CARGO_HOME="/workspace/cargo-home" RUSTUP_HOME="/workspace/rustup-home" "/workspace/cargo-home/bin/cargo" "+1.83.0" "fetch" "--manifest-path" "Cargo.toml", kill_on_drop: false }`
[INFO] running `Command { std: "docker" "create" "-v" "/var/lib/crater-agent-workspace/builds/worker-3-tc1/target:/opt/rustwide/target:rw,Z" "-v" "/var/lib/crater-agent-workspace/builds/worker-3-tc1/source:/opt/rustwide/workdir:ro,Z" "-v" "/var/lib/crater-agent-workspace/cargo-home:/opt/rustwide/cargo-home:ro,Z" "-v" "/var/lib/crater-agent-workspace/rustup-home:/opt/rustwide/rustup-home:ro,Z" "-e" "SOURCE_DIR=/opt/rustwide/workdir" "-e" "CARGO_TARGET_DIR=/opt/rustwide/target" "-e" "CARGO_HOME=/opt/rustwide/cargo-home" "-e" "RUSTUP_HOME=/opt/rustwide/rustup-home" "-w" "/opt/rustwide/workdir" "-m" "1610612736" "--user" "0:0" "--network" "none" "ghcr.io/rust-lang/crates-build-env/linux@sha256:f3a9d4ad9d972b27faf3965f35b62e55ba32bbce8f20bc8fe909558a86702fde" "/opt/rustwide/cargo-home/bin/cargo" "+1.83.0" "metadata" "--no-deps" "--format-version=1", kill_on_drop: false }`
[INFO] [stdout] e240394108cd55d715ead2b66166283607363cf01caa124b9422abbb05293784
[INFO] running `Command { std: "docker" "start" "-a" "e240394108cd55d715ead2b66166283607363cf01caa124b9422abbb05293784", kill_on_drop: false }`
[INFO] running `Command { std: "docker" "inspect" "e240394108cd55d715ead2b66166283607363cf01caa124b9422abbb05293784", kill_on_drop: false }`
[INFO] running `Command { std: "docker" "rm" "-f" "e240394108cd55d715ead2b66166283607363cf01caa124b9422abbb05293784", kill_on_drop: false }`
[INFO] [stdout] e240394108cd55d715ead2b66166283607363cf01caa124b9422abbb05293784
[INFO] running `Command { std: "docker" "create" "-v" "/var/lib/crater-agent-workspace/builds/worker-3-tc1/target:/opt/rustwide/target:rw,Z" "-v" "/var/lib/crater-agent-workspace/builds/worker-3-tc1/source:/opt/rustwide/workdir:ro,Z" "-v" "/var/lib/crater-agent-workspace/cargo-home:/opt/rustwide/cargo-home:ro,Z" "-v" "/var/lib/crater-agent-workspace/rustup-home:/opt/rustwide/rustup-home:ro,Z" "-e" "SOURCE_DIR=/opt/rustwide/workdir" "-e" "CARGO_TARGET_DIR=/opt/rustwide/target" "-e" "CARGO_INCREMENTAL=0" "-e" "RUST_BACKTRACE=full" "-e" "RUSTFLAGS=--cap-lints=warn" "-e" "RUSTDOCFLAGS=--cap-lints=warn" "-e" "CARGO_HOME=/opt/rustwide/cargo-home" "-e" "RUSTUP_HOME=/opt/rustwide/rustup-home" "-w" "/opt/rustwide/workdir" "-m" "1610612736" "--user" "0:0" "--network" "none" "ghcr.io/rust-lang/crates-build-env/linux@sha256:f3a9d4ad9d972b27faf3965f35b62e55ba32bbce8f20bc8fe909558a86702fde" "/opt/rustwide/cargo-home/bin/cargo" "+1.83.0" "build" "--frozen" "--message-format=json", kill_on_drop: false }`
[INFO] [stdout] b63d91126dbb6badbbf5697fce6c6e752ba74528b983fdf1d215ed5aae40ffa8
[INFO] running `Command { std: "docker" "start" "-a" "b63d91126dbb6badbbf5697fce6c6e752ba74528b983fdf1d215ed5aae40ffa8", kill_on_drop: false }`
[INFO] [stderr]    Compiling bogdan_hello_macro v0.1.7 (/opt/rustwide/workdir)
[INFO] [stderr]     Finished `dev` profile [unoptimized + debuginfo] target(s) in 0.20s
[INFO] running `Command { std: "docker" "inspect" "b63d91126dbb6badbbf5697fce6c6e752ba74528b983fdf1d215ed5aae40ffa8", kill_on_drop: false }`
[INFO] running `Command { std: "docker" "rm" "-f" "b63d91126dbb6badbbf5697fce6c6e752ba74528b983fdf1d215ed5aae40ffa8", kill_on_drop: false }`
[INFO] [stdout] b63d91126dbb6badbbf5697fce6c6e752ba74528b983fdf1d215ed5aae40ffa8
[INFO] running `Command { std: "docker" "create" "-v" "/var/lib/crater-agent-workspace/builds/worker-3-tc1/target:/opt/rustwide/target:rw,Z" "-v" "/var/lib/crater-agent-workspace/builds/worker-3-tc1/source:/opt/rustwide/workdir:ro,Z" "-v" "/var/lib/crater-agent-workspace/cargo-home:/opt/rustwide/cargo-home:ro,Z" "-v" "/var/lib/crater-agent-workspace/rustup-home:/opt/rustwide/rustup-home:ro,Z" "-e" "SOURCE_DIR=/opt/rustwide/workdir" "-e" "CARGO_TARGET_DIR=/opt/rustwide/target" "-e" "CARGO_INCREMENTAL=0" "-e" "RUST_BACKTRACE=full" "-e" "RUSTFLAGS=--cap-lints=warn" "-e" "RUSTDOCFLAGS=--cap-lints=warn" "-e" "CARGO_HOME=/opt/rustwide/cargo-home" "-e" "RUSTUP_HOME=/opt/rustwide/rustup-home" "-w" "/opt/rustwide/workdir" "-m" "1610612736" "--user" "0:0" "--network" "none" "ghcr.io/rust-lang/crates-build-env/linux@sha256:f3a9d4ad9d972b27faf3965f35b62e55ba32bbce8f20bc8fe909558a86702fde" "/opt/rustwide/cargo-home/bin/cargo" "+1.83.0" "test" "--frozen" "--no-run" "--message-format=json", kill_on_drop: false }`
[INFO] [stdout] 56db6efe11aac4aa151995cb136d2e662c08d7a88485ac4440fc0465fce7d3ad
[INFO] running `Command { std: "docker" "start" "-a" "56db6efe11aac4aa151995cb136d2e662c08d7a88485ac4440fc0465fce7d3ad", kill_on_drop: false }`
[INFO] [stderr]    Compiling bogdan_hello_macro v0.1.7 (/opt/rustwide/workdir)
[INFO] [stderr]     Finished `test` profile [unoptimized + debuginfo] target(s) in 0.40s
[INFO] running `Command { std: "docker" "inspect" "56db6efe11aac4aa151995cb136d2e662c08d7a88485ac4440fc0465fce7d3ad", kill_on_drop: false }`
[INFO] running `Command { std: "docker" "rm" "-f" "56db6efe11aac4aa151995cb136d2e662c08d7a88485ac4440fc0465fce7d3ad", kill_on_drop: false }`
[INFO] [stdout] 56db6efe11aac4aa151995cb136d2e662c08d7a88485ac4440fc0465fce7d3ad
[INFO] running `Command { std: "docker" "create" "-v" "/var/lib/crater-agent-workspace/builds/worker-3-tc1/target:/opt/rustwide/target:rw,Z" "-v" "/var/lib/crater-agent-workspace/builds/worker-3-tc1/source:/opt/rustwide/workdir:ro,Z" "-v" "/var/lib/crater-agent-workspace/cargo-home:/opt/rustwide/cargo-home:ro,Z" "-v" "/var/lib/crater-agent-workspace/rustup-home:/opt/rustwide/rustup-home:ro,Z" "-e" "SOURCE_DIR=/opt/rustwide/workdir" "-e" "CARGO_TARGET_DIR=/opt/rustwide/target" "-e" "CARGO_INCREMENTAL=0" "-e" "RUST_BACKTRACE=full" "-e" "RUSTFLAGS=--cap-lints=warn" "-e" "RUSTDOCFLAGS=--cap-lints=warn" "-e" "CARGO_HOME=/opt/rustwide/cargo-home" "-e" "RUSTUP_HOME=/opt/rustwide/rustup-home" "-w" "/opt/rustwide/workdir" "-m" "1610612736" "--user" "0:0" "--network" "none" "ghcr.io/rust-lang/crates-build-env/linux@sha256:f3a9d4ad9d972b27faf3965f35b62e55ba32bbce8f20bc8fe909558a86702fde" "/opt/rustwide/cargo-home/bin/cargo" "+1.83.0" "test" "--frozen", kill_on_drop: false }`
[INFO] [stdout] b9f3a14c3459f0bde492cef278fcf383b8a1dd2cfd237de4dfedff8cab5db23c
[INFO] running `Command { std: "docker" "start" "-a" "b9f3a14c3459f0bde492cef278fcf383b8a1dd2cfd237de4dfedff8cab5db23c", kill_on_drop: false }`
[INFO] [stderr]     Finished `test` profile [unoptimized + debuginfo] target(s) in 0.02s
[INFO] [stderr]      Running unittests src/lib.rs (/opt/rustwide/target/debug/deps/bogdan_hello_macro-7e1e4a1b98f88819)
[INFO] [stderr]    Doc-tests bogdan_hello_macro
[INFO] [stdout] 
[INFO] [stdout] running 0 tests
[INFO] [stdout] 
[INFO] [stdout] test result: ok. 0 passed; 0 failed; 0 ignored; 0 measured; 0 filtered out; finished in 0.00s
[INFO] [stdout] 
[INFO] [stdout] 
[INFO] [stdout] running 1 test
[INFO] [stdout] test src/lib.rs - HelloMacro (line 6) ... FAILED
[INFO] [stdout] 
[INFO] [stdout] failures:
[INFO] [stdout] 
[INFO] [stdout] ---- src/lib.rs - HelloMacro (line 6) stdout ----
[INFO] [stdout] error[E0405]: cannot find trait `HelloMacro` in this scope
[INFO] [stdout]  --> src/lib.rs:9:6
[INFO] [stdout]   |
[INFO] [stdout] 5 | impl HelloMacro for Pancakes {
[INFO] [stdout]   |      ^^^^^^^^^^ not found in this scope
[INFO] [stdout]   |
[INFO] [stdout] help: consider importing this trait
[INFO] [stdout]   |
[INFO] [stdout] 2 + use bogdan_hello_macro::HelloMacro;
[INFO] [stdout]   |
[INFO] [stdout] 
[INFO] [stdout] error: aborting due to 1 previous error
[INFO] [stdout] 
[INFO] [stdout] For more information about this error, try `rustc --explain E0405`.
[INFO] [stdout] Couldn't compile the test.
[INFO] [stdout] 
[INFO] [stdout] failures:
[INFO] [stdout]     src/lib.rs - HelloMacro (line 6)
[INFO] [stdout] 
[INFO] [stdout] test result: FAILED. 0 passed; 1 failed; 0 ignored; 0 measured; 0 filtered out; finished in 0.07s
[INFO] [stdout] 
[INFO] [stderr] error: doctest failed, to rerun pass `--doc`
[INFO] running `Command { std: "docker" "inspect" "b9f3a14c3459f0bde492cef278fcf383b8a1dd2cfd237de4dfedff8cab5db23c", kill_on_drop: false }`
[INFO] running `Command { std: "docker" "rm" "-f" "b9f3a14c3459f0bde492cef278fcf383b8a1dd2cfd237de4dfedff8cab5db23c", kill_on_drop: false }`
[INFO] [stdout] b9f3a14c3459f0bde492cef278fcf383b8a1dd2cfd237de4dfedff8cab5db23c
